This is the mail archive of the gcc-testresults@gcc.gnu.org mailing list for the GCC project.


Index Nav: [Date Index] [Subject Index] [Author Index] [Thread Index]
Message Nav: [Date Prev] [Date Next] [Thread Prev] [Thread Next]
Other format: [Raw text]

Results for 5.2.1 20150928 [gcc-5-branch revision 228202] testsuite on hppa2.0w-hp-hpux11.11


		=== acats tests ===
FAIL:	c761006
FAIL:	c974013

		=== acats Summary ===
# of expected passes		2318
# of unexpected failures	2
Native configuration is hppa2.0w-hp-hpux11.11

		=== g++ tests ===


Running target unix
WARNING: program timed out.
WARNING: program timed out.
FAIL: g++.dg/torture/pr65655.C   -Os  (test for excess errors)

		=== g++ Summary ===

# of expected passes		75634
# of unexpected failures	1
# of expected failures		277
# of unsupported tests		4172
/mnt/gnu/gcc/objdir-test/gcc/testsuite/g++/../../xg++  version 5.2.1 20150928 [gcc-5-branch revision 228202] (GCC) 

		=== gcc tests ===


Running target unix
FAIL: gcc.dg/atomic/c11-atomic-exec-5.c   -O0  execution test
FAIL: gcc.dg/atomic/c11-atomic-exec-5.c   -O1  execution test
FAIL: gcc.dg/atomic/c11-atomic-exec-5.c   -O2  execution test
FAIL: gcc.dg/atomic/c11-atomic-exec-5.c   -O3 -fomit-frame-pointer  execution test
FAIL: gcc.dg/atomic/c11-atomic-exec-5.c   -O3 -fomit-frame-pointer -funroll-loops  execution test
FAIL: gcc.dg/atomic/c11-atomic-exec-5.c   -O3 -fomit-frame-pointer -funroll-all-loops -finline-functions  execution test
FAIL: gcc.dg/atomic/c11-atomic-exec-5.c   -O3 -g  execution test
FAIL: gcc.dg/atomic/c11-atomic-exec-5.c   -Os  execution test
FAIL: gcc.dg/pr64434.c scan-rtl-dump-times expand "Swap operands" 1
WARNING: program timed out.
FAIL: gcc.dg/tree-ssa/ivopts-lt-2.c scan-tree-dump-times ivopts "PHI <p_" 1
FAIL: gcc.dg/tree-ssa/ivopts-lt-2.c scan-tree-dump-times ivopts "p_[0-9]* <" 1

		=== gcc Summary ===

# of expected passes		70125
# of unexpected failures	11
# of expected failures		125
# of unsupported tests		1872
/mnt/gnu/gcc/objdir-test/gcc/xgcc  version 5.2.1 20150928 [gcc-5-branch revision 228202] (GCC) 

		=== gfortran tests ===


Running target unix
		=== gnat tests ===


Running target unix

		=== gnat Summary ===

# of expected passes		1301
# of expected failures		20
# of unsupported tests		21
/mnt/gnu/gcc/objdir-test/gcc/gnatmake version 5.2.1 20150928 [gcc-5-branch revision 228202]


Compiler version: 5.2.1 20150928 [gcc-5-branch revision 228202] 
Platform: hppa2.0w-hp-hpux11.11
configure flags:Test Run By dave on Mon Sep 28 21:36:25 EDT 2015


Index Nav: [Date Index] [Subject Index] [Author Index] [Thread Index]
Message Nav: [Date Prev] [Date Next] [Thread Prev] [Thread Next]