This is the mail archive of the gcc-testresults@gcc.gnu.org mailing list for the GCC project.


Index Nav: [Date Index] [Subject Index] [Author Index] [Thread Index]
Message Nav: [Date Prev] [Date Next] [Thread Prev] [Thread Next]
Other format: [Raw text]

Results for 6.0.0 20150928 (experimental) [trunk revision 228192] (GCC) testsuite on x86_64-pc-linux-gnu


Native configuration is x86_64-pc-linux-gnu

		=== g++ tests ===


Running target unix/-fpic
FAIL: g++.dg/ipa/devirt-40.C  -std=gnu++11  scan-tree-dump-not fre2 "\\\\n  OBJ_TYPE_REF"
FAIL: g++.dg/ipa/devirt-40.C  -std=gnu++14  scan-tree-dump-not fre2 "\\\\n  OBJ_TYPE_REF"
FAIL: g++.dg/ipa/devirt-40.C  -std=gnu++98  scan-tree-dump-not fre2 "\\\\n  OBJ_TYPE_REF"
FAIL: g++.dg/ipa/devirt-42.C  -std=gnu++11  scan-ipa-dump-times inline "Discovered a virtual call to a known target" 2
FAIL: g++.dg/ipa/devirt-42.C  -std=gnu++11  scan-tree-dump-times optimized "return 2" 3
FAIL: g++.dg/ipa/devirt-42.C  -std=gnu++14  scan-ipa-dump-times inline "Discovered a virtual call to a known target" 2
FAIL: g++.dg/ipa/devirt-42.C  -std=gnu++14  scan-tree-dump-times optimized "return 2" 3
FAIL: g++.dg/ipa/devirt-42.C  -std=gnu++98  scan-ipa-dump-times inline "Discovered a virtual call to a known target" 2
FAIL: g++.dg/ipa/devirt-42.C  -std=gnu++98  scan-tree-dump-times optimized "return 2" 3
FAIL: g++.dg/ipa/devirt-c-8.C  -std=gnu++11  scan-ipa-dump cp "Discovered a virtual call to a known target.*A::foo"
FAIL: g++.dg/ipa/devirt-c-8.C  -std=gnu++11  scan-tree-dump-times optimized "OBJ_TYPE_REF" 0
FAIL: g++.dg/ipa/devirt-c-8.C  -std=gnu++14  scan-ipa-dump cp "Discovered a virtual call to a known target.*A::foo"
FAIL: g++.dg/ipa/devirt-c-8.C  -std=gnu++14  scan-tree-dump-times optimized "OBJ_TYPE_REF" 0
FAIL: g++.dg/ipa/devirt-c-8.C  -std=gnu++98  scan-ipa-dump cp "Discovered a virtual call to a known target.*A::foo"
FAIL: g++.dg/ipa/devirt-c-8.C  -std=gnu++98  scan-tree-dump-times optimized "OBJ_TYPE_REF" 0
FAIL: g++.dg/ipa/ipa-icf-3.C  -std=gnu++11  scan-ipa-dump icf "Equal symbols: 2"
FAIL: g++.dg/ipa/ipa-icf-3.C  -std=gnu++11  scan-ipa-dump icf "Semantic equality hit:.*bar.*->.*foo.*"
FAIL: g++.dg/ipa/ipa-icf-3.C  -std=gnu++14  scan-ipa-dump icf "Equal symbols: 2"
FAIL: g++.dg/ipa/ipa-icf-3.C  -std=gnu++14  scan-ipa-dump icf "Semantic equality hit:.*bar.*->.*foo.*"
FAIL: g++.dg/ipa/ipa-icf-3.C  -std=gnu++98  scan-ipa-dump icf "Equal symbols: 2"
FAIL: g++.dg/ipa/ipa-icf-3.C  -std=gnu++98  scan-ipa-dump icf "Semantic equality hit:.*bar.*->.*foo.*"
XPASS: g++.dg/tls/thread_local-order2.C  -std=c++11 execution test
XPASS: g++.dg/tls/thread_local-order2.C  -std=c++14 execution test

		=== g++ Summary for unix/-fpic ===

# of expected passes		94986
# of unexpected failures	21
# of unexpected successes	2
# of expected failures		323
# of unsupported tests		3509

Running target unix/-fpic -mcmodel=medium
FAIL: g++.dg/ipa/devirt-40.C  -std=gnu++11  scan-tree-dump-not fre2 "\\\\n  OBJ_TYPE_REF"
FAIL: g++.dg/ipa/devirt-40.C  -std=gnu++14  scan-tree-dump-not fre2 "\\\\n  OBJ_TYPE_REF"
FAIL: g++.dg/ipa/devirt-40.C  -std=gnu++98  scan-tree-dump-not fre2 "\\\\n  OBJ_TYPE_REF"
FAIL: g++.dg/ipa/devirt-42.C  -std=gnu++11  scan-ipa-dump-times inline "Discovered a virtual call to a known target" 2
FAIL: g++.dg/ipa/devirt-42.C  -std=gnu++11  scan-tree-dump-times optimized "return 2" 3
FAIL: g++.dg/ipa/devirt-42.C  -std=gnu++14  scan-ipa-dump-times inline "Discovered a virtual call to a known target" 2
FAIL: g++.dg/ipa/devirt-42.C  -std=gnu++14  scan-tree-dump-times optimized "return 2" 3
FAIL: g++.dg/ipa/devirt-42.C  -std=gnu++98  scan-ipa-dump-times inline "Discovered a virtual call to a known target" 2
FAIL: g++.dg/ipa/devirt-42.C  -std=gnu++98  scan-tree-dump-times optimized "return 2" 3
FAIL: g++.dg/ipa/devirt-c-8.C  -std=gnu++11  scan-ipa-dump cp "Discovered a virtual call to a known target.*A::foo"
FAIL: g++.dg/ipa/devirt-c-8.C  -std=gnu++11  scan-tree-dump-times optimized "OBJ_TYPE_REF" 0
FAIL: g++.dg/ipa/devirt-c-8.C  -std=gnu++14  scan-ipa-dump cp "Discovered a virtual call to a known target.*A::foo"
FAIL: g++.dg/ipa/devirt-c-8.C  -std=gnu++14  scan-tree-dump-times optimized "OBJ_TYPE_REF" 0
FAIL: g++.dg/ipa/devirt-c-8.C  -std=gnu++98  scan-ipa-dump cp "Discovered a virtual call to a known target.*A::foo"
FAIL: g++.dg/ipa/devirt-c-8.C  -std=gnu++98  scan-tree-dump-times optimized "OBJ_TYPE_REF" 0
FAIL: g++.dg/ipa/ipa-icf-3.C  -std=gnu++11  scan-ipa-dump icf "Equal symbols: 2"
FAIL: g++.dg/ipa/ipa-icf-3.C  -std=gnu++11  scan-ipa-dump icf "Semantic equality hit:.*bar.*->.*foo.*"
FAIL: g++.dg/ipa/ipa-icf-3.C  -std=gnu++14  scan-ipa-dump icf "Equal symbols: 2"
FAIL: g++.dg/ipa/ipa-icf-3.C  -std=gnu++14  scan-ipa-dump icf "Semantic equality hit:.*bar.*->.*foo.*"
FAIL: g++.dg/ipa/ipa-icf-3.C  -std=gnu++98  scan-ipa-dump icf "Equal symbols: 2"
FAIL: g++.dg/ipa/ipa-icf-3.C  -std=gnu++98  scan-ipa-dump icf "Semantic equality hit:.*bar.*->.*foo.*"
XPASS: g++.dg/tls/thread_local-order2.C  -std=c++11 execution test
XPASS: g++.dg/tls/thread_local-order2.C  -std=c++14 execution test

		=== g++ Summary for unix/-fpic -mcmodel=medium ===

# of expected passes		94983
# of unexpected failures	21
# of unexpected successes	2
# of expected failures		323
# of unsupported tests		3512

Running target unix/-mcmodel=medium
FAIL: g++.dg/cilk-plus/CK/fib-opr-overload.cc  -g -fcilkplus execution test
WARNING: program timed out.
FAIL: g++.dg/guality/pr55665.C   -O2  line 23 p == 40
FAIL: g++.dg/guality/pr55665.C   -O3 -g  line 23 p == 40
XPASS: g++.dg/tls/thread_local-order2.C  -std=c++11 execution test
XPASS: g++.dg/tls/thread_local-order2.C  -std=c++14 execution test

		=== g++ Summary for unix/-mcmodel=medium ===

# of expected passes		95099
# of unexpected failures	3
# of unexpected successes	2
# of expected failures		329
# of unsupported tests		3480

		=== g++ Summary ===

# of expected passes		285068
# of unexpected failures	45
# of unexpected successes	6
# of expected failures		975
# of unsupported tests		10501
/export/gnu/import/git/gcc-test-intel64/bld/gcc/testsuite/g++/../../xg++  version 6.0.0 20150928 (experimental) [trunk revision 228192] (GCC) 

		=== gcc tests ===


Running target unix/-fpic
FAIL: gcc.c-torture/execute/20050124-1.c   -O2  execution test
FAIL: gcc.c-torture/execute/20050124-1.c   -O2 -flto -fno-use-linker-plugin -flto-partition=none  execution test
FAIL: gcc.c-torture/execute/20050124-1.c   -O3 -g  execution test
FAIL: gcc.c-torture/execute/20050124-1.c   -Os  execution test
FAIL: gcc.dg/debug/dwarf2/stacked-qualified-types-3.c scan-assembler-times DIE \\\\([^\\n]*\\\\) DW_TAG_(?:const|volatile|atomic|restrict)_type 8
XPASS: gcc.dg/guality/example.c   -O0  execution test
XPASS: gcc.dg/guality/example.c   -O1  execution test
XPASS: gcc.dg/guality/guality.c   -O0  execution test
XPASS: gcc.dg/guality/guality.c   -O1  execution test
XPASS: gcc.dg/guality/guality.c   -O2  execution test
XPASS: gcc.dg/guality/guality.c   -O2 -flto -fno-use-linker-plugin -flto-partition=none  execution test
XPASS: gcc.dg/guality/guality.c   -O2 -flto -fuse-linker-plugin -fno-fat-lto-objects  execution test
XPASS: gcc.dg/guality/guality.c   -O3 -g  execution test
XPASS: gcc.dg/guality/guality.c   -Os  execution test
XPASS: gcc.dg/guality/inline-params.c   -O2  execution test
XPASS: gcc.dg/guality/inline-params.c   -O2 -flto -fno-use-linker-plugin -flto-partition=none  execution test
XPASS: gcc.dg/guality/inline-params.c   -O3 -g  execution test
XPASS: gcc.dg/guality/inline-params.c   -Os  execution test
FAIL: gcc.dg/guality/pr36728-2.c   -O1  line 18 *x == (char) 25
FAIL: gcc.dg/guality/pr36728-2.c   -O2  line 18 *x == (char) 25
FAIL: gcc.dg/guality/pr36728-2.c   -O2 -flto -fno-use-linker-plugin -flto-partition=none  line 18 *x == (char) 25
FAIL: gcc.dg/guality/pr36728-2.c   -O3 -g  line 18 *x == (char) 25
FAIL: gcc.dg/guality/pr36728-2.c   -Os  line 18 *x == (char) 25
XPASS: gcc.dg/guality/pr41353-1.c   -O0  line 28 j == 28 + 37
XPASS: gcc.dg/guality/pr41353-1.c   -O1  line 28 j == 28 + 37
XPASS: gcc.dg/guality/pr41353-1.c   -O2  line 28 j == 28 + 37
XPASS: gcc.dg/guality/pr41353-1.c   -O2 -flto -fno-use-linker-plugin -flto-partition=none  line 28 j == 28 + 37
XPASS: gcc.dg/guality/pr41353-1.c   -O2 -flto -fuse-linker-plugin -fno-fat-lto-objects  line 28 j == 28 + 37
XPASS: gcc.dg/guality/pr41353-1.c   -O3 -g  line 28 j == 28 + 37
XPASS: gcc.dg/guality/pr41353-1.c   -Os  line 28 j == 28 + 37
FAIL: gcc.dg/guality/pr41447-1.c   -O2  execution test
FAIL: gcc.dg/guality/pr41447-1.c   -O2 -flto -fno-use-linker-plugin -flto-partition=none  execution test
FAIL: gcc.dg/guality/pr41447-1.c   -O3 -g  execution test
FAIL: gcc.dg/guality/pr41447-1.c   -Os  execution test
FAIL: gcc.dg/guality/pr41616-1.c   -O2 -flto -fuse-linker-plugin -fno-fat-lto-objects  execution test
FAIL: gcc.dg/guality/pr45882.c   -O2 -flto -fuse-linker-plugin -fno-fat-lto-objects  line 16 d == 112
FAIL: gcc.dg/guality/pr45882.c   -O2 -flto -fuse-linker-plugin -fno-fat-lto-objects  line 16 e == 142
FAIL: gcc.dg/guality/pr54200.c   -Os  line 20 z == 3
FAIL: gcc.dg/guality/pr54519-1.c   -O2 -flto -fno-use-linker-plugin -flto-partition=none  line 20 y == 25
FAIL: gcc.dg/guality/pr54519-1.c   -O2 -flto -fno-use-linker-plugin -flto-partition=none  line 20 z == 6
FAIL: gcc.dg/guality/pr54519-1.c   -O2 -flto -fno-use-linker-plugin -flto-partition=none  line 23 y == 117
FAIL: gcc.dg/guality/pr54519-1.c   -O2 -flto -fno-use-linker-plugin -flto-partition=none  line 23 z == 8
FAIL: gcc.dg/guality/pr54519-2.c   -O2 -flto -fno-use-linker-plugin -flto-partition=none  line 17 y == 25
FAIL: gcc.dg/guality/pr54519-2.c   -O2 -flto -fuse-linker-plugin -fno-fat-lto-objects  line 17 y == 25
FAIL: gcc.dg/guality/pr54519-3.c   -O2 -flto -fno-use-linker-plugin -flto-partition=none  line 20 y == 25
FAIL: gcc.dg/guality/pr54519-3.c   -O2 -flto -fno-use-linker-plugin -flto-partition=none  line 20 z == 6
FAIL: gcc.dg/guality/pr54519-3.c   -O2 -flto -fno-use-linker-plugin -flto-partition=none  line 23 y == 117
FAIL: gcc.dg/guality/pr54519-3.c   -O2 -flto -fno-use-linker-plugin -flto-partition=none  line 23 z == 8
FAIL: gcc.dg/guality/pr54519-3.c   -O2 -flto -fuse-linker-plugin -fno-fat-lto-objects  line 20 y == 25
FAIL: gcc.dg/guality/pr54519-3.c   -O2 -flto -fuse-linker-plugin -fno-fat-lto-objects  line 20 z == 6
FAIL: gcc.dg/guality/pr54519-3.c   -O2 -flto -fuse-linker-plugin -fno-fat-lto-objects  line 23 y == 117
FAIL: gcc.dg/guality/pr54519-3.c   -O2 -flto -fuse-linker-plugin -fno-fat-lto-objects  line 23 z == 8
FAIL: gcc.dg/guality/pr54519-4.c   -O2 -flto -fno-use-linker-plugin -flto-partition=none  line 17 y == 25
FAIL: gcc.dg/guality/pr54519-4.c   -O2 -flto -fuse-linker-plugin -fno-fat-lto-objects  line 17 y == 25
FAIL: gcc.dg/guality/pr54519-5.c   -O2 -flto -fno-use-linker-plugin -flto-partition=none  line 17 y == 25
FAIL: gcc.dg/guality/pr54519-5.c   -O2 -flto -fuse-linker-plugin -fno-fat-lto-objects  line 17 y == 25
FAIL: gcc.dg/guality/vla-1.c   -O1  line 17 sizeof (a) == 6
FAIL: gcc.dg/guality/vla-1.c   -O2  line 17 sizeof (a) == 6
FAIL: gcc.dg/guality/vla-1.c   -O2 -flto -fno-use-linker-plugin -flto-partition=none  line 17 sizeof (a) == 6
FAIL: gcc.dg/guality/vla-1.c   -O2 -flto -fuse-linker-plugin -fno-fat-lto-objects  line 17 sizeof (a) == 6
FAIL: gcc.dg/guality/vla-1.c   -O3 -g  line 17 sizeof (a) == 6
FAIL: gcc.dg/guality/vla-1.c   -Os  line 17 sizeof (a) == 6
FAIL: gcc.dg/ipa/inline-7.c scan-tree-dump-times einline "Inlining a into m" 1
FAIL: gcc.dg/tree-prof/inliner-1.c scan-tree-dump optimized "cold_function ..;"
FAIL: gcc.dg/tree-ssa/inline-10.c scan-tree-dump-not optimized "do_something \\\\(70\\\\)"
FAIL: gcc.dg/tree-ssa/inline-10.c scan-tree-dump-times optimized "do_something2" 1
FAIL: gcc.dg/tree-ssa/inline-10.c scan-tree-dump-times optimized "do_something3" 1
FAIL: gcc.dg/tree-ssa/inline-8.c scan-tree-dump-times einline "Inlining" 5
FAIL: gcc.dg/tree-ssa/inline-9.c scan-tree-dump-times optimized "q \\\\(15\\\\)" 1
FAIL: gcc.dg/tree-ssa/ipa-split-6.c scan-tree-dump optimized "part"
FAIL: gcc.dg/vect/costmodel/i386/costmodel-vect-31.c scan-tree-dump-times vect "vectorized 4 loops" 1
FAIL: gcc.dg/vect/costmodel/x86_64/costmodel-vect-31.c scan-tree-dump-times vect "vectorized 4 loops" 1
FAIL: gcc.target/i386/avx256-unaligned-load-4.c scan-assembler (avx_loadups256|vmovups[^\\n\\r]*movv8sf_internal)
FAIL: gcc.target/i386/pr61403.c scan-assembler blend
FAIL: gcc.target/i386/sse-13.c (test for excess errors)
FAIL: gcc.target/i386/thunk-retbnd.c scan-tree-dump-times optimized "return &glob," 2

		=== gcc Summary for unix/-fpic ===

# of expected passes		113830
# of unexpected failures	56
# of unexpected successes	20
# of expected failures		281
# of unsupported tests		1764

Running target unix/-fpic -mcmodel=medium
FAIL: gcc.c-torture/execute/20050124-1.c   -O2  execution test
FAIL: gcc.c-torture/execute/20050124-1.c   -O2 -flto -fno-use-linker-plugin -flto-partition=none  execution test
FAIL: gcc.c-torture/execute/20050124-1.c   -O3 -g  execution test
FAIL: gcc.c-torture/execute/20050124-1.c   -Os  execution test
FAIL: gcc.dg/debug/dwarf2/stacked-qualified-types-3.c scan-assembler-times DIE \\\\([^\\n]*\\\\) DW_TAG_(?:const|volatile|atomic|restrict)_type 8
FAIL: gcc.dg/ira-shrinkwrap-prep-2.c scan-rtl-dump pro_and_epilogue "Performing shrink-wrapping"
XPASS: gcc.dg/guality/example.c   -O0  execution test
XPASS: gcc.dg/guality/example.c   -O1  execution test
XPASS: gcc.dg/guality/guality.c   -O0  execution test
XPASS: gcc.dg/guality/guality.c   -O1  execution test
XPASS: gcc.dg/guality/guality.c   -O2  execution test
XPASS: gcc.dg/guality/guality.c   -O2 -flto -fno-use-linker-plugin -flto-partition=none  execution test
XPASS: gcc.dg/guality/guality.c   -O2 -flto -fuse-linker-plugin -fno-fat-lto-objects  execution test
XPASS: gcc.dg/guality/guality.c   -O3 -g  execution test
XPASS: gcc.dg/guality/guality.c   -Os  execution test
XPASS: gcc.dg/guality/inline-params.c   -O2  execution test
XPASS: gcc.dg/guality/inline-params.c   -O2 -flto -fno-use-linker-plugin -flto-partition=none  execution test
XPASS: gcc.dg/guality/inline-params.c   -O3 -g  execution test
XPASS: gcc.dg/guality/inline-params.c   -Os  execution test
FAIL: gcc.dg/guality/pr36728-2.c   -O1  line 18 *x == (char) 25
FAIL: gcc.dg/guality/pr36728-2.c   -O2  line 18 *x == (char) 25
FAIL: gcc.dg/guality/pr36728-2.c   -O2 -flto -fno-use-linker-plugin -flto-partition=none  line 18 *x == (char) 25
FAIL: gcc.dg/guality/pr36728-2.c   -O3 -g  line 18 *x == (char) 25
FAIL: gcc.dg/guality/pr36728-2.c   -Os  line 18 *x == (char) 25
XPASS: gcc.dg/guality/pr41353-1.c   -O0  line 28 j == 28 + 37
XPASS: gcc.dg/guality/pr41353-1.c   -O1  line 28 j == 28 + 37
XPASS: gcc.dg/guality/pr41353-1.c   -O2  line 28 j == 28 + 37
XPASS: gcc.dg/guality/pr41353-1.c   -O2 -flto -fno-use-linker-plugin -flto-partition=none  line 28 j == 28 + 37
XPASS: gcc.dg/guality/pr41353-1.c   -O2 -flto -fuse-linker-plugin -fno-fat-lto-objects  line 28 j == 28 + 37
XPASS: gcc.dg/guality/pr41353-1.c   -O3 -g  line 28 j == 28 + 37
XPASS: gcc.dg/guality/pr41353-1.c   -Os  line 28 j == 28 + 37
FAIL: gcc.dg/guality/pr41447-1.c   -O2  execution test
FAIL: gcc.dg/guality/pr41447-1.c   -O2 -flto -fno-use-linker-plugin -flto-partition=none  execution test
FAIL: gcc.dg/guality/pr41447-1.c   -O3 -g  execution test
FAIL: gcc.dg/guality/pr41447-1.c   -Os  execution test
FAIL: gcc.dg/guality/pr41616-1.c   -O2 -flto -fuse-linker-plugin -fno-fat-lto-objects  execution test
FAIL: gcc.dg/guality/pr45882.c   -O2 -flto -fuse-linker-plugin -fno-fat-lto-objects  line 16 d == 112
FAIL: gcc.dg/guality/pr45882.c   -O2 -flto -fuse-linker-plugin -fno-fat-lto-objects  line 16 e == 142
FAIL: gcc.dg/guality/pr54200.c   -Os  line 20 z == 3
FAIL: gcc.dg/guality/pr54519-1.c   -O2 -flto -fno-use-linker-plugin -flto-partition=none  line 20 y == 25
FAIL: gcc.dg/guality/pr54519-1.c   -O2 -flto -fno-use-linker-plugin -flto-partition=none  line 20 z == 6
FAIL: gcc.dg/guality/pr54519-1.c   -O2 -flto -fno-use-linker-plugin -flto-partition=none  line 23 y == 117
FAIL: gcc.dg/guality/pr54519-1.c   -O2 -flto -fno-use-linker-plugin -flto-partition=none  line 23 z == 8
FAIL: gcc.dg/guality/pr54519-2.c   -O2 -flto -fno-use-linker-plugin -flto-partition=none  line 17 y == 25
FAIL: gcc.dg/guality/pr54519-2.c   -O2 -flto -fuse-linker-plugin -fno-fat-lto-objects  line 17 y == 25
FAIL: gcc.dg/guality/pr54519-3.c   -O2 -flto -fno-use-linker-plugin -flto-partition=none  line 20 y == 25
FAIL: gcc.dg/guality/pr54519-3.c   -O2 -flto -fno-use-linker-plugin -flto-partition=none  line 20 z == 6
FAIL: gcc.dg/guality/pr54519-3.c   -O2 -flto -fno-use-linker-plugin -flto-partition=none  line 23 y == 117
FAIL: gcc.dg/guality/pr54519-3.c   -O2 -flto -fno-use-linker-plugin -flto-partition=none  line 23 z == 8
FAIL: gcc.dg/guality/pr54519-3.c   -O2 -flto -fuse-linker-plugin -fno-fat-lto-objects  line 20 y == 25
FAIL: gcc.dg/guality/pr54519-3.c   -O2 -flto -fuse-linker-plugin -fno-fat-lto-objects  line 20 z == 6
FAIL: gcc.dg/guality/pr54519-3.c   -O2 -flto -fuse-linker-plugin -fno-fat-lto-objects  line 23 y == 117
FAIL: gcc.dg/guality/pr54519-3.c   -O2 -flto -fuse-linker-plugin -fno-fat-lto-objects  line 23 z == 8
FAIL: gcc.dg/guality/pr54519-4.c   -O2 -flto -fno-use-linker-plugin -flto-partition=none  line 17 y == 25
FAIL: gcc.dg/guality/pr54519-4.c   -O2 -flto -fuse-linker-plugin -fno-fat-lto-objects  line 17 y == 25
FAIL: gcc.dg/guality/pr54519-5.c   -O2 -flto -fno-use-linker-plugin -flto-partition=none  line 17 y == 25
FAIL: gcc.dg/guality/pr54519-5.c   -O2 -flto -fuse-linker-plugin -fno-fat-lto-objects  line 17 y == 25
FAIL: gcc.dg/guality/vla-1.c   -O1  line 17 sizeof (a) == 6
FAIL: gcc.dg/guality/vla-1.c   -O2  line 17 sizeof (a) == 6
FAIL: gcc.dg/guality/vla-1.c   -O2 -flto -fno-use-linker-plugin -flto-partition=none  line 17 sizeof (a) == 6
FAIL: gcc.dg/guality/vla-1.c   -O2 -flto -fuse-linker-plugin -fno-fat-lto-objects  line 17 sizeof (a) == 6
FAIL: gcc.dg/guality/vla-1.c   -O3 -g  line 17 sizeof (a) == 6
FAIL: gcc.dg/guality/vla-1.c   -Os  line 17 sizeof (a) == 6
FAIL: gcc.dg/ipa/inline-7.c scan-tree-dump-times einline "Inlining a into m" 1
FAIL: gcc.dg/tree-prof/inliner-1.c scan-tree-dump optimized "cold_function ..;"
FAIL: gcc.dg/tree-ssa/inline-10.c scan-tree-dump-not optimized "do_something \\\\(70\\\\)"
FAIL: gcc.dg/tree-ssa/inline-10.c scan-tree-dump-times optimized "do_something2" 1
FAIL: gcc.dg/tree-ssa/inline-10.c scan-tree-dump-times optimized "do_something3" 1
FAIL: gcc.dg/tree-ssa/inline-8.c scan-tree-dump-times einline "Inlining" 5
FAIL: gcc.dg/tree-ssa/inline-9.c scan-tree-dump-times optimized "q \\\\(15\\\\)" 1
FAIL: gcc.dg/tree-ssa/ipa-split-6.c scan-tree-dump optimized "part"
FAIL: gcc.dg/vect/costmodel/i386/costmodel-vect-31.c scan-tree-dump-times vect "vectorized 4 loops" 1
FAIL: gcc.dg/vect/costmodel/x86_64/costmodel-vect-31.c scan-tree-dump-times vect "vectorized 4 loops" 1
FAIL: gcc.target/i386/avx256-unaligned-load-4.c scan-assembler (avx_loadups256|vmovups[^\\n\\r]*movv8sf_internal)
FAIL: gcc.target/i386/fuse-caller-save-rec.c scan-assembler-not pop
FAIL: gcc.target/i386/fuse-caller-save-rec.c scan-assembler-not push
FAIL: gcc.target/i386/fuse-caller-save-rec.c scan-assembler-times addl\\t%[re]?dx, %[re]?ax 1
FAIL: gcc.target/i386/fuse-caller-save-xmm.c scan-assembler-times addpd\\t%xmm1, %xmm0 1
FAIL: gcc.target/i386/fuse-caller-save-xmm.c scan-assembler-times movapd\\t%xmm0, %xmm1 1
FAIL: gcc.target/i386/fuse-caller-save.c scan-assembler-not pop
FAIL: gcc.target/i386/fuse-caller-save.c scan-assembler-not push
FAIL: gcc.target/i386/pr52146.c (test for excess errors)
UNRESOLVED: gcc.target/i386/pr52146.c scan-assembler-not [,\\\\t ]+-18874240
FAIL: gcc.target/i386/pr52698.c (test for excess errors)
FAIL: gcc.target/i386/pr52857-1.c (test for excess errors)
FAIL: gcc.target/i386/pr52857-2.c (test for excess errors)
FAIL: gcc.target/i386/pr53698.c (test for excess errors)
FAIL: gcc.target/i386/pr54157.c (test for excess errors)
FAIL: gcc.target/i386/pr55049-1.c (test for excess errors)
FAIL: gcc.target/i386/pr55093.c (test for excess errors)
FAIL: gcc.target/i386/pr55116-1.c (test for excess errors)
FAIL: gcc.target/i386/pr55116-2.c (test for excess errors)
FAIL: gcc.target/i386/pr55597.c (test for excess errors)
FAIL: gcc.target/i386/pr61403.c scan-assembler blend
FAIL: gcc.target/i386/pr66470.c (test for excess errors)
FAIL: gcc.target/i386/sse-13.c (test for excess errors)
FAIL: gcc.target/i386/thunk-retbnd.c scan-tree-dump-times optimized "return &glob," 2

		=== gcc Summary for unix/-fpic -mcmodel=medium ===

# of expected passes		113793
# of unexpected failures	76
# of unexpected successes	20
# of expected failures		281
# of unresolved testcases	1
# of unsupported tests		1776

Running target unix/-mcmodel=medium
FAIL: gcc.dg/debug/dwarf2/stacked-qualified-types-3.c scan-assembler-times DIE \\\\([^\\n]*\\\\) DW_TAG_(?:const|volatile|atomic|restrict)_type 8
XPASS: gcc.dg/guality/example.c   -O0  execution test
XPASS: gcc.dg/guality/example.c   -O1  execution test
XPASS: gcc.dg/guality/example.c   -O2  execution test
XPASS: gcc.dg/guality/example.c   -O2 -flto -fno-use-linker-plugin -flto-partition=none  execution test
XPASS: gcc.dg/guality/guality.c   -O0  execution test
XPASS: gcc.dg/guality/guality.c   -O1  execution test
XPASS: gcc.dg/guality/guality.c   -O2  execution test
XPASS: gcc.dg/guality/guality.c   -O2 -flto -fno-use-linker-plugin -flto-partition=none  execution test
XPASS: gcc.dg/guality/guality.c   -O2 -flto -fuse-linker-plugin -fno-fat-lto-objects  execution test
XPASS: gcc.dg/guality/guality.c   -O3 -g  execution test
XPASS: gcc.dg/guality/guality.c   -Os  execution test
XPASS: gcc.dg/guality/inline-params.c   -O2  execution test
XPASS: gcc.dg/guality/inline-params.c   -O2 -flto -fno-use-linker-plugin -flto-partition=none  execution test
XPASS: gcc.dg/guality/inline-params.c   -O3 -g  execution test
XPASS: gcc.dg/guality/inline-params.c   -Os  execution test
XPASS: gcc.dg/guality/pr41353-1.c   -O0  line 28 j == 28 + 37
XPASS: gcc.dg/guality/pr41353-1.c   -O1  line 28 j == 28 + 37
XPASS: gcc.dg/guality/pr41353-1.c   -O2  line 28 j == 28 + 37
XPASS: gcc.dg/guality/pr41353-1.c   -O2 -flto -fno-use-linker-plugin -flto-partition=none  line 28 j == 28 + 37
XPASS: gcc.dg/guality/pr41353-1.c   -O2 -flto -fuse-linker-plugin -fno-fat-lto-objects  line 28 j == 28 + 37
XPASS: gcc.dg/guality/pr41353-1.c   -O3 -g  line 28 j == 28 + 37
XPASS: gcc.dg/guality/pr41353-1.c   -Os  line 28 j == 28 + 37
FAIL: gcc.dg/guality/pr41616-1.c   -O2 -flto -fuse-linker-plugin -fno-fat-lto-objects  execution test
FAIL: gcc.dg/guality/pr45882.c   -O2 -flto -fuse-linker-plugin -fno-fat-lto-objects  line 16 d == 112
FAIL: gcc.dg/guality/pr45882.c   -O2 -flto -fuse-linker-plugin -fno-fat-lto-objects  line 16 e == 142
FAIL: gcc.dg/guality/pr54200.c   -Os  line 20 z == 3
FAIL: gcc.dg/guality/pr54519-1.c   -O2 -flto -fno-use-linker-plugin -flto-partition=none  line 20 y == 25
FAIL: gcc.dg/guality/pr54519-1.c   -O2 -flto -fno-use-linker-plugin -flto-partition=none  line 20 z == 6
FAIL: gcc.dg/guality/pr54519-1.c   -O2 -flto -fno-use-linker-plugin -flto-partition=none  line 23 y == 117
FAIL: gcc.dg/guality/pr54519-1.c   -O2 -flto -fno-use-linker-plugin -flto-partition=none  line 23 z == 8
FAIL: gcc.dg/guality/pr54519-2.c   -O2 -flto -fno-use-linker-plugin -flto-partition=none  line 17 y == 25
FAIL: gcc.dg/guality/pr54519-2.c   -O2 -flto -fuse-linker-plugin -fno-fat-lto-objects  line 17 y == 25
FAIL: gcc.dg/guality/pr54519-3.c   -O2 -flto -fno-use-linker-plugin -flto-partition=none  line 20 y == 25
FAIL: gcc.dg/guality/pr54519-3.c   -O2 -flto -fno-use-linker-plugin -flto-partition=none  line 20 z == 6
FAIL: gcc.dg/guality/pr54519-3.c   -O2 -flto -fno-use-linker-plugin -flto-partition=none  line 23 y == 117
FAIL: gcc.dg/guality/pr54519-3.c   -O2 -flto -fno-use-linker-plugin -flto-partition=none  line 23 z == 8
FAIL: gcc.dg/guality/pr54519-3.c   -O2 -flto -fuse-linker-plugin -fno-fat-lto-objects  line 20 y == 25
FAIL: gcc.dg/guality/pr54519-3.c   -O2 -flto -fuse-linker-plugin -fno-fat-lto-objects  line 20 z == 6
FAIL: gcc.dg/guality/pr54519-3.c   -O2 -flto -fuse-linker-plugin -fno-fat-lto-objects  line 23 y == 117
FAIL: gcc.dg/guality/pr54519-3.c   -O2 -flto -fuse-linker-plugin -fno-fat-lto-objects  line 23 z == 8
FAIL: gcc.dg/guality/pr54519-4.c   -O2 -flto -fno-use-linker-plugin -flto-partition=none  line 17 y == 25
FAIL: gcc.dg/guality/pr54519-4.c   -O2 -flto -fuse-linker-plugin -fno-fat-lto-objects  line 17 y == 25
FAIL: gcc.dg/guality/pr54519-5.c   -O2 -flto -fno-use-linker-plugin -flto-partition=none  line 17 y == 25
FAIL: gcc.dg/guality/pr54519-5.c   -O2 -flto -fuse-linker-plugin -fno-fat-lto-objects  line 17 y == 25
FAIL: gcc.dg/guality/vla-1.c   -O1  line 17 sizeof (a) == 6
FAIL: gcc.dg/guality/vla-1.c   -O2  line 17 sizeof (a) == 6
FAIL: gcc.dg/guality/vla-1.c   -O2 -flto -fno-use-linker-plugin -flto-partition=none  line 17 sizeof (a) == 6
FAIL: gcc.dg/guality/vla-1.c   -O2 -flto -fuse-linker-plugin -fno-fat-lto-objects  line 17 sizeof (a) == 6
FAIL: gcc.dg/guality/vla-1.c   -O3 -g  line 17 sizeof (a) == 6
FAIL: gcc.dg/guality/vla-1.c   -Os  line 17 sizeof (a) == 6
FAIL: gcc.target/i386/387-12.c scan-assembler fld1
FAIL: gcc.target/i386/387-12.c scan-assembler fldz
FAIL: gcc.target/i386/avxfp-1.c scan-assembler vmaxsd
FAIL: gcc.target/i386/avxfp-1.c scan-assembler vminsd
FAIL: gcc.target/i386/avxfp-2.c scan-assembler vmaxsd
FAIL: gcc.target/i386/avxfp-2.c scan-assembler vminsd
FAIL: gcc.target/i386/pr52146.c (test for excess errors)
UNRESOLVED: gcc.target/i386/pr52146.c scan-assembler-not [,\\\\t ]+-18874240
FAIL: gcc.target/i386/pr52698.c (test for excess errors)
FAIL: gcc.target/i386/pr52857-1.c (test for excess errors)
FAIL: gcc.target/i386/pr52857-2.c (test for excess errors)
FAIL: gcc.target/i386/pr53698.c (test for excess errors)
FAIL: gcc.target/i386/pr54157.c (test for excess errors)
FAIL: gcc.target/i386/pr55049-1.c (test for excess errors)
FAIL: gcc.target/i386/pr55093.c (test for excess errors)
FAIL: gcc.target/i386/pr55116-1.c (test for excess errors)
FAIL: gcc.target/i386/pr55116-2.c (test for excess errors)
FAIL: gcc.target/i386/pr55597.c (test for excess errors)
FAIL: gcc.target/i386/pr61403.c scan-assembler blend
FAIL: gcc.target/i386/pr66470.c (test for excess errors)
FAIL: gcc.target/i386/ssefp-1.c scan-assembler maxsd
FAIL: gcc.target/i386/ssefp-1.c scan-assembler minsd
FAIL: gcc.target/i386/ssefp-2.c scan-assembler maxsd
FAIL: gcc.target/i386/ssefp-2.c scan-assembler minsd

		=== gcc Summary for unix/-mcmodel=medium ===

# of expected passes		113978
# of unexpected failures	52
# of unexpected successes	22
# of expected failures		279
# of unresolved testcases	1
# of unsupported tests		1731

		=== gcc Summary ===

# of expected passes		341601
# of unexpected failures	184
# of unexpected successes	62
# of expected failures		841
# of unresolved testcases	2
# of unsupported tests		5271
/export/gnu/import/git/gcc-test-intel64/bld/gcc/xgcc  version 6.0.0 20150928 (experimental) [trunk revision 228192] (GCC) 

		=== gfortran tests ===


Running target unix/-fpic
FAIL: gfortran.dg/pr48636-2.f90   -O   scan-ipa-dump cp "Creating a specialized node of [^\\n\\r]*bar/[0-9]*\\\\."
FAIL: gfortran.dg/pr48636-2.f90   -O   scan-ipa-dump-times cp "Aggregate replacements[^=]*=[^=]*=[^=]*=[^=]*=[^=]*=[^=]*=[^=]*=[^=]*=[^=]*=" 2
FAIL: gfortran.dg/pr48636.f90   -O   scan-ipa-dump inline "bar[^\\\\n]*inline copy in MAIN"
FAIL: gfortran.dg/pr48636.f90   -O   scan-ipa-dump inline "inline hints: loop_iterations"
XPASS: gfortran.dg/graphite/pr14741.f90   -O   scan-tree-dump-times graphite "number of SCoPs: 1" 1

		=== gfortran Summary for unix/-fpic ===

# of expected passes		40786
# of unexpected failures	4
# of unexpected successes	1
# of expected failures		74
# of unsupported tests		63

Running target unix/-fpic -mcmodel=medium
FAIL: gfortran.dg/pr48636-2.f90   -O   scan-ipa-dump cp "Creating a specialized node of [^\\n\\r]*bar/[0-9]*\\\\."
FAIL: gfortran.dg/pr48636-2.f90   -O   scan-ipa-dump-times cp "Aggregate replacements[^=]*=[^=]*=[^=]*=[^=]*=[^=]*=[^=]*=[^=]*=[^=]*=[^=]*=" 2
FAIL: gfortran.dg/pr48636.f90   -O   scan-ipa-dump inline "bar[^\\\\n]*inline copy in MAIN"
FAIL: gfortran.dg/pr48636.f90   -O   scan-ipa-dump inline "inline hints: loop_iterations"
XPASS: gfortran.dg/graphite/pr14741.f90   -O   scan-tree-dump-times graphite "number of SCoPs: 1" 1

		=== gfortran Summary for unix/-fpic -mcmodel=medium ===

# of expected passes		40786
# of unexpected failures	4
# of unexpected successes	1
# of expected failures		74
# of unsupported tests		63

Running target unix/-mcmodel=medium
XPASS: gfortran.dg/graphite/pr14741.f90   -O   scan-tree-dump-times graphite "number of SCoPs: 1" 1

		=== gfortran Summary for unix/-mcmodel=medium ===

# of expected passes		40790
# of unexpected successes	1
# of expected failures		74
# of unsupported tests		63

		=== gfortran Summary ===

# of expected passes		122362
# of unexpected failures	8
# of unexpected successes	3
# of expected failures		222
# of unsupported tests		189
/export/gnu/import/git/gcc-test-intel64/bld/gcc/testsuite/gfortran/../../gfortran  version 6.0.0 20150928 (experimental) [trunk revision 228192] (GCC) 

		=== objc tests ===


Running target unix/-fpic

		=== objc Summary for unix/-fpic ===

# of expected passes		2766
# of expected failures		6
# of unsupported tests		68

Running target unix/-fpic -mcmodel=medium

		=== objc Summary for unix/-fpic -mcmodel=medium ===

# of expected passes		2766
# of expected failures		6
# of unsupported tests		68

Running target unix/-mcmodel=medium

		=== objc Summary for unix/-mcmodel=medium ===

# of expected passes		2766
# of expected failures		6
# of unsupported tests		68

		=== objc Summary ===

# of expected passes		8298
# of expected failures		18
# of unsupported tests		204
/export/gnu/import/git/gcc-test-intel64/bld/gcc/xgcc  version 6.0.0 20150928 (experimental) [trunk revision 228192] (GCC) 

		=== boehm-gc tests ===


Running target unix/-fpic

		=== boehm-gc Summary for unix/-fpic ===

# of expected passes		12
# of unsupported tests		1

Running target unix/-mcmodel=medium

		=== boehm-gc Summary for unix/-mcmodel=medium ===

# of expected passes		12
# of unsupported tests		1

Running target unix/-fpic -mcmodel=medium

		=== boehm-gc Summary for unix/-fpic -mcmodel=medium ===

# of expected passes		12
# of unsupported tests		1

		=== boehm-gc Summary ===

# of expected passes		36
# of unsupported tests		3
		=== libatomic tests ===


Running target unix/-fpic

		=== libatomic Summary for unix/-fpic ===

# of expected passes		54

Running target unix/-mcmodel=medium

		=== libatomic Summary for unix/-mcmodel=medium ===

# of expected passes		54

Running target unix/-fpic -mcmodel=medium

		=== libatomic Summary for unix/-fpic -mcmodel=medium ===

# of expected passes		54

		=== libatomic Summary ===

# of expected passes		162
		=== libffi tests ===


Running target unix/-fpic

		=== libffi Summary for unix/-fpic ===

# of expected passes		1914
# of unsupported tests		30

Running target unix/-mcmodel=medium

		=== libffi Summary for unix/-mcmodel=medium ===

# of expected passes		1914
# of unsupported tests		30

Running target unix/-fpic -mcmodel=medium

		=== libffi Summary for unix/-fpic -mcmodel=medium ===

# of expected passes		1914
# of unsupported tests		30

		=== libffi Summary ===

# of expected passes		5742
# of unsupported tests		90
		=== libgomp tests ===


Running target unix/-fpic

		=== libgomp Summary for unix/-fpic ===

# of expected passes		4171
# of expected failures		4
# of unsupported tests		196

Running target unix/-mcmodel=medium

		=== libgomp Summary for unix/-mcmodel=medium ===

# of expected passes		4171
# of expected failures		4
# of unsupported tests		196

Running target unix/-fpic -mcmodel=medium

		=== libgomp Summary for unix/-fpic -mcmodel=medium ===

# of expected passes		4171
# of expected failures		4
# of unsupported tests		196

		=== libgomp Summary ===

# of expected passes		12513
# of expected failures		12
# of unsupported tests		588
		=== libitm tests ===


Running target unix/-fpic

		=== libitm Summary for unix/-fpic ===

# of expected passes		26
# of expected failures		3
# of unsupported tests		1

Running target unix/-mcmodel=medium

		=== libitm Summary for unix/-mcmodel=medium ===

# of expected passes		26
# of expected failures		3
# of unsupported tests		1

Running target unix/-fpic -mcmodel=medium

		=== libitm Summary for unix/-fpic -mcmodel=medium ===

# of expected passes		26
# of expected failures		3
# of unsupported tests		1

		=== libitm Summary ===

# of expected passes		78
# of expected failures		9
# of unsupported tests		3
		=== libjava tests ===


Running target unix/-fpic

		=== libjava Summary for unix/-fpic ===

# of expected passes		2582
# of expected failures		4

Running target unix/-mcmodel=medium

		=== libjava Summary for unix/-mcmodel=medium ===

# of expected passes		2582
# of expected failures		4

Running target unix/-fpic -mcmodel=medium

		=== libjava Summary for unix/-fpic -mcmodel=medium ===

# of expected passes		2582
# of expected failures		4

		=== libjava Summary ===

# of expected passes		7746
# of expected failures		12
		=== libstdc++ tests ===


Running target unix/-fpic

		=== libstdc++ Summary for unix/-fpic ===

# of expected passes		10982
# of expected failures		66
# of unsupported tests		233

Running target unix/-fpic -mcmodel=medium
XPASS: 26_numerics/headers/cmath/c_math.cc execution test

		=== libstdc++ Summary for unix/-fpic -mcmodel=medium ===

# of expected passes		4865
# of unexpected successes	1
# of expected failures		62
# of unsupported tests		233

Running target unix/-mcmodel=medium
XPASS: 26_numerics/headers/cmath/c_math.cc execution test

		=== libstdc++ Summary for unix/-mcmodel=medium ===

# of expected passes		4865
# of unexpected successes	1
# of expected failures		62
# of unsupported tests		233

		=== libstdc++ Summary ===

# of expected passes		20712
# of unexpected successes	2
# of expected failures		190
# of unsupported tests		699

Compiler version: 6.0.0 20150928 (experimental) [trunk revision 228192] (GCC) 
Platform: x86_64-pc-linux-gnu
configure flags: --prefix=/usr/6.0.0 --enable-clocale=gnu --with-system-zlib --enable-shared --with-demangler-in-ld --enable-libmpx --with-fpmath=sse --enable-languages=c,c++,fortran,java,lto,objc


Index Nav: [Date Index] [Subject Index] [Author Index] [Thread Index]
Message Nav: [Date Prev] [Date Next] [Thread Prev] [Thread Next]