This is the mail archive of the gcc-testresults@gcc.gnu.org mailing list for the GCC project.


Index Nav: [Date Index] [Subject Index] [Author Index] [Thread Index]
Message Nav: [Date Prev] [Date Next] [Thread Prev] [Thread Next]
Other format: [Raw text]

Results for 5.2.1 20150925 [gcc-5-branch revision 228113] (GCC) testsuite on sparc-sun-solaris2.12


LAST_UPDATED: Fri Sep 25 11:04:30 UTC 2015 (revision 228113)

		=== acats tests ===

		=== acats Summary ===
# of expected passes		2320
# of unexpected failures	0
Native configuration is sparc-sun-solaris2.12

		=== g++ tests ===


Running target unix

		=== g++ Summary for unix ===

# of expected passes		81825
# of expected failures		291
# of unsupported tests		3817

Running target unix/-m64

		=== g++ Summary for unix/-m64 ===

# of expected passes		83697
# of expected failures		291
# of unsupported tests		3794

		=== g++ Summary ===

# of expected passes		165522
# of expected failures		582
# of unsupported tests		7611
/var/gcc/regression/gcc-5-branch/12-gcc/build/gcc/testsuite/g++/../../xg++  version 5.2.1 20150925 [gcc-5-branch revision 228113] (GCC) 

		=== gcc tests ===


Running target unix
FAIL: gcc.dg/simulate-thread/atomic-other-int.c   -O2 -g  thread simulation test
FAIL: gcc.dg/simulate-thread/atomic-other-int.c   -O3 -g  thread simulation test
FAIL: gcc.dg/simulate-thread/speculative-store-4.c   -O0 -g  thread simulation test
FAIL: gcc.dg/simulate-thread/speculative-store-4.c   -O2 -g  thread simulation test
FAIL: gcc.dg/simulate-thread/speculative-store-4.c   -O3 -g  thread simulation test
FAIL: gcc.dg/simulate-thread/speculative-store.c   -O0 -g  thread simulation test

		=== gcc Summary for unix ===

# of expected passes		89939
# of unexpected failures	6
# of expected failures		336
# of unsupported tests		2095

Running target unix/-m64

		=== gcc Summary for unix/-m64 ===

# of expected passes		90754
# of expected failures		325
# of unsupported tests		2013

		=== gcc Summary ===

# of expected passes		180693
# of unexpected failures	6
# of expected failures		661
# of unsupported tests		4108
/var/gcc/regression/gcc-5-branch/12-gcc/build/gcc/xgcc  version 5.2.1 20150925 [gcc-5-branch revision 228113] (GCC) 

		=== gfortran tests ===


Running target unix
FAIL: gfortran.dg/large_real_kind_2.F90   -O0  execution test
FAIL: gfortran.dg/norm2_3.f90   -O0  execution test
FAIL: gfortran.dg/norm2_3.f90   -O1  execution test
FAIL: gfortran.dg/norm2_3.f90   -O2  execution test
FAIL: gfortran.dg/norm2_3.f90   -O3 -fomit-frame-pointer  execution test
FAIL: gfortran.dg/norm2_3.f90   -O3 -fomit-frame-pointer -funroll-all-loops -finline-functions  execution test
FAIL: gfortran.dg/norm2_3.f90   -O3 -fomit-frame-pointer -funroll-loops  execution test
FAIL: gfortran.dg/norm2_3.f90   -O3 -g  execution test
FAIL: gfortran.dg/norm2_3.f90   -Os  execution test

		=== gfortran Summary for unix ===

# of expected passes		48227
# of unexpected failures	9
# of expected failures		81
# of unsupported tests		274

Running target unix/-m64
FAIL: gfortran.dg/large_real_kind_2.F90   -O0  execution test
FAIL: gfortran.dg/norm2_3.f90   -O0  execution test
FAIL: gfortran.dg/norm2_3.f90   -O1  execution test
FAIL: gfortran.dg/norm2_3.f90   -O2  execution test
FAIL: gfortran.dg/norm2_3.f90   -O3 -fomit-frame-pointer  execution test
FAIL: gfortran.dg/norm2_3.f90   -O3 -fomit-frame-pointer -funroll-all-loops -finline-functions  execution test
FAIL: gfortran.dg/norm2_3.f90   -O3 -fomit-frame-pointer -funroll-loops  execution test
FAIL: gfortran.dg/norm2_3.f90   -O3 -g  execution test
FAIL: gfortran.dg/norm2_3.f90   -Os  execution test

		=== gfortran Summary for unix/-m64 ===

# of expected passes		48554
# of unexpected failures	9
# of expected failures		81
# of unsupported tests		113

		=== gfortran Summary ===

# of expected passes		96781
# of unexpected failures	18
# of expected failures		162
# of unsupported tests		387
/var/gcc/regression/gcc-5-branch/12-gcc/build/gcc/testsuite/gfortran/../../gfortran  version 5.2.1 20150925 [gcc-5-branch revision 228113] (GCC) 

		=== gnat tests ===


Running target unix

		=== gnat Summary for unix ===

# of expected passes		1304
# of expected failures		20
# of unsupported tests		19

Running target unix/-m64

		=== gnat Summary for unix/-m64 ===

# of expected passes		1304
# of expected failures		20
# of unsupported tests		19

		=== gnat Summary ===

# of expected passes		2608
# of expected failures		40
# of unsupported tests		38
/var/gcc/regression/gcc-5-branch/12-gcc/build/gcc/gnatmake version 5.2.1 20150925 [gcc-5-branch revision 228113]

		=== go tests ===


Running target unix
FAIL: ./bug449-out.go compilation,  -O0 -g -fno-var-tracking-assignments 
WARNING: program timed out.

		=== go Summary for unix ===

# of expected passes		7358
# of unexpected failures	1
# of expected failures		1
# of untested testcases		12
# of unsupported tests		3

Running target unix/-m64
FAIL: ./bug449-out.go compilation,  -O0 -g -fno-var-tracking-assignments 
WARNING: program timed out.

		=== go Summary for unix/-m64 ===

# of expected passes		7238
# of unexpected failures	1
# of expected failures		1
# of untested testcases		12
# of unsupported tests		3

		=== go Summary ===

# of expected passes		14596
# of unexpected failures	2
# of expected failures		2
# of untested testcases		24
# of unsupported tests		6
		=== obj-c++ tests ===


Running target unix

		=== obj-c++ Summary for unix ===

# of expected passes		1453
# of expected failures		2
# of unsupported tests		86

Running target unix/-m64

		=== obj-c++ Summary for unix/-m64 ===

# of expected passes		1445
# of expected failures		10
# of unsupported tests		86

		=== obj-c++ Summary ===

# of expected passes		2898
# of expected failures		12
# of unsupported tests		172
/var/gcc/regression/gcc-5-branch/12-gcc/build/gcc/testsuite/obj-c++/../../xg++  version 5.2.1 20150925 [gcc-5-branch revision 228113] (GCC) 

		=== objc tests ===


Running target unix

		=== objc Summary for unix ===

# of expected passes		3016
# of unsupported tests		74

Running target unix/-m64

		=== objc Summary for unix/-m64 ===

# of expected passes		3016
# of unsupported tests		74

		=== objc Summary ===

# of expected passes		6032
# of unsupported tests		148
/var/gcc/regression/gcc-5-branch/12-gcc/build/gcc/xgcc  version 5.2.1 20150925 [gcc-5-branch revision 228113] (GCC) 

		=== boehm-gc tests ===


Running target unix

		=== boehm-gc Summary for unix ===

# of expected passes		12
# of unsupported tests		1

Running target unix/-m64

		=== boehm-gc Summary for unix/-m64 ===

# of expected passes		12
# of unsupported tests		1

		=== boehm-gc Summary ===

# of expected passes		24
# of unsupported tests		2
		=== libatomic tests ===


Running target unix

		=== libatomic Summary for unix ===

# of expected passes		44
# of unsupported tests		5

Running target unix/-m64

		=== libatomic Summary for unix/-m64 ===

# of expected passes		54

		=== libatomic Summary ===

# of expected passes		98
# of unsupported tests		5
		=== libffi tests ===


Running target unix

		=== libffi Summary for unix ===

# of expected passes		1914
# of unsupported tests		30

Running target unix/-m64

		=== libffi Summary for unix/-m64 ===

# of expected passes		1914
# of unsupported tests		30

		=== libffi Summary ===

# of expected passes		3828
# of unsupported tests		60
		=== libgo tests ===


Running target unix
FAIL: reflect
FAIL: sync/atomic

		=== libgo Summary for unix ===

# of expected passes		122
# of unexpected failures	2

Running target unix/-m64
FAIL: runtime
FAIL: time

		=== libgo Summary for unix/-m64 ===

# of expected passes		122
# of unexpected failures	2

		=== libgo Summary ===

# of expected passes		244
# of unexpected failures	4
/var/gcc/regression/gcc-5-branch/12-gcc/build/./gcc/gccgo version 5.2.1 20150925 [gcc-5-branch revision 228113] (GCC)

		=== libgomp tests ===


Running target unix

		=== libgomp Summary for unix ===

# of expected passes		5819
# of unsupported tests		282

Running target unix/-m64

		=== libgomp Summary for unix/-m64 ===

# of expected passes		5819
# of unsupported tests		282

		=== libgomp Summary ===

# of expected passes		11638
# of unsupported tests		564
		=== libitm tests ===


Running target unix

		=== libitm Summary for unix ===

# of expected passes		26
# of expected failures		3
# of unsupported tests		1

Running target unix/-m64

		=== libitm Summary for unix/-m64 ===

# of expected passes		26
# of expected failures		3
# of unsupported tests		1

		=== libitm Summary ===

# of expected passes		52
# of expected failures		6
# of unsupported tests		2
		=== libjava tests ===


Running target unix

		=== libjava Summary for unix ===

# of expected passes		2582
# of expected failures		4

Running target unix/-m64

		=== libjava Summary for unix/-m64 ===

# of expected passes		2582
# of expected failures		4

		=== libjava Summary ===

# of expected passes		5164
# of expected failures		8
		=== libstdc++ tests ===


Running target unix

		=== libstdc++ Summary for unix ===

# of expected passes		9493
# of expected failures		66
# of unsupported tests		611

Running target unix/-m64

		=== libstdc++ Summary for unix/-m64 ===

# of expected passes		9493
# of expected failures		66
# of unsupported tests		611

		=== libstdc++ Summary ===

# of expected passes		18986
# of expected failures		132
# of unsupported tests		1222

Compiler version: 5.2.1 20150925 [gcc-5-branch revision 228113] (GCC) 
Platform: sparc-sun-solaris2.12
configure flags: --prefix=/vol/gcc --target=sparc-sun-solaris2.12 --enable-objc-gc --with-as=/usr/ccs/bin/as --without-gnu-as --with-gmp-include=/vol/gcc/include --with-gmp-lib=/vol/gcc/lib --with-mpfr-include=/vol/gcc/include --with-mpfr-lib=/vol/gcc/lib --with-mpc-include=/vol/gcc/include --with-mpc-lib=/vol/gcc/lib --enable-languages=all,ada,obj-c++,go --with-isl-include=/vol/gcc/include --with-isl-lib=/vol/gcc/lib --with-cloog-include=/vol/gcc/include --with-cloog-lib=/vol/gcc/lib --enable-cloog-backend=isl
BOOT_CFLAGS=-g -O2


Index Nav: [Date Index] [Subject Index] [Author Index] [Thread Index]
Message Nav: [Date Prev] [Date Next] [Thread Prev] [Thread Next]