This is the mail archive of the gcc-testresults@gcc.gnu.org mailing list for the GCC project.


Index Nav: [Date Index] [Subject Index] [Author Index] [Thread Index]
Message Nav: [Date Prev] [Date Next] [Thread Prev] [Thread Next]
Other format: [Raw text]

Results for 6.0.0 20150925 (experimental) [trunk revision 228112] (GCC) testsuite on sparcv9-sun-solaris2.12


LAST_UPDATED: Fri Sep 25 11:00:48 UTC 2015 (revision 228112)

		=== acats tests ===

		=== acats Summary ===
# of expected passes		2320
# of unexpected failures	0
Native configuration is sparcv9-sun-solaris2.12

		=== g++ tests ===


Running target unix
FAIL: g++.dg/tree-ssa/pr61034.C  -std=gnu++11  scan-tree-dump-times fre2 "free" 10
FAIL: g++.dg/tree-ssa/pr61034.C  -std=gnu++14  scan-tree-dump-times fre2 "free" 10
FAIL: g++.dg/tree-ssa/pr61034.C  -std=gnu++98  scan-tree-dump-times fre2 "free" 10

		=== g++ Summary for unix ===

# of expected passes		85393
# of unexpected failures	3
# of expected failures		282
# of unsupported tests		3601

Running target unix/-m32
FAIL: g++.dg/tree-ssa/pr61034.C  -std=gnu++11  scan-tree-dump-times fre2 "free" 10
FAIL: g++.dg/tree-ssa/pr61034.C  -std=gnu++14  scan-tree-dump-times fre2 "free" 10
FAIL: g++.dg/tree-ssa/pr61034.C  -std=gnu++98  scan-tree-dump-times fre2 "free" 10

		=== g++ Summary for unix/-m32 ===

# of expected passes		83521
# of unexpected failures	3
# of expected failures		282
# of unsupported tests		3624

		=== g++ Summary ===

# of expected passes		168914
# of unexpected failures	6
# of expected failures		564
# of unsupported tests		7225
/var/gcc/regression/trunk/12-gcc-gas-64/build/gcc/testsuite/g++/../../xg++  version 6.0.0 20150925 (experimental) [trunk revision 228112] (GCC) 

		=== gcc tests ===


Running target unix
FAIL: gcc.dg/debug/dwarf2/stacked-qualified-types-3.c scan-assembler-times DIE \\\\([^\\n]*\\\\) DW_TAG_(?:const|volatile|atomic|restrict)_type 8
FAIL: gcc.dg/vect/pr20122.c -flto -ffat-lto-objects  scan-tree-dump-times vect "Alignment of access forced using versioning" 2
FAIL: gcc.dg/vect/pr20122.c scan-tree-dump-times vect "Alignment of access forced using versioning" 2

		=== gcc Summary for unix ===

# of expected passes		83408
# of unexpected failures	3
# of expected failures		326
# of unsupported tests		1908

Running target unix/-m32
FAIL: gcc.c-torture/compile/20060609-1.c   -O3 -fomit-frame-pointer -funroll-loops -fpeel-loops -ftracer -finline-functions  (test for excess errors)
WARNING: program timed out.
FAIL: gcc.c-torture/execute/20071216-1.c   -O1  execution test
FAIL: gcc.c-torture/execute/20071216-1.c   -Os  execution test
FAIL: gcc.dg/atomic/c11-atomic-exec-2.c   -O2 -flto  (test for excess errors)
FAIL: gcc.dg/atomic/c11-atomic-exec-2.c   -O2 -flto -flto-partition=none  (test for excess errors)
FAIL: gcc.dg/atomic/c11-atomic-exec-2.c   -O3 -fomit-frame-pointer -funroll-loops -fpeel-loops -ftracer -finline-functions  (test for excess errors)
WARNING: gcc.dg/atomic/c11-atomic-exec-2.c   -O3 -fomit-frame-pointer -funroll-loops -fpeel-loops -ftracer -finline-functions  compilation failed to produce executable
FAIL: gcc.dg/atomic/c11-atomic-exec-2.c   -O3 -g  (test for excess errors)
WARNING: gcc.dg/atomic/c11-atomic-exec-2.c   -O3 -g  compilation failed to produce executable
FAIL: gcc.dg/atomic/c11-atomic-exec-3.c   -O2 -flto  (test for excess errors)
FAIL: gcc.dg/atomic/c11-atomic-exec-3.c   -O2 -flto -flto-partition=none  (test for excess errors)
FAIL: gcc.dg/atomic/c11-atomic-exec-3.c   -O3 -fomit-frame-pointer -funroll-loops -fpeel-loops -ftracer -finline-functions  (test for excess errors)
FAIL: gcc.dg/atomic/c11-atomic-exec-3.c   -O3 -g  (test for excess errors)
WARNING: gcc.dg/atomic/c11-atomic-exec-3.c   -O3 -g  compilation failed to produce executable
WARNING: program timed out.
WARNING: program timed out.
WARNING: program timed out.
WARNING: program timed out.
WARNING: program timed out.
WARNING: program timed out.
WARNING: program timed out.
WARNING: program timed out.
FAIL: gcc.dg/debug/dwarf2/stacked-qualified-types-3.c scan-assembler-times DIE \\\\([^\\n]*\\\\) DW_TAG_(?:const|volatile|atomic|restrict)_type 8
FAIL: gcc.dg/c11-atomic-2.c (test for excess errors)
WARNING: program timed out.
FAIL: gcc.dg/simulate-thread/atomic-other-int.c   -O2 -g  thread simulation test
FAIL: gcc.dg/simulate-thread/atomic-other-int.c   -O3 -g  thread simulation test
FAIL: gcc.dg/simulate-thread/atomic-other-short.c   -O0 -g  thread simulation test
FAIL: gcc.dg/simulate-thread/speculative-store-4.c   -O0 -g  thread simulation test
FAIL: gcc.dg/simulate-thread/speculative-store-4.c   -O2 -g  thread simulation test
FAIL: gcc.dg/simulate-thread/speculative-store-4.c   -O3 -g  thread simulation test
FAIL: gcc.dg/simulate-thread/speculative-store.c   -O0 -g  thread simulation test
FAIL: gcc.dg/vect/pr20122.c -flto -ffat-lto-objects  scan-tree-dump-times vect "Alignment of access forced using versioning" 2
FAIL: gcc.dg/vect/pr20122.c scan-tree-dump-times vect "Alignment of access forced using versioning" 2

		=== gcc Summary for unix/-m32 ===

# of expected passes		82591
# of unexpected failures	22
# of expected failures		339
# of unsupported tests		1981

		=== gcc Summary ===

# of expected passes		165999
# of unexpected failures	25
# of expected failures		665
# of unsupported tests		3889
/var/gcc/regression/trunk/12-gcc-gas-64/build/gcc/xgcc  version 6.0.0 20150925 (experimental) [trunk revision 228112] (GCC) 

		=== gfortran tests ===


Running target unix
FAIL: gfortran.dg/large_real_kind_2.F90   -O0  execution test
FAIL: gfortran.dg/norm2_3.f90   -O0  execution test
FAIL: gfortran.dg/norm2_3.f90   -O1  execution test
FAIL: gfortran.dg/norm2_3.f90   -O2  execution test
FAIL: gfortran.dg/norm2_3.f90   -O3 -fomit-frame-pointer -funroll-loops -fpeel-loops -ftracer -finline-functions  execution test
FAIL: gfortran.dg/norm2_3.f90   -O3 -g  execution test
FAIL: gfortran.dg/norm2_3.f90   -Os  execution test
XPASS: gfortran.dg/graphite/pr14741.f90   -O   scan-tree-dump-times graphite "number of SCoPs: 1" 1

		=== gfortran Summary for unix ===

# of expected passes		40627
# of unexpected failures	7
# of unexpected successes	1
# of expected failures		76
# of unsupported tests		104

Running target unix/-m32
FAIL: gfortran.dg/large_real_kind_2.F90   -O0  execution test
FAIL: gfortran.dg/minlocval_3.f90   -O3 -fomit-frame-pointer -funroll-loops -fpeel-loops -ftracer -finline-functions  (test for excess errors)
WARNING: gfortran.dg/minlocval_3.f90   -O3 -fomit-frame-pointer -funroll-loops -fpeel-loops -ftracer -finline-functions  compilation failed to produce executable
FAIL: gfortran.dg/minlocval_3.f90   -O3 -g  (test for excess errors)
WARNING: gfortran.dg/minlocval_3.f90   -O3 -g  compilation failed to produce executable
FAIL: gfortran.dg/norm2_3.f90   -O0  execution test
FAIL: gfortran.dg/norm2_3.f90   -O1  execution test
FAIL: gfortran.dg/norm2_3.f90   -O2  execution test
FAIL: gfortran.dg/norm2_3.f90   -O3 -fomit-frame-pointer -funroll-loops -fpeel-loops -ftracer -finline-functions  execution test
FAIL: gfortran.dg/norm2_3.f90   -O3 -g  execution test
FAIL: gfortran.dg/norm2_3.f90   -Os  execution test
WARNING: program timed out.
WARNING: program timed out.
XPASS: gfortran.dg/graphite/pr14741.f90   -O   scan-tree-dump-times graphite "number of SCoPs: 1" 1

		=== gfortran Summary for unix/-m32 ===

# of expected passes		40376
# of unexpected failures	9
# of unexpected successes	1
# of expected failures		76
# of unsupported tests		225

		=== gfortran Summary ===

# of expected passes		81003
# of unexpected failures	16
# of unexpected successes	2
# of expected failures		152
# of unsupported tests		329
/var/gcc/regression/trunk/12-gcc-gas-64/build/gcc/testsuite/gfortran/../../gfortran  version 6.0.0 20150925 (experimental) [trunk revision 228112] (GCC) 

		=== gnat tests ===


Running target unix/-m32

		=== gnat Summary for unix/-m32 ===

# of expected passes		1366
# of expected failures		21
# of unsupported tests		18

Running target unix

		=== gnat Summary for unix ===

# of expected passes		1366
# of expected failures		21
# of unsupported tests		18

		=== gnat Summary ===

# of expected passes		2732
# of expected failures		42
# of unsupported tests		36
/var/gcc/regression/trunk/12-gcc-gas-64/build/gcc/gnatmake version 6.0.0 20150925 (experimental) [trunk revision 228112]

		=== go tests ===


Running target unix

		=== go Summary for unix ===

# of expected passes		7240
# of expected failures		1
# of untested testcases		11
# of unsupported tests		3

Running target unix/-m32
FAIL: ./64bit-out.go compilation,  -O0 -g -fno-var-tracking-assignments 
FAIL: ./index0-out.go compilation,  -O0 -g -fno-var-tracking-assignments 
FAIL: ./slice3-out.go compilation,  -O0 -g -fno-var-tracking-assignments 
FAIL: go.test/test/cmplxdivide.go
WARNING: program timed out.
WARNING: program timed out.
WARNING: program timed out.
WARNING: program timed out.

		=== go Summary for unix/-m32 ===

# of expected passes		7353
# of unexpected failures	4
# of expected failures		1
# of untested testcases		14
# of unsupported tests		3

		=== go Summary ===

# of expected passes		14593
# of unexpected failures	4
# of expected failures		2
# of untested testcases		25
# of unsupported tests		6
		=== obj-c++ tests ===


Running target unix/-m32

		=== obj-c++ Summary for unix/-m32 ===

# of expected passes		1439
# of expected failures		2
# of unsupported tests		77

Running target unix

		=== obj-c++ Summary for unix ===

# of expected passes		1431
# of expected failures		10
# of unsupported tests		77

		=== obj-c++ Summary ===

# of expected passes		2870
# of expected failures		12
# of unsupported tests		154
/var/gcc/regression/trunk/12-gcc-gas-64/build/gcc/testsuite/obj-c++/../../xg++  version 6.0.0 20150925 (experimental) [trunk revision 228112] (GCC) 

		=== objc tests ===


Running target unix

		=== objc Summary for unix ===

# of expected passes		2772
# of unsupported tests		68

Running target unix/-m32

		=== objc Summary for unix/-m32 ===

# of expected passes		2772
# of unsupported tests		68

		=== objc Summary ===

# of expected passes		5544
# of unsupported tests		136
/var/gcc/regression/trunk/12-gcc-gas-64/build/gcc/xgcc  version 6.0.0 20150925 (experimental) [trunk revision 228112] (GCC) 

		=== boehm-gc tests ===


Running target unix/-m32

		=== boehm-gc Summary for unix/-m32 ===

# of expected passes		12
# of unsupported tests		1

Running target unix

		=== boehm-gc Summary for unix ===

# of expected passes		12
# of unsupported tests		1

		=== boehm-gc Summary ===

# of expected passes		24
# of unsupported tests		2
		=== libatomic tests ===


Running target unix/-m32

		=== libatomic Summary for unix/-m32 ===

# of expected passes		44
# of unsupported tests		5

Running target unix

		=== libatomic Summary for unix ===

# of expected passes		54

		=== libatomic Summary ===

# of expected passes		98
# of unsupported tests		5
		=== libffi tests ===


Running target unix/-m32

		=== libffi Summary for unix/-m32 ===

# of expected passes		1914
# of unsupported tests		30

Running target unix

		=== libffi Summary for unix ===

# of expected passes		1914
# of unsupported tests		30

		=== libffi Summary ===

# of expected passes		3828
# of unsupported tests		60
		=== libgo tests ===


Running target unix

		=== libgo Summary for unix ===

# of expected passes		124

Running target unix/-m32
FAIL: reflect

		=== libgo Summary for unix/-m32 ===

# of expected passes		123
# of unexpected failures	1

		=== libgo Summary ===

# of expected passes		247
# of unexpected failures	1
/var/gcc/regression/trunk/12-gcc-gas-64/build/./gcc/gccgo version 6.0.0 20150925 (experimental) [trunk revision 228112] (GCC)

		=== libgomp tests ===


Running target unix/-m32
WARNING: program timed out.
FAIL: libgomp.c/for-3.c (test for excess errors)
WARNING: libgomp.c/for-3.c compilation failed to produce executable

		=== libgomp Summary for unix/-m32 ===

# of expected passes		4079
# of unexpected failures	1
# of expected failures		4
# of unsupported tests		241

Running target unix

		=== libgomp Summary for unix ===

# of expected passes		4081
# of expected failures		4
# of unsupported tests		241

		=== libgomp Summary ===

# of expected passes		8160
# of unexpected failures	1
# of expected failures		8
# of unsupported tests		482
		=== libitm tests ===


Running target unix/-m32

		=== libitm Summary for unix/-m32 ===

# of expected passes		26
# of expected failures		3
# of unsupported tests		1

Running target unix

		=== libitm Summary for unix ===

# of expected passes		26
# of expected failures		3
# of unsupported tests		1

		=== libitm Summary ===

# of expected passes		52
# of expected failures		6
# of unsupported tests		2
		=== libjava tests ===


Running target unix/-m32
WARNING: program timed out.
FAIL: G19990301_01 -O3 compilation from source

		=== libjava Summary for unix/-m32 ===

# of expected passes		2579
# of unexpected failures	1
# of expected failures		4
# of untested testcases		2

Running target unix

		=== libjava Summary for unix ===

# of expected passes		2582
# of expected failures		4

		=== libjava Summary ===

# of expected passes		5161
# of unexpected failures	1
# of expected failures		8
# of untested testcases		2
		=== libstdc++ tests ===


Running target unix
FAIL: libstdc++-abi/abi_check
FAIL: 20_util/hash/chi2_q_bit_flip_set.cc (test for excess errors)
WARNING: 20_util/hash/chi2_q_bit_flip_set.cc compilation failed to produce executable
FAIL: 20_util/scoped_allocator/2.cc (test for excess errors)
WARNING: 20_util/scoped_allocator/2.cc compilation failed to produce executable
FAIL: 23_containers/deque/allocator/ext_ptr.cc (test for excess errors)
WARNING: 23_containers/deque/allocator/ext_ptr.cc compilation failed to produce executable
FAIL: 23_containers/map/modifiers/try_emplace/1.cc (test for excess errors)
WARNING: 23_containers/map/modifiers/try_emplace/1.cc compilation failed to produce executable
FAIL: 23_containers/multiset/requirements/exception/basic.cc (test for excess errors)
WARNING: 23_containers/multiset/requirements/exception/basic.cc compilation failed to produce executable
FAIL: 23_containers/set/allocator/move_assign.cc (test for excess errors)
WARNING: 23_containers/set/allocator/move_assign.cc compilation failed to produce executable
FAIL: 25_algorithms/find_first_of/vectorbool.cc (test for excess errors)
WARNING: 25_algorithms/find_first_of/vectorbool.cc compilation failed to produce executable
FAIL: 25_algorithms/rotate/dr488.cc (test for excess errors)
WARNING: 25_algorithms/rotate/dr488.cc compilation failed to produce executable
FAIL: 28_regex/algorithms/regex_match/awk/cstring_01.cc (test for excess errors)
WARNING: 28_regex/algorithms/regex_match/awk/cstring_01.cc compilation failed to produce executable
FAIL: 28_regex/algorithms/regex_match/ecma/char/53622.cc (test for excess errors)
WARNING: 28_regex/algorithms/regex_match/ecma/char/53622.cc compilation failed to produce executable
FAIL: 28_regex/algorithms/regex_search/61424.cc (test for excess errors)
WARNING: 28_regex/algorithms/regex_search/61424.cc compilation failed to produce executable
FAIL: 28_regex/basic_regex/assign/char/moveable.cc (test for excess errors)
WARNING: 28_regex/basic_regex/assign/char/moveable.cc compilation failed to produce executable
FAIL: 28_regex/init-list.cc (test for excess errors)
WARNING: 28_regex/init-list.cc compilation failed to produce executable
FAIL: 28_regex/iterators/regex_token_iterator/64303.cc (test for excess errors)
WARNING: 28_regex/iterators/regex_token_iterator/64303.cc compilation failed to produce executable
FAIL: 28_regex/match_results/format.cc (test for excess errors)
WARNING: 28_regex/match_results/format.cc compilation failed to produce executable
FAIL: ext/pb_ds/regression/tree_map_rand.cc (test for excess errors)
WARNING: ext/pb_ds/regression/tree_map_rand.cc compilation failed to produce executable
FAIL: ext/pb_ds/regression/tree_set_rand.cc (test for excess errors)
WARNING: ext/pb_ds/regression/tree_set_rand.cc compilation failed to produce executable
WARNING: program timed out.
WARNING: program timed out.
WARNING: program timed out.
WARNING: program timed out.
WARNING: program timed out.
WARNING: program timed out.
WARNING: program timed out.
WARNING: program timed out.
WARNING: program timed out.
WARNING: program timed out.
WARNING: program timed out.
WARNING: program timed out.
WARNING: program timed out.
WARNING: program timed out.
WARNING: program timed out.
WARNING: program timed out.
WARNING: program timed out.

		=== libstdc++ Summary for unix ===

# of expected passes		9754
# of unexpected failures	18
# of expected failures		67
# of unsupported tests		614

Running target unix/-m32
FAIL: libstdc++-abi/abi_check
FAIL: 28_regex/algorithms/regex_match/cstring_bracket_01.cc (test for excess errors)
WARNING: 28_regex/algorithms/regex_match/cstring_bracket_01.cc compilation failed to produce executable
FAIL: 28_regex/algorithms/regex_match/ecma/wchar_t/cjk_match.cc (test for excess errors)
WARNING: 28_regex/algorithms/regex_match/ecma/wchar_t/cjk_match.cc compilation failed to produce executable
FAIL: 28_regex/algorithms/regex_match/ecma/wchar_t/hex.cc (test for excess errors)
WARNING: 28_regex/algorithms/regex_match/ecma/wchar_t/hex.cc compilation failed to produce executable
FAIL: 28_regex/algorithms/regex_search/61424.cc (test for excess errors)
WARNING: 28_regex/algorithms/regex_search/61424.cc compilation failed to produce executable
FAIL: experimental/filesystem/iterators/recursive_directory_iterator.cc execution test
FAIL: ext/pb_ds/regression/hash_set_rand.cc (test for excess errors)
WARNING: ext/pb_ds/regression/hash_set_rand.cc compilation failed to produce executable
FAIL: ext/pb_ds/regression/tree_map_rand.cc (test for excess errors)
WARNING: ext/pb_ds/regression/tree_map_rand.cc compilation failed to produce executable
FAIL: ext/pb_ds/regression/tree_set_rand.cc (test for excess errors)
WARNING: ext/pb_ds/regression/tree_set_rand.cc compilation failed to produce executable
WARNING: program timed out.
WARNING: program timed out.
WARNING: program timed out.
WARNING: program timed out.
WARNING: program timed out.
WARNING: program timed out.
WARNING: program timed out.

		=== libstdc++ Summary for unix/-m32 ===

# of expected passes		9773
# of unexpected failures	9
# of expected failures		67
# of unsupported tests		614

		=== libstdc++ Summary ===

# of expected passes		19527
# of unexpected failures	27
# of expected failures		134
# of unsupported tests		1228

Compiler version: 6.0.0 20150925 (experimental) [trunk revision 228112] (GCC) 
Platform: sparcv9-sun-solaris2.12
configure flags: --prefix=/vol/gcc --target=sparcv9-sun-solaris2.12 --enable-objc-gc --with-as=/vol/gcc/bin/sparcv9/gas-2.25 --with-gnu-as --with-gmp-include=/vol/gcc/include --with-gmp-lib=/vol/gcc/lib/sparcv9 --with-mpfr-include=/vol/gcc/include --with-mpfr-lib=/vol/gcc/lib/sparcv9 --with-mpc-include=/vol/gcc/include --with-mpc-lib=/vol/gcc/lib/sparcv9 --enable-languages=all,ada,obj-c++,go --with-isl-include=/vol/gcc/include --with-isl-lib=/vol/gcc/lib/sparcv9 --with-cloog-include=/vol/gcc/include --with-cloog-lib=/vol/gcc/lib/sparcv9 --enable-cloog-backend=isl --build=sparcv9-sun-solaris2.12 --host=sparcv9-sun-solaris2.12
BOOT_CFLAGS=-g -O2


Index Nav: [Date Index] [Subject Index] [Author Index] [Thread Index]
Message Nav: [Date Prev] [Date Next] [Thread Prev] [Thread Next]