This is the mail archive of the gcc-testresults@gcc.gnu.org mailing list for the GCC project.


Index Nav: [Date Index] [Subject Index] [Author Index] [Thread Index]
Message Nav: [Date Prev] [Date Next] [Thread Prev] [Thread Next]
Other format: [Raw text]

Results for 6.0.0 20150927 (experimental) (GCC) (build config: lto; languages: all,go; trunk revision 228178) testsuite on x86_64-pc-linux-gnu


LAST_UPDATED: Sun Sep 27 23:30:18 UTC 2015 (revision 228178)

Native configuration is x86_64-pc-linux-gnu

		=== gcc tests ===


Running target unix
FAIL: gcc.dg/debug/dwarf2/stacked-qualified-types-3.c scan-assembler-times DIE \\\\([^\\n]*\\\\) DW_TAG_(?:const|volatile|atomic|restrict)_type 8
XPASS: gcc.dg/guality/example.c   -O0  execution test
XPASS: gcc.dg/guality/example.c   -O1  execution test
XPASS: gcc.dg/guality/guality.c   -O0  execution test
XPASS: gcc.dg/guality/guality.c   -O1  execution test
XPASS: gcc.dg/guality/guality.c   -O2  execution test
XPASS: gcc.dg/guality/guality.c   -O2 -flto -fno-use-linker-plugin -flto-partition=none  execution test
XPASS: gcc.dg/guality/guality.c   -O2 -flto -fuse-linker-plugin -fno-fat-lto-objects  execution test
XPASS: gcc.dg/guality/guality.c   -O3 -g  execution test
XPASS: gcc.dg/guality/guality.c   -Os  execution test
XPASS: gcc.dg/guality/inline-params.c   -O2  execution test
XPASS: gcc.dg/guality/inline-params.c   -O2 -flto -fno-use-linker-plugin -flto-partition=none  execution test
XPASS: gcc.dg/guality/inline-params.c   -O3 -g  execution test
XPASS: gcc.dg/guality/inline-params.c   -Os  execution test
XPASS: gcc.dg/guality/pr41353-1.c   -O0  line 28 j == 28 + 37
XPASS: gcc.dg/guality/pr41353-1.c   -O1  line 28 j == 28 + 37
XPASS: gcc.dg/guality/pr41353-1.c   -O2  line 28 j == 28 + 37
XPASS: gcc.dg/guality/pr41353-1.c   -O2 -flto -fno-use-linker-plugin -flto-partition=none  line 28 j == 28 + 37
XPASS: gcc.dg/guality/pr41353-1.c   -O2 -flto -fuse-linker-plugin -fno-fat-lto-objects  line 28 j == 28 + 37
XPASS: gcc.dg/guality/pr41353-1.c   -O3 -g  line 28 j == 28 + 37
XPASS: gcc.dg/guality/pr41353-1.c   -Os  line 28 j == 28 + 37
FAIL: gcc.dg/guality/pr41616-1.c   -O2 -flto -fuse-linker-plugin -fno-fat-lto-objects  execution test
FAIL: gcc.dg/guality/pr45882.c   -O2 -flto -fuse-linker-plugin -fno-fat-lto-objects  line 16 d == 112
FAIL: gcc.dg/guality/pr45882.c   -O2 -flto -fuse-linker-plugin -fno-fat-lto-objects  line 16 e == 142
FAIL: gcc.dg/guality/pr54200.c   -Os  line 20 z == 3
FAIL: gcc.dg/guality/pr54519-1.c   -O2 -flto -fno-use-linker-plugin -flto-partition=none  line 20 y == 25
FAIL: gcc.dg/guality/pr54519-1.c   -O2 -flto -fno-use-linker-plugin -flto-partition=none  line 20 z == 6
FAIL: gcc.dg/guality/pr54519-1.c   -O2 -flto -fno-use-linker-plugin -flto-partition=none  line 23 y == 117
FAIL: gcc.dg/guality/pr54519-1.c   -O2 -flto -fno-use-linker-plugin -flto-partition=none  line 23 z == 8
FAIL: gcc.dg/guality/pr54519-2.c   -O2 -flto -fno-use-linker-plugin -flto-partition=none  line 17 y == 25
FAIL: gcc.dg/guality/pr54519-2.c   -O2 -flto -fuse-linker-plugin -fno-fat-lto-objects  line 17 y == 25
FAIL: gcc.dg/guality/pr54519-3.c   -O2 -flto -fno-use-linker-plugin -flto-partition=none  line 20 y == 25
FAIL: gcc.dg/guality/pr54519-3.c   -O2 -flto -fno-use-linker-plugin -flto-partition=none  line 20 z == 6
FAIL: gcc.dg/guality/pr54519-3.c   -O2 -flto -fno-use-linker-plugin -flto-partition=none  line 23 y == 117
FAIL: gcc.dg/guality/pr54519-3.c   -O2 -flto -fno-use-linker-plugin -flto-partition=none  line 23 z == 8
FAIL: gcc.dg/guality/pr54519-3.c   -O2 -flto -fuse-linker-plugin -fno-fat-lto-objects  line 20 y == 25
FAIL: gcc.dg/guality/pr54519-3.c   -O2 -flto -fuse-linker-plugin -fno-fat-lto-objects  line 20 z == 6
FAIL: gcc.dg/guality/pr54519-3.c   -O2 -flto -fuse-linker-plugin -fno-fat-lto-objects  line 23 y == 117
FAIL: gcc.dg/guality/pr54519-3.c   -O2 -flto -fuse-linker-plugin -fno-fat-lto-objects  line 23 z == 8
FAIL: gcc.dg/guality/pr54519-4.c   -O2 -flto -fno-use-linker-plugin -flto-partition=none  line 17 y == 25
FAIL: gcc.dg/guality/pr54519-4.c   -O2 -flto -fuse-linker-plugin -fno-fat-lto-objects  line 17 y == 25
FAIL: gcc.dg/guality/pr54519-5.c   -O2 -flto -fno-use-linker-plugin -flto-partition=none  line 17 y == 25
FAIL: gcc.dg/guality/pr54519-5.c   -O2 -flto -fuse-linker-plugin -fno-fat-lto-objects  line 17 y == 25
FAIL: gcc.dg/guality/vla-1.c   -O1  line 17 sizeof (a) == 6
FAIL: gcc.dg/guality/vla-1.c   -O2  line 17 sizeof (a) == 6
FAIL: gcc.dg/guality/vla-1.c   -O2 -flto -fno-use-linker-plugin -flto-partition=none  line 17 sizeof (a) == 6
FAIL: gcc.dg/guality/vla-1.c   -O2 -flto -fuse-linker-plugin -fno-fat-lto-objects  line 17 sizeof (a) == 6
FAIL: gcc.dg/guality/vla-1.c   -O3 -g  line 17 sizeof (a) == 6
FAIL: gcc.dg/guality/vla-1.c   -Os  line 17 sizeof (a) == 6
FAIL: gcc.dg/vect/no-section-anchors-vect-31.c scan-tree-dump-times vect "Alignment of access forced using peeling" 2
FAIL: gcc.dg/vect/no-section-anchors-vect-31.c scan-tree-dump-times vect "Vectorizing an unaligned access" 0
FAIL: gcc.dg/vect/no-tree-sra-bb-slp-pr50730.c scan-tree-dump-times slp2 "not vectorized: more than one data ref in stmt" 0
FAIL: gcc.dg/vect/slp-perm-9.c -flto -ffat-lto-objects  scan-tree-dump-times vect "vectorized 1 loops" 2
FAIL: gcc.dg/vect/slp-perm-9.c scan-tree-dump-times vect "vectorized 1 loops" 2
FAIL: gcc.dg/vect/vect-92.c -flto -ffat-lto-objects  scan-tree-dump-times vect "Alignment of access forced using peeling" 3
FAIL: gcc.dg/vect/vect-92.c -flto -ffat-lto-objects  scan-tree-dump-times vect "Vectorizing an unaligned access" 0
FAIL: gcc.dg/vect/vect-92.c scan-tree-dump-times vect "Alignment of access forced using peeling" 3
FAIL: gcc.dg/vect/vect-92.c scan-tree-dump-times vect "Vectorizing an unaligned access" 0
FAIL: gcc.dg/vect/vect-93.c -flto -ffat-lto-objects  scan-tree-dump-times vect "Vectorizing an unaligned access" 1
FAIL: gcc.dg/vect/vect-93.c scan-tree-dump-times vect "Vectorizing an unaligned access" 1
FAIL: gcc.dg/vect/vect-cselim-2.c -flto -ffat-lto-objects  scan-tree-dump-times vect "vectorized 1 loops" 0
FAIL: gcc.dg/vect/vect-cselim-2.c scan-tree-dump-times vect "vectorized 1 loops" 0

		=== gcc Summary ===

# of expected passes		110145
# of unexpected failures	42
# of unexpected successes	20
# of expected failures		290
# of unsupported tests		1716
/scratch/toon/bd4964/gcc/xgcc  version 6.0.0 20150927 (experimental) (GCC) 

		=== gfortran tests ===


Running target unix
XPASS: gfortran.dg/graphite/pr14741.f90   -O   scan-tree-dump-times graphite "number of SCoPs: 1" 1
FAIL: gfortran.dg/vect/fast-math-mgrid-resid.f   -O   scan-tree-dump-times pcom "Executing predictive commoning without unrolling" 1
FAIL: gfortran.dg/vect/fast-math-mgrid-resid.f   -O   scan-tree-dump-times pcom "Predictive commoning failed: no suitable chains" 0

		=== gfortran Summary ===

# of expected passes		40788
# of unexpected failures	2
# of unexpected successes	1
# of expected failures		75
# of unsupported tests		63
/scratch/toon/bd4964/gcc/testsuite/gfortran/../../gfortran  version 6.0.0 20150927 (experimental) (GCC) 

		=== g++ tests ===


Running target unix
FAIL: g++.dg/guality/pr55665.C   -O2  line 23 p == 40
FAIL: g++.dg/guality/pr55665.C   -O3 -g  line 23 p == 40
XPASS: g++.dg/tls/thread_local-order2.C  -std=c++11 execution test
XPASS: g++.dg/tls/thread_local-order2.C  -std=c++14 execution test
FAIL: g++.dg/vect/slp-pr56812.cc  -std=c++11  scan-tree-dump-times slp1 "basic block vectorized" 1
FAIL: g++.dg/vect/slp-pr56812.cc  -std=c++14  scan-tree-dump-times slp1 "basic block vectorized" 1
FAIL: g++.dg/vect/slp-pr56812.cc  -std=c++98  scan-tree-dump-times slp1 "basic block vectorized" 1

		=== g++ Summary ===

# of expected passes		95100
# of unexpected failures	5
# of unexpected successes	2
# of expected failures		329
# of unsupported tests		3477
/scratch/toon/bd4964/gcc/testsuite/g++/../../xg++  version 6.0.0 20150927 (experimental) (GCC) 

		=== go tests ===


Running target unix
FAIL: go.test/test/ken/cplx2.go execution,  -O2 -g 

		=== go Summary ===

# of expected passes		7251
# of unexpected failures	1
# of expected failures		1
# of untested testcases		6
# of unsupported tests		1
/scratch/toon/bd4964/gcc/testsuite/go/../../gccgo  version 6.0.0 20150927 (experimental) (GCC) 

		=== objc tests ===


Running target unix

		=== objc Summary ===

# of expected passes		2766
# of expected failures		6
# of unsupported tests		68
/scratch/toon/bd4964/gcc/xgcc  version 6.0.0 20150927 (experimental) (GCC) 

		=== boehm-gc tests ===


Running target unix

		=== boehm-gc Summary ===

# of expected passes		12
# of unsupported tests		1
		=== libatomic tests ===


Running target unix

		=== libatomic Summary ===

# of expected passes		54
		=== libffi tests ===


Running target unix

		=== libffi Summary ===

# of expected passes		1914
# of unsupported tests		30
		=== libgo tests ===


Running target unix
FAIL: math

		=== libgo Summary ===

# of expected passes		123
# of unexpected failures	1
/scratch/toon/bd4964/./gcc/gccgo version 6.0.0 20150927 (experimental) (GCC)

		=== libgomp tests ===


Running target unix

		=== libgomp Summary ===

# of expected passes		4171
# of expected failures		4
# of unsupported tests		196
		=== libitm tests ===


Running target unix

		=== libitm Summary ===

# of expected passes		26
# of expected failures		3
# of unsupported tests		1
		=== libjava tests ===


Running target unix

		=== libjava Summary ===

# of expected passes		2582
# of expected failures		4
		=== libstdc++ tests ===


Running target unix

		=== libstdc++ Summary ===

# of expected passes		10123
# of expected failures		66
# of unsupported tests		548

Compiler version: 6.0.0 20150927 (experimental) (GCC) 
Platform: x86_64-pc-linux-gnu
configure flags: --prefix=/home/toon/compilers/install --with-gnu-as --with-gnu-ld --enable-languages=all,go --disable-multilib --disable-nls --with-arch=haswell --with-tune=haswell --with-build-config=bootstrap-lto


Index Nav: [Date Index] [Subject Index] [Author Index] [Thread Index]
Message Nav: [Date Prev] [Date Next] [Thread Prev] [Thread Next]