This is the mail archive of the gcc-testresults@gcc.gnu.org mailing list for the GCC project.


Index Nav: [Date Index] [Subject Index] [Author Index] [Thread Index]
Message Nav: [Date Prev] [Date Next] [Thread Prev] [Thread Next]
Other format: [Raw text]

Results for 4.9.4 20150925 (prerelease) [gcc-4_9-branch revision 228106] (GCC) testsuite on sparc-sun-solaris2.9


LAST_UPDATED: Fri Sep 25 11:08:10 UTC 2015 (revision 228106)

		=== acats tests ===

		=== acats Summary ===
# of expected passes		2320
# of unexpected failures	0
Native configuration is sparc-sun-solaris2.9

		=== g++ tests ===


Running target unix
FAIL: g++.dg/torture/pr31863.C  -O2 -flto  (test for excess errors)

		=== g++ Summary for unix ===

# of expected passes		78980
# of unexpected failures	1
# of expected failures		451
# of unsupported tests		3464

Running target unix/-m64
FAIL: g++.dg/torture/pr31863.C  -O2 -flto  (test for excess errors)

		=== g++ Summary for unix/-m64 ===

# of expected passes		80830
# of unexpected failures	1
# of expected failures		451
# of unsupported tests		3452

		=== g++ Summary ===

# of expected passes		159810
# of unexpected failures	2
# of expected failures		902
# of unsupported tests		6916
/var/gcc/regression/gcc-4.9-branch/9-gcc/build/gcc/testsuite/g++/../../xg++  version 4.9.4 20150925 (prerelease) [gcc-4_9-branch revision 228106] (GCC) 

		=== gcc tests ===


Running target unix
FAIL: gcc.dg/atomic/c11-atomic-exec-1.c  -O2 -flto  (test for excess errors)
FAIL: gcc.dg/atomic/c11-atomic-exec-2.c  -O2 -flto  (test for excess errors)
WARNING: program timed out.
FAIL: gcc.dg/atomic/c11-atomic-exec-3.c  -O3 -g  (test for excess errors)
WARNING: gcc.dg/atomic/c11-atomic-exec-3.c  -O3 -g  compilation failed to produce executable
FAIL: gcc.dg/atomic/c11-atomic-exec-3.c  -O2 -flto  (test for excess errors)
FAIL: gcc.dg/atomic/c11-atomic-exec-4.c  -O2 -flto  (test for excess errors)
FAIL: gcc.dg/simulate-thread/atomic-other-int.c  -O0 -g  thread simulation test
FAIL: gcc.dg/simulate-thread/atomic-other-int.c  -O2 -g  thread simulation test
FAIL: gcc.dg/simulate-thread/atomic-other-int.c  -O3 -g  thread simulation test
FAIL: gcc.dg/simulate-thread/speculative-store-4.c  -O0 -g  thread simulation test
FAIL: gcc.dg/simulate-thread/speculative-store-4.c  -O2 -g  thread simulation test
FAIL: gcc.dg/simulate-thread/speculative-store-4.c  -O3 -g  thread simulation test
FAIL: gcc.dg/simulate-thread/speculative-store.c  -O0 -g  thread simulation test

		=== gcc Summary for unix ===

# of expected passes		88233
# of unexpected failures	12
# of expected failures		331
# of unsupported tests		1941

Running target unix/-m64
FAIL: gcc.dg/atomic/c11-atomic-exec-1.c  -O2 -flto  (test for excess errors)
FAIL: gcc.dg/atomic/c11-atomic-exec-2.c  -O2 -flto  (test for excess errors)
FAIL: gcc.dg/atomic/c11-atomic-exec-3.c  -O2 -flto  (test for excess errors)
FAIL: gcc.dg/atomic/c11-atomic-exec-4.c  -O2 -flto  (test for excess errors)

		=== gcc Summary for unix/-m64 ===

# of expected passes		89002
# of unexpected failures	4
# of expected failures		320
# of unsupported tests		1885

		=== gcc Summary ===

# of expected passes		177235
# of unexpected failures	16
# of expected failures		651
# of unsupported tests		3826
/var/gcc/regression/gcc-4.9-branch/9-gcc/build/gcc/xgcc  version 4.9.4 20150925 (prerelease) [gcc-4_9-branch revision 228106] (GCC) 

		=== gfortran tests ===


Running target unix

		=== gfortran Summary for unix ===

# of expected passes		45558
# of expected failures		54
# of unsupported tests		453

Running target unix/-m64

		=== gfortran Summary for unix/-m64 ===

# of expected passes		45837
# of expected failures		54
# of unsupported tests		316

		=== gfortran Summary ===

# of expected passes		91395
# of expected failures		108
# of unsupported tests		769
/var/gcc/regression/gcc-4.9-branch/9-gcc/build/gcc/testsuite/gfortran/../../gfortran  version 4.9.4 20150925 (prerelease) [gcc-4_9-branch revision 228106] (GCC) 

		=== gnat tests ===


Running target unix

		=== gnat Summary for unix ===

# of expected passes		1220
# of expected failures		18
# of unsupported tests		14

Running target unix/-m64

		=== gnat Summary for unix/-m64 ===

# of expected passes		1220
# of expected failures		18
# of unsupported tests		14

		=== gnat Summary ===

# of expected passes		2440
# of expected failures		36
# of unsupported tests		28
/var/gcc/regression/gcc-4.9-branch/9-gcc/build/gcc/gnatmake version 4.9.4 20150925 (prerelease) [gcc-4_9-branch revision 228106]

		=== go tests ===


Running target unix
FAIL: go.test/test/fixedbugs/issue4562.go execution,  -O2 -g 
FAIL: go.test/test/recover.go execution,  -O2 -g 

		=== go Summary for unix ===

# of expected passes		7366
# of unexpected failures	2
# of expected failures		1
# of untested testcases		10
# of unsupported tests		3

Running target unix/-m64
FAIL: go.test/test/fixedbugs/issue4348.go  -O  (test for excess errors)
FAIL: go.test/test/fixedbugs/issue4562.go execution,  -O2 -g 
FAIL: go.test/test/recover.go execution,  -O2 -g 

		=== go Summary for unix/-m64 ===

# of expected passes		7245
# of unexpected failures	3
# of expected failures		1
# of untested testcases		10
# of unsupported tests		3

		=== go Summary ===

# of expected passes		14611
# of unexpected failures	5
# of expected failures		2
# of untested testcases		20
# of unsupported tests		6
/var/gcc/regression/gcc-4.9-branch/9-gcc/build/gcc/testsuite/go/../../gccgo  version 4.9.4 20150925 (prerelease) [gcc-4_9-branch revision 228106] (GCC) 

		=== obj-c++ tests ===


Running target unix

		=== obj-c++ Summary for unix ===

# of expected passes		1449
# of expected failures		2
# of unsupported tests		86

Running target unix/-m64

		=== obj-c++ Summary for unix/-m64 ===

# of expected passes		1441
# of expected failures		10
# of unsupported tests		86

		=== obj-c++ Summary ===

# of expected passes		2890
# of expected failures		12
# of unsupported tests		172
/var/gcc/regression/gcc-4.9-branch/9-gcc/build/gcc/testsuite/obj-c++/../../xg++  version 4.9.4 20150925 (prerelease) [gcc-4_9-branch revision 228106] (GCC) 

		=== objc tests ===


Running target unix

		=== objc Summary for unix ===

# of expected passes		2994
# of unsupported tests		74

Running target unix/-m64

		=== objc Summary for unix/-m64 ===

# of expected passes		2994
# of unsupported tests		74

		=== objc Summary ===

# of expected passes		5988
# of unsupported tests		148
/var/gcc/regression/gcc-4.9-branch/9-gcc/build/gcc/xgcc  version 4.9.4 20150925 (prerelease) [gcc-4_9-branch revision 228106] (GCC) 

		=== boehm-gc tests ===


Running target unix

		=== boehm-gc Summary for unix ===

# of expected passes		12
# of unsupported tests		1

Running target unix/-m64

		=== boehm-gc Summary for unix/-m64 ===

# of expected passes		12
# of unsupported tests		1

		=== boehm-gc Summary ===

# of expected passes		24
# of unsupported tests		2
		=== libatomic tests ===


Running target unix

		=== libatomic Summary for unix ===

# of expected passes		44
# of unsupported tests		5

Running target unix/-m64

		=== libatomic Summary for unix/-m64 ===

# of expected passes		54

		=== libatomic Summary ===

# of expected passes		98
# of unsupported tests		5
		=== libffi tests ===


Running target unix

		=== libffi Summary for unix ===

# of expected passes		1819
# of unsupported tests		55

Running target unix/-m64

		=== libffi Summary for unix/-m64 ===

# of expected passes		1819
# of unsupported tests		55

		=== libffi Summary ===

# of expected passes		3638
# of unsupported tests		110
		=== libgo tests ===


Running target unix
FAIL: net
FAIL: runtime
FAIL: time
FAIL: crypto/tls
FAIL: runtime/pprof
FAIL: text/template
FAIL: testing/quick

		=== libgo Summary for unix ===

# of expected passes		115
# of unexpected failures	7

Running target unix/-m64
FAIL: net
FAIL: runtime/pprof
FAIL: text/template

		=== libgo Summary for unix/-m64 ===

# of expected passes		119
# of unexpected failures	3

		=== libgo Summary ===

# of expected passes		234
# of unexpected failures	10
		=== libgomp tests ===


Running target unix

		=== libgomp Summary for unix ===

# of expected passes		3309
# of unsupported tests		38

Running target unix/-m64

		=== libgomp Summary for unix/-m64 ===

# of expected passes		3309
# of unsupported tests		38

		=== libgomp Summary ===

# of expected passes		6618
# of unsupported tests		76
		=== libitm tests ===


Running target unix

		=== libitm Summary for unix ===

# of expected passes		26
# of expected failures		3
# of unsupported tests		1

Running target unix/-m64

		=== libitm Summary for unix/-m64 ===

# of expected passes		26
# of expected failures		3
# of unsupported tests		1

		=== libitm Summary ===

# of expected passes		52
# of expected failures		6
# of unsupported tests		2
		=== libjava tests ===


Running target unix
FAIL: InvokeInterface execution - source compiled test
FAIL: InvokeInterface -O3 execution - source compiled test

		=== libjava Summary for unix ===

# of expected passes		2578
# of unexpected failures	2
# of expected failures		4
# of untested testcases		2

Running target unix/-m64
FAIL: InvokeInterface execution - source compiled test
FAIL: InvokeInterface -O3 execution - source compiled test

		=== libjava Summary for unix/-m64 ===

# of expected passes		2578
# of unexpected failures	2
# of expected failures		4
# of untested testcases		2

		=== libjava Summary ===

# of expected passes		5156
# of unexpected failures	4
# of expected failures		8
# of untested testcases		4
		=== libstdc++ tests ===


Running target unix
FAIL: 30_threads/shared_lock/cons/5.cc (test for excess errors)
WARNING: 30_threads/shared_lock/cons/5.cc compilation failed to produce executable
FAIL: 30_threads/shared_lock/cons/6.cc (test for excess errors)
WARNING: 30_threads/shared_lock/cons/6.cc compilation failed to produce executable
FAIL: 30_threads/shared_lock/locking/3.cc (test for excess errors)
WARNING: 30_threads/shared_lock/locking/3.cc compilation failed to produce executable
FAIL: 30_threads/shared_lock/locking/4.cc (test for excess errors)
WARNING: 30_threads/shared_lock/locking/4.cc compilation failed to produce executable
FAIL: 30_threads/this_thread/58038.cc (test for excess errors)
WARNING: 30_threads/this_thread/58038.cc compilation failed to produce executable
FAIL: 30_threads/this_thread/60421.cc (test for excess errors)
WARNING: 30_threads/this_thread/60421.cc compilation failed to produce executable

		=== libstdc++ Summary for unix ===

# of expected passes		8333
# of unexpected failures	6
# of expected failures		43
# of unsupported tests		942

Running target unix/-m64
FAIL: 30_threads/shared_lock/cons/5.cc (test for excess errors)
WARNING: 30_threads/shared_lock/cons/5.cc compilation failed to produce executable
FAIL: 30_threads/shared_lock/cons/6.cc (test for excess errors)
WARNING: 30_threads/shared_lock/cons/6.cc compilation failed to produce executable
FAIL: 30_threads/shared_lock/locking/3.cc (test for excess errors)
WARNING: 30_threads/shared_lock/locking/3.cc compilation failed to produce executable
FAIL: 30_threads/shared_lock/locking/4.cc (test for excess errors)
WARNING: 30_threads/shared_lock/locking/4.cc compilation failed to produce executable
FAIL: 30_threads/this_thread/58038.cc (test for excess errors)
WARNING: 30_threads/this_thread/58038.cc compilation failed to produce executable
FAIL: 30_threads/this_thread/60421.cc (test for excess errors)
WARNING: 30_threads/this_thread/60421.cc compilation failed to produce executable

		=== libstdc++ Summary for unix/-m64 ===

# of expected passes		8333
# of unexpected failures	6
# of expected failures		43
# of unsupported tests		942

		=== libstdc++ Summary ===

# of expected passes		16666
# of unexpected failures	12
# of expected failures		86
# of unsupported tests		1884

Compiler version: 4.9.4 20150925 (prerelease) [gcc-4_9-branch revision 228106] (GCC) 
Platform: sparc-sun-solaris2.9
configure flags: --prefix=/vol/gcc --target=sparc-sun-solaris2.9 --enable-obsolete --enable-objc-gc --with-as=/usr/ccs/bin/as --without-gnu-as --with-gmp-include=/vol/gcc/include --with-gmp-lib=/vol/gcc/lib --with-mpfr-include=/vol/gcc/include --with-mpfr-lib=/vol/gcc/lib --with-mpc-include=/vol/gcc/include --with-mpc-lib=/vol/gcc/lib --enable-languages=all,ada,obj-c++,go --with-isl-include=/vol/gcc/include --with-isl-lib=/vol/gcc/lib --with-cloog-include=/vol/gcc/include --with-cloog-lib=/vol/gcc/lib --enable-cloog-backend=isl
BOOT_CFLAGS=-g -O2


Index Nav: [Date Index] [Subject Index] [Author Index] [Thread Index]
Message Nav: [Date Prev] [Date Next] [Thread Prev] [Thread Next]