This is the mail archive of the gcc-testresults@gcc.gnu.org mailing list for the GCC project.


Index Nav: [Date Index] [Subject Index] [Author Index] [Thread Index]
Message Nav: [Date Prev] [Date Next] [Thread Prev] [Thread Next]
Other format: [Raw text]

Results for 5.2.1 20150925 [gcc-5-branch revision 228109] (GCC) testsuite on x86_64-apple-darwin14.5.0


LAST_UPDATED: Fri Sep 25 05:00:23 UTC 2015 (revision 228109)

Native configuration is x86_64-apple-darwin14.5.0

		=== g++ tests ===


Running target unix/-m32
FAIL: g++.dg/debug/dwarf2/imported-decl-2.C  -std=gnu++11  scan-assembler-times ascii "AAAA\\\\\\\\0".*ascii "BBBB\\\\\\\\0".*DIE .0x[0-9a-f]*. DW_TAG_imported_declaration 1
FAIL: g++.dg/debug/dwarf2/imported-decl-2.C  -std=gnu++14  scan-assembler-times ascii "AAAA\\\\\\\\0".*ascii "BBBB\\\\\\\\0".*DIE .0x[0-9a-f]*. DW_TAG_imported_declaration 1
FAIL: g++.dg/debug/dwarf2/imported-decl-2.C  -std=gnu++98  scan-assembler-times ascii "AAAA\\\\\\\\0".*ascii "BBBB\\\\\\\\0".*DIE .0x[0-9a-f]*. DW_TAG_imported_declaration 1
FAIL: g++.dg/ext/sync-4.C  -std=gnu++11 execution test
FAIL: g++.dg/ext/sync-4.C  -std=gnu++14 execution test
FAIL: g++.dg/ext/sync-4.C  -std=gnu++98 execution test
UNRESOLVED: g++.dg/lto/pr65276 cp_lto_pr65276_0.o-cp_lto_pr65276_1.o execute -flto -O0 -std=c++11
FAIL: g++.dg/lto/pr65276 cp_lto_pr65276_0.o-cp_lto_pr65276_1.o link, -flto -O0 -std=c++11
FAIL: g++.dg/lto/pr65549 cp_lto_pr65549_0.o assemble,  -std=gnu++14 -flto -g 
FAIL: g++.dg/lto/pr65549 cp_lto_pr65549_0.o assemble,  -std=gnu++14 -flto -g -O2 -fno-inline -flto-partition=max 
UNRESOLVED: g++.dg/lto/pr65549 cp_lto_pr65549_0.o-cp_lto_pr65549_0.o execute  -std=gnu++14 -flto -g 
UNRESOLVED: g++.dg/lto/pr65549 cp_lto_pr65549_0.o-cp_lto_pr65549_0.o execute  -std=gnu++14 -flto -g -O2 -fno-inline -flto-partition=max 
UNRESOLVED: g++.dg/lto/pr65549 cp_lto_pr65549_0.o-cp_lto_pr65549_0.o link  -std=gnu++14 -flto -g 
UNRESOLVED: g++.dg/lto/pr65549 cp_lto_pr65549_0.o-cp_lto_pr65549_0.o link  -std=gnu++14 -flto -g -O2 -fno-inline -flto-partition=max 

		=== g++ Summary for unix/-m32 ===

# of expected passes		89245
# of unexpected failures	9
# of expected failures		341
# of unresolved testcases	5
# of unsupported tests		3845

Running target unix/-m64
FAIL: g++.dg/debug/dwarf2/imported-decl-2.C  -std=gnu++11  scan-assembler-times ascii "AAAA\\\\\\\\0".*ascii "BBBB\\\\\\\\0".*DIE .0x[0-9a-f]*. DW_TAG_imported_declaration 1
FAIL: g++.dg/debug/dwarf2/imported-decl-2.C  -std=gnu++14  scan-assembler-times ascii "AAAA\\\\\\\\0".*ascii "BBBB\\\\\\\\0".*DIE .0x[0-9a-f]*. DW_TAG_imported_declaration 1
FAIL: g++.dg/debug/dwarf2/imported-decl-2.C  -std=gnu++98  scan-assembler-times ascii "AAAA\\\\\\\\0".*ascii "BBBB\\\\\\\\0".*DIE .0x[0-9a-f]*. DW_TAG_imported_declaration 1
FAIL: g++.dg/ext/sync-4.C  -std=gnu++11 execution test
FAIL: g++.dg/ext/sync-4.C  -std=gnu++14 execution test
FAIL: g++.dg/ext/sync-4.C  -std=gnu++98 execution test
UNRESOLVED: g++.dg/lto/pr65276 cp_lto_pr65276_0.o-cp_lto_pr65276_1.o execute -flto -O0 -std=c++11
FAIL: g++.dg/lto/pr65276 cp_lto_pr65276_0.o-cp_lto_pr65276_1.o link, -flto -O0 -std=c++11
FAIL: g++.dg/pch/pch.C  -O2 -I. -Dwith_PCH (test for excess errors)
FAIL: g++.dg/pch/pch.C -O2 assembly comparison
WARNING: program timed out.
FAIL: g++.dg/tree-prof/partition1.C compilation,  -fprofile-use -D_PROFILE_USE
UNRESOLVED: g++.dg/tree-prof/partition1.C execution,    -fprofile-use -D_PROFILE_USE
FAIL: g++.dg/tree-prof/pr57451.C compilation,  -fprofile-use -D_PROFILE_USE
UNRESOLVED: g++.dg/tree-prof/pr57451.C execution,    -fprofile-use -D_PROFILE_USE

		=== g++ Summary for unix/-m64 ===

# of expected passes		90644
# of unexpected failures	11
# of expected failures		341
# of unresolved testcases	3
# of unsupported tests		4086

		=== g++ Summary ===

# of expected passes		179889
# of unexpected failures	20
# of expected failures		682
# of unresolved testcases	8
# of unsupported tests		7931
/Users/fx/autobuilds/builds/gcc-5-branch-228109/gcc/testsuite/g++/../../xg++  version 5.2.1 20150925 [gcc-5-branch revision 228109] (GCC) 

		=== gcc tests ===


Running target unix/-m32
FAIL: gcc.dg/debug/pr65771.c -gstabs+ -O (test for excess errors)
FAIL: gcc.dg/debug/pr65771.c -gstabs+ -O3 (test for excess errors)
FAIL: gcc.dg/debug/pr65771.c -gstabs+1 -O (test for excess errors)
FAIL: gcc.dg/debug/pr65771.c -gstabs+1 -O3 (test for excess errors)
FAIL: gcc.dg/debug/pr65771.c -gstabs+3 -O (test for excess errors)
FAIL: gcc.dg/debug/pr65771.c -gstabs+3 -O3 (test for excess errors)
FAIL: gcc.dg/20021014-1.c execution test
FAIL: gcc.dg/aru-2.c execution test
FAIL: gcc.dg/darwin-weakimport-3.c scan-assembler-not coalesced
FAIL: gcc.dg/framework-1.c (test for excess errors)
FAIL: gcc.dg/pr43643.c execution test
FAIL: gcc.dg/pr61053.c (test for excess errors)
FAIL: gcc.dg/uninit-19.c  (test for warnings, line 22)
FAIL: gcc.dg/uninit-19.c (test for excess errors)
UNRESOLVED: gcc.dg/lto/pr61526 c_lto_pr61526_0.o-c_lto_pr61526_1.o execute  -fPIC -flto -flto-partition=1to1 
FAIL: gcc.dg/lto/pr61526 c_lto_pr61526_0.o-c_lto_pr61526_1.o link,  -fPIC -flto -flto-partition=1to1 
FAIL: gcc.dg/pch/save-temps-1.c   -O1  -I. -Dwith_PCH (test for excess errors)
FAIL: gcc.dg/pch/save-temps-1.c   -O2  -I. -Dwith_PCH (test for excess errors)
FAIL: gcc.dg/pch/save-temps-1.c   -O3 -fomit-frame-pointer  -I. -Dwith_PCH (test for excess errors)
FAIL: gcc.dg/pch/save-temps-1.c  -O1  assembly comparison
FAIL: gcc.dg/pch/save-temps-1.c  -O2  assembly comparison
FAIL: gcc.dg/pch/save-temps-1.c  -O3 -fomit-frame-pointer  assembly comparison
WARNING: program timed out.
FAIL: gcc.dg/torture/builtin-self.c   -O0   scan-assembler-not \\tcall
FAIL: gcc.dg/torture/ftrapv-1.c   -O0  execution test
FAIL: gcc.dg/torture/ftrapv-1.c   -O1  execution test
FAIL: gcc.dg/torture/ftrapv-1.c   -O2  execution test
FAIL: gcc.dg/torture/ftrapv-1.c   -O2 -flto  execution test
FAIL: gcc.dg/torture/ftrapv-1.c   -O2 -flto -flto-partition=none  execution test
FAIL: gcc.dg/torture/ftrapv-1.c   -O3 -fomit-frame-pointer  execution test
FAIL: gcc.dg/torture/ftrapv-1.c   -O3 -fomit-frame-pointer -funroll-all-loops -finline-functions  execution test
FAIL: gcc.dg/torture/ftrapv-1.c   -O3 -fomit-frame-pointer -funroll-loops  execution test
FAIL: gcc.dg/torture/ftrapv-1.c   -O3 -g  execution test
FAIL: gcc.dg/torture/ftrapv-1.c   -Os  execution test
FAIL: gcc.target/i386/memcpy-strategy-3.c scan-assembler-times memcpy 2
FAIL: gcc.target/i386/memset-strategy-1.c scan-assembler-times memset 2
FAIL: gcc.target/i386/pr57275.c (test for excess errors)
WARNING: gcc.target/i386/pr57275.c compilation failed to produce executable

		=== gcc Summary for unix/-m32 ===

# of expected passes		107702
# of unexpected failures	35
# of expected failures		267
# of unresolved testcases	1
# of unsupported tests		3785

Running target unix/-m64
FAIL: c-c++-common/asan/strncpy-overflow-1.c   -O0  execution test
FAIL: gcc.dg/debug/pr65771.c -gstabs+ -O (test for excess errors)
FAIL: gcc.dg/debug/pr65771.c -gstabs+ -O3 (test for excess errors)
FAIL: gcc.dg/debug/pr65771.c -gstabs+1 -O (test for excess errors)
FAIL: gcc.dg/debug/pr65771.c -gstabs+1 -O3 (test for excess errors)
FAIL: gcc.dg/debug/pr65771.c -gstabs+3 -O (test for excess errors)
FAIL: gcc.dg/debug/pr65771.c -gstabs+3 -O3 (test for excess errors)
FAIL: gcc.dg/framework-1.c (test for excess errors)
FAIL: gcc.dg/uninit-19.c  (test for warnings, line 22)
FAIL: gcc.dg/uninit-19.c (test for excess errors)
UNRESOLVED: gcc.dg/lto/pr61526 c_lto_pr61526_0.o-c_lto_pr61526_1.o execute  -fPIC -flto -flto-partition=1to1 
FAIL: gcc.dg/lto/pr61526 c_lto_pr61526_0.o-c_lto_pr61526_1.o link,  -fPIC -flto -flto-partition=1to1 
FAIL: gcc.dg/pch/save-temps-1.c   -O1  -I. -Dwith_PCH (test for excess errors)
FAIL: gcc.dg/pch/save-temps-1.c   -O2  -I. -Dwith_PCH (internal compiler error)
FAIL: gcc.dg/pch/save-temps-1.c   -O2  -I. -Dwith_PCH (test for excess errors)
FAIL: gcc.dg/pch/save-temps-1.c   -O2  assembly comparison
FAIL: gcc.dg/pch/save-temps-1.c   -O3 -fomit-frame-pointer  -I. -Dwith_PCH (test for excess errors)
FAIL: gcc.dg/pch/save-temps-1.c   -Os  -I. -Dwith_PCH (internal compiler error)
FAIL: gcc.dg/pch/save-temps-1.c   -Os  -I. -Dwith_PCH (test for excess errors)
FAIL: gcc.dg/pch/save-temps-1.c   -Os  assembly comparison
FAIL: gcc.dg/pch/save-temps-1.c  -O1  assembly comparison
FAIL: gcc.dg/pch/save-temps-1.c  -O3 -fomit-frame-pointer  assembly comparison
WARNING: program timed out.
FAIL: gcc.dg/torture/ftrapv-1.c   -O0  execution test
FAIL: gcc.dg/torture/ftrapv-1.c   -O1  execution test
FAIL: gcc.dg/torture/ftrapv-1.c   -O2  execution test
FAIL: gcc.dg/torture/ftrapv-1.c   -O2 -flto  execution test
FAIL: gcc.dg/torture/ftrapv-1.c   -O2 -flto -flto-partition=none  execution test
FAIL: gcc.dg/torture/ftrapv-1.c   -O3 -fomit-frame-pointer  execution test
FAIL: gcc.dg/torture/ftrapv-1.c   -O3 -fomit-frame-pointer -funroll-all-loops -finline-functions  execution test
FAIL: gcc.dg/torture/ftrapv-1.c   -O3 -fomit-frame-pointer -funroll-loops  execution test
FAIL: gcc.dg/torture/ftrapv-1.c   -O3 -g  execution test
FAIL: gcc.dg/torture/ftrapv-1.c   -Os  execution test
FAIL: gcc.dg/tree-prof/20041218-1.c compilation,  -fprofile-use -D_PROFILE_USE
UNRESOLVED: gcc.dg/tree-prof/20041218-1.c execution,    -fprofile-use -D_PROFILE_USE
FAIL: gcc.dg/tree-prof/crossmodule-indircall-1.c compilation,  -fprofile-use -D_PROFILE_USE
UNRESOLVED: gcc.dg/tree-prof/crossmodule-indircall-1.c execution,    -fprofile-use -D_PROFILE_USE
FAIL: gcc.dg/tree-prof/pr34999.c compilation,  -fprofile-use -D_PROFILE_USE
UNRESOLVED: gcc.dg/tree-prof/pr34999.c execution,    -fprofile-use -D_PROFILE_USE
FAIL: gcc.dg/tree-prof/pr45354.c compilation,  -fprofile-use -D_PROFILE_USE
UNRESOLVED: gcc.dg/tree-prof/pr45354.c execution,    -fprofile-use -D_PROFILE_USE
FAIL: gcc.dg/tree-prof/pr49299-1.c compilation,  -fprofile-use -D_PROFILE_USE
UNRESOLVED: gcc.dg/tree-prof/pr49299-1.c execution,    -fprofile-use -D_PROFILE_USE
FAIL: gcc.dg/tree-prof/pr49299-2.c compilation,  -fprofile-use -D_PROFILE_USE
UNRESOLVED: gcc.dg/tree-prof/pr49299-2.c execution,    -fprofile-use -D_PROFILE_USE
FAIL: gcc.dg/tree-prof/pr50907.c compilation,  -fprofile-use -D_PROFILE_USE
UNRESOLVED: gcc.dg/tree-prof/pr50907.c execution,    -fprofile-use -D_PROFILE_USE
FAIL: gcc.target/i386/memcpy-strategy-3.c scan-assembler-times memcpy 2
FAIL: gcc.target/i386/memset-strategy-1.c scan-assembler-times memset 2
FAIL: gcc.target/i386/pr49866.c (test for excess errors)
FAIL: gcc.target/i386/pr57275.c (test for excess errors)
WARNING: gcc.target/i386/pr57275.c compilation failed to produce executable
FAIL: gcc.target/i386/pr61599-1.c (test for excess errors)
WARNING: gcc.target/i386/pr61599-1.c compilation failed to produce executable
FAIL: gcc.target/i386/pr63538.c scan-assembler movabs

		=== gcc Summary for unix/-m64 ===

# of expected passes		108551
# of unexpected failures	44
# of expected failures		261
# of unresolved testcases	8
# of unsupported tests		3980

		=== gcc Summary ===

# of expected passes		216253
# of unexpected failures	79
# of expected failures		528
# of unresolved testcases	9
# of unsupported tests		7765
/Users/fx/autobuilds/builds/gcc-5-branch-228109/gcc/xgcc  version 5.2.1 20150925 [gcc-5-branch revision 228109] (GCC) 

		=== gfortran tests ===


Running target unix/-m32

		=== gfortran Summary for unix/-m32 ===

# of expected passes		48234
# of expected failures		65
# of unsupported tests		218

Running target unix/-m64

		=== gfortran Summary for unix/-m64 ===

# of expected passes		48523
# of expected failures		65
# of unsupported tests		78

		=== gfortran Summary ===

# of expected passes		96757
# of expected failures		130
# of unsupported tests		296
/Users/fx/autobuilds/builds/gcc-5-branch-228109/gcc/testsuite/gfortran/../../gfortran  version 5.2.1 20150925 [gcc-5-branch revision 228109] (GCC) 

		=== obj-c++ tests ===


Running target unix/-m32
FAIL: obj-c++.dg/cxx-ivars-3.mm -fnext-runtime (test for excess errors)
WARNING: obj-c++.dg/cxx-ivars-3.mm -fnext-runtime compilation failed to produce executable
FAIL: obj-c++.dg/gnu-api-2-objc.mm -fnext-runtime execution test
FAIL: obj-c++.dg/proto-lossage-7.mm -fnext-runtime (test for excess errors)
FAIL: obj-c++.dg/syntax-error-1.mm -fnext-runtime (test for excess errors)
FAIL: obj-c++.dg/strings/const-cfstring-2.mm -fnext-runtime (test for excess errors)
FAIL: obj-c++.dg/strings/const-cfstring-5.mm -fnext-runtime (test for excess errors)
FAIL: obj-c++.dg/strings/const-str-12.mm -fnext-runtime (test for excess errors)
FAIL: obj-c++.dg/torture/strings/const-cfstring-1.mm   -O0  -fnext-runtime (test for excess errors)
WARNING: obj-c++.dg/torture/strings/const-cfstring-1.mm   -O0  -fnext-runtime compilation failed to produce executable
FAIL: obj-c++.dg/torture/strings/const-cfstring-1.mm   -O1  -fnext-runtime (test for excess errors)
WARNING: obj-c++.dg/torture/strings/const-cfstring-1.mm   -O1  -fnext-runtime compilation failed to produce executable
FAIL: obj-c++.dg/torture/strings/const-cfstring-1.mm   -O2  -fnext-runtime (test for excess errors)
WARNING: obj-c++.dg/torture/strings/const-cfstring-1.mm   -O2  -fnext-runtime compilation failed to produce executable
FAIL: obj-c++.dg/torture/strings/const-cfstring-1.mm   -O3 -fomit-frame-pointer  -fnext-runtime (test for excess errors)
WARNING: obj-c++.dg/torture/strings/const-cfstring-1.mm   -O3 -fomit-frame-pointer  -fnext-runtime compilation failed to produce executable
FAIL: obj-c++.dg/torture/strings/const-cfstring-1.mm   -O3 -g  -fnext-runtime (test for excess errors)
WARNING: obj-c++.dg/torture/strings/const-cfstring-1.mm   -O3 -g  -fnext-runtime compilation failed to produce executable
FAIL: obj-c++.dg/torture/strings/const-cfstring-1.mm   -Os  -fnext-runtime (test for excess errors)
WARNING: obj-c++.dg/torture/strings/const-cfstring-1.mm   -Os  -fnext-runtime compilation failed to produce executable
FAIL: obj-c++.dg/torture/strings/const-cfstring-1.mm   -O2 -flto -flto-partition=none  -fnext-runtime (test for excess errors)
WARNING: obj-c++.dg/torture/strings/const-cfstring-1.mm   -O2 -flto -flto-partition=none  -fnext-runtime compilation failed to produce executable
FAIL: obj-c++.dg/torture/strings/const-cfstring-1.mm   -O2 -flto  -fnext-runtime (test for excess errors)
WARNING: obj-c++.dg/torture/strings/const-cfstring-1.mm   -O2 -flto  -fnext-runtime compilation failed to produce executable
FAIL: obj-c++.dg/torture/strings/const-str-10.mm   -O0  -fnext-runtime (test for excess errors)
UNRESOLVED: obj-c++.dg/torture/strings/const-str-10.mm   -O0  -fnext-runtime  scan-assembler .section __OBJC, __cstring_object
UNRESOLVED: obj-c++.dg/torture/strings/const-str-10.mm   -O0  -fnext-runtime  scan-assembler .long\\t__NSConstantStringClassReference\\n\\t.long\\t.*\\n\\t.long\\t5\\n\\t.data
FAIL: obj-c++.dg/torture/strings/const-str-10.mm   -O1  -fnext-runtime (test for excess errors)
UNRESOLVED: obj-c++.dg/torture/strings/const-str-10.mm   -O1  -fnext-runtime  scan-assembler .section __OBJC, __cstring_object
UNRESOLVED: obj-c++.dg/torture/strings/const-str-10.mm   -O1  -fnext-runtime  scan-assembler .long\\t__NSConstantStringClassReference\\n\\t.long\\t.*\\n\\t.long\\t5\\n\\t.data
FAIL: obj-c++.dg/torture/strings/const-str-10.mm   -O2  -fnext-runtime (test for excess errors)
UNRESOLVED: obj-c++.dg/torture/strings/const-str-10.mm   -O2  -fnext-runtime  scan-assembler .section __OBJC, __cstring_object
UNRESOLVED: obj-c++.dg/torture/strings/const-str-10.mm   -O2  -fnext-runtime  scan-assembler .long\\t__NSConstantStringClassReference\\n\\t.long\\t.*\\n\\t.long\\t5\\n\\t.data
FAIL: obj-c++.dg/torture/strings/const-str-10.mm   -O3 -fomit-frame-pointer  -fnext-runtime (test for excess errors)
UNRESOLVED: obj-c++.dg/torture/strings/const-str-10.mm   -O3 -fomit-frame-pointer  -fnext-runtime  scan-assembler .section __OBJC, __cstring_object
UNRESOLVED: obj-c++.dg/torture/strings/const-str-10.mm   -O3 -fomit-frame-pointer  -fnext-runtime  scan-assembler .long\\t__NSConstantStringClassReference\\n\\t.long\\t.*\\n\\t.long\\t5\\n\\t.data
FAIL: obj-c++.dg/torture/strings/const-str-10.mm   -O3 -g  -fnext-runtime (test for excess errors)
UNRESOLVED: obj-c++.dg/torture/strings/const-str-10.mm   -O3 -g  -fnext-runtime  scan-assembler .section __OBJC, __cstring_object
UNRESOLVED: obj-c++.dg/torture/strings/const-str-10.mm   -O3 -g  -fnext-runtime  scan-assembler .long\\t__NSConstantStringClassReference\\n\\t.long\\t.*\\n\\t.long\\t5\\n\\t.data
FAIL: obj-c++.dg/torture/strings/const-str-10.mm   -Os  -fnext-runtime (test for excess errors)
UNRESOLVED: obj-c++.dg/torture/strings/const-str-10.mm   -Os  -fnext-runtime  scan-assembler .section __OBJC, __cstring_object
UNRESOLVED: obj-c++.dg/torture/strings/const-str-10.mm   -Os  -fnext-runtime  scan-assembler .long\\t__NSConstantStringClassReference\\n\\t.long\\t.*\\n\\t.long\\t5\\n\\t.data
FAIL: obj-c++.dg/torture/strings/const-str-10.mm   -O2 -flto -flto-partition=none  -fnext-runtime (test for excess errors)
UNRESOLVED: obj-c++.dg/torture/strings/const-str-10.mm   -O2 -flto -flto-partition=none  -fnext-runtime  scan-assembler .section __OBJC, __cstring_object
UNRESOLVED: obj-c++.dg/torture/strings/const-str-10.mm   -O2 -flto -flto-partition=none  -fnext-runtime  scan-assembler .long\\t__NSConstantStringClassReference\\n\\t.long\\t.*\\n\\t.long\\t5\\n\\t.data
FAIL: obj-c++.dg/torture/strings/const-str-10.mm   -O2 -flto  -fnext-runtime (test for excess errors)
UNRESOLVED: obj-c++.dg/torture/strings/const-str-10.mm   -O2 -flto  -fnext-runtime  scan-assembler .section __OBJC, __cstring_object
UNRESOLVED: obj-c++.dg/torture/strings/const-str-10.mm   -O2 -flto  -fnext-runtime  scan-assembler .long\\t__NSConstantStringClassReference\\n\\t.long\\t.*\\n\\t.long\\t5\\n\\t.data
FAIL: obj-c++.dg/torture/strings/const-str-11.mm   -O0  -fnext-runtime (test for excess errors)
UNRESOLVED: obj-c++.dg/torture/strings/const-str-11.mm   -O0  -fnext-runtime  scan-assembler .section __OBJC, __cstring_object
UNRESOLVED: obj-c++.dg/torture/strings/const-str-11.mm   -O0  -fnext-runtime  scan-assembler .long\\t__XStrClassReference\\n\\t.long\\t.*\\n\\t.long\\t5\\n\\t.data
FAIL: obj-c++.dg/torture/strings/const-str-11.mm   -O1  -fnext-runtime (test for excess errors)
UNRESOLVED: obj-c++.dg/torture/strings/const-str-11.mm   -O1  -fnext-runtime  scan-assembler .section __OBJC, __cstring_object
UNRESOLVED: obj-c++.dg/torture/strings/const-str-11.mm   -O1  -fnext-runtime  scan-assembler .long\\t__XStrClassReference\\n\\t.long\\t.*\\n\\t.long\\t5\\n\\t.data
FAIL: obj-c++.dg/torture/strings/const-str-11.mm   -O2  -fnext-runtime (test for excess errors)
UNRESOLVED: obj-c++.dg/torture/strings/const-str-11.mm   -O2  -fnext-runtime  scan-assembler .section __OBJC, __cstring_object
UNRESOLVED: obj-c++.dg/torture/strings/const-str-11.mm   -O2  -fnext-runtime  scan-assembler .long\\t__XStrClassReference\\n\\t.long\\t.*\\n\\t.long\\t5\\n\\t.data
FAIL: obj-c++.dg/torture/strings/const-str-11.mm   -O3 -fomit-frame-pointer  -fnext-runtime (test for excess errors)
UNRESOLVED: obj-c++.dg/torture/strings/const-str-11.mm   -O3 -fomit-frame-pointer  -fnext-runtime  scan-assembler .section __OBJC, __cstring_object
UNRESOLVED: obj-c++.dg/torture/strings/const-str-11.mm   -O3 -fomit-frame-pointer  -fnext-runtime  scan-assembler .long\\t__XStrClassReference\\n\\t.long\\t.*\\n\\t.long\\t5\\n\\t.data
FAIL: obj-c++.dg/torture/strings/const-str-11.mm   -O3 -g  -fnext-runtime (test for excess errors)
UNRESOLVED: obj-c++.dg/torture/strings/const-str-11.mm   -O3 -g  -fnext-runtime  scan-assembler .section __OBJC, __cstring_object
UNRESOLVED: obj-c++.dg/torture/strings/const-str-11.mm   -O3 -g  -fnext-runtime  scan-assembler .long\\t__XStrClassReference\\n\\t.long\\t.*\\n\\t.long\\t5\\n\\t.data
FAIL: obj-c++.dg/torture/strings/const-str-11.mm   -Os  -fnext-runtime (test for excess errors)
UNRESOLVED: obj-c++.dg/torture/strings/const-str-11.mm   -Os  -fnext-runtime  scan-assembler .section __OBJC, __cstring_object
UNRESOLVED: obj-c++.dg/torture/strings/const-str-11.mm   -Os  -fnext-runtime  scan-assembler .long\\t__XStrClassReference\\n\\t.long\\t.*\\n\\t.long\\t5\\n\\t.data
FAIL: obj-c++.dg/torture/strings/const-str-11.mm   -O2 -flto -flto-partition=none  -fnext-runtime (test for excess errors)
UNRESOLVED: obj-c++.dg/torture/strings/const-str-11.mm   -O2 -flto -flto-partition=none  -fnext-runtime  scan-assembler .section __OBJC, __cstring_object
UNRESOLVED: obj-c++.dg/torture/strings/const-str-11.mm   -O2 -flto -flto-partition=none  -fnext-runtime  scan-assembler .long\\t__XStrClassReference\\n\\t.long\\t.*\\n\\t.long\\t5\\n\\t.data
FAIL: obj-c++.dg/torture/strings/const-str-11.mm   -O2 -flto  -fnext-runtime (test for excess errors)
UNRESOLVED: obj-c++.dg/torture/strings/const-str-11.mm   -O2 -flto  -fnext-runtime  scan-assembler .section __OBJC, __cstring_object
UNRESOLVED: obj-c++.dg/torture/strings/const-str-11.mm   -O2 -flto  -fnext-runtime  scan-assembler .long\\t__XStrClassReference\\n\\t.long\\t.*\\n\\t.long\\t5\\n\\t.data
FAIL: obj-c++.dg/torture/strings/const-str-9.mm   -O0  -fnext-runtime (test for excess errors)
UNRESOLVED: obj-c++.dg/torture/strings/const-str-9.mm   -O0  -fnext-runtime  scan-assembler .section __OBJC, __cstring_object
UNRESOLVED: obj-c++.dg/torture/strings/const-str-9.mm   -O0  -fnext-runtime  scan-assembler .long\\t__NSConstantStringClassReference\\n\\t.long\\t.*\\n\\t.long\\t5\\n\\t.data
FAIL: obj-c++.dg/torture/strings/const-str-9.mm   -O1  -fnext-runtime (test for excess errors)
UNRESOLVED: obj-c++.dg/torture/strings/const-str-9.mm   -O1  -fnext-runtime  scan-assembler .section __OBJC, __cstring_object
UNRESOLVED: obj-c++.dg/torture/strings/const-str-9.mm   -O1  -fnext-runtime  scan-assembler .long\\t__NSConstantStringClassReference\\n\\t.long\\t.*\\n\\t.long\\t5\\n\\t.data
FAIL: obj-c++.dg/torture/strings/const-str-9.mm   -O2  -fnext-runtime (test for excess errors)
UNRESOLVED: obj-c++.dg/torture/strings/const-str-9.mm   -O2  -fnext-runtime  scan-assembler .section __OBJC, __cstring_object
UNRESOLVED: obj-c++.dg/torture/strings/const-str-9.mm   -O2  -fnext-runtime  scan-assembler .long\\t__NSConstantStringClassReference\\n\\t.long\\t.*\\n\\t.long\\t5\\n\\t.data
FAIL: obj-c++.dg/torture/strings/const-str-9.mm   -O3 -fomit-frame-pointer  -fnext-runtime (test for excess errors)
UNRESOLVED: obj-c++.dg/torture/strings/const-str-9.mm   -O3 -fomit-frame-pointer  -fnext-runtime  scan-assembler .section __OBJC, __cstring_object
UNRESOLVED: obj-c++.dg/torture/strings/const-str-9.mm   -O3 -fomit-frame-pointer  -fnext-runtime  scan-assembler .long\\t__NSConstantStringClassReference\\n\\t.long\\t.*\\n\\t.long\\t5\\n\\t.data
FAIL: obj-c++.dg/torture/strings/const-str-9.mm   -O3 -g  -fnext-runtime (test for excess errors)
UNRESOLVED: obj-c++.dg/torture/strings/const-str-9.mm   -O3 -g  -fnext-runtime  scan-assembler .section __OBJC, __cstring_object
UNRESOLVED: obj-c++.dg/torture/strings/const-str-9.mm   -O3 -g  -fnext-runtime  scan-assembler .long\\t__NSConstantStringClassReference\\n\\t.long\\t.*\\n\\t.long\\t5\\n\\t.data
FAIL: obj-c++.dg/torture/strings/const-str-9.mm   -Os  -fnext-runtime (test for excess errors)
UNRESOLVED: obj-c++.dg/torture/strings/const-str-9.mm   -Os  -fnext-runtime  scan-assembler .section __OBJC, __cstring_object
UNRESOLVED: obj-c++.dg/torture/strings/const-str-9.mm   -Os  -fnext-runtime  scan-assembler .long\\t__NSConstantStringClassReference\\n\\t.long\\t.*\\n\\t.long\\t5\\n\\t.data
FAIL: obj-c++.dg/torture/strings/const-str-9.mm   -O2 -flto -flto-partition=none  -fnext-runtime (test for excess errors)
UNRESOLVED: obj-c++.dg/torture/strings/const-str-9.mm   -O2 -flto -flto-partition=none  -fnext-runtime  scan-assembler .section __OBJC, __cstring_object
UNRESOLVED: obj-c++.dg/torture/strings/const-str-9.mm   -O2 -flto -flto-partition=none  -fnext-runtime  scan-assembler .long\\t__NSConstantStringClassReference\\n\\t.long\\t.*\\n\\t.long\\t5\\n\\t.data
FAIL: obj-c++.dg/torture/strings/const-str-9.mm   -O2 -flto  -fnext-runtime (test for excess errors)
UNRESOLVED: obj-c++.dg/torture/strings/const-str-9.mm   -O2 -flto  -fnext-runtime  scan-assembler .section __OBJC, __cstring_object
UNRESOLVED: obj-c++.dg/torture/strings/const-str-9.mm   -O2 -flto  -fnext-runtime  scan-assembler .long\\t__NSConstantStringClassReference\\n\\t.long\\t.*\\n\\t.long\\t5\\n\\t.data

		=== obj-c++ Summary for unix/-m32 ===

# of expected passes		3069
# of unexpected failures	39
# of expected failures		2
# of unresolved testcases	48
# of unsupported tests		68

Running target unix/-m64
FAIL: obj-c++.dg/cxx-ivars-3.mm -fnext-runtime (test for excess errors)
WARNING: obj-c++.dg/cxx-ivars-3.mm -fnext-runtime compilation failed to produce executable
FAIL: obj-c++.dg/encode-5.mm -fnext-runtime (test for excess errors)
WARNING: obj-c++.dg/encode-5.mm -fnext-runtime compilation failed to produce executable
FAIL: obj-c++.dg/gnu-api-2-objc.mm -fnext-runtime execution test
FAIL: obj-c++.dg/isa-field-1.mm -fnext-runtime (test for excess errors)
FAIL: obj-c++.dg/proto-lossage-3.mm -fnext-runtime (test for excess errors)
WARNING: obj-c++.dg/proto-lossage-3.mm -fnext-runtime compilation failed to produce executable
FAIL: obj-c++.dg/proto-lossage-7.mm -fnext-runtime (test for excess errors)
FAIL: obj-c++.dg/proto-qual-1.mm -fnext-runtime (test for excess errors)
WARNING: obj-c++.dg/proto-qual-1.mm -fnext-runtime compilation failed to produce executable
FAIL: obj-c++.dg/syntax-error-1.mm -fnext-runtime (test for excess errors)
FAIL: obj-c++.dg/try-catch-2.mm -fnext-runtime execution test
FAIL: obj-c++.dg/try-catch-9.mm -fnext-runtime execution test
FAIL: obj-c++.dg/strings/const-cfstring-2.mm -fnext-runtime (test for excess errors)
FAIL: obj-c++.dg/strings/const-cfstring-5.mm -fnext-runtime (test for excess errors)
FAIL: obj-c++.dg/strings/const-str-12.mm -fnext-runtime (test for excess errors)
FAIL: obj-c++.dg/torture/strings/const-cfstring-1.mm   -O0  -fnext-runtime (test for excess errors)
WARNING: obj-c++.dg/torture/strings/const-cfstring-1.mm   -O0  -fnext-runtime compilation failed to produce executable
FAIL: obj-c++.dg/torture/strings/const-cfstring-1.mm   -O1  -fnext-runtime (test for excess errors)
WARNING: obj-c++.dg/torture/strings/const-cfstring-1.mm   -O1  -fnext-runtime compilation failed to produce executable
FAIL: obj-c++.dg/torture/strings/const-cfstring-1.mm   -O2  -fnext-runtime (test for excess errors)
WARNING: obj-c++.dg/torture/strings/const-cfstring-1.mm   -O2  -fnext-runtime compilation failed to produce executable
FAIL: obj-c++.dg/torture/strings/const-cfstring-1.mm   -O3 -fomit-frame-pointer  -fnext-runtime (test for excess errors)
WARNING: obj-c++.dg/torture/strings/const-cfstring-1.mm   -O3 -fomit-frame-pointer  -fnext-runtime compilation failed to produce executable
FAIL: obj-c++.dg/torture/strings/const-cfstring-1.mm   -O3 -g  -fnext-runtime (test for excess errors)
WARNING: obj-c++.dg/torture/strings/const-cfstring-1.mm   -O3 -g  -fnext-runtime compilation failed to produce executable
FAIL: obj-c++.dg/torture/strings/const-cfstring-1.mm   -Os  -fnext-runtime (test for excess errors)
WARNING: obj-c++.dg/torture/strings/const-cfstring-1.mm   -Os  -fnext-runtime compilation failed to produce executable
FAIL: obj-c++.dg/torture/strings/const-cfstring-1.mm   -O2 -flto -flto-partition=none  -fnext-runtime (test for excess errors)
WARNING: obj-c++.dg/torture/strings/const-cfstring-1.mm   -O2 -flto -flto-partition=none  -fnext-runtime compilation failed to produce executable
FAIL: obj-c++.dg/torture/strings/const-cfstring-1.mm   -O2 -flto  -fnext-runtime (test for excess errors)
WARNING: obj-c++.dg/torture/strings/const-cfstring-1.mm   -O2 -flto  -fnext-runtime compilation failed to produce executable
FAIL: obj-c++.dg/torture/strings/const-str-10.mm   -O0  -fnext-runtime (test for excess errors)
UNRESOLVED: obj-c++.dg/torture/strings/const-str-10.mm   -O0  -fnext-runtime  scan-assembler .section __DATA, __objc_stringobj
UNRESOLVED: obj-c++.dg/torture/strings/const-str-10.mm   -O0  -fnext-runtime  scan-assembler .quad\\t_OBJC_CLASS_._NSConstantString\\n\\t.quad\\t.*\\n\\t.long\\t5\\n\\t.space
FAIL: obj-c++.dg/torture/strings/const-str-10.mm   -O1  -fnext-runtime (test for excess errors)
UNRESOLVED: obj-c++.dg/torture/strings/const-str-10.mm   -O1  -fnext-runtime  scan-assembler .section __DATA, __objc_stringobj
UNRESOLVED: obj-c++.dg/torture/strings/const-str-10.mm   -O1  -fnext-runtime  scan-assembler .quad\\t_OBJC_CLASS_._NSConstantString\\n\\t.quad\\t.*\\n\\t.long\\t5\\n\\t.space
FAIL: obj-c++.dg/torture/strings/const-str-10.mm   -O2  -fnext-runtime (test for excess errors)
UNRESOLVED: obj-c++.dg/torture/strings/const-str-10.mm   -O2  -fnext-runtime  scan-assembler .section __DATA, __objc_stringobj
UNRESOLVED: obj-c++.dg/torture/strings/const-str-10.mm   -O2  -fnext-runtime  scan-assembler .quad\\t_OBJC_CLASS_._NSConstantString\\n\\t.quad\\t.*\\n\\t.long\\t5\\n\\t.space
FAIL: obj-c++.dg/torture/strings/const-str-10.mm   -O3 -fomit-frame-pointer  -fnext-runtime (test for excess errors)
UNRESOLVED: obj-c++.dg/torture/strings/const-str-10.mm   -O3 -fomit-frame-pointer  -fnext-runtime  scan-assembler .section __DATA, __objc_stringobj
UNRESOLVED: obj-c++.dg/torture/strings/const-str-10.mm   -O3 -fomit-frame-pointer  -fnext-runtime  scan-assembler .quad\\t_OBJC_CLASS_._NSConstantString\\n\\t.quad\\t.*\\n\\t.long\\t5\\n\\t.space
FAIL: obj-c++.dg/torture/strings/const-str-10.mm   -O3 -g  -fnext-runtime (test for excess errors)
UNRESOLVED: obj-c++.dg/torture/strings/const-str-10.mm   -O3 -g  -fnext-runtime  scan-assembler .section __DATA, __objc_stringobj
UNRESOLVED: obj-c++.dg/torture/strings/const-str-10.mm   -O3 -g  -fnext-runtime  scan-assembler .quad\\t_OBJC_CLASS_._NSConstantString\\n\\t.quad\\t.*\\n\\t.long\\t5\\n\\t.space
FAIL: obj-c++.dg/torture/strings/const-str-10.mm   -Os  -fnext-runtime (test for excess errors)
UNRESOLVED: obj-c++.dg/torture/strings/const-str-10.mm   -Os  -fnext-runtime  scan-assembler .section __DATA, __objc_stringobj
UNRESOLVED: obj-c++.dg/torture/strings/const-str-10.mm   -Os  -fnext-runtime  scan-assembler .quad\\t_OBJC_CLASS_._NSConstantString\\n\\t.quad\\t.*\\n\\t.long\\t5\\n\\t.space
FAIL: obj-c++.dg/torture/strings/const-str-10.mm   -O2 -flto -flto-partition=none  -fnext-runtime (test for excess errors)
UNRESOLVED: obj-c++.dg/torture/strings/const-str-10.mm   -O2 -flto -flto-partition=none  -fnext-runtime  scan-assembler .section __DATA, __objc_stringobj
UNRESOLVED: obj-c++.dg/torture/strings/const-str-10.mm   -O2 -flto -flto-partition=none  -fnext-runtime  scan-assembler .quad\\t_OBJC_CLASS_._NSConstantString\\n\\t.quad\\t.*\\n\\t.long\\t5\\n\\t.space
FAIL: obj-c++.dg/torture/strings/const-str-10.mm   -O2 -flto  -fnext-runtime (test for excess errors)
UNRESOLVED: obj-c++.dg/torture/strings/const-str-10.mm   -O2 -flto  -fnext-runtime  scan-assembler .section __DATA, __objc_stringobj
UNRESOLVED: obj-c++.dg/torture/strings/const-str-10.mm   -O2 -flto  -fnext-runtime  scan-assembler .quad\\t_OBJC_CLASS_._NSConstantString\\n\\t.quad\\t.*\\n\\t.long\\t5\\n\\t.space
FAIL: obj-c++.dg/torture/strings/const-str-11.mm   -O0  -fnext-runtime (test for excess errors)
UNRESOLVED: obj-c++.dg/torture/strings/const-str-11.mm   -O0  -fnext-runtime  scan-assembler .section __DATA, __objc_stringobj
UNRESOLVED: obj-c++.dg/torture/strings/const-str-11.mm   -O0  -fnext-runtime  scan-assembler .quad\\t_OBJC_CLASS_._XStr\\n\\t.quad\\t.*\\n\\t.long\\t5\\n\\t.space
FAIL: obj-c++.dg/torture/strings/const-str-11.mm   -O1  -fnext-runtime (test for excess errors)
UNRESOLVED: obj-c++.dg/torture/strings/const-str-11.mm   -O1  -fnext-runtime  scan-assembler .section __DATA, __objc_stringobj
UNRESOLVED: obj-c++.dg/torture/strings/const-str-11.mm   -O1  -fnext-runtime  scan-assembler .quad\\t_OBJC_CLASS_._XStr\\n\\t.quad\\t.*\\n\\t.long\\t5\\n\\t.space
FAIL: obj-c++.dg/torture/strings/const-str-11.mm   -O2  -fnext-runtime (test for excess errors)
UNRESOLVED: obj-c++.dg/torture/strings/const-str-11.mm   -O2  -fnext-runtime  scan-assembler .section __DATA, __objc_stringobj
UNRESOLVED: obj-c++.dg/torture/strings/const-str-11.mm   -O2  -fnext-runtime  scan-assembler .quad\\t_OBJC_CLASS_._XStr\\n\\t.quad\\t.*\\n\\t.long\\t5\\n\\t.space
FAIL: obj-c++.dg/torture/strings/const-str-11.mm   -O3 -fomit-frame-pointer  -fnext-runtime (test for excess errors)
UNRESOLVED: obj-c++.dg/torture/strings/const-str-11.mm   -O3 -fomit-frame-pointer  -fnext-runtime  scan-assembler .section __DATA, __objc_stringobj
UNRESOLVED: obj-c++.dg/torture/strings/const-str-11.mm   -O3 -fomit-frame-pointer  -fnext-runtime  scan-assembler .quad\\t_OBJC_CLASS_._XStr\\n\\t.quad\\t.*\\n\\t.long\\t5\\n\\t.space
FAIL: obj-c++.dg/torture/strings/const-str-11.mm   -O3 -g  -fnext-runtime (test for excess errors)
UNRESOLVED: obj-c++.dg/torture/strings/const-str-11.mm   -O3 -g  -fnext-runtime  scan-assembler .section __DATA, __objc_stringobj
UNRESOLVED: obj-c++.dg/torture/strings/const-str-11.mm   -O3 -g  -fnext-runtime  scan-assembler .quad\\t_OBJC_CLASS_._XStr\\n\\t.quad\\t.*\\n\\t.long\\t5\\n\\t.space
FAIL: obj-c++.dg/torture/strings/const-str-11.mm   -Os  -fnext-runtime (test for excess errors)
UNRESOLVED: obj-c++.dg/torture/strings/const-str-11.mm   -Os  -fnext-runtime  scan-assembler .section __DATA, __objc_stringobj
UNRESOLVED: obj-c++.dg/torture/strings/const-str-11.mm   -Os  -fnext-runtime  scan-assembler .quad\\t_OBJC_CLASS_._XStr\\n\\t.quad\\t.*\\n\\t.long\\t5\\n\\t.space
FAIL: obj-c++.dg/torture/strings/const-str-11.mm   -O2 -flto -flto-partition=none  -fnext-runtime (test for excess errors)
UNRESOLVED: obj-c++.dg/torture/strings/const-str-11.mm   -O2 -flto -flto-partition=none  -fnext-runtime  scan-assembler .section __DATA, __objc_stringobj
UNRESOLVED: obj-c++.dg/torture/strings/const-str-11.mm   -O2 -flto -flto-partition=none  -fnext-runtime  scan-assembler .quad\\t_OBJC_CLASS_._XStr\\n\\t.quad\\t.*\\n\\t.long\\t5\\n\\t.space
FAIL: obj-c++.dg/torture/strings/const-str-11.mm   -O2 -flto  -fnext-runtime (test for excess errors)
UNRESOLVED: obj-c++.dg/torture/strings/const-str-11.mm   -O2 -flto  -fnext-runtime  scan-assembler .section __DATA, __objc_stringobj
UNRESOLVED: obj-c++.dg/torture/strings/const-str-11.mm   -O2 -flto  -fnext-runtime  scan-assembler .quad\\t_OBJC_CLASS_._XStr\\n\\t.quad\\t.*\\n\\t.long\\t5\\n\\t.space
FAIL: obj-c++.dg/torture/strings/const-str-9.mm   -O0  -fnext-runtime (test for excess errors)
UNRESOLVED: obj-c++.dg/torture/strings/const-str-9.mm   -O0  -fnext-runtime  scan-assembler .section __DATA, __objc_stringobj
UNRESOLVED: obj-c++.dg/torture/strings/const-str-9.mm   -O0  -fnext-runtime  scan-assembler .quad\\t_OBJC_CLASS_._NSConstantString\\n\\t.quad\\t.*\\n\\t.long\\t5\\n\\t.space
FAIL: obj-c++.dg/torture/strings/const-str-9.mm   -O1  -fnext-runtime (test for excess errors)
UNRESOLVED: obj-c++.dg/torture/strings/const-str-9.mm   -O1  -fnext-runtime  scan-assembler .section __DATA, __objc_stringobj
UNRESOLVED: obj-c++.dg/torture/strings/const-str-9.mm   -O1  -fnext-runtime  scan-assembler .quad\\t_OBJC_CLASS_._NSConstantString\\n\\t.quad\\t.*\\n\\t.long\\t5\\n\\t.space
FAIL: obj-c++.dg/torture/strings/const-str-9.mm   -O2  -fnext-runtime (test for excess errors)
UNRESOLVED: obj-c++.dg/torture/strings/const-str-9.mm   -O2  -fnext-runtime  scan-assembler .section __DATA, __objc_stringobj
UNRESOLVED: obj-c++.dg/torture/strings/const-str-9.mm   -O2  -fnext-runtime  scan-assembler .quad\\t_OBJC_CLASS_._NSConstantString\\n\\t.quad\\t.*\\n\\t.long\\t5\\n\\t.space
FAIL: obj-c++.dg/torture/strings/const-str-9.mm   -O3 -fomit-frame-pointer  -fnext-runtime (test for excess errors)
UNRESOLVED: obj-c++.dg/torture/strings/const-str-9.mm   -O3 -fomit-frame-pointer  -fnext-runtime  scan-assembler .section __DATA, __objc_stringobj
UNRESOLVED: obj-c++.dg/torture/strings/const-str-9.mm   -O3 -fomit-frame-pointer  -fnext-runtime  scan-assembler .quad\\t_OBJC_CLASS_._NSConstantString\\n\\t.quad\\t.*\\n\\t.long\\t5\\n\\t.space
FAIL: obj-c++.dg/torture/strings/const-str-9.mm   -O3 -g  -fnext-runtime (test for excess errors)
UNRESOLVED: obj-c++.dg/torture/strings/const-str-9.mm   -O3 -g  -fnext-runtime  scan-assembler .section __DATA, __objc_stringobj
UNRESOLVED: obj-c++.dg/torture/strings/const-str-9.mm   -O3 -g  -fnext-runtime  scan-assembler .quad\\t_OBJC_CLASS_._NSConstantString\\n\\t.quad\\t.*\\n\\t.long\\t5\\n\\t.space
FAIL: obj-c++.dg/torture/strings/const-str-9.mm   -Os  -fnext-runtime (test for excess errors)
UNRESOLVED: obj-c++.dg/torture/strings/const-str-9.mm   -Os  -fnext-runtime  scan-assembler .section __DATA, __objc_stringobj
UNRESOLVED: obj-c++.dg/torture/strings/const-str-9.mm   -Os  -fnext-runtime  scan-assembler .quad\\t_OBJC_CLASS_._NSConstantString\\n\\t.quad\\t.*\\n\\t.long\\t5\\n\\t.space
FAIL: obj-c++.dg/torture/strings/const-str-9.mm   -O2 -flto -flto-partition=none  -fnext-runtime (test for excess errors)
UNRESOLVED: obj-c++.dg/torture/strings/const-str-9.mm   -O2 -flto -flto-partition=none  -fnext-runtime  scan-assembler .section __DATA, __objc_stringobj
UNRESOLVED: obj-c++.dg/torture/strings/const-str-9.mm   -O2 -flto -flto-partition=none  -fnext-runtime  scan-assembler .quad\\t_OBJC_CLASS_._NSConstantString\\n\\t.quad\\t.*\\n\\t.long\\t5\\n\\t.space
FAIL: obj-c++.dg/torture/strings/const-str-9.mm   -O2 -flto  -fnext-runtime (test for excess errors)
UNRESOLVED: obj-c++.dg/torture/strings/const-str-9.mm   -O2 -flto  -fnext-runtime  scan-assembler .section __DATA, __objc_stringobj
UNRESOLVED: obj-c++.dg/torture/strings/const-str-9.mm   -O2 -flto  -fnext-runtime  scan-assembler .quad\\t_OBJC_CLASS_._NSConstantString\\n\\t.quad\\t.*\\n\\t.long\\t5\\n\\t.space

		=== obj-c++ Summary for unix/-m64 ===

# of expected passes		3002
# of unexpected failures	45
# of expected failures		18
# of unresolved testcases	48
# of unsupported tests		74

		=== obj-c++ Summary ===

# of expected passes		6071
# of unexpected failures	84
# of expected failures		20
# of unresolved testcases	96
# of unsupported tests		142
/Users/fx/autobuilds/builds/gcc-5-branch-228109/gcc/testsuite/obj-c++/../../xg++  version 5.2.1 20150925 [gcc-5-branch revision 228109] (GCC) 

		=== objc tests ===


Running target unix/-m32
FAIL: objc.dg/call-super-2.m -fnext-runtime  (test for warnings, line 104)
FAIL: objc.dg/call-super-2.m -fnext-runtime  (test for warnings, line 74)
FAIL: objc.dg/gnu-api-2-objc.m -fnext-runtime execution test
FAIL: objc.dg/headers.m -fnext-runtime (test for excess errors)
UNRESOLVED: objc.dg/image-info.m -fnext-runtime  scan-assembler \\t.section __OBJC, __image_info.*\\n\\t.align.*\\nL_OBJC_ImageInfo.*:\\n\\t.long\\t0\\n\\t.long\\t1
FAIL: objc.dg/image-info.m -fnext-runtime (test for excess errors)
FAIL: objc.dg/ivar-scope-4.m -fnext-runtime execution test
FAIL: objc.dg/method-6.m -fnext-runtime (test for excess errors)
UNRESOLVED: objc.dg/no-extra-load.m -fnext-runtime  scan-assembler-not L_objc_msgSend\\\\\$non_lazy_ptr
FAIL: objc.dg/no-extra-load.m -fnext-runtime (test for excess errors)
FAIL: objc.dg/objc-foreach-4.m -fnext-runtime (test for excess errors)
WARNING: objc.dg/objc-foreach-4.m -fnext-runtime compilation failed to produce executable
UNRESOLVED: objc.dg/objc-foreach-5.m -fnext-runtime  scan-assembler _addStuffUp:
FAIL: objc.dg/objc-foreach-5.m -fnext-runtime (test for excess errors)
FAIL: objc.dg/proto-lossage-7.m -fnext-runtime (test for excess errors)
UNRESOLVED: objc.dg/symtab-1.m -fnext-runtime  scan-assembler L_OBJC_Symbols.*:\\n\\t.long\\t0\\n\\t.long\\t0\\n\\t.word\\t2\\n\\t.word\\t0\\n\\t.long\\tL_OBJC_Class_Derived.*\\n\\t.long\\tL_OBJC_Class_Base.*\\n
FAIL: objc.dg/symtab-1.m -fnext-runtime (test for excess errors)
UNRESOLVED: objc.dg/zero-link-1.m -fnext-runtime  scan-assembler objc_getClass
UNRESOLVED: objc.dg/zero-link-1.m -fnext-runtime  scan-assembler-not _OBJC_ClassRefs_0
FAIL: objc.dg/zero-link-1.m -fnext-runtime (test for excess errors)
UNRESOLVED: objc.dg/zero-link-2.m -fnext-runtime  scan-assembler _OBJC_ClassRefs_0
UNRESOLVED: objc.dg/zero-link-2.m -fnext-runtime  scan-assembler-not objc_getClass
FAIL: objc.dg/zero-link-2.m -fnext-runtime (test for excess errors)
FAIL: objc.dg/zero-link-3.m -fnext-runtime (test for excess errors)
WARNING: objc.dg/zero-link-3.m -fnext-runtime compilation failed to produce executable
FAIL: objc.dg/strings/const-cfstring-2.m -fnext-runtime (test for excess errors)
FAIL: objc.dg/strings/const-cfstring-5.m -fnext-runtime (test for excess errors)
FAIL: objc.dg/strings/const-str-12b.m -fnext-runtime (test for excess errors)
FAIL: objc.dg/torture/strings/const-cfstring-1.m   -O0  -fnext-runtime (test for excess errors)
WARNING: objc.dg/torture/strings/const-cfstring-1.m   -O0  -fnext-runtime compilation failed to produce executable
FAIL: objc.dg/torture/strings/const-cfstring-1.m   -O1  -fnext-runtime (test for excess errors)
WARNING: objc.dg/torture/strings/const-cfstring-1.m   -O1  -fnext-runtime compilation failed to produce executable
FAIL: objc.dg/torture/strings/const-cfstring-1.m   -O2  -fnext-runtime (test for excess errors)
WARNING: objc.dg/torture/strings/const-cfstring-1.m   -O2  -fnext-runtime compilation failed to produce executable
FAIL: objc.dg/torture/strings/const-cfstring-1.m   -O2 -flto  -fnext-runtime (test for excess errors)
WARNING: objc.dg/torture/strings/const-cfstring-1.m   -O2 -flto  -fnext-runtime compilation failed to produce executable
FAIL: objc.dg/torture/strings/const-cfstring-1.m   -O2 -flto -flto-partition=none  -fnext-runtime (test for excess errors)
WARNING: objc.dg/torture/strings/const-cfstring-1.m   -O2 -flto -flto-partition=none  -fnext-runtime compilation failed to produce executable
FAIL: objc.dg/torture/strings/const-cfstring-1.m   -O3 -fomit-frame-pointer  -fnext-runtime (test for excess errors)
WARNING: objc.dg/torture/strings/const-cfstring-1.m   -O3 -fomit-frame-pointer  -fnext-runtime compilation failed to produce executable
FAIL: objc.dg/torture/strings/const-cfstring-1.m   -O3 -g  -fnext-runtime (test for excess errors)
WARNING: objc.dg/torture/strings/const-cfstring-1.m   -O3 -g  -fnext-runtime compilation failed to produce executable
FAIL: objc.dg/torture/strings/const-cfstring-1.m   -Os  -fnext-runtime (test for excess errors)
WARNING: objc.dg/torture/strings/const-cfstring-1.m   -Os  -fnext-runtime compilation failed to produce executable
UNRESOLVED: objc.dg/torture/strings/const-str-10.m   -O0  -fnext-runtime  scan-assembler .long\\t__NSConstantStringClassReference\\n\\t.long\\t.*\\n\\t.long\\t5\\n\\t.data
UNRESOLVED: objc.dg/torture/strings/const-str-10.m   -O0  -fnext-runtime  scan-assembler .section __OBJC, __cstring_object
FAIL: objc.dg/torture/strings/const-str-10.m   -O0  -fnext-runtime (test for excess errors)
UNRESOLVED: objc.dg/torture/strings/const-str-10.m   -O1  -fnext-runtime  scan-assembler .long\\t__NSConstantStringClassReference\\n\\t.long\\t.*\\n\\t.long\\t5\\n\\t.data
UNRESOLVED: objc.dg/torture/strings/const-str-10.m   -O1  -fnext-runtime  scan-assembler .section __OBJC, __cstring_object
FAIL: objc.dg/torture/strings/const-str-10.m   -O1  -fnext-runtime (test for excess errors)
UNRESOLVED: objc.dg/torture/strings/const-str-10.m   -O2  -fnext-runtime  scan-assembler .long\\t__NSConstantStringClassReference\\n\\t.long\\t.*\\n\\t.long\\t5\\n\\t.data
UNRESOLVED: objc.dg/torture/strings/const-str-10.m   -O2  -fnext-runtime  scan-assembler .section __OBJC, __cstring_object
FAIL: objc.dg/torture/strings/const-str-10.m   -O2  -fnext-runtime (test for excess errors)
UNRESOLVED: objc.dg/torture/strings/const-str-10.m   -O2 -flto  -fnext-runtime  scan-assembler .long\\t__NSConstantStringClassReference\\n\\t.long\\t.*\\n\\t.long\\t5\\n\\t.data
UNRESOLVED: objc.dg/torture/strings/const-str-10.m   -O2 -flto  -fnext-runtime  scan-assembler .section __OBJC, __cstring_object
FAIL: objc.dg/torture/strings/const-str-10.m   -O2 -flto  -fnext-runtime (test for excess errors)
UNRESOLVED: objc.dg/torture/strings/const-str-10.m   -O2 -flto -flto-partition=none  -fnext-runtime  scan-assembler .long\\t__NSConstantStringClassReference\\n\\t.long\\t.*\\n\\t.long\\t5\\n\\t.data
UNRESOLVED: objc.dg/torture/strings/const-str-10.m   -O2 -flto -flto-partition=none  -fnext-runtime  scan-assembler .section __OBJC, __cstring_object
FAIL: objc.dg/torture/strings/const-str-10.m   -O2 -flto -flto-partition=none  -fnext-runtime (test for excess errors)
UNRESOLVED: objc.dg/torture/strings/const-str-10.m   -O3 -fomit-frame-pointer  -fnext-runtime  scan-assembler .long\\t__NSConstantStringClassReference\\n\\t.long\\t.*\\n\\t.long\\t5\\n\\t.data
UNRESOLVED: objc.dg/torture/strings/const-str-10.m   -O3 -fomit-frame-pointer  -fnext-runtime  scan-assembler .section __OBJC, __cstring_object
FAIL: objc.dg/torture/strings/const-str-10.m   -O3 -fomit-frame-pointer  -fnext-runtime (test for excess errors)
UNRESOLVED: objc.dg/torture/strings/const-str-10.m   -O3 -g  -fnext-runtime  scan-assembler .long\\t__NSConstantStringClassReference\\n\\t.long\\t.*\\n\\t.long\\t5\\n\\t.data
UNRESOLVED: objc.dg/torture/strings/const-str-10.m   -O3 -g  -fnext-runtime  scan-assembler .section __OBJC, __cstring_object
FAIL: objc.dg/torture/strings/const-str-10.m   -O3 -g  -fnext-runtime (test for excess errors)
UNRESOLVED: objc.dg/torture/strings/const-str-10.m   -Os  -fnext-runtime  scan-assembler .long\\t__NSConstantStringClassReference\\n\\t.long\\t.*\\n\\t.long\\t5\\n\\t.data
UNRESOLVED: objc.dg/torture/strings/const-str-10.m   -Os  -fnext-runtime  scan-assembler .section __OBJC, __cstring_object
FAIL: objc.dg/torture/strings/const-str-10.m   -Os  -fnext-runtime (test for excess errors)
UNRESOLVED: objc.dg/torture/strings/const-str-11.m   -O0  -fnext-runtime  scan-assembler .long\\t__XStrClassReference\\n\\t.long\\t.*\\n\\t.long\\t5\\n\\t.data
UNRESOLVED: objc.dg/torture/strings/const-str-11.m   -O0  -fnext-runtime  scan-assembler .section __OBJC, __cstring_object
FAIL: objc.dg/torture/strings/const-str-11.m   -O0  -fnext-runtime (test for excess errors)
UNRESOLVED: objc.dg/torture/strings/const-str-11.m   -O1  -fnext-runtime  scan-assembler .long\\t__XStrClassReference\\n\\t.long\\t.*\\n\\t.long\\t5\\n\\t.data
UNRESOLVED: objc.dg/torture/strings/const-str-11.m   -O1  -fnext-runtime  scan-assembler .section __OBJC, __cstring_object
FAIL: objc.dg/torture/strings/const-str-11.m   -O1  -fnext-runtime (test for excess errors)
UNRESOLVED: objc.dg/torture/strings/const-str-11.m   -O2  -fnext-runtime  scan-assembler .long\\t__XStrClassReference\\n\\t.long\\t.*\\n\\t.long\\t5\\n\\t.data
UNRESOLVED: objc.dg/torture/strings/const-str-11.m   -O2  -fnext-runtime  scan-assembler .section __OBJC, __cstring_object
FAIL: objc.dg/torture/strings/const-str-11.m   -O2  -fnext-runtime (test for excess errors)
UNRESOLVED: objc.dg/torture/strings/const-str-11.m   -O2 -flto  -fnext-runtime  scan-assembler .long\\t__XStrClassReference\\n\\t.long\\t.*\\n\\t.long\\t5\\n\\t.data
UNRESOLVED: objc.dg/torture/strings/const-str-11.m   -O2 -flto  -fnext-runtime  scan-assembler .section __OBJC, __cstring_object
FAIL: objc.dg/torture/strings/const-str-11.m   -O2 -flto  -fnext-runtime (test for excess errors)
UNRESOLVED: objc.dg/torture/strings/const-str-11.m   -O2 -flto -flto-partition=none  -fnext-runtime  scan-assembler .long\\t__XStrClassReference\\n\\t.long\\t.*\\n\\t.long\\t5\\n\\t.data
UNRESOLVED: objc.dg/torture/strings/const-str-11.m   -O2 -flto -flto-partition=none  -fnext-runtime  scan-assembler .section __OBJC, __cstring_object
FAIL: objc.dg/torture/strings/const-str-11.m   -O2 -flto -flto-partition=none  -fnext-runtime (test for excess errors)
UNRESOLVED: objc.dg/torture/strings/const-str-11.m   -O3 -fomit-frame-pointer  -fnext-runtime  scan-assembler .long\\t__XStrClassReference\\n\\t.long\\t.*\\n\\t.long\\t5\\n\\t.data
UNRESOLVED: objc.dg/torture/strings/const-str-11.m   -O3 -fomit-frame-pointer  -fnext-runtime  scan-assembler .section __OBJC, __cstring_object
FAIL: objc.dg/torture/strings/const-str-11.m   -O3 -fomit-frame-pointer  -fnext-runtime (test for excess errors)
UNRESOLVED: objc.dg/torture/strings/const-str-11.m   -O3 -g  -fnext-runtime  scan-assembler .long\\t__XStrClassReference\\n\\t.long\\t.*\\n\\t.long\\t5\\n\\t.data
UNRESOLVED: objc.dg/torture/strings/const-str-11.m   -O3 -g  -fnext-runtime  scan-assembler .section __OBJC, __cstring_object
FAIL: objc.dg/torture/strings/const-str-11.m   -O3 -g  -fnext-runtime (test for excess errors)
UNRESOLVED: objc.dg/torture/strings/const-str-11.m   -Os  -fnext-runtime  scan-assembler .long\\t__XStrClassReference\\n\\t.long\\t.*\\n\\t.long\\t5\\n\\t.data
UNRESOLVED: objc.dg/torture/strings/const-str-11.m   -Os  -fnext-runtime  scan-assembler .section __OBJC, __cstring_object
FAIL: objc.dg/torture/strings/const-str-11.m   -Os  -fnext-runtime (test for excess errors)
UNRESOLVED: objc.dg/torture/strings/const-str-9.m   -O0  -fnext-runtime  scan-assembler .long\\t__NSConstantStringClassReference\\n\\t.long\\t.*\\n\\t.long\\t5\\n\\t.data
UNRESOLVED: objc.dg/torture/strings/const-str-9.m   -O0  -fnext-runtime  scan-assembler .section __OBJC, __cstring_object
FAIL: objc.dg/torture/strings/const-str-9.m   -O0  -fnext-runtime (test for excess errors)
UNRESOLVED: objc.dg/torture/strings/const-str-9.m   -O1  -fnext-runtime  scan-assembler .long\\t__NSConstantStringClassReference\\n\\t.long\\t.*\\n\\t.long\\t5\\n\\t.data
UNRESOLVED: objc.dg/torture/strings/const-str-9.m   -O1  -fnext-runtime  scan-assembler .section __OBJC, __cstring_object
FAIL: objc.dg/torture/strings/const-str-9.m   -O1  -fnext-runtime (test for excess errors)
UNRESOLVED: objc.dg/torture/strings/const-str-9.m   -O2  -fnext-runtime  scan-assembler .long\\t__NSConstantStringClassReference\\n\\t.long\\t.*\\n\\t.long\\t5\\n\\t.data
UNRESOLVED: objc.dg/torture/strings/const-str-9.m   -O2  -fnext-runtime  scan-assembler .section __OBJC, __cstring_object
FAIL: objc.dg/torture/strings/const-str-9.m   -O2  -fnext-runtime (test for excess errors)
UNRESOLVED: objc.dg/torture/strings/const-str-9.m   -O2 -flto  -fnext-runtime  scan-assembler .long\\t__NSConstantStringClassReference\\n\\t.long\\t.*\\n\\t.long\\t5\\n\\t.data
UNRESOLVED: objc.dg/torture/strings/const-str-9.m   -O2 -flto  -fnext-runtime  scan-assembler .section __OBJC, __cstring_object
FAIL: objc.dg/torture/strings/const-str-9.m   -O2 -flto  -fnext-runtime (test for excess errors)
UNRESOLVED: objc.dg/torture/strings/const-str-9.m   -O2 -flto -flto-partition=none  -fnext-runtime  scan-assembler .long\\t__NSConstantStringClassReference\\n\\t.long\\t.*\\n\\t.long\\t5\\n\\t.data
UNRESOLVED: objc.dg/torture/strings/const-str-9.m   -O2 -flto -flto-partition=none  -fnext-runtime  scan-assembler .section __OBJC, __cstring_object
FAIL: objc.dg/torture/strings/const-str-9.m   -O2 -flto -flto-partition=none  -fnext-runtime (test for excess errors)
UNRESOLVED: objc.dg/torture/strings/const-str-9.m   -O3 -fomit-frame-pointer  -fnext-runtime  scan-assembler .long\\t__NSConstantStringClassReference\\n\\t.long\\t.*\\n\\t.long\\t5\\n\\t.data
UNRESOLVED: objc.dg/torture/strings/const-str-9.m   -O3 -fomit-frame-pointer  -fnext-runtime  scan-assembler .section __OBJC, __cstring_object
FAIL: objc.dg/torture/strings/const-str-9.m   -O3 -fomit-frame-pointer  -fnext-runtime (test for excess errors)
UNRESOLVED: objc.dg/torture/strings/const-str-9.m   -O3 -g  -fnext-runtime  scan-assembler .long\\t__NSConstantStringClassReference\\n\\t.long\\t.*\\n\\t.long\\t5\\n\\t.data
UNRESOLVED: objc.dg/torture/strings/const-str-9.m   -O3 -g  -fnext-runtime  scan-assembler .section __OBJC, __cstring_object
FAIL: objc.dg/torture/strings/const-str-9.m   -O3 -g  -fnext-runtime (test for excess errors)
UNRESOLVED: objc.dg/torture/strings/const-str-9.m   -Os  -fnext-runtime  scan-assembler .long\\t__NSConstantStringClassReference\\n\\t.long\\t.*\\n\\t.long\\t5\\n\\t.data
UNRESOLVED: objc.dg/torture/strings/const-str-9.m   -Os  -fnext-runtime  scan-assembler .section __OBJC, __cstring_object
FAIL: objc.dg/torture/strings/const-str-9.m   -Os  -fnext-runtime (test for excess errors)

		=== objc Summary for unix/-m32 ===

# of expected passes		6028
# of unexpected failures	50
# of expected failures		6
# of unresolved testcases	56
# of unsupported tests		85

Running target unix/-m64
FAIL: objc.dg/call-super-2.m -fnext-runtime  (test for warnings, line 104)
FAIL: objc.dg/call-super-2.m -fnext-runtime  (test for warnings, line 74)
FAIL: objc.dg/encode-7-next-64bit.m -fnext-runtime (test for excess errors)
WARNING: objc.dg/encode-7-next-64bit.m -fnext-runtime compilation failed to produce executable
FAIL: objc.dg/exceptions-2.m -fnext-runtime execution test
FAIL: objc.dg/gnu-api-2-objc.m -fnext-runtime execution test
FAIL: objc.dg/headers.m -fnext-runtime (test for excess errors)
UNRESOLVED: objc.dg/image-info.m -fnext-runtime  scan-assembler \\t.section __DATA, __objc_imageinfo.*\\n\\t.align.*\\nL_OBJC_ImageInfo.*:\\n\\t.long\\t0\\n\\t.long\\t17
FAIL: objc.dg/image-info.m -fnext-runtime (test for excess errors)
FAIL: objc.dg/isa-field-1.m -fnext-runtime (test for excess errors)
FAIL: objc.dg/method-6.m -fnext-runtime (test for excess errors)
UNRESOLVED: objc.dg/no-extra-load.m -fnext-runtime  scan-assembler-not L_objc_msgSend\\\\\$non_lazy_ptr
FAIL: objc.dg/no-extra-load.m -fnext-runtime (test for excess errors)
FAIL: objc.dg/objc-foreach-4.m -fnext-runtime (test for excess errors)
WARNING: objc.dg/objc-foreach-4.m -fnext-runtime compilation failed to produce executable
UNRESOLVED: objc.dg/objc-foreach-5.m -fnext-runtime  scan-assembler _addStuffUp:
FAIL: objc.dg/objc-foreach-5.m -fnext-runtime (test for excess errors)
FAIL: objc.dg/pr23214.m -fnext-runtime (test for excess errors)
WARNING: objc.dg/pr23214.m -fnext-runtime compilation failed to produce executable
FAIL: objc.dg/proto-lossage-7.m -fnext-runtime (test for excess errors)
FAIL: objc.dg/proto-qual-1.m -fnext-runtime (test for excess errors)
WARNING: objc.dg/proto-qual-1.m -fnext-runtime compilation failed to produce executable
UNRESOLVED: objc.dg/symtab-1.m -fnext-runtime  scan-assembler-not L_OBJC_Symbols
FAIL: objc.dg/symtab-1.m -fnext-runtime (test for excess errors)
UNRESOLVED: objc.dg/zero-link-1.m -fnext-runtime  scan-assembler objc_getClass
UNRESOLVED: objc.dg/zero-link-1.m -fnext-runtime  scan-assembler-not _OBJC_ClassRef_Base
FAIL: objc.dg/zero-link-1.m -fnext-runtime (test for excess errors)
UNRESOLVED: objc.dg/zero-link-2.m -fnext-runtime  scan-assembler _OBJC_ClassRef_Base
UNRESOLVED: objc.dg/zero-link-2.m -fnext-runtime  scan-assembler-not objc_getClass
FAIL: objc.dg/zero-link-2.m -fnext-runtime (test for excess errors)
FAIL: objc.dg/zero-link-3.m -fnext-runtime (test for excess errors)
WARNING: objc.dg/zero-link-3.m -fnext-runtime compilation failed to produce executable
FAIL: objc.dg/strings/const-cfstring-2.m -fnext-runtime (test for excess errors)
FAIL: objc.dg/strings/const-cfstring-5.m -fnext-runtime (test for excess errors)
FAIL: objc.dg/strings/const-str-12b.m -fnext-runtime (test for excess errors)
FAIL: objc.dg/torture/forward-1.m   -O0  -fnext-runtime execution test
FAIL: objc.dg/torture/forward-1.m   -O1  -fnext-runtime execution test
FAIL: objc.dg/torture/forward-1.m   -O2  -fnext-runtime execution test
FAIL: objc.dg/torture/forward-1.m   -O2 -flto  -fnext-runtime execution test
FAIL: objc.dg/torture/forward-1.m   -O2 -flto -flto-partition=none  -fnext-runtime execution test
FAIL: objc.dg/torture/forward-1.m   -O3 -fomit-frame-pointer  -fnext-runtime execution test
FAIL: objc.dg/torture/forward-1.m   -O3 -fomit-frame-pointer -funroll-all-loops -finline-functions  -fnext-runtime execution test
FAIL: objc.dg/torture/forward-1.m   -O3 -fomit-frame-pointer -funroll-loops  -fnext-runtime execution test
FAIL: objc.dg/torture/forward-1.m   -O3 -g  -fnext-runtime execution test
FAIL: objc.dg/torture/forward-1.m   -Os  -fnext-runtime execution test
FAIL: objc.dg/torture/strings/const-cfstring-1.m   -O0  -fnext-runtime (test for excess errors)
WARNING: objc.dg/torture/strings/const-cfstring-1.m   -O0  -fnext-runtime compilation failed to produce executable
FAIL: objc.dg/torture/strings/const-cfstring-1.m   -O1  -fnext-runtime (test for excess errors)
WARNING: objc.dg/torture/strings/const-cfstring-1.m   -O1  -fnext-runtime compilation failed to produce executable
FAIL: objc.dg/torture/strings/const-cfstring-1.m   -O2  -fnext-runtime (test for excess errors)
WARNING: objc.dg/torture/strings/const-cfstring-1.m   -O2  -fnext-runtime compilation failed to produce executable
FAIL: objc.dg/torture/strings/const-cfstring-1.m   -O2 -flto  -fnext-runtime (test for excess errors)
WARNING: objc.dg/torture/strings/const-cfstring-1.m   -O2 -flto  -fnext-runtime compilation failed to produce executable
FAIL: objc.dg/torture/strings/const-cfstring-1.m   -O2 -flto -flto-partition=none  -fnext-runtime (test for excess errors)
WARNING: objc.dg/torture/strings/const-cfstring-1.m   -O2 -flto -flto-partition=none  -fnext-runtime compilation failed to produce executable
FAIL: objc.dg/torture/strings/const-cfstring-1.m   -O3 -fomit-frame-pointer  -fnext-runtime (test for excess errors)
WARNING: objc.dg/torture/strings/const-cfstring-1.m   -O3 -fomit-frame-pointer  -fnext-runtime compilation failed to produce executable
FAIL: objc.dg/torture/strings/const-cfstring-1.m   -O3 -g  -fnext-runtime (test for excess errors)
WARNING: objc.dg/torture/strings/const-cfstring-1.m   -O3 -g  -fnext-runtime compilation failed to produce executable
FAIL: objc.dg/torture/strings/const-cfstring-1.m   -Os  -fnext-runtime (test for excess errors)
WARNING: objc.dg/torture/strings/const-cfstring-1.m   -Os  -fnext-runtime compilation failed to produce executable
UNRESOLVED: objc.dg/torture/strings/const-str-10.m   -O0  -fnext-runtime  scan-assembler .quad\\t_OBJC_CLASS_._NSConstantString\\n\\t.quad\\t.*\\n\\t.long\\t5\\n\\t.space
UNRESOLVED: objc.dg/torture/strings/const-str-10.m   -O0  -fnext-runtime  scan-assembler .section __DATA, __objc_stringobj
FAIL: objc.dg/torture/strings/const-str-10.m   -O0  -fnext-runtime (test for excess errors)
UNRESOLVED: objc.dg/torture/strings/const-str-10.m   -O1  -fnext-runtime  scan-assembler .quad\\t_OBJC_CLASS_._NSConstantString\\n\\t.quad\\t.*\\n\\t.long\\t5\\n\\t.space
UNRESOLVED: objc.dg/torture/strings/const-str-10.m   -O1  -fnext-runtime  scan-assembler .section __DATA, __objc_stringobj
FAIL: objc.dg/torture/strings/const-str-10.m   -O1  -fnext-runtime (test for excess errors)
UNRESOLVED: objc.dg/torture/strings/const-str-10.m   -O2  -fnext-runtime  scan-assembler .quad\\t_OBJC_CLASS_._NSConstantString\\n\\t.quad\\t.*\\n\\t.long\\t5\\n\\t.space
UNRESOLVED: objc.dg/torture/strings/const-str-10.m   -O2  -fnext-runtime  scan-assembler .section __DATA, __objc_stringobj
FAIL: objc.dg/torture/strings/const-str-10.m   -O2  -fnext-runtime (test for excess errors)
UNRESOLVED: objc.dg/torture/strings/const-str-10.m   -O2 -flto  -fnext-runtime  scan-assembler .quad\\t_OBJC_CLASS_._NSConstantString\\n\\t.quad\\t.*\\n\\t.long\\t5\\n\\t.space
UNRESOLVED: objc.dg/torture/strings/const-str-10.m   -O2 -flto  -fnext-runtime  scan-assembler .section __DATA, __objc_stringobj
FAIL: objc.dg/torture/strings/const-str-10.m   -O2 -flto  -fnext-runtime (test for excess errors)
UNRESOLVED: objc.dg/torture/strings/const-str-10.m   -O2 -flto -flto-partition=none  -fnext-runtime  scan-assembler .quad\\t_OBJC_CLASS_._NSConstantString\\n\\t.quad\\t.*\\n\\t.long\\t5\\n\\t.space
UNRESOLVED: objc.dg/torture/strings/const-str-10.m   -O2 -flto -flto-partition=none  -fnext-runtime  scan-assembler .section __DATA, __objc_stringobj
FAIL: objc.dg/torture/strings/const-str-10.m   -O2 -flto -flto-partition=none  -fnext-runtime (test for excess errors)
UNRESOLVED: objc.dg/torture/strings/const-str-10.m   -O3 -fomit-frame-pointer  -fnext-runtime  scan-assembler .quad\\t_OBJC_CLASS_._NSConstantString\\n\\t.quad\\t.*\\n\\t.long\\t5\\n\\t.space
UNRESOLVED: objc.dg/torture/strings/const-str-10.m   -O3 -fomit-frame-pointer  -fnext-runtime  scan-assembler .section __DATA, __objc_stringobj
FAIL: objc.dg/torture/strings/const-str-10.m   -O3 -fomit-frame-pointer  -fnext-runtime (test for excess errors)
UNRESOLVED: objc.dg/torture/strings/const-str-10.m   -O3 -g  -fnext-runtime  scan-assembler .quad\\t_OBJC_CLASS_._NSConstantString\\n\\t.quad\\t.*\\n\\t.long\\t5\\n\\t.space
UNRESOLVED: objc.dg/torture/strings/const-str-10.m   -O3 -g  -fnext-runtime  scan-assembler .section __DATA, __objc_stringobj
FAIL: objc.dg/torture/strings/const-str-10.m   -O3 -g  -fnext-runtime (test for excess errors)
UNRESOLVED: objc.dg/torture/strings/const-str-10.m   -Os  -fnext-runtime  scan-assembler .quad\\t_OBJC_CLASS_._NSConstantString\\n\\t.quad\\t.*\\n\\t.long\\t5\\n\\t.space
UNRESOLVED: objc.dg/torture/strings/const-str-10.m   -Os  -fnext-runtime  scan-assembler .section __DATA, __objc_stringobj
FAIL: objc.dg/torture/strings/const-str-10.m   -Os  -fnext-runtime (test for excess errors)
UNRESOLVED: objc.dg/torture/strings/const-str-11.m   -O0  -fnext-runtime  scan-assembler .quad\\t_OBJC_CLASS_._XStr\\n\\t.quad\\t.*\\n\\t.long\\t5\\n\\t.space
UNRESOLVED: objc.dg/torture/strings/const-str-11.m   -O0  -fnext-runtime  scan-assembler .section __DATA, __objc_stringobj
FAIL: objc.dg/torture/strings/const-str-11.m   -O0  -fnext-runtime (test for excess errors)
UNRESOLVED: objc.dg/torture/strings/const-str-11.m   -O1  -fnext-runtime  scan-assembler .quad\\t_OBJC_CLASS_._XStr\\n\\t.quad\\t.*\\n\\t.long\\t5\\n\\t.space
UNRESOLVED: objc.dg/torture/strings/const-str-11.m   -O1  -fnext-runtime  scan-assembler .section __DATA, __objc_stringobj
FAIL: objc.dg/torture/strings/const-str-11.m   -O1  -fnext-runtime (test for excess errors)
UNRESOLVED: objc.dg/torture/strings/const-str-11.m   -O2  -fnext-runtime  scan-assembler .quad\\t_OBJC_CLASS_._XStr\\n\\t.quad\\t.*\\n\\t.long\\t5\\n\\t.space
UNRESOLVED: objc.dg/torture/strings/const-str-11.m   -O2  -fnext-runtime  scan-assembler .section __DATA, __objc_stringobj
FAIL: objc.dg/torture/strings/const-str-11.m   -O2  -fnext-runtime (test for excess errors)
UNRESOLVED: objc.dg/torture/strings/const-str-11.m   -O2 -flto  -fnext-runtime  scan-assembler .quad\\t_OBJC_CLASS_._XStr\\n\\t.quad\\t.*\\n\\t.long\\t5\\n\\t.space
UNRESOLVED: objc.dg/torture/strings/const-str-11.m   -O2 -flto  -fnext-runtime  scan-assembler .section __DATA, __objc_stringobj
FAIL: objc.dg/torture/strings/const-str-11.m   -O2 -flto  -fnext-runtime (test for excess errors)
UNRESOLVED: objc.dg/torture/strings/const-str-11.m   -O2 -flto -flto-partition=none  -fnext-runtime  scan-assembler .quad\\t_OBJC_CLASS_._XStr\\n\\t.quad\\t.*\\n\\t.long\\t5\\n\\t.space
UNRESOLVED: objc.dg/torture/strings/const-str-11.m   -O2 -flto -flto-partition=none  -fnext-runtime  scan-assembler .section __DATA, __objc_stringobj
FAIL: objc.dg/torture/strings/const-str-11.m   -O2 -flto -flto-partition=none  -fnext-runtime (test for excess errors)
UNRESOLVED: objc.dg/torture/strings/const-str-11.m   -O3 -fomit-frame-pointer  -fnext-runtime  scan-assembler .quad\\t_OBJC_CLASS_._XStr\\n\\t.quad\\t.*\\n\\t.long\\t5\\n\\t.space
UNRESOLVED: objc.dg/torture/strings/const-str-11.m   -O3 -fomit-frame-pointer  -fnext-runtime  scan-assembler .section __DATA, __objc_stringobj
FAIL: objc.dg/torture/strings/const-str-11.m   -O3 -fomit-frame-pointer  -fnext-runtime (test for excess errors)
UNRESOLVED: objc.dg/torture/strings/const-str-11.m   -O3 -g  -fnext-runtime  scan-assembler .quad\\t_OBJC_CLASS_._XStr\\n\\t.quad\\t.*\\n\\t.long\\t5\\n\\t.space
UNRESOLVED: objc.dg/torture/strings/const-str-11.m   -O3 -g  -fnext-runtime  scan-assembler .section __DATA, __objc_stringobj
FAIL: objc.dg/torture/strings/const-str-11.m   -O3 -g  -fnext-runtime (test for excess errors)
UNRESOLVED: objc.dg/torture/strings/const-str-11.m   -Os  -fnext-runtime  scan-assembler .quad\\t_OBJC_CLASS_._XStr\\n\\t.quad\\t.*\\n\\t.long\\t5\\n\\t.space
UNRESOLVED: objc.dg/torture/strings/const-str-11.m   -Os  -fnext-runtime  scan-assembler .section __DATA, __objc_stringobj
FAIL: objc.dg/torture/strings/const-str-11.m   -Os  -fnext-runtime (test for excess errors)
UNRESOLVED: objc.dg/torture/strings/const-str-9.m   -O0  -fnext-runtime  scan-assembler .quad\\t_OBJC_CLASS_._NSConstantString\\n\\t.quad\\t.*\\n\\t.long\\t5\\n\\t.space
UNRESOLVED: objc.dg/torture/strings/const-str-9.m   -O0  -fnext-runtime  scan-assembler .section __DATA, __objc_stringobj
FAIL: objc.dg/torture/strings/const-str-9.m   -O0  -fnext-runtime (test for excess errors)
UNRESOLVED: objc.dg/torture/strings/const-str-9.m   -O1  -fnext-runtime  scan-assembler .quad\\t_OBJC_CLASS_._NSConstantString\\n\\t.quad\\t.*\\n\\t.long\\t5\\n\\t.space
UNRESOLVED: objc.dg/torture/strings/const-str-9.m   -O1  -fnext-runtime  scan-assembler .section __DATA, __objc_stringobj
FAIL: objc.dg/torture/strings/const-str-9.m   -O1  -fnext-runtime (test for excess errors)
UNRESOLVED: objc.dg/torture/strings/const-str-9.m   -O2  -fnext-runtime  scan-assembler .quad\\t_OBJC_CLASS_._NSConstantString\\n\\t.quad\\t.*\\n\\t.long\\t5\\n\\t.space
UNRESOLVED: objc.dg/torture/strings/const-str-9.m   -O2  -fnext-runtime  scan-assembler .section __DATA, __objc_stringobj
FAIL: objc.dg/torture/strings/const-str-9.m   -O2  -fnext-runtime (test for excess errors)
UNRESOLVED: objc.dg/torture/strings/const-str-9.m   -O2 -flto  -fnext-runtime  scan-assembler .quad\\t_OBJC_CLASS_._NSConstantString\\n\\t.quad\\t.*\\n\\t.long\\t5\\n\\t.space
UNRESOLVED: objc.dg/torture/strings/const-str-9.m   -O2 -flto  -fnext-runtime  scan-assembler .section __DATA, __objc_stringobj
FAIL: objc.dg/torture/strings/const-str-9.m   -O2 -flto  -fnext-runtime (test for excess errors)
UNRESOLVED: objc.dg/torture/strings/const-str-9.m   -O2 -flto -flto-partition=none  -fnext-runtime  scan-assembler .quad\\t_OBJC_CLASS_._NSConstantString\\n\\t.quad\\t.*\\n\\t.long\\t5\\n\\t.space
UNRESOLVED: objc.dg/torture/strings/const-str-9.m   -O2 -flto -flto-partition=none  -fnext-runtime  scan-assembler .section __DATA, __objc_stringobj
FAIL: objc.dg/torture/strings/const-str-9.m   -O2 -flto -flto-partition=none  -fnext-runtime (test for excess errors)
UNRESOLVED: objc.dg/torture/strings/const-str-9.m   -O3 -fomit-frame-pointer  -fnext-runtime  scan-assembler .quad\\t_OBJC_CLASS_._NSConstantString\\n\\t.quad\\t.*\\n\\t.long\\t5\\n\\t.space
UNRESOLVED: objc.dg/torture/strings/const-str-9.m   -O3 -fomit-frame-pointer  -fnext-runtime  scan-assembler .section __DATA, __objc_stringobj
FAIL: objc.dg/torture/strings/const-str-9.m   -O3 -fomit-frame-pointer  -fnext-runtime (test for excess errors)
UNRESOLVED: objc.dg/torture/strings/const-str-9.m   -O3 -g  -fnext-runtime  scan-assembler .quad\\t_OBJC_CLASS_._NSConstantString\\n\\t.quad\\t.*\\n\\t.long\\t5\\n\\t.space
UNRESOLVED: objc.dg/torture/strings/const-str-9.m   -O3 -g  -fnext-runtime  scan-assembler .section __DATA, __objc_stringobj
FAIL: objc.dg/torture/strings/const-str-9.m   -O3 -g  -fnext-runtime (test for excess errors)
UNRESOLVED: objc.dg/torture/strings/const-str-9.m   -Os  -fnext-runtime  scan-assembler .quad\\t_OBJC_CLASS_._NSConstantString\\n\\t.quad\\t.*\\n\\t.long\\t5\\n\\t.space
UNRESOLVED: objc.dg/torture/strings/const-str-9.m   -Os  -fnext-runtime  scan-assembler .section __DATA, __objc_stringobj
FAIL: objc.dg/torture/strings/const-str-9.m   -Os  -fnext-runtime (test for excess errors)
FAIL: objc/execute/formal_protocol-5.m compilation,  -O0 -fnext-runtime
FAIL: objc/execute/formal_protocol-5.m compilation,  -O1 -fnext-runtime
FAIL: objc/execute/formal_protocol-5.m compilation,  -O2 -fnext-runtime
FAIL: objc/execute/formal_protocol-5.m compilation,  -O3 -fomit-frame-pointer -fnext-runtime
FAIL: objc/execute/formal_protocol-5.m compilation,  -O3 -g -fnext-runtime
FAIL: objc/execute/formal_protocol-5.m compilation,  -Os -fnext-runtime
UNRESOLVED: objc/execute/formal_protocol-5.m execution,  -O0 -fnext-runtime
UNRESOLVED: objc/execute/formal_protocol-5.m execution,  -O1 -fnext-runtime
UNRESOLVED: objc/execute/formal_protocol-5.m execution,  -O2 -fnext-runtime
UNRESOLVED: objc/execute/formal_protocol-5.m execution,  -O3 -fomit-frame-pointer -fnext-runtime
UNRESOLVED: objc/execute/formal_protocol-5.m execution,  -O3 -g -fnext-runtime
UNRESOLVED: objc/execute/formal_protocol-5.m execution,  -Os -fnext-runtime
FAIL: objc/execute/formal_protocol-6.m compilation,  -O0 -fnext-runtime
FAIL: objc/execute/formal_protocol-6.m compilation,  -O1 -fnext-runtime
FAIL: objc/execute/formal_protocol-6.m compilation,  -O2 -fnext-runtime
FAIL: objc/execute/formal_protocol-6.m compilation,  -O3 -fomit-frame-pointer -fnext-runtime
FAIL: objc/execute/formal_protocol-6.m compilation,  -O3 -g -fnext-runtime
FAIL: objc/execute/formal_protocol-6.m compilation,  -Os -fnext-runtime
UNRESOLVED: objc/execute/formal_protocol-6.m execution,  -O0 -fnext-runtime
UNRESOLVED: objc/execute/formal_protocol-6.m execution,  -O1 -fnext-runtime
UNRESOLVED: objc/execute/formal_protocol-6.m execution,  -O2 -fnext-runtime
UNRESOLVED: objc/execute/formal_protocol-6.m execution,  -O3 -fomit-frame-pointer -fnext-runtime
UNRESOLVED: objc/execute/formal_protocol-6.m execution,  -O3 -g -fnext-runtime
UNRESOLVED: objc/execute/formal_protocol-6.m execution,  -Os -fnext-runtime
FAIL: objc/execute/formal_protocol-7.m compilation,  -O0 -fnext-runtime
FAIL: objc/execute/formal_protocol-7.m compilation,  -O1 -fnext-runtime
FAIL: objc/execute/formal_protocol-7.m compilation,  -O2 -fnext-runtime
FAIL: objc/execute/formal_protocol-7.m compilation,  -O3 -fomit-frame-pointer -fnext-runtime
FAIL: objc/execute/formal_protocol-7.m compilation,  -O3 -g -fnext-runtime
FAIL: objc/execute/formal_protocol-7.m compilation,  -Os -fnext-runtime
UNRESOLVED: objc/execute/formal_protocol-7.m execution,  -O0 -fnext-runtime
UNRESOLVED: objc/execute/formal_protocol-7.m execution,  -O1 -fnext-runtime
UNRESOLVED: objc/execute/formal_protocol-7.m execution,  -O2 -fnext-runtime
UNRESOLVED: objc/execute/formal_protocol-7.m execution,  -O3 -fomit-frame-pointer -fnext-runtime
UNRESOLVED: objc/execute/formal_protocol-7.m execution,  -O3 -g -fnext-runtime
UNRESOLVED: objc/execute/formal_protocol-7.m execution,  -Os -fnext-runtime
FAIL: objc/execute/protocol-isEqual-1.m compilation,  -O0 -fnext-runtime
FAIL: objc/execute/protocol-isEqual-1.m compilation,  -O1 -fnext-runtime
FAIL: objc/execute/protocol-isEqual-1.m compilation,  -O2 -fnext-runtime
FAIL: objc/execute/protocol-isEqual-1.m compilation,  -O3 -fomit-frame-pointer -fnext-runtime
FAIL: objc/execute/protocol-isEqual-1.m compilation,  -O3 -g -fnext-runtime
FAIL: objc/execute/protocol-isEqual-1.m compilation,  -Os -fnext-runtime
UNRESOLVED: objc/execute/protocol-isEqual-1.m execution,  -O0 -fnext-runtime
UNRESOLVED: objc/execute/protocol-isEqual-1.m execution,  -O1 -fnext-runtime
UNRESOLVED: objc/execute/protocol-isEqual-1.m execution,  -O2 -fnext-runtime
UNRESOLVED: objc/execute/protocol-isEqual-1.m execution,  -O3 -fomit-frame-pointer -fnext-runtime
UNRESOLVED: objc/execute/protocol-isEqual-1.m execution,  -O3 -g -fnext-runtime
UNRESOLVED: objc/execute/protocol-isEqual-1.m execution,  -Os -fnext-runtime
FAIL: objc/execute/protocol-isEqual-2.m compilation,  -O0 -fnext-runtime
FAIL: objc/execute/protocol-isEqual-2.m compilation,  -O1 -fnext-runtime
FAIL: objc/execute/protocol-isEqual-2.m compilation,  -O2 -fnext-runtime
FAIL: objc/execute/protocol-isEqual-2.m compilation,  -O3 -fomit-frame-pointer -fnext-runtime
FAIL: objc/execute/protocol-isEqual-2.m compilation,  -O3 -g -fnext-runtime
FAIL: objc/execute/protocol-isEqual-2.m compilation,  -Os -fnext-runtime
UNRESOLVED: objc/execute/protocol-isEqual-2.m execution,  -O0 -fnext-runtime
UNRESOLVED: objc/execute/protocol-isEqual-2.m execution,  -O1 -fnext-runtime
UNRESOLVED: objc/execute/protocol-isEqual-2.m execution,  -O2 -fnext-runtime
UNRESOLVED: objc/execute/protocol-isEqual-2.m execution,  -O3 -fomit-frame-pointer -fnext-runtime
UNRESOLVED: objc/execute/protocol-isEqual-2.m execution,  -O3 -g -fnext-runtime
UNRESOLVED: objc/execute/protocol-isEqual-2.m execution,  -Os -fnext-runtime
FAIL: objc/execute/protocol-isEqual-3.m compilation,  -O0 -fnext-runtime
FAIL: objc/execute/protocol-isEqual-3.m compilation,  -O1 -fnext-runtime
FAIL: objc/execute/protocol-isEqual-3.m compilation,  -O2 -fnext-runtime
FAIL: objc/execute/protocol-isEqual-3.m compilation,  -O3 -fomit-frame-pointer -fnext-runtime
FAIL: objc/execute/protocol-isEqual-3.m compilation,  -O3 -g -fnext-runtime
FAIL: objc/execute/protocol-isEqual-3.m compilation,  -Os -fnext-runtime
UNRESOLVED: objc/execute/protocol-isEqual-3.m execution,  -O0 -fnext-runtime
UNRESOLVED: objc/execute/protocol-isEqual-3.m execution,  -O1 -fnext-runtime
UNRESOLVED: objc/execute/protocol-isEqual-3.m execution,  -O2 -fnext-runtime
UNRESOLVED: objc/execute/protocol-isEqual-3.m execution,  -O3 -fomit-frame-pointer -fnext-runtime
UNRESOLVED: objc/execute/protocol-isEqual-3.m execution,  -O3 -g -fnext-runtime
UNRESOLVED: objc/execute/protocol-isEqual-3.m execution,  -Os -fnext-runtime
FAIL: objc/execute/protocol-isEqual-4.m compilation,  -O0 -fnext-runtime
FAIL: objc/execute/protocol-isEqual-4.m compilation,  -O1 -fnext-runtime
FAIL: objc/execute/protocol-isEqual-4.m compilation,  -O2 -fnext-runtime
FAIL: objc/execute/protocol-isEqual-4.m compilation,  -O3 -fomit-frame-pointer -fnext-runtime
FAIL: objc/execute/protocol-isEqual-4.m compilation,  -O3 -g -fnext-runtime
FAIL: objc/execute/protocol-isEqual-4.m compilation,  -Os -fnext-runtime
UNRESOLVED: objc/execute/protocol-isEqual-4.m execution,  -O0 -fnext-runtime
UNRESOLVED: objc/execute/protocol-isEqual-4.m execution,  -O1 -fnext-runtime
UNRESOLVED: objc/execute/protocol-isEqual-4.m execution,  -O2 -fnext-runtime
UNRESOLVED: objc/execute/protocol-isEqual-4.m execution,  -O3 -fomit-frame-pointer -fnext-runtime
UNRESOLVED: objc/execute/protocol-isEqual-4.m execution,  -O3 -g -fnext-runtime
UNRESOLVED: objc/execute/protocol-isEqual-4.m execution,  -Os -fnext-runtime

		=== objc Summary for unix/-m64 ===

# of expected passes		5771
# of unexpected failures	106
# of expected failures		6
# of unresolved testcases	98
# of unsupported tests		91

		=== objc Summary ===

# of expected passes		11799
# of unexpected failures	156
# of expected failures		12
# of unresolved testcases	154
# of unsupported tests		176
/Users/fx/autobuilds/builds/gcc-5-branch-228109/gcc/xgcc  version 5.2.1 20150925 [gcc-5-branch revision 228109] (GCC) 

		=== libffi tests ===


Running target unix/-m32

		=== libffi Summary for unix/-m32 ===

# of expected passes		1914
# of unsupported tests		30

Running target unix/-m64

		=== libffi Summary for unix/-m64 ===

# of expected passes		1914
# of unsupported tests		30

		=== libffi Summary ===

# of expected passes		3828
# of unsupported tests		60
		=== libjava tests ===


Running target unix/-m32

		=== libjava Summary for unix/-m32 ===

# of expected passes		2582
# of expected failures		4

Running target unix/-m64
FAIL: Throw_2 execution - source compiled test
FAIL: Throw_2 -findirect-dispatch execution - source compiled test
FAIL: Throw_2 -O3 execution - source compiled test
FAIL: Throw_2 -O3 -findirect-dispatch execution - source compiled test

		=== libjava Summary for unix/-m64 ===

# of expected passes		2574
# of unexpected failures	4
# of expected failures		4
# of untested testcases		4

		=== libjava Summary ===

# of expected passes		5156
# of unexpected failures	4
# of expected failures		8
# of untested testcases		4
		=== libstdc++ tests ===


Running target unix/-m32

		=== libstdc++ Summary for unix/-m32 ===

# of expected passes		9369
# of expected failures		65
# of unsupported tests		675

Running target unix/-m64

		=== libstdc++ Summary for unix/-m64 ===

# of expected passes		9367
# of expected failures		65
# of unsupported tests		676

		=== libstdc++ Summary ===

# of expected passes		18736
# of expected failures		130
# of unsupported tests		1351

Compiler version: 5.2.1 20150925 [gcc-5-branch revision 228109] (GCC) 
Platform: x86_64-apple-darwin14.5.0
configure flags: --prefix=/tmp/gcc-5-branch-228109 --with-gmp=/opt/gcc-deps/gmp --enable-languages=c,c++,objc,obj-c++,fortran,java,lto


Index Nav: [Date Index] [Subject Index] [Author Index] [Thread Index]
Message Nav: [Date Prev] [Date Next] [Thread Prev] [Thread Next]