This is the mail archive of the gcc-testresults@gcc.gnu.org mailing list for the GCC project.


Index Nav: [Date Index] [Subject Index] [Author Index] [Thread Index]
Message Nav: [Date Prev] [Date Next] [Thread Prev] [Thread Next]
Other format: [Raw text]

Results for 4.9.4 20150923 (prerelease) [gcc-4_9-branch revision 228064] (GCC) testsuite on powerpc64le-unknown-linux-gnu


Linux 3.13.0-35-generic ppc64le
GNU C Library (Ubuntu EGLIBC 2.19-0ubuntu6.6) stable release version 2.19
GNU ld (GNU Binutils for Ubuntu) 2.24
GNU assembler (GNU Binutils for Ubuntu) 2.24
GNU Make 3.81

DejaGnu:
	Expect version is	5.45
	Tcl version is		8.6
	Framework version is	1.5

64-bit

LAST_UPDATED: Wed Sep 23 23:00:00 UTC 2015 (revision 228064)

Native configuration is powerpc64le-unknown-linux-gnu

		=== gcc tests ===


Running target unix
FAIL: gcc.dg/atomic/c11-atomic-exec-5.c  -O0  execution test
FAIL: gcc.dg/atomic/c11-atomic-exec-5.c  -O1  execution test
FAIL: gcc.dg/atomic/c11-atomic-exec-5.c  -O2  execution test
FAIL: gcc.dg/atomic/c11-atomic-exec-5.c  -O3 -fomit-frame-pointer  execution test
FAIL: gcc.dg/atomic/c11-atomic-exec-5.c  -O3 -fomit-frame-pointer -funroll-loops  execution test
FAIL: gcc.dg/atomic/c11-atomic-exec-5.c  -O3 -fomit-frame-pointer -funroll-all-loops -finline-functions  execution test
FAIL: gcc.dg/atomic/c11-atomic-exec-5.c  -O3 -g  execution test
FAIL: gcc.dg/atomic/c11-atomic-exec-5.c  -Os  execution test
FAIL: gcc.dg/atomic/c11-atomic-exec-5.c  -O2 -flto -fno-use-linker-plugin -flto-partition=none  execution test
FAIL: gcc.dg/atomic/c11-atomic-exec-5.c  -O2 -flto -fuse-linker-plugin -fno-fat-lto-objects  execution test
FAIL: gcc.dg/and-1.c scan-assembler-not nand
FAIL: gcc.dg/binop-xor1.c scan-tree-dump-times optimized "\\\\^" 1
FAIL: gcc.dg/simulate-thread/atomic-other-short.c  -O0 -g  thread simulation test
FAIL: gcc.dg/simulate-thread/atomic-other-short.c  -O2 -g  thread simulation test
FAIL: gcc.dg/simulate-thread/atomic-other-short.c  -O3 -g  thread simulation test
FAIL: gcc.dg/tree-ssa/ssa-dom-thread-4.c scan-tree-dump-times dom1 "Threaded" 3
FAIL: gcc.dg/tree-ssa/vrp47.c scan-tree-dump-times vrp1 "[xy][^ ]* !=" 0

		=== gcc Summary ===

# of expected passes		95356
# of unexpected failures	17
# of expected failures		265
# of unsupported tests		1514
/home/gccbuild/build/nightly/build-gcc-4.9/gcc/xgcc  version 4.9.4 20150923 (prerelease) [gcc-4_9-branch revision 228064] (GCC) 

		=== gfortran tests ===


Running target unix

		=== gfortran Summary ===

# of expected passes		46195
# of expected failures		54
# of unsupported tests		91
/home/gccbuild/build/nightly/build-gcc-4.9/gcc/testsuite/gfortran/../../gfortran  version 4.9.4 20150923 (prerelease) [gcc-4_9-branch revision 228064] (GCC) 

		=== g++ tests ===


Running target unix
FAIL: g++.dg/cpp1y/vla-initlist1.C -std=c++1y execution test
XPASS: g++.dg/tls/thread_local-order2.C -std=c++11 execution test
XPASS: g++.dg/tls/thread_local-order2.C -std=c++1y execution test

		=== g++ Summary ===

# of expected passes		82633
# of unexpected failures	1
# of unexpected successes	2
# of expected failures		446
# of unsupported tests		3057
/home/gccbuild/build/nightly/build-gcc-4.9/gcc/testsuite/g++/../../xg++  version 4.9.4 20150923 (prerelease) [gcc-4_9-branch revision 228064] (GCC) 

		=== go tests ===


Running target unix
FAIL: go.test/test/ken/cplx2.go execution,  -O2 -g 
FAIL: go.test/test/recover.go execution,  -O2 -g 

		=== go Summary ===

# of expected passes		7246
# of unexpected failures	2
# of expected failures		1
# of untested testcases		10
# of unsupported tests		3
/home/gccbuild/build/nightly/build-gcc-4.9/gcc/testsuite/go/../../gccgo  version 4.9.4 20150923 (prerelease) [gcc-4_9-branch revision 228064] (GCC) 

		=== obj-c++ tests ===


Running target unix

		=== obj-c++ Summary ===

# of expected passes		1441
# of expected failures		10
# of unsupported tests		86
/home/gccbuild/build/nightly/build-gcc-4.9/gcc/testsuite/obj-c++/../../xg++  version 4.9.4 20150923 (prerelease) [gcc-4_9-branch revision 228064] (GCC) 

		=== objc tests ===


Running target unix

		=== objc Summary ===

# of expected passes		2994
# of unsupported tests		74
/home/gccbuild/build/nightly/build-gcc-4.9/gcc/xgcc  version 4.9.4 20150923 (prerelease) [gcc-4_9-branch revision 228064] (GCC) 

		=== boehm-gc tests ===


Running target unix

		=== boehm-gc Summary ===

# of expected passes		12
# of unsupported tests		1
		=== libatomic tests ===


Running target unix

		=== libatomic Summary ===

# of expected passes		54
		=== libffi tests ===


Running target unix

		=== libffi Summary ===

# of expected passes		1819
# of unsupported tests		55
		=== libgo tests ===


Running target unix
FAIL: math
FAIL: time
FAIL: crypto/tls
FAIL: crypto/x509

		=== libgo Summary ===

# of expected passes		118
# of unexpected failures	4
/home/gccbuild/build/nightly/build-gcc-4.9/./gcc/gccgo version 4.9.4 20150923 (prerelease) [gcc-4_9-branch revision 228064] (GCC)

		=== libgomp tests ===


Running target unix

		=== libgomp Summary ===

# of expected passes		3264
# of unsupported tests		36
		=== libitm tests ===


Running target unix

		=== libitm Summary ===

# of expected passes		26
# of expected failures		3
# of unsupported tests		1
		=== libjava tests ===


Running target unix

		=== libjava Summary ===

# of expected passes		2582
# of expected failures		4
		=== libstdc++ tests ===


Running target unix

		=== libstdc++ Summary ===

# of expected passes		9763
# of expected failures		41
# of unsupported tests		401

Compiler version: 4.9.4 20150923 (prerelease) [gcc-4_9-branch revision 228064] (GCC) 
Platform: powerpc64le-unknown-linux-gnu
configure flags: --prefix=/opt/gcc-nightly/4.9 --with-as=/usr/bin/as --with-ld=/usr/bin/ld --enable-languages=c,c++,fortran,objc,obj-c++,java,go --with-cpu=power8 --enable-lto --disable-multilib --disable-libsanitizer --enable-decimal-float --with-long-double-128


Index Nav: [Date Index] [Subject Index] [Author Index] [Thread Index]
Message Nav: [Date Prev] [Date Next] [Thread Prev] [Thread Next]