This is the mail archive of the gcc-testresults@gcc.gnu.org mailing list for the GCC project.


Index Nav: [Date Index] [Subject Index] [Author Index] [Thread Index]
Message Nav: [Date Prev] [Date Next] [Thread Prev] [Thread Next]
Other format: [Raw text]

Results for 6.0.0 20150920 (experimental) [trunk revision 227952] (GCC) testsuite on powerpc-ibm-aix7.1.0.0


LAST_UPDATED: Sun Sep 20 22:08:15 UTC 2015 (revision 227952)

Native configuration is powerpc-ibm-aix7.1.0.0

		=== g++ tests ===


Running target unix
FAIL: g++.dg/compat/eh/new1 cp_compat_x_tst.o-cp_compat_y_tst.o execute 
FAIL: g++.dg/debug/const1.C -gdwarf-2 -g3 (test for excess errors)
FAIL: g++.dg/debug/const1.C -gdwarf-2 -g3 -O2 (test for excess errors)
FAIL: g++.dg/debug/const1.C -gdwarf-2 -g3 -O3 (test for excess errors)
FAIL: g++.dg/debug/debug4.C -gdwarf-2 -g3 (test for excess errors)
FAIL: g++.dg/debug/debug4.C -gdwarf-2 -g3 -O2 (test for excess errors)
FAIL: g++.dg/debug/debug4.C -gdwarf-2 -g3 -O3 (test for excess errors)
FAIL: g++.dg/debug/debug9.C -gdwarf-2 -g3 (test for excess errors)
FAIL: g++.dg/debug/debug9.C -gdwarf-2 -g3 -O2 (test for excess errors)
FAIL: g++.dg/debug/debug9.C -gdwarf-2 -g3 -O3 (test for excess errors)
FAIL: g++.dg/debug/pr27657.C -gdwarf-2 -g3 (test for excess errors)
FAIL: g++.dg/debug/pr27657.C -gdwarf-2 -g3 -O2 (test for excess errors)
FAIL: g++.dg/debug/pr27657.C -gdwarf-2 -g3 -O3 (test for excess errors)
FAIL: g++.dg/debug/pr54499.C -gdwarf-2 -g3 (test for excess errors)
FAIL: g++.dg/debug/pr54499.C -gdwarf-2 -g3 -O2 (test for excess errors)
FAIL: g++.dg/debug/pr54499.C -gdwarf-2 -g3 -O3 (test for excess errors)
XPASS: g++.dg/debug/pr56294.C -gdwarf-2 (test for excess errors)
XPASS: g++.dg/debug/pr56294.C -gdwarf-2 -g1 (test for excess errors)
XPASS: g++.dg/debug/pr56294.C -gdwarf-2 -g3 (test for excess errors)
XPASS: g++.dg/debug/pr56294.C -gxcoff (test for excess errors)
XPASS: g++.dg/debug/pr56294.C -gxcoff+ (test for excess errors)
XPASS: g++.dg/debug/pr56294.C -gxcoff+1 (test for excess errors)
XPASS: g++.dg/debug/pr56294.C -gxcoff+3 (test for excess errors)
XPASS: g++.dg/debug/pr56294.C -gxcoff1 (test for excess errors)
XPASS: g++.dg/debug/pr56294.C -gxcoff3 (test for excess errors)
XPASS: g++.dg/debug/pr56819.C -gdwarf-2 (test for excess errors)
XPASS: g++.dg/debug/pr56819.C -gdwarf-2 -g1 (test for excess errors)
XPASS: g++.dg/debug/pr56819.C -gdwarf-2 -g3 (test for excess errors)
XPASS: g++.dg/debug/pr56819.C -gxcoff (test for excess errors)
XPASS: g++.dg/debug/pr56819.C -gxcoff+ (test for excess errors)
XPASS: g++.dg/debug/pr56819.C -gxcoff+1 (test for excess errors)
XPASS: g++.dg/debug/pr56819.C -gxcoff+3 (test for excess errors)
XPASS: g++.dg/debug/pr56819.C -gxcoff1 (test for excess errors)
XPASS: g++.dg/debug/pr56819.C -gxcoff3 (test for excess errors)
FAIL: g++.dg/debug/trivial.C -gdwarf-2 -g3 (test for excess errors)
FAIL: g++.dg/debug/trivial.C -gdwarf-2 -g3 -O2 (test for excess errors)
WARNING: g++.dg/debug/trivial.C -gdwarf-2 -g3 -O2 compilation failed to produce executable
FAIL: g++.dg/debug/trivial.C -gdwarf-2 -g3 -O3 (test for excess errors)
WARNING: g++.dg/debug/trivial.C -gdwarf-2 -g3 -O3 compilation failed to produce executable
WARNING: g++.dg/debug/trivial.C -gdwarf-2 -g3 compilation failed to produce executable
FAIL: g++.dg/debug/dwarf2/deleted-member-function.C   scan-assembler-times  DW_AT_GNU_deleted 2
FAIL: g++.dg/debug/dwarf2/lineno-simple1.C  -std=gnu++11  scan-assembler _ZN1C3fooEv:[^\\\\t]*(\\\\t.(fnstart|frame|mask|file)[^\\\\t]*)*\\\\t[^:]+:7\\\\n
FAIL: g++.dg/debug/dwarf2/lineno-simple1.C  -std=gnu++11  scan-assembler _ZN1CC[12]Ev:[^\\\\t]*(\\\\t.(fnstart|frame|mask|file)[^\\\\t]*)*\\\\t[^:]+:4\\\\n
FAIL: g++.dg/debug/dwarf2/lineno-simple1.C  -std=gnu++11  scan-assembler main:[^\\\\t]*(\\\\t.(fnstart|frame|mask|file)[^\\\\t]*)*\\\\t[^:]+:13\\\\n
FAIL: g++.dg/debug/dwarf2/lineno-simple1.C  -std=gnu++14  scan-assembler _ZN1C3fooEv:[^\\\\t]*(\\\\t.(fnstart|frame|mask|file)[^\\\\t]*)*\\\\t[^:]+:7\\\\n
FAIL: g++.dg/debug/dwarf2/lineno-simple1.C  -std=gnu++14  scan-assembler _ZN1CC[12]Ev:[^\\\\t]*(\\\\t.(fnstart|frame|mask|file)[^\\\\t]*)*\\\\t[^:]+:4\\\\n
FAIL: g++.dg/debug/dwarf2/lineno-simple1.C  -std=gnu++14  scan-assembler main:[^\\\\t]*(\\\\t.(fnstart|frame|mask|file)[^\\\\t]*)*\\\\t[^:]+:13\\\\n
FAIL: g++.dg/debug/dwarf2/lineno-simple1.C  -std=gnu++98  scan-assembler _ZN1C3fooEv:[^\\\\t]*(\\\\t.(fnstart|frame|mask|file)[^\\\\t]*)*\\\\t[^:]+:7\\\\n
FAIL: g++.dg/debug/dwarf2/lineno-simple1.C  -std=gnu++98  scan-assembler _ZN1CC[12]Ev:[^\\\\t]*(\\\\t.(fnstart|frame|mask|file)[^\\\\t]*)*\\\\t[^:]+:4\\\\n
FAIL: g++.dg/debug/dwarf2/lineno-simple1.C  -std=gnu++98  scan-assembler main:[^\\\\t]*(\\\\t.(fnstart|frame|mask|file)[^\\\\t]*)*\\\\t[^:]+:13\\\\n
FAIL: g++.dg/debug/dwarf2/nested-4.C  -std=gnu++11  scan-assembler-times debug_types 2
FAIL: g++.dg/debug/dwarf2/nested-4.C  -std=gnu++14  scan-assembler-times debug_types 2
FAIL: g++.dg/debug/dwarf2/nested-4.C  -std=gnu++98  scan-assembler-times debug_types 2
FAIL: g++.dg/debug/dwarf2/noreturn-function.C   scan-assembler-times DW_AT_noreturn 2
FAIL: g++.dg/debug/dwarf2/pr44641.C  -std=gnu++11  scan-assembler _ZN12MisplacedDbgI3ArgEC[12]Ev:[^\\\\t]*(\\\\t.(fnstart|frame|mask|file)[^\\\\t]*)*\\\\t[^:]+:35\\\\n
FAIL: g++.dg/debug/dwarf2/pr44641.C  -std=gnu++11  scan-assembler _ZN12MisplacedDbgI3ArgED0Ev:[^\\\\t]*(\\\\t.(fnstart|frame|mask|file)[^\\\\t]*)*\\\\t[^:]+:35\\\\n
FAIL: g++.dg/debug/dwarf2/pr44641.C  -std=gnu++11  scan-assembler _ZN12MisplacedDbgI4FullEC[12]Ev:[^\\\\t]*(\\\\t.(fnstart|frame|mask|file)[^\\\\t]*)*\\\\t[^:]+:22\\\\n
FAIL: g++.dg/debug/dwarf2/pr44641.C  -std=gnu++11  scan-assembler _ZN12MisplacedDbgI4FullED0Ev:[^\\\\t]*(\\\\t.(fnstart|frame|mask|file)[^\\\\t]*)*\\\\t[^:]+:22\\\\n
FAIL: g++.dg/debug/dwarf2/pr44641.C  -std=gnu++11  scan-assembler _ZN12MisplacedDbgIP3ArgEC[12]Ev:[^\\\\t]*(\\\\t.(fnstart|frame|mask|file)[^\\\\t]*)*\\\\t[^:]+:29\\\\n
FAIL: g++.dg/debug/dwarf2/pr44641.C  -std=gnu++11  scan-assembler _ZN12MisplacedDbgIP3ArgED0Ev:[^\\\\t]*(\\\\t.(fnstart|frame|mask|file)[^\\\\t]*)*\\\\t[^:]+:29\\\\n
FAIL: g++.dg/debug/dwarf2/pr44641.C  -std=gnu++14  scan-assembler _ZN12MisplacedDbgI3ArgEC[12]Ev:[^\\\\t]*(\\\\t.(fnstart|frame|mask|file)[^\\\\t]*)*\\\\t[^:]+:35\\\\n
FAIL: g++.dg/debug/dwarf2/pr44641.C  -std=gnu++14  scan-assembler _ZN12MisplacedDbgI3ArgED0Ev:[^\\\\t]*(\\\\t.(fnstart|frame|mask|file)[^\\\\t]*)*\\\\t[^:]+:35\\\\n
FAIL: g++.dg/debug/dwarf2/pr44641.C  -std=gnu++14  scan-assembler _ZN12MisplacedDbgI4FullEC[12]Ev:[^\\\\t]*(\\\\t.(fnstart|frame|mask|file)[^\\\\t]*)*\\\\t[^:]+:22\\\\n
FAIL: g++.dg/debug/dwarf2/pr44641.C  -std=gnu++14  scan-assembler _ZN12MisplacedDbgI4FullED0Ev:[^\\\\t]*(\\\\t.(fnstart|frame|mask|file)[^\\\\t]*)*\\\\t[^:]+:22\\\\n
FAIL: g++.dg/debug/dwarf2/pr44641.C  -std=gnu++14  scan-assembler _ZN12MisplacedDbgIP3ArgEC[12]Ev:[^\\\\t]*(\\\\t.(fnstart|frame|mask|file)[^\\\\t]*)*\\\\t[^:]+:29\\\\n
FAIL: g++.dg/debug/dwarf2/pr44641.C  -std=gnu++14  scan-assembler _ZN12MisplacedDbgIP3ArgED0Ev:[^\\\\t]*(\\\\t.(fnstart|frame|mask|file)[^\\\\t]*)*\\\\t[^:]+:29\\\\n
FAIL: g++.dg/debug/dwarf2/pr44641.C  -std=gnu++98  scan-assembler _ZN12MisplacedDbgI3ArgEC[12]Ev:[^\\\\t]*(\\\\t.(fnstart|frame|mask|file)[^\\\\t]*)*\\\\t[^:]+:35\\\\n
FAIL: g++.dg/debug/dwarf2/pr44641.C  -std=gnu++98  scan-assembler _ZN12MisplacedDbgI3ArgED0Ev:[^\\\\t]*(\\\\t.(fnstart|frame|mask|file)[^\\\\t]*)*\\\\t[^:]+:35\\\\n
FAIL: g++.dg/debug/dwarf2/pr44641.C  -std=gnu++98  scan-assembler _ZN12MisplacedDbgI4FullEC[12]Ev:[^\\\\t]*(\\\\t.(fnstart|frame|mask|file)[^\\\\t]*)*\\\\t[^:]+:22\\\\n
FAIL: g++.dg/debug/dwarf2/pr44641.C  -std=gnu++98  scan-assembler _ZN12MisplacedDbgI4FullED0Ev:[^\\\\t]*(\\\\t.(fnstart|frame|mask|file)[^\\\\t]*)*\\\\t[^:]+:22\\\\n
FAIL: g++.dg/debug/dwarf2/pr44641.C  -std=gnu++98  scan-assembler _ZN12MisplacedDbgIP3ArgEC[12]Ev:[^\\\\t]*(\\\\t.(fnstart|frame|mask|file)[^\\\\t]*)*\\\\t[^:]+:29\\\\n
FAIL: g++.dg/debug/dwarf2/pr44641.C  -std=gnu++98  scan-assembler _ZN12MisplacedDbgIP3ArgED0Ev:[^\\\\t]*(\\\\t.(fnstart|frame|mask|file)[^\\\\t]*)*\\\\t[^:]+:29\\\\n
XPASS: g++.dg/debug/dwarf2/pr46123-2.C  -std=gnu++11 broken -feliminate-dwarf2-dups (test for bogus messages, line 1)
XPASS: g++.dg/debug/dwarf2/pr46123-2.C  -std=gnu++14 broken -feliminate-dwarf2-dups (test for bogus messages, line 1)
XPASS: g++.dg/debug/dwarf2/pr46123-2.C  -std=gnu++98 broken -feliminate-dwarf2-dups (test for bogus messages, line 1)
FAIL: g++.dg/debug/dwarf2/pr46527.C  -std=gnu++11  scan-assembler _ZN6StructIdE13defined_laterEv:[^\\\\t]*(\\\\t.(fnstart|frame|mask|file)[^\\\\t]*)*\\\\t[^:]+:12\\\\n
FAIL: g++.dg/debug/dwarf2/pr46527.C  -std=gnu++14  scan-assembler _ZN6StructIdE13defined_laterEv:[^\\\\t]*(\\\\t.(fnstart|frame|mask|file)[^\\\\t]*)*\\\\t[^:]+:12\\\\n
FAIL: g++.dg/debug/dwarf2/pr46527.C  -std=gnu++98  scan-assembler _ZN6StructIdE13defined_laterEv:[^\\\\t]*(\\\\t.(fnstart|frame|mask|file)[^\\\\t]*)*\\\\t[^:]+:12\\\\n
FAIL: g++.dg/debug/dwarf2/pr61433.C  -std=gnu++11 (test for excess errors)
FAIL: g++.dg/debug/dwarf2/pr61433.C  -std=gnu++14 (test for excess errors)
FAIL: g++.dg/debug/dwarf2/pubnames-2.C  -std=gnu++11  scan-assembler-times .section[\\t ][^\\n]*debug_pubnames 1
FAIL: g++.dg/debug/dwarf2/pubnames-2.C  -std=gnu++11  scan-assembler-times .section[\\t ][^\\n]*debug_pubtypes 1
FAIL: g++.dg/debug/dwarf2/pubnames-2.C  -std=gnu++14  scan-assembler-times .section[\\t ][^\\n]*debug_pubnames 1
FAIL: g++.dg/debug/dwarf2/pubnames-2.C  -std=gnu++14  scan-assembler-times .section[\\t ][^\\n]*debug_pubtypes 1
FAIL: g++.dg/debug/dwarf2/pubnames-3.C  -std=gnu++11  scan-assembler-times .section[\\t ][^\\n]*debug_pubnames 1
FAIL: g++.dg/debug/dwarf2/pubnames-3.C  -std=gnu++11  scan-assembler-times .section[\\t ][^\\n]*debug_pubtypes 1
FAIL: g++.dg/debug/dwarf2/pubnames-3.C  -std=gnu++14  scan-assembler-times .section[\\t ][^\\n]*debug_pubnames 1
FAIL: g++.dg/debug/dwarf2/pubnames-3.C  -std=gnu++14  scan-assembler-times .section[\\t ][^\\n]*debug_pubtypes 1
FAIL: g++.dg/abi/anon1.C  -std=c++11  scan-assembler-not globl
FAIL: g++.dg/abi/anon1.C  -std=c++14  scan-assembler-not globl
FAIL: g++.dg/abi/anon1.C  -std=c++98  scan-assembler-not globl
FAIL: g++.dg/cpp/ucn-1.C  -std=gnu++11 (test for excess errors)
FAIL: g++.dg/cpp/ucn-1.C  -std=gnu++14 (test for excess errors)
FAIL: g++.dg/cpp1y/pr58708.C  -std=c++14 (test for excess errors)
WARNING: g++.dg/cpp1y/pr58708.C  -std=c++14 compilation failed to produce executable
FAIL: g++.dg/eh/new1.C  -std=c++14 execution test
FAIL: g++.dg/init/new40.C   execution test
FAIL: g++.dg/init/ref15.C  -std=c++11 execution test
FAIL: g++.dg/init/ref15.C  -std=c++14 execution test
FAIL: g++.dg/init/ref15.C  -std=c++98 execution test
XPASS: g++.dg/template/linkage1.C  -std=c++98  scan-assembler-not (weak|glob)[^\\n]*_Z3fooIXadL_ZL11static_funcvEEEvv
FAIL: g++.dg/tree-ssa/pr61034.C  -std=gnu++11  scan-tree-dump-times fre2 "free" 10
FAIL: g++.dg/tree-ssa/pr61034.C  -std=gnu++14  scan-tree-dump-times fre2 "free" 10
FAIL: g++.dg/tree-ssa/pr61034.C  -std=gnu++98  scan-tree-dump-times fre2 "free" 10
XPASS: g++.dg/tls/thread_local-order2.C  -std=c++11 execution test
XPASS: g++.dg/tls/thread_local-order2.C  -std=c++14 execution test
FAIL: g++.dg/tree-prof/pr57451.C compilation,  -fprofile-use -D_PROFILE_USE
UNRESOLVED: g++.dg/tree-prof/pr57451.C execution,    -fprofile-use -D_PROFILE_USE
FAIL: g++.dg/vect/pr36648.cc  -std=c++11  scan-tree-dump-times vect "vectorized 1 loops" 1
FAIL: g++.dg/vect/pr36648.cc  -std=c++11  scan-tree-dump-times vect "vectorizing stmts using SLP" 1
FAIL: g++.dg/vect/pr36648.cc  -std=c++14  scan-tree-dump-times vect "vectorized 1 loops" 1
FAIL: g++.dg/vect/pr36648.cc  -std=c++14  scan-tree-dump-times vect "vectorizing stmts using SLP" 1
FAIL: g++.dg/vect/pr36648.cc  -std=c++98  scan-tree-dump-times vect "vectorized 1 loops" 1
FAIL: g++.dg/vect/pr36648.cc  -std=c++98  scan-tree-dump-times vect "vectorizing stmts using SLP" 1
FAIL: g++.old-deja/g++.eh/new2.C  -std=gnu++14 execution test
XPASS: g++.old-deja/g++.mike/p755a.C  -std=c++11 execution test
XPASS: g++.old-deja/g++.mike/p755a.C  -std=c++98 execution test
FAIL: g++.old-deja/g++.other/init18.C  -std=c++11 execution test
FAIL: g++.old-deja/g++.other/init18.C  -std=c++14 execution test
FAIL: g++.old-deja/g++.other/init18.C  -std=c++98 execution test
FAIL: g++.old-deja/g++.other/init19.C  -std=c++11 execution test
FAIL: g++.old-deja/g++.other/init19.C  -std=c++14 execution test
FAIL: g++.old-deja/g++.other/init19.C  -std=c++98 execution test
FAIL: g++.old-deja/g++.pt/static11.C  -std=c++11 execution test
FAIL: g++.old-deja/g++.pt/static11.C  -std=c++14 execution test
FAIL: g++.old-deja/g++.pt/static11.C  -std=c++98 execution test

		=== g++ Summary ===

# of expected passes		80449
# of unexpected failures	95
# of unexpected successes	26
# of expected failures		370
# of unresolved testcases	1
# of unsupported tests		3737
/tmp/20150920/gcc/testsuite/g++/../../xg++  version 6.0.0 20150920 (experimental) [trunk revision 227952] (GCC) 

		=== gcc tests ===


Running target unix
FAIL: gcc.dg/cpp/assert4.c (test for excess errors)
FAIL: gcc.dg/cpp/trad/include.c (test for excess errors)
FAIL: gcc.dg/debug/20020220-1.c -gdwarf-2 -g3 (test for excess errors)
FAIL: gcc.dg/debug/20020220-1.c -gdwarf-2 -g3 -O (test for excess errors)
WARNING: gcc.dg/debug/20020220-1.c -gdwarf-2 -g3 -O compilation failed to produce executable
FAIL: gcc.dg/debug/20020220-1.c -gdwarf-2 -g3 -O3 (test for excess errors)
WARNING: gcc.dg/debug/20020220-1.c -gdwarf-2 -g3 -O3 compilation failed to produce executable
WARNING: gcc.dg/debug/20020220-1.c -gdwarf-2 -g3 compilation failed to produce executable
FAIL: gcc.dg/debug/20020327-1.c -gdwarf-2 -g3 (test for excess errors)
FAIL: gcc.dg/debug/20020327-1.c -gdwarf-2 -g3 -O (test for excess errors)
FAIL: gcc.dg/debug/20020327-1.c -gdwarf-2 -g3 -O3 (test for excess errors)
FAIL: gcc.dg/debug/20050907-1.c -gdwarf-2 -g3 (test for excess errors)
FAIL: gcc.dg/debug/20050907-1.c -gdwarf-2 -g3 -O (test for excess errors)
FAIL: gcc.dg/debug/20050907-1.c -gdwarf-2 -g3 -O3 (test for excess errors)
FAIL: gcc.dg/debug/pr29609-1.c -gdwarf-2 (test for excess errors)
FAIL: gcc.dg/debug/pr29609-1.c -gdwarf-2 -O (test for excess errors)
WARNING: gcc.dg/debug/pr29609-1.c -gdwarf-2 -O compilation failed to produce executable
FAIL: gcc.dg/debug/pr29609-1.c -gdwarf-2 -O3 (test for excess errors)
WARNING: gcc.dg/debug/pr29609-1.c -gdwarf-2 -O3 compilation failed to produce executable
FAIL: gcc.dg/debug/pr29609-1.c -gdwarf-2 -g1 (test for excess errors)
FAIL: gcc.dg/debug/pr29609-1.c -gdwarf-2 -g1 -O (test for excess errors)
WARNING: gcc.dg/debug/pr29609-1.c -gdwarf-2 -g1 -O compilation failed to produce executable
FAIL: gcc.dg/debug/pr29609-1.c -gdwarf-2 -g1 -O3 (test for excess errors)
WARNING: gcc.dg/debug/pr29609-1.c -gdwarf-2 -g1 -O3 compilation failed to produce executable
WARNING: gcc.dg/debug/pr29609-1.c -gdwarf-2 -g1 compilation failed to produce executable
FAIL: gcc.dg/debug/pr29609-1.c -gdwarf-2 -g3 (test for excess errors)
FAIL: gcc.dg/debug/pr29609-1.c -gdwarf-2 -g3 -O (test for excess errors)
WARNING: gcc.dg/debug/pr29609-1.c -gdwarf-2 -g3 -O compilation failed to produce executable
FAIL: gcc.dg/debug/pr29609-1.c -gdwarf-2 -g3 -O3 (test for excess errors)
WARNING: gcc.dg/debug/pr29609-1.c -gdwarf-2 -g3 -O3 compilation failed to produce executable
WARNING: gcc.dg/debug/pr29609-1.c -gdwarf-2 -g3 compilation failed to produce executable
WARNING: gcc.dg/debug/pr29609-1.c -gdwarf-2 compilation failed to produce executable
FAIL: gcc.dg/debug/pr29609-2.c -gdwarf-2 (test for excess errors)
FAIL: gcc.dg/debug/pr29609-2.c -gdwarf-2 -O (test for excess errors)
WARNING: gcc.dg/debug/pr29609-2.c -gdwarf-2 -O compilation failed to produce executable
FAIL: gcc.dg/debug/pr29609-2.c -gdwarf-2 -O3 (test for excess errors)
WARNING: gcc.dg/debug/pr29609-2.c -gdwarf-2 -O3 compilation failed to produce executable
FAIL: gcc.dg/debug/pr29609-2.c -gdwarf-2 -g1 (test for excess errors)
FAIL: gcc.dg/debug/pr29609-2.c -gdwarf-2 -g1 -O (test for excess errors)
WARNING: gcc.dg/debug/pr29609-2.c -gdwarf-2 -g1 -O compilation failed to produce executable
FAIL: gcc.dg/debug/pr29609-2.c -gdwarf-2 -g1 -O3 (test for excess errors)
WARNING: gcc.dg/debug/pr29609-2.c -gdwarf-2 -g1 -O3 compilation failed to produce executable
WARNING: gcc.dg/debug/pr29609-2.c -gdwarf-2 -g1 compilation failed to produce executable
FAIL: gcc.dg/debug/pr29609-2.c -gdwarf-2 -g3 (test for excess errors)
FAIL: gcc.dg/debug/pr29609-2.c -gdwarf-2 -g3 -O (test for excess errors)
WARNING: gcc.dg/debug/pr29609-2.c -gdwarf-2 -g3 -O compilation failed to produce executable
FAIL: gcc.dg/debug/pr29609-2.c -gdwarf-2 -g3 -O3 (test for excess errors)
WARNING: gcc.dg/debug/pr29609-2.c -gdwarf-2 -g3 -O3 compilation failed to produce executable
WARNING: gcc.dg/debug/pr29609-2.c -gdwarf-2 -g3 compilation failed to produce executable
WARNING: gcc.dg/debug/pr29609-2.c -gdwarf-2 compilation failed to produce executable
FAIL: gcc.dg/debug/pr36690-1.c -gdwarf-2 (test for excess errors)
FAIL: gcc.dg/debug/pr36690-1.c -gdwarf-2 -O (test for excess errors)
WARNING: gcc.dg/debug/pr36690-1.c -gdwarf-2 -O compilation failed to produce executable
FAIL: gcc.dg/debug/pr36690-1.c -gdwarf-2 -O3 (test for excess errors)
WARNING: gcc.dg/debug/pr36690-1.c -gdwarf-2 -O3 compilation failed to produce executable
FAIL: gcc.dg/debug/pr36690-1.c -gdwarf-2 -g1 (test for excess errors)
FAIL: gcc.dg/debug/pr36690-1.c -gdwarf-2 -g1 -O (test for excess errors)
WARNING: gcc.dg/debug/pr36690-1.c -gdwarf-2 -g1 -O compilation failed to produce executable
FAIL: gcc.dg/debug/pr36690-1.c -gdwarf-2 -g1 -O3 (test for excess errors)
WARNING: gcc.dg/debug/pr36690-1.c -gdwarf-2 -g1 -O3 compilation failed to produce executable
WARNING: gcc.dg/debug/pr36690-1.c -gdwarf-2 -g1 compilation failed to produce executable
FAIL: gcc.dg/debug/pr36690-1.c -gdwarf-2 -g3 (test for excess errors)
FAIL: gcc.dg/debug/pr36690-1.c -gdwarf-2 -g3 -O (test for excess errors)
WARNING: gcc.dg/debug/pr36690-1.c -gdwarf-2 -g3 -O compilation failed to produce executable
FAIL: gcc.dg/debug/pr36690-1.c -gdwarf-2 -g3 -O3 (test for excess errors)
WARNING: gcc.dg/debug/pr36690-1.c -gdwarf-2 -g3 -O3 compilation failed to produce executable
WARNING: gcc.dg/debug/pr36690-1.c -gdwarf-2 -g3 compilation failed to produce executable
WARNING: gcc.dg/debug/pr36690-1.c -gdwarf-2 compilation failed to produce executable
FAIL: gcc.dg/debug/pr36690-2.c -gdwarf-2 (test for excess errors)
FAIL: gcc.dg/debug/pr36690-2.c -gdwarf-2 -O (test for excess errors)
WARNING: gcc.dg/debug/pr36690-2.c -gdwarf-2 -O compilation failed to produce executable
FAIL: gcc.dg/debug/pr36690-2.c -gdwarf-2 -O3 (test for excess errors)
WARNING: gcc.dg/debug/pr36690-2.c -gdwarf-2 -O3 compilation failed to produce executable
FAIL: gcc.dg/debug/pr36690-2.c -gdwarf-2 -g1 (test for excess errors)
FAIL: gcc.dg/debug/pr36690-2.c -gdwarf-2 -g1 -O (test for excess errors)
WARNING: gcc.dg/debug/pr36690-2.c -gdwarf-2 -g1 -O compilation failed to produce executable
FAIL: gcc.dg/debug/pr36690-2.c -gdwarf-2 -g1 -O3 (test for excess errors)
WARNING: gcc.dg/debug/pr36690-2.c -gdwarf-2 -g1 -O3 compilation failed to produce executable
WARNING: gcc.dg/debug/pr36690-2.c -gdwarf-2 -g1 compilation failed to produce executable
FAIL: gcc.dg/debug/pr36690-2.c -gdwarf-2 -g3 (test for excess errors)
FAIL: gcc.dg/debug/pr36690-2.c -gdwarf-2 -g3 -O (test for excess errors)
WARNING: gcc.dg/debug/pr36690-2.c -gdwarf-2 -g3 -O compilation failed to produce executable
FAIL: gcc.dg/debug/pr36690-2.c -gdwarf-2 -g3 -O3 (test for excess errors)
WARNING: gcc.dg/debug/pr36690-2.c -gdwarf-2 -g3 -O3 compilation failed to produce executable
WARNING: gcc.dg/debug/pr36690-2.c -gdwarf-2 -g3 compilation failed to produce executable
WARNING: gcc.dg/debug/pr36690-2.c -gdwarf-2 compilation failed to produce executable
FAIL: gcc.dg/debug/pr36690-3.c -gdwarf-2 (test for excess errors)
FAIL: gcc.dg/debug/pr36690-3.c -gdwarf-2 -O (test for excess errors)
WARNING: gcc.dg/debug/pr36690-3.c -gdwarf-2 -O compilation failed to produce executable
FAIL: gcc.dg/debug/pr36690-3.c -gdwarf-2 -O3 (test for excess errors)
WARNING: gcc.dg/debug/pr36690-3.c -gdwarf-2 -O3 compilation failed to produce executable
FAIL: gcc.dg/debug/pr36690-3.c -gdwarf-2 -g1 (test for excess errors)
FAIL: gcc.dg/debug/pr36690-3.c -gdwarf-2 -g1 -O (test for excess errors)
WARNING: gcc.dg/debug/pr36690-3.c -gdwarf-2 -g1 -O compilation failed to produce executable
FAIL: gcc.dg/debug/pr36690-3.c -gdwarf-2 -g1 -O3 (test for excess errors)
WARNING: gcc.dg/debug/pr36690-3.c -gdwarf-2 -g1 -O3 compilation failed to produce executable
WARNING: gcc.dg/debug/pr36690-3.c -gdwarf-2 -g1 compilation failed to produce executable
FAIL: gcc.dg/debug/pr36690-3.c -gdwarf-2 -g3 (test for excess errors)
FAIL: gcc.dg/debug/pr36690-3.c -gdwarf-2 -g3 -O (test for excess errors)
WARNING: gcc.dg/debug/pr36690-3.c -gdwarf-2 -g3 -O compilation failed to produce executable
FAIL: gcc.dg/debug/pr36690-3.c -gdwarf-2 -g3 -O3 (test for excess errors)
WARNING: gcc.dg/debug/pr36690-3.c -gdwarf-2 -g3 -O3 compilation failed to produce executable
WARNING: gcc.dg/debug/pr36690-3.c -gdwarf-2 -g3 compilation failed to produce executable
WARNING: gcc.dg/debug/pr36690-3.c -gdwarf-2 compilation failed to produce executable
FAIL: gcc.dg/debug/pr37616.c -gdwarf-2 (test for excess errors)
FAIL: gcc.dg/debug/pr37616.c -gdwarf-2 -O (test for excess errors)
WARNING: gcc.dg/debug/pr37616.c -gdwarf-2 -O compilation failed to produce executable
FAIL: gcc.dg/debug/pr37616.c -gdwarf-2 -O3 (test for excess errors)
WARNING: gcc.dg/debug/pr37616.c -gdwarf-2 -O3 compilation failed to produce executable
FAIL: gcc.dg/debug/pr37616.c -gdwarf-2 -g1 (test for excess errors)
FAIL: gcc.dg/debug/pr37616.c -gdwarf-2 -g1 -O (test for excess errors)
WARNING: gcc.dg/debug/pr37616.c -gdwarf-2 -g1 -O compilation failed to produce executable
FAIL: gcc.dg/debug/pr37616.c -gdwarf-2 -g1 -O3 (test for excess errors)
WARNING: gcc.dg/debug/pr37616.c -gdwarf-2 -g1 -O3 compilation failed to produce executable
WARNING: gcc.dg/debug/pr37616.c -gdwarf-2 -g1 compilation failed to produce executable
FAIL: gcc.dg/debug/pr37616.c -gdwarf-2 -g3 (test for excess errors)
FAIL: gcc.dg/debug/pr37616.c -gdwarf-2 -g3 -O (test for excess errors)
WARNING: gcc.dg/debug/pr37616.c -gdwarf-2 -g3 -O compilation failed to produce executable
FAIL: gcc.dg/debug/pr37616.c -gdwarf-2 -g3 -O3 (test for excess errors)
WARNING: gcc.dg/debug/pr37616.c -gdwarf-2 -g3 -O3 compilation failed to produce executable
WARNING: gcc.dg/debug/pr37616.c -gdwarf-2 -g3 compilation failed to produce executable
WARNING: gcc.dg/debug/pr37616.c -gdwarf-2 compilation failed to produce executable
FAIL: gcc.dg/debug/pr49032.c -gdwarf-2 -g3 (test for excess errors)
FAIL: gcc.dg/debug/pr49032.c -gdwarf-2 -g3 -O (test for excess errors)
FAIL: gcc.dg/debug/pr49032.c -gdwarf-2 -g3 -O3 (test for excess errors)
FAIL: gcc.dg/debug/pr65771.c -gdwarf-2 (test for excess errors)
FAIL: gcc.dg/debug/pr65771.c -gdwarf-2 -O (test for excess errors)
FAIL: gcc.dg/debug/pr65771.c -gdwarf-2 -O3 (test for excess errors)
FAIL: gcc.dg/debug/pr65771.c -gdwarf-2 -g3 (test for excess errors)
FAIL: gcc.dg/debug/pr65771.c -gdwarf-2 -g3 -O (test for excess errors)
FAIL: gcc.dg/debug/pr65771.c -gdwarf-2 -g3 -O3 (test for excess errors)
FAIL: gcc.dg/debug/tls-1.c -gdwarf-2 -g3 (test for excess errors)
FAIL: gcc.dg/debug/tls-1.c -gdwarf-2 -g3 -O (test for excess errors)
FAIL: gcc.dg/debug/tls-1.c -gdwarf-2 -g3 -O3 (test for excess errors)
FAIL: gcc.dg/debug/trivial.c -gdwarf-2 -g3 (test for excess errors)
FAIL: gcc.dg/debug/trivial.c -gdwarf-2 -g3 -O (test for excess errors)
WARNING: gcc.dg/debug/trivial.c -gdwarf-2 -g3 -O compilation failed to produce executable
FAIL: gcc.dg/debug/trivial.c -gdwarf-2 -g3 -O3 (test for excess errors)
WARNING: gcc.dg/debug/trivial.c -gdwarf-2 -g3 -O3 compilation failed to produce executable
WARNING: gcc.dg/debug/trivial.c -gdwarf-2 -g3 compilation failed to produce executable
FAIL: gcc.dg/debug/dwarf2/lang-c89.c scan-assembler 0x1.*DW_AT_language
FAIL: gcc.dg/debug/dwarf2/noreturn-function-attribute.c scan-assembler-times DW_AT_noreturn 2
FAIL: gcc.dg/debug/dwarf2/noreturn-function-keyword.c scan-assembler-times DW_AT_noreturn 2
FAIL: gcc.dg/debug/dwarf2/stacked-qualified-types-3.c scan-assembler-times DIE \\\\([^\\n]*\\\\) DW_TAG_(?:const|volatile|atomic|restrict)_type 8
FAIL: gcc.dg/addr_equal-1.c (test for excess errors)
WARNING: gcc.dg/addr_equal-1.c compilation failed to produce executable
FAIL: gcc.dg/asm-names.c scan-assembler-not ____frob14
FAIL: gcc.dg/pr64935-2.c (test for excess errors)
FAIL: gcc.dg/pr65521.c (test for excess errors)
FAIL: gcc.dg/pragma-diag-5.c (test for excess errors)
FAIL: gcc.dg/sms-8.c execution test
FAIL: gcc.dg/sms-8.c scan-rtl-dump-times sms "SMS succeeded" 0
FAIL: gcc.dg/ipa/iinline-attr.c scan-ipa-dump inline "hooray[^\\\\n]*inline copy in test"
XPASS: gcc.dg/torture/pr59166.c   -O0  (test for excess errors)
FAIL: gcc.dg/tree-prof/time-profiler-2.c scan-ipa-dump-times profile "Read tp_first_run: 0" 2
FAIL: gcc.dg/tree-prof/time-profiler-2.c scan-ipa-dump-times profile "Read tp_first_run: 2" 1
FAIL: gcc.dg/tree-prof/time-profiler-2.c scan-ipa-dump-times profile "Read tp_first_run: 3" 1
FAIL: gcc.dg/tree-ssa/ivopts-lt-2.c scan-tree-dump-times ivopts "PHI <p_" 1
FAIL: gcc.dg/tree-ssa/ivopts-lt-2.c scan-tree-dump-times ivopts "PHI" 1
FAIL: gcc.dg/tree-ssa/ivopts-lt-2.c scan-tree-dump-times ivopts "p_[0-9]* <" 1
FAIL: gcc.dg/tree-ssa/sra-12.c scan-tree-dump-times release_ssa "l;" 0
FAIL: gcc.dg/vect/costmodel/ppc/costmodel-bb-slp-9a-pr63175.c scan-assembler-not \\tlwz?u?x? 
FAIL: gcc.dg/vect/costmodel/ppc/costmodel-vect-31a.c scan-tree-dump-times vect "vectorization not profitable" 1
FAIL: gcc.dg/vect/costmodel/ppc/costmodel-vect-33.c scan-tree-dump-times vect "vectorization not profitable" 1
FAIL: gcc.dg/vect/bb-slp-pr65935.c scan-tree-dump-times slp1 "basic block vectorized" 1
FAIL: gcc.dg/vect/no-vfa-vect-depend-2.c scan-tree-dump-times vect "vectorized 1 loops" 1
FAIL: gcc.dg/vect/no-vfa-vect-depend-3.c scan-tree-dump-times vect "vectorized 1 loops" 4
FAIL: gcc.dg/vect/slp-multitypes-4.c scan-tree-dump-times vect "vectorized 1 loops" 1
FAIL: gcc.dg/vect/slp-multitypes-4.c scan-tree-dump-times vect "vectorizing stmts using SLP" 1
FAIL: gcc.dg/vect/slp-multitypes-5.c scan-tree-dump-times vect "vectorized 1 loops" 1
FAIL: gcc.dg/vect/slp-multitypes-5.c scan-tree-dump-times vect "vectorizing stmts using SLP" 1
FAIL: gcc.dg/vect/slp-perm-8.c scan-tree-dump-times vect "vectorized 1 loops" 1
FAIL: gcc.dg/vect/vect-125.c scan-tree-dump vect "vectorized 1 loops"
FAIL: gcc.dg/vect/vect-31.c scan-tree-dump-times vect "vectorized 4 loops" 1
FAIL: gcc.target/powerpc/pr16458-1.c scan-assembler-not cmpw
FAIL: gcc.target/powerpc/pr16458-2.c scan-assembler-not cmpw

		=== gcc Summary ===

# of expected passes		68555
# of unexpected failures	114
# of unexpected successes	1
# of expected failures		221
# of unsupported tests		1564
/tmp/20150920/gcc/xgcc  version 6.0.0 20150920 (experimental) [trunk revision 227952] (GCC) 

		=== gfortran tests ===


Running target unix
XPASS: gfortran.dg/debug/pr46756.f -gdwarf-2 -g1 Deleted feature: ASSIGN (test for warnings, line 8)
XPASS: gfortran.dg/debug/pr46756.f -gdwarf-2 -g3 Deleted feature: ASSIGN (test for warnings, line 8)
XPASS: gfortran.dg/debug/pr46756.f -gdwarf-2 Deleted feature: ASSIGN (test for warnings, line 8)
XPASS: gfortran.dg/debug/pr46756.f -gxcoff Deleted feature: ASSIGN (test for warnings, line 8)
XPASS: gfortran.dg/debug/pr46756.f -gxcoff+ Deleted feature: ASSIGN (test for warnings, line 8)
XPASS: gfortran.dg/debug/pr46756.f -gxcoff+1 Deleted feature: ASSIGN (test for warnings, line 8)
XPASS: gfortran.dg/debug/pr46756.f -gxcoff+3 Deleted feature: ASSIGN (test for warnings, line 8)
XPASS: gfortran.dg/debug/pr46756.f -gxcoff1 Deleted feature: ASSIGN (test for warnings, line 8)
XPASS: gfortran.dg/debug/pr46756.f -gxcoff3 Deleted feature: ASSIGN (test for warnings, line 8)
FAIL: gfortran.dg/bind_c_array_params_2.f90   -O   scan-assembler-times [ \\t][\$,_0-9]*myBindC 1
FAIL: gfortran.dg/implicit_class_1.f90   -O0  (test for excess errors)
WARNING: gfortran.dg/implicit_class_1.f90   -O0  compilation failed to produce executable
FAIL: gfortran.dg/implicit_class_1.f90   -O1  (test for excess errors)
WARNING: gfortran.dg/implicit_class_1.f90   -O1  compilation failed to produce executable
FAIL: gfortran.dg/implicit_class_1.f90   -O2  (test for excess errors)
WARNING: gfortran.dg/implicit_class_1.f90   -O2  compilation failed to produce executable
FAIL: gfortran.dg/implicit_class_1.f90   -O3 -fomit-frame-pointer -funroll-loops -fpeel-loops -ftracer -finline-functions  (test for excess errors)
WARNING: gfortran.dg/implicit_class_1.f90   -O3 -fomit-frame-pointer -funroll-loops -fpeel-loops -ftracer -finline-functions  compilation failed to produce executable
FAIL: gfortran.dg/implicit_class_1.f90   -O3 -g  (test for excess errors)
WARNING: gfortran.dg/implicit_class_1.f90   -O3 -g  compilation failed to produce executable
FAIL: gfortran.dg/implicit_class_1.f90   -Os  (test for excess errors)
WARNING: gfortran.dg/implicit_class_1.f90   -Os  compilation failed to produce executable
FAIL: gfortran.dg/proc_ptr_39.f90   -O  (test for excess errors)
FAIL: gfortran.dg/read_dir.f90   -O0  execution test
FAIL: gfortran.dg/read_dir.f90   -O1  execution test
FAIL: gfortran.dg/read_dir.f90   -O2  execution test
FAIL: gfortran.dg/read_dir.f90   -O3 -fomit-frame-pointer -funroll-loops -fpeel-loops -ftracer -finline-functions  execution test
FAIL: gfortran.dg/read_dir.f90   -O3 -g  execution test
FAIL: gfortran.dg/read_dir.f90   -Os  execution test
FAIL: gfortran.dg/vect/fast-math-pr37021.f90   -O   scan-tree-dump vect "vectorized 2 loops"
FAIL: gfortran.dg/vect/pr52580.f   -O   scan-tree-dump-times vect "LOOP VECTORIZED" 1
FAIL: gfortran.dg/vect/pr62283-2.f   -O   scan-tree-dump slp2 "basic block vectorized"
FAIL: gfortran.dg/vect/vect-8.f90   -O   scan-tree-dump-times vect "vectorized 19 loops" 1
FAIL: gfortran.dg/vect/vect-gems.f90   -O   scan-tree-dump-times vect "vectorized 1 loops" 1

		=== gfortran Summary ===

# of expected passes		39440
# of unexpected failures	19
# of unexpected successes	9
# of expected failures		71
# of unsupported tests		378
/tmp/20150920/gcc/testsuite/gfortran/../../gfortran  version 6.0.0 20150920 (experimental) [trunk revision 227952] (GCC) 

		=== objc tests ===


Running target unix
FAIL: objc.dg-struct-layout-encoding-1/t026_main.m execution test

		=== objc Summary ===

# of expected passes		2663
# of unexpected failures	1
# of expected failures		10
# of unsupported tests		59
/tmp/20150920/gcc/xgcc  version 6.0.0 20150920 (experimental) [trunk revision 227952] (GCC) 

		=== libatomic tests ===


Running target unix

		=== libatomic Summary ===

# of expected passes		44
# of unsupported tests		5
		=== libgomp tests ===


Running target unix
FAIL: libgomp.fortran/omp_workshare1.f   -O  execution test
FAIL: libgomp.fortran/omp_workshare2.f   -O  execution test
FAIL: libgomp.fortran/recursion1.f90   -O0  execution test
WARNING: program timed out.
FAIL: libgomp.fortran/recursion1.f90   -O1  execution test
FAIL: libgomp.fortran/recursion1.f90   -O2  execution test
FAIL: libgomp.fortran/recursion1.f90   -O3 -fomit-frame-pointer -funroll-loops -fpeel-loops -ftracer -finline-functions  execution test
FAIL: libgomp.fortran/recursion1.f90   -O3 -g  execution test
FAIL: libgomp.fortran/recursion1.f90   -Os  execution test
XPASS: libgomp.oacc-c/../libgomp.oacc-c-c++-common/lib-42.c -DACC_DEVICE_TYPE_host=1 -DACC_MEM_SHARED=1 output pattern test, \\[[0-9a-fA-FxX]+,256\\] is not mapped
XPASS: libgomp.oacc-c++/../libgomp.oacc-c-c++-common/lib-42.c -DACC_DEVICE_TYPE_host=1 -DACC_MEM_SHARED=1 output pattern test, \\[[0-9a-fA-FxX]+,256\\] is not mapped

		=== libgomp Summary ===

# of expected passes		4027
# of unexpected failures	8
# of unexpected successes	2
# of expected failures		2
# of unsupported tests		241
		=== libstdc++ tests ===


Running target unix
FAIL: 18_support/50594.cc execution test
FAIL: 21_strings/basic_string/capacity/wchar_t/18654.cc execution test
FAIL: 21_strings/basic_string/inserters_extractors/wchar_t/28277.cc execution test
FAIL: 23_containers/vector/profile/vector.cc execution test
FAIL: 25_algorithms/remove/requirements/explicit_instantiation/2.cc (test for excess errors)
FAIL: 27_io/basic_ostream/inserters_character/wchar_t/28277-3.cc execution test
FAIL: 27_io/basic_ostream/inserters_character/wchar_t/28277-4.cc execution test
FAIL: 27_io/ios_base/storage/11584.cc execution test
FAIL: 27_io/objects/char/7.cc execution test
FAIL: 27_io/objects/wchar_t/7.cc execution test
FAIL: experimental/tuple/tuple_size.cc (test for excess errors)
FAIL: ext/mt_allocator/check_new.cc execution test
FAIL: ext/pool_allocator/check_new.cc execution test
FAIL: ext/vstring/inserters_extractors/wchar_t/28277.cc execution test

		=== libstdc++ Summary ===

# of expected passes		9073
# of unexpected failures	14
# of expected failures		66
# of unsupported tests		690

Compiler version: 6.0.0 20150920 (experimental) [trunk revision 227952] (GCC) 
Platform: powerpc-ibm-aix7.1.0.0
configure flags: --prefix=/gsa/yktgsa/home/e/d/edelsohn/install/powerpc-ibm-aix7.1.0.0-20150920 --disable-werror --enable-languages=c,c++,fortran,objc --with-gmp=/gsa/yktgsa/home/e/d/edelsohn/install --with-mpfr=/gsa/yktgsa/home/e/d/edelsohn/install --with-cloog=no --with-ppl=no --with-libiconv-prefix=/gsa/yktgsa/home/e/d/edelsohn/install --disable-libstdcxx-pch --enable-__cxa_atexit


Index Nav: [Date Index] [Subject Index] [Author Index] [Thread Index]
Message Nav: [Date Prev] [Date Next] [Thread Prev] [Thread Next]