This is the mail archive of the gcc-testresults@gcc.gnu.org mailing list for the GCC project.


Index Nav: [Date Index] [Subject Index] [Author Index] [Thread Index]
Message Nav: [Date Prev] [Date Next] [Thread Prev] [Thread Next]
Other format: [Raw text]

Results for 5.2.1 20150916 (GCC) testsuite on arm-none-linux-gnueabi


LAST_UPDATED: Wed Sep 16 07:46:50 UTC 2015 (/branches/gcc-5-branch revision 227817)

Target is arm-none-linux-gnueabi
Host   is i686-pc-linux-gnu

		=== g++ tests ===


Running target qemu-wheezy
FAIL: c-c++-common/asan/heap-overflow-1.c   -O1  output pattern test, is =================================================================
FAIL: c-c++-common/asan/sanity-check-pure-c-1.c   -O1  output pattern test, is =================================================================
FAIL: c-c++-common/asan/strncpy-overflow-1.c   -O1  output pattern test, is =================================================================
FAIL: c-c++-common/asan/use-after-free-1.c   -O1  output pattern test, is =================================================================
FAIL: g++.dg/lto/pr65276 cp_lto_pr65276_0.o-cp_lto_pr65276_1.o link, -flto -O0 -std=c++11
UNRESOLVED: g++.dg/lto/pr65276 cp_lto_pr65276_0.o-cp_lto_pr65276_1.o execute -flto -O0 -std=c++11
FAIL: c-c++-common/ubsan/object-size-1.c   -O2  output pattern test, is c-c++-common/ubsan/object-size-1.c:16:15: runtime error: load of address 0x00cecf24 with insufficient space for an object of type 'char'
FAIL: c-c++-common/ubsan/object-size-1.c   -O2 -flto -fno-use-linker-plugin -flto-partition=none  output pattern test, is c-c++-common/ubsan/object-size-1.c:16:15: runtime error: load of address 0x00de3f24 with insufficient space for an object of type 'char'
FAIL: c-c++-common/ubsan/object-size-1.c   -O2 -flto -fuse-linker-plugin -fno-fat-lto-objects  output pattern test, is c-c++-common/ubsan/object-size-1.c:16:15: runtime error: load of address 0x00a97f24 with insufficient space for an object of type 'char'
FAIL: c-c++-common/ubsan/object-size-10.c   -O2  output pattern test, is c-c++-common/ubsan/object-size-10.c:19:19: runtime error: index 128 out of bounds for type 'char [128]'
FAIL: c-c++-common/ubsan/object-size-10.c   -O2 -flto -fno-use-linker-plugin -flto-partition=none  output pattern test, is c-c++-common/ubsan/object-size-10.c:19:19: runtime error: index 128 out of bounds for type 'char [128]'
FAIL: c-c++-common/ubsan/object-size-10.c   -O2 -flto -fuse-linker-plugin -fno-fat-lto-objects  output pattern test, is c-c++-common/ubsan/object-size-10.c:19:19: runtime error: index 128 out of bounds for type 'char [128]'
FAIL: c-c++-common/ubsan/object-size-4.c   -O2  output pattern test, is c-c++-common/ubsan/object-size-4.c:16:13: runtime error: load of address 0x01c26f18 with insufficient space for an object of type 'int'
FAIL: c-c++-common/ubsan/object-size-4.c   -O2 -flto -fno-use-linker-plugin -flto-partition=none  output pattern test, is c-c++-common/ubsan/object-size-4.c:16:13: runtime error: load of address 0x010f4f18 with insufficient space for an object of type 'int'
FAIL: c-c++-common/ubsan/object-size-4.c   -O2 -flto -fuse-linker-plugin -fno-fat-lto-objects  output pattern test, is c-c++-common/ubsan/object-size-4.c:16:13: runtime error: load of address 0x00e7cf18 with insufficient space for an object of type 'int'
FAIL: c-c++-common/ubsan/object-size-5.c   -O2  output pattern test, is c-c++-common/ubsan/object-size-5.c:18:12: runtime error: load of address 0x00696f24 with insufficient space for an object of type 'char'
FAIL: c-c++-common/ubsan/object-size-5.c   -O2 -flto -fno-use-linker-plugin -flto-partition=none  output pattern test, is c-c++-common/ubsan/object-size-5.c:18:12: runtime error: load of address 0x00e0ff24 with insufficient space for an object of type 'char'
FAIL: c-c++-common/ubsan/object-size-5.c   -O2 -flto -fuse-linker-plugin -fno-fat-lto-objects  output pattern test, is c-c++-common/ubsan/object-size-5.c:18:12: runtime error: load of address 0x00355f24 with insufficient space for an object of type 'char'
FAIL: c-c++-common/ubsan/object-size-7.c   -O2  output pattern test, is c-c++-common/ubsan/object-size-7.c:15:11: runtime error: load of address 0xbea7aa38 with insufficient space for an object of type 'const struct S'
FAIL: c-c++-common/ubsan/object-size-7.c   -O2 -flto -fno-use-linker-plugin -flto-partition=none  output pattern test, is c-c++-common/ubsan/object-size-7.c:15:11: runtime error: load of address 0xbec51a38 with insufficient space for an object of type 'const struct S'
FAIL: c-c++-common/ubsan/object-size-7.c   -O2 -flto -fuse-linker-plugin -fno-fat-lto-objects  output pattern test, is c-c++-common/ubsan/object-size-7.c:15:11: runtime error: load of address 0xbea46a38 with insufficient space for an object of type 'const struct S'
FAIL: c-c++-common/ubsan/object-size-8.c   -O2  output pattern test, is c-c++-common/ubsan/object-size-8.c:12:13: runtime error: load of address 0x00666f14 with insufficient space for an object of type 'int'
FAIL: c-c++-common/ubsan/object-size-8.c   -O2 -flto -fno-use-linker-plugin -flto-partition=none  output pattern test, is c-c++-common/ubsan/object-size-8.c:12:13: runtime error: load of address 0x01a2df14 with insufficient space for an object of type 'int'
FAIL: c-c++-common/ubsan/object-size-8.c   -O2 -flto -fuse-linker-plugin -fno-fat-lto-objects  output pattern test, is c-c++-common/ubsan/object-size-8.c:12:13: runtime error: load of address 0x018d0f14 with insufficient space for an object of type 'int'
FAIL: c-c++-common/ubsan/object-size-9.c   -O2  output pattern test, is c-c++-common/ubsan/object-size-9.c:21:11: runtime error: load of address 0xbed32a28 with insufficient space for an object of type 'char'
FAIL: c-c++-common/ubsan/object-size-9.c   -O2 -flto -fno-use-linker-plugin -flto-partition=none  output pattern test, is c-c++-common/ubsan/object-size-9.c:21:11: runtime error: load of address 0xbe8c1a28 with insufficient space for an object of type 'char'
FAIL: c-c++-common/ubsan/object-size-9.c   -O2 -flto -fuse-linker-plugin -fno-fat-lto-objects  output pattern test, is c-c++-common/ubsan/object-size-9.c:21:11: runtime error: load of address 0xbeaa2a30 with insufficient space for an object of type 'char'
FAIL: g++.dg/ubsan/null-1.C   -O0  output pattern test, is g++.dg/ubsan/null-1.C:12:13: runtime error: reference binding to null pointer of type 'int'
FAIL: g++.dg/ubsan/null-1.C   -O1  output pattern test, is g++.dg/ubsan/null-1.C:12:13: runtime error: reference binding to null pointer of type 'int'
FAIL: g++.dg/ubsan/null-1.C   -O2  output pattern test, is g++.dg/ubsan/null-1.C:12:13: runtime error: reference binding to null pointer of type 'int'
FAIL: g++.dg/ubsan/null-1.C   -O3 -fomit-frame-pointer  output pattern test, is g++.dg/ubsan/null-1.C:12:13: runtime error: reference binding to null pointer of type 'int'
FAIL: g++.dg/ubsan/null-1.C   -O3 -g  output pattern test, is g++.dg/ubsan/null-1.C:12:13: runtime error: reference binding to null pointer of type 'int'
FAIL: g++.dg/ubsan/null-1.C   -Os  output pattern test, is g++.dg/ubsan/null-1.C:12:13: runtime error: reference binding to null pointer of type 'int'
FAIL: g++.dg/ubsan/null-1.C   -O2 -flto -fno-use-linker-plugin -flto-partition=none  output pattern test, is g++.dg/ubsan/null-1.C:12:13: runtime error: reference binding to null pointer of type 'int'
FAIL: g++.dg/ubsan/null-1.C   -O2 -flto -fuse-linker-plugin -fno-fat-lto-objects  output pattern test, is g++.dg/ubsan/null-1.C:12:13: runtime error: reference binding to null pointer of type 'int'
FAIL: g++.dg/ubsan/null-3.C   -O0  output pattern test, is g++.dg/ubsan/null-3.C:9:14: runtime error: reference binding to null pointer of type 'int'
FAIL: g++.dg/ubsan/null-3.C   -O1  output pattern test, is g++.dg/ubsan/null-3.C:9:14: runtime error: reference binding to null pointer of type 'int'
FAIL: g++.dg/ubsan/null-3.C   -O2  output pattern test, is g++.dg/ubsan/null-3.C:9:14: runtime error: reference binding to null pointer of type 'int'
FAIL: g++.dg/ubsan/null-3.C   -O3 -fomit-frame-pointer  output pattern test, is g++.dg/ubsan/null-3.C:9:14: runtime error: reference binding to null pointer of type 'int'
FAIL: g++.dg/ubsan/null-3.C   -O3 -g  output pattern test, is g++.dg/ubsan/null-3.C:9:14: runtime error: reference binding to null pointer of type 'int'
FAIL: g++.dg/ubsan/null-3.C   -Os  output pattern test, is g++.dg/ubsan/null-3.C:9:14: runtime error: reference binding to null pointer of type 'int'
FAIL: g++.dg/ubsan/null-3.C   -O2 -flto -fno-use-linker-plugin -flto-partition=none  output pattern test, is g++.dg/ubsan/null-3.C:9:14: runtime error: reference binding to null pointer of type 'int'
FAIL: g++.dg/ubsan/null-3.C   -O2 -flto -fuse-linker-plugin -fno-fat-lto-objects  output pattern test, is g++.dg/ubsan/null-3.C:9:14: runtime error: reference binding to null pointer of type 'int'
FAIL: g++.dg/ubsan/null-4.C   -O0  output pattern test, is g++.dg/ubsan/null-4.C:11:14: runtime error: reference binding to null pointer of type 'int'
FAIL: g++.dg/ubsan/null-4.C   -O1  output pattern test, is g++.dg/ubsan/null-4.C:11:14: runtime error: reference binding to null pointer of type 'int'
FAIL: g++.dg/ubsan/null-4.C   -O2  output pattern test, is g++.dg/ubsan/null-4.C:11:14: runtime error: reference binding to null pointer of type 'int'
FAIL: g++.dg/ubsan/null-4.C   -O3 -fomit-frame-pointer  output pattern test, is g++.dg/ubsan/null-4.C:11:14: runtime error: reference binding to null pointer of type 'int'
FAIL: g++.dg/ubsan/null-4.C   -O3 -g  output pattern test, is g++.dg/ubsan/null-4.C:11:14: runtime error: reference binding to null pointer of type 'int'
FAIL: g++.dg/ubsan/null-4.C   -Os  output pattern test, is g++.dg/ubsan/null-4.C:11:14: runtime error: reference binding to null pointer of type 'int'
FAIL: g++.dg/ubsan/null-4.C   -O2 -flto -fno-use-linker-plugin -flto-partition=none  output pattern test, is g++.dg/ubsan/null-4.C:11:14: runtime error: reference binding to null pointer of type 'int'
FAIL: g++.dg/ubsan/static-init-2.C   -O0  output pattern test, is g++.dg/ubsan/static-init-2.C:9:20: runtime error: reference binding to null pointer of type 'int'
FAIL: g++.dg/ubsan/static-init-2.C   -O1  output pattern test, is g++.dg/ubsan/static-init-2.C:9:20: runtime error: reference binding to null pointer of type 'int'
FAIL: g++.dg/ubsan/static-init-2.C   -O2  output pattern test, is g++.dg/ubsan/static-init-2.C:9:20: runtime error: reference binding to null pointer of type 'int'
FAIL: g++.dg/ubsan/static-init-2.C   -O3 -fomit-frame-pointer  output pattern test, is g++.dg/ubsan/static-init-2.C:9:20: runtime error: reference binding to null pointer of type 'int'
FAIL: g++.dg/ubsan/static-init-2.C   -O3 -g  output pattern test, is g++.dg/ubsan/static-init-2.C:9:20: runtime error: reference binding to null pointer of type 'int'
FAIL: g++.dg/ubsan/static-init-2.C   -Os  output pattern test, is g++.dg/ubsan/static-init-2.C:9:20: runtime error: reference binding to null pointer of type 'int'
FAIL: g++.dg/ubsan/static-init-2.C   -O2 -flto -fno-use-linker-plugin -flto-partition=none  output pattern test, is g++.dg/ubsan/static-init-2.C:9:20: runtime error: reference binding to null pointer of type 'int'
FAIL: g++.dg/ubsan/static-init-2.C   -O2 -flto -fuse-linker-plugin -fno-fat-lto-objects  output pattern test, is g++.dg/ubsan/static-init-2.C:9:20: runtime error: reference binding to null pointer of type 'int'
FAIL: g++.dg/ubsan/static-init-3.C   -O0  output pattern test, is g++.dg/ubsan/static-init-3.C:11:24: runtime error: reference binding to null pointer of type 'int'
FAIL: g++.dg/ubsan/static-init-3.C   -O1  output pattern test, is g++.dg/ubsan/static-init-3.C:11:24: runtime error: reference binding to null pointer of type 'int'
FAIL: g++.dg/ubsan/static-init-3.C   -O2  output pattern test, is g++.dg/ubsan/static-init-3.C:11:24: runtime error: reference binding to null pointer of type 'int'
FAIL: g++.dg/ubsan/static-init-3.C   -O3 -fomit-frame-pointer  output pattern test, is g++.dg/ubsan/static-init-3.C:11:24: runtime error: reference binding to null pointer of type 'int'
FAIL: g++.dg/ubsan/static-init-3.C   -O3 -g  output pattern test, is g++.dg/ubsan/static-init-3.C:11:24: runtime error: reference binding to null pointer of type 'int'
FAIL: g++.dg/ubsan/static-init-3.C   -Os  output pattern test, is g++.dg/ubsan/static-init-3.C:11:24: runtime error: reference binding to null pointer of type 'int'
FAIL: g++.dg/ubsan/static-init-3.C   -O2 -flto -fno-use-linker-plugin -flto-partition=none  output pattern test, is g++.dg/ubsan/static-init-3.C:11:24: runtime error: reference binding to null pointer of type 'int'
FAIL: g++.dg/ubsan/static-init-3.C   -O2 -flto -fuse-linker-plugin -fno-fat-lto-objects  output pattern test, is g++.dg/ubsan/static-init-3.C:11:24: runtime error: reference binding to null pointer of type 'int'
FAIL: g++.dg/ubsan/vptr-1.C   -O0  output pattern test, is g++.dg/ubsan/vptr-1.C:75:17: runtime error: member access within address 0x01194f10 which does not point to an object of type 'T'
FAIL: g++.dg/ubsan/vptr-1.C   -O1  output pattern test, is g++.dg/ubsan/vptr-1.C:75:17: runtime error: member access within address 0x0129ef10 which does not point to an object of type 'T'
FAIL: g++.dg/ubsan/vptr-1.C   -O2  output pattern test, is g++.dg/ubsan/vptr-1.C:75:17: runtime error: member access within address 0x009bcf10 which does not point to an object of type 'T'
FAIL: g++.dg/ubsan/vptr-1.C   -O3 -fomit-frame-pointer  output pattern test, is g++.dg/ubsan/vptr-1.C:75:17: runtime error: member access within address 0x0151df10 which does not point to an object of type 'T'
FAIL: g++.dg/ubsan/vptr-1.C   -O3 -fomit-frame-pointer -funroll-loops  output pattern test, is g++.dg/ubsan/vptr-1.C:75:17: runtime error: member access within address 0x003fdf10 which does not point to an object of type 'T'
FAIL: g++.dg/ubsan/vptr-1.C   -O3 -fomit-frame-pointer -funroll-all-loops -finline-functions  output pattern test, is g++.dg/ubsan/vptr-1.C:75:17: runtime error: member access within address 0x01009f10 which does not point to an object of type 'T'
FAIL: g++.dg/ubsan/vptr-1.C   -O3 -g  output pattern test, is g++.dg/ubsan/vptr-1.C:75:17: runtime error: member access within address 0x001d2f10 which does not point to an object of type 'T'
FAIL: g++.dg/ubsan/vptr-1.C   -Os  output pattern test, is g++.dg/ubsan/vptr-1.C:75:17: runtime error: member access within address 0x01d53f10 which does not point to an object of type 'T'
FAIL: g++.dg/ubsan/vptr-1.C   -O2 -flto -fno-use-linker-plugin -flto-partition=none  output pattern test, is g++.dg/ubsan/vptr-1.C:75:17: runtime error: member access within address 0x009c4f10 which does not point to an object of type 'T'
FAIL: g++.dg/ubsan/vptr-1.C   -O2 -flto -fuse-linker-plugin -fno-fat-lto-objects  output pattern test, is g++.dg/ubsan/vptr-1.C:75:17: runtime error: member access within address 0x01d3ef10 which does not point to an object of type 'T'
FAIL: g++.dg/ubsan/vptr-2.C   -O0  output pattern test, is g++.dg/ubsan/vptr-2.C:75:17: runtime error: member access within address 0x017e9f10 which does not point to an object of type 'T'
FAIL: g++.dg/ubsan/vptr-2.C   -O1  output pattern test, is g++.dg/ubsan/vptr-2.C:75:17: runtime error: member access within address 0x0077ef10 which does not point to an object of type 'T'
FAIL: g++.dg/ubsan/vptr-2.C   -O2  output pattern test, is g++.dg/ubsan/vptr-2.C:75:17: runtime error: member access within address 0x00343f10 which does not point to an object of type 'T'
FAIL: g++.dg/ubsan/vptr-2.C   -O3 -fomit-frame-pointer  output pattern test, is g++.dg/ubsan/vptr-2.C:75:17: runtime error: member access within address 0x0169cf10 which does not point to an object of type 'T'
FAIL: g++.dg/ubsan/vptr-2.C   -O3 -fomit-frame-pointer -funroll-loops  output pattern test, is g++.dg/ubsan/vptr-2.C:75:17: runtime error: member access within address 0x00750f10 which does not point to an object of type 'T'
FAIL: g++.dg/ubsan/vptr-2.C   -O3 -fomit-frame-pointer -funroll-all-loops -finline-functions  output pattern test, is g++.dg/ubsan/vptr-2.C:75:17: runtime error: member access within address 0x00be3f10 which does not point to an object of type 'T'
FAIL: g++.dg/ubsan/vptr-2.C   -O3 -g  output pattern test, is g++.dg/ubsan/vptr-2.C:75:17: runtime error: member access within address 0x0068af10 which does not point to an object of type 'T'
FAIL: g++.dg/ubsan/vptr-2.C   -Os  output pattern test, is g++.dg/ubsan/vptr-2.C:75:17: runtime error: member access within address 0x017bff10 which does not point to an object of type 'T'
FAIL: g++.dg/ubsan/vptr-2.C   -O2 -flto -fno-use-linker-plugin -flto-partition=none  output pattern test, is g++.dg/ubsan/vptr-2.C:75:17: runtime error: member access within address 0x01220f10 which does not point to an object of type 'T'
FAIL: g++.dg/ubsan/vptr-2.C   -O2 -flto -fuse-linker-plugin -fno-fat-lto-objects  output pattern test, is g++.dg/ubsan/vptr-2.C:75:17: runtime error: member access within address 0x002ccf10 which does not point to an object of type 'T'
FAIL: g++.dg/ubsan/vptr-3.C   -O0  output pattern test, is g++.dg/ubsan/vptr-3.C:75:17: runtime error: member access within address 0x01963f10 which does not point to an object of type 'T'
FAIL: g++.dg/ubsan/vptr-3.C   -O1  output pattern test, is g++.dg/ubsan/vptr-3.C:75:17: runtime error: member access within address 0x01648f10 which does not point to an object of type 'T'
FAIL: g++.dg/ubsan/vptr-3.C   -O2  output pattern test, is g++.dg/ubsan/vptr-3.C:75:17: runtime error: member access within address 0x01681f10 which does not point to an object of type 'T'
FAIL: g++.dg/ubsan/vptr-3.C   -O3 -fomit-frame-pointer  output pattern test, is g++.dg/ubsan/vptr-3.C:75:17: runtime error: member access within address 0x00211f10 which does not point to an object of type 'T'
FAIL: g++.dg/ubsan/vptr-3.C   -O3 -fomit-frame-pointer -funroll-loops  output pattern test, is g++.dg/ubsan/vptr-3.C:75:17: runtime error: member access within address 0x016fdf10 which does not point to an object of type 'T'
FAIL: g++.dg/ubsan/vptr-3.C   -O3 -fomit-frame-pointer -funroll-all-loops -finline-functions  output pattern test, is g++.dg/ubsan/vptr-3.C:75:17: runtime error: member access within address 0x013acf10 which does not point to an object of type 'T'
FAIL: g++.dg/ubsan/vptr-3.C   -O3 -g  output pattern test, is g++.dg/ubsan/vptr-3.C:75:17: runtime error: member access within address 0x0181ef10 which does not point to an object of type 'T'
FAIL: g++.dg/ubsan/vptr-3.C   -Os  output pattern test, is g++.dg/ubsan/vptr-3.C:75:17: runtime error: member access within address 0x00545f10 which does not point to an object of type 'T'
FAIL: g++.dg/ubsan/vptr-3.C   -O2 -flto -fno-use-linker-plugin -flto-partition=none  output pattern test, is g++.dg/ubsan/vptr-3.C:75:17: runtime error: member access within address 0x01b98f10 which does not point to an object of type 'T'
FAIL: g++.dg/ubsan/vptr-3.C   -O2 -flto -fuse-linker-plugin -fno-fat-lto-objects  output pattern test, is g++.dg/ubsan/vptr-3.C:75:17: runtime error: member access within address 0x01908f10 which does not point to an object of type 'T'
FAIL: g++.dg/ubsan/vptr-8.C   -O0  output pattern test, is g++.dg/ubsan/vptr-8.C:24:13: runtime error: cast to virtual base of address 0xbebf2a30 which does not point to an object of type 'V'
FAIL: g++.dg/ubsan/vptr-8.C   -O1  output pattern test, is g++.dg/ubsan/vptr-8.C:24:13: runtime error: cast to virtual base of address 0xbee1ca38 which does not point to an object of type 'V'
FAIL: g++.dg/ubsan/vptr-8.C   -O2  output pattern test, is g++.dg/ubsan/vptr-8.C:24:13: runtime error: cast to virtual base of address 0xbec75a30 which does not point to an object of type 'V'
FAIL: g++.dg/ubsan/vptr-8.C   -O3 -fomit-frame-pointer  output pattern test, is g++.dg/ubsan/vptr-8.C:24:13: runtime error: cast to virtual base of address 0xbed75a30 which does not point to an object of type 'V'
FAIL: g++.dg/ubsan/vptr-8.C   -O3 -fomit-frame-pointer -funroll-loops  output pattern test, is g++.dg/ubsan/vptr-8.C:24:13: runtime error: cast to virtual base of address 0xbec2fa30 which does not point to an object of type 'V'
FAIL: g++.dg/ubsan/vptr-8.C   -O3 -fomit-frame-pointer -funroll-all-loops -finline-functions  output pattern test, is g++.dg/ubsan/vptr-8.C:24:13: runtime error: cast to virtual base of address 0xbee50a30 which does not point to an object of type 'V'
FAIL: g++.dg/ubsan/vptr-8.C   -O3 -g  output pattern test, is g++.dg/ubsan/vptr-8.C:24:13: runtime error: cast to virtual base of address 0xbedc0a30 which does not point to an object of type 'V'
FAIL: g++.dg/ubsan/vptr-8.C   -Os  output pattern test, is g++.dg/ubsan/vptr-8.C:24:13: runtime error: cast to virtual base of address 0xbea55a30 which does not point to an object of type 'V'
FAIL: g++.dg/ubsan/vptr-8.C   -O2 -flto -fno-use-linker-plugin -flto-partition=none  output pattern test, is g++.dg/ubsan/vptr-8.C:24:13: runtime error: cast to virtual base of address 0xbefc4a30 which does not point to an object of type 'V'
FAIL: g++.dg/ubsan/vptr-8.C   -O2 -flto -fuse-linker-plugin -fno-fat-lto-objects  output pattern test, is g++.dg/ubsan/vptr-8.C:24:13: runtime error: cast to virtual base of address 0xbec29a30 which does not point to an object of type 'V'
FAIL: g++.dg/ubsan/vptr-9.C   -O0  output pattern test, is g++.dg/ubsan/vptr-9.C:14:10: runtime error: cast to virtual base of address 0xbebf6a24 which does not point to an object of type 'T'
FAIL: g++.dg/ubsan/vptr-9.C   -O1  output pattern test, is g++.dg/ubsan/vptr-9.C:14:10: runtime error: cast to virtual base of address 0xbeaefa3c which does not point to an object of type 'T'
FAIL: g++.dg/ubsan/vptr-9.C   -O2  output pattern test, is g++.dg/ubsan/vptr-9.C:14:10: runtime error: cast to virtual base of address 0xbeb54a34 which does not point to an object of type 'T'
FAIL: g++.dg/ubsan/vptr-9.C   -O3 -fomit-frame-pointer  output pattern test, is g++.dg/ubsan/vptr-9.C:14:10: runtime error: cast to virtual base of address 0xbec1fa34 which does not point to an object of type 'T'
FAIL: g++.dg/ubsan/vptr-9.C   -O3 -fomit-frame-pointer -funroll-loops  output pattern test, is g++.dg/ubsan/vptr-9.C:14:10: runtime error: cast to virtual base of address 0xbef2ba34 which does not point to an object of type 'T'
FAIL: g++.dg/ubsan/vptr-9.C   -O3 -fomit-frame-pointer -funroll-all-loops -finline-functions  output pattern test, is g++.dg/ubsan/vptr-9.C:14:10: runtime error: cast to virtual base of address 0xbebe1a34 which does not point to an object of type 'T'
FAIL: g++.dg/ubsan/vptr-9.C   -O3 -g  output pattern test, is g++.dg/ubsan/vptr-9.C:14:10: runtime error: cast to virtual base of address 0xbef49a34 which does not point to an object of type 'T'
FAIL: g++.dg/ubsan/vptr-9.C   -Os  output pattern test, is g++.dg/ubsan/vptr-9.C:14:10: runtime error: cast to virtual base of address 0xbedf7a2c which does not point to an object of type 'T'
FAIL: g++.dg/ubsan/vptr-9.C   -O2 -flto -fno-use-linker-plugin -flto-partition=none  output pattern test, is g++.dg/ubsan/vptr-9.C:14:10: runtime error: cast to virtual base of address 0xbeacca4c which does not point to an object of type 'T'
FAIL: g++.dg/ubsan/vptr-9.C   -O2 -flto -fuse-linker-plugin -fno-fat-lto-objects  output pattern test, is g++.dg/ubsan/vptr-9.C:14:10: runtime error: cast to virtual base of address 0xbef29a4c which does not point to an object of type 'T'

		=== g++ Summary ===

# of expected passes		85853
# of unexpected failures	115
# of expected failures		343
# of unresolved testcases	1
# of unsupported tests		4147
/scratch/gcc/nightly-2015-09-16-5/arm-none-linux-gnueabi/obj/test-5-0-arm-none-linux-gnueabi/host-i686-pc-linux-gnu/fsf-5/bin/arm-none-linux-gnueabi-g++  version 5.2.1 20150916 (GCC) 


		=== Summary adjusted for local xfails ===

# of unexpected failures        115
# of expected passes            85853
# of expected failures          343
# of unresolved testcases       1
# of unsupported tests          4147
Host   is i686-pc-linux-gnu

		=== gcc tests ===


Running target qemu-wheezy
FAIL: c-c++-common/asan/heap-overflow-1.c   -O1  output pattern test, is =================================================================
FAIL: c-c++-common/asan/sanity-check-pure-c-1.c   -O1  output pattern test, is =================================================================
FAIL: c-c++-common/asan/strncpy-overflow-1.c   -O1  output pattern test, is =================================================================
FAIL: c-c++-common/asan/use-after-free-1.c   -O1  output pattern test, is =================================================================
FAIL: gcc.dg/tree-ssa/sra-12.c scan-tree-dump-times release_ssa "l;" 0
FAIL: gcc.dg/tree-ssa/ssa-dom-cse-2.c scan-tree-dump optimized "return 28;"
FAIL: c-c++-common/ubsan/object-size-1.c   -O2  output pattern test, is c-c++-common/ubsan/object-size-1.c:16:7: runtime error: load of address 0x01407f24 with insufficient space for an object of type 'char'
FAIL: c-c++-common/ubsan/object-size-1.c   -O2 -flto -fno-use-linker-plugin -flto-partition=none  output pattern test, is c-c++-common/ubsan/object-size-1.c:16:7: runtime error: load of address 0x01904f24 with insufficient space for an object of type 'char'
FAIL: c-c++-common/ubsan/object-size-1.c   -O2 -flto -fuse-linker-plugin -fno-fat-lto-objects  output pattern test, is c-c++-common/ubsan/object-size-1.c:16:7: runtime error: load of address 0x00ad2f24 with insufficient space for an object of type 'char'
FAIL: c-c++-common/ubsan/object-size-10.c   -O2  output pattern test, is c-c++-common/ubsan/object-size-10.c:19:11: runtime error: index 128 out of bounds for type 'char [128]'
FAIL: c-c++-common/ubsan/object-size-10.c   -O2 -flto -fno-use-linker-plugin -flto-partition=none  output pattern test, is c-c++-common/ubsan/object-size-10.c:19:11: runtime error: index 128 out of bounds for type 'char [128]'
FAIL: c-c++-common/ubsan/object-size-10.c   -O2 -flto -fuse-linker-plugin -fno-fat-lto-objects  output pattern test, is c-c++-common/ubsan/object-size-10.c:19:11: runtime error: index 128 out of bounds for type 'char [128]'
FAIL: c-c++-common/ubsan/object-size-4.c   -O2  output pattern test, is c-c++-common/ubsan/object-size-4.c:16:11: runtime error: load of address 0x012f9f18 with insufficient space for an object of type 'int'
FAIL: c-c++-common/ubsan/object-size-4.c   -O2 -flto -fno-use-linker-plugin -flto-partition=none  output pattern test, is c-c++-common/ubsan/object-size-4.c:16:11: runtime error: load of address 0x00797f18 with insufficient space for an object of type 'int'
FAIL: c-c++-common/ubsan/object-size-4.c   -O2 -flto -fuse-linker-plugin -fno-fat-lto-objects  output pattern test, is c-c++-common/ubsan/object-size-4.c:16:11: runtime error: load of address 0x00605f18 with insufficient space for an object of type 'int'
FAIL: c-c++-common/ubsan/object-size-5.c   -O2  output pattern test, is c-c++-common/ubsan/object-size-5.c:18:10: runtime error: load of address 0x0183cf24 with insufficient space for an object of type 'char'
FAIL: c-c++-common/ubsan/object-size-5.c   -O2 -flto -fno-use-linker-plugin -flto-partition=none  output pattern test, is c-c++-common/ubsan/object-size-5.c:18:10: runtime error: load of address 0x01d4ef24 with insufficient space for an object of type 'char'
FAIL: c-c++-common/ubsan/object-size-5.c   -O2 -flto -fuse-linker-plugin -fno-fat-lto-objects  output pattern test, is c-c++-common/ubsan/object-size-5.c:18:10: runtime error: load of address 0x0038ff24 with insufficient space for an object of type 'char'
FAIL: c-c++-common/ubsan/object-size-7.c   -O2  output pattern test, is c-c++-common/ubsan/object-size-7.c:15:5: runtime error: load of address 0xbe8e1a38 with insufficient space for an object of type 'struct S'
FAIL: c-c++-common/ubsan/object-size-7.c   -O2 -flto -fno-use-linker-plugin -flto-partition=none  output pattern test, is c-c++-common/ubsan/object-size-7.c:15:5: runtime error: load of address 0xbe925a38 with insufficient space for an object of type 'struct S'
FAIL: c-c++-common/ubsan/object-size-7.c   -O2 -flto -fuse-linker-plugin -fno-fat-lto-objects  output pattern test, is c-c++-common/ubsan/object-size-7.c:15:5: runtime error: load of address 0xbef26a38 with insufficient space for an object of type 'struct S'
FAIL: c-c++-common/ubsan/object-size-8.c   -O2  output pattern test, is c-c++-common/ubsan/object-size-8.c:12:10: runtime error: load of address 0x004e7f14 with insufficient space for an object of type 'int'
FAIL: c-c++-common/ubsan/object-size-8.c   -O2 -flto -fno-use-linker-plugin -flto-partition=none  output pattern test, is c-c++-common/ubsan/object-size-8.c:12:10: runtime error: load of address 0x012b4f14 with insufficient space for an object of type 'int'
FAIL: c-c++-common/ubsan/object-size-8.c   -O2 -flto -fuse-linker-plugin -fno-fat-lto-objects  output pattern test, is c-c++-common/ubsan/object-size-8.c:12:10: runtime error: load of address 0x00655f14 with insufficient space for an object of type 'int'
FAIL: c-c++-common/ubsan/object-size-9.c   -O2  output pattern test, is c-c++-common/ubsan/object-size-9.c:21:10: runtime error: load of address 0xbeb95a40 with insufficient space for an object of type 'char'
FAIL: c-c++-common/ubsan/object-size-9.c   -O2 -flto -fno-use-linker-plugin -flto-partition=none  output pattern test, is c-c++-common/ubsan/object-size-9.c:21:10: runtime error: load of address 0xbeb35a40 with insufficient space for an object of type 'char'
FAIL: c-c++-common/ubsan/object-size-9.c   -O2 -flto -fuse-linker-plugin -fno-fat-lto-objects  output pattern test, is c-c++-common/ubsan/object-size-9.c:21:10: runtime error: load of address 0xbea7ea40 with insufficient space for an object of type 'char'
FAIL: gcc.dg/ubsan/object-size-9.c   -O2  output pattern test, is gcc.dg/ubsan/object-size-9.c:11:13: runtime error: load of address 0x00020a12 with insufficient space for an object of type 'char'
FAIL: gcc.dg/ubsan/object-size-9.c   -O2 -flto -fno-use-linker-plugin -flto-partition=none  output pattern test, is gcc.dg/ubsan/object-size-9.c:11:13: runtime error: load of address 0x00020a12 with insufficient space for an object of type 'char'
FAIL: gcc.dg/ubsan/object-size-9.c   -O2 -flto -fuse-linker-plugin -fno-fat-lto-objects  output pattern test, is gcc.dg/ubsan/object-size-9.c:11:13: runtime error: load of address 0x000209ca with insufficient space for an object of type 'char'
FAIL: gcc.target/arm/neon-vfma-1.c scan-assembler vfma\\\\.f32[\\t]+[dDqQ]
FAIL: gcc.target/arm/neon-vfms-1.c scan-assembler vfms\\\\.f32[\\t]+[dDqQ]
FAIL: gcc.target/arm/pr42172-1.c scan-assembler-times ldr 1
FAIL: gcc.target/arm/pr42575.c scan-assembler-not mov
FAIL: gcc.target/arm/thumb-ltu.c scan-assembler-not uxtb
FAIL: gcc.target/arm/simd/vextQp64_1.c execution test
FAIL: gcc.target/arm/simd/vextp64_1.c execution test

		=== gcc Summary ===

# of expected passes		92750
# of unexpected failures	37
# of expected failures		118
# of unsupported tests		4134
/scratch/gcc/nightly-2015-09-16-5/arm-none-linux-gnueabi/obj/test-5-0-arm-none-linux-gnueabi/host-i686-pc-linux-gnu/fsf-5/bin/arm-none-linux-gnueabi-gcc  version 5.2.1 20150916 (GCC) 


		=== Summary adjusted for local xfails ===

# of unexpected failures        37
# of expected passes            92750
# of expected failures          118
# of unsupported tests          4134
Host   is i686-pc-linux-gnu

		=== gfortran tests ===


Running target qemu-wheezy
FAIL: gfortran.dg/ieee/ieee_1.F90   -O0  execution test
FAIL: gfortran.dg/ieee/ieee_1.F90   -O1  execution test
FAIL: gfortran.dg/ieee/ieee_1.F90   -O2  execution test
FAIL: gfortran.dg/ieee/ieee_1.F90   -O3 -fomit-frame-pointer  execution test
FAIL: gfortran.dg/ieee/ieee_1.F90   -O3 -fomit-frame-pointer -funroll-loops  execution test
FAIL: gfortran.dg/ieee/ieee_1.F90   -O3 -fomit-frame-pointer -funroll-all-loops -finline-functions  execution test
FAIL: gfortran.dg/ieee/ieee_1.F90   -O3 -g  execution test
FAIL: gfortran.dg/ieee/ieee_1.F90   -Os  execution test
FAIL: gfortran.dg/ieee/ieee_2.f90   -O0  execution test
FAIL: gfortran.dg/ieee/ieee_2.f90   -O1  execution test
FAIL: gfortran.dg/ieee/ieee_2.f90   -O2  execution test
FAIL: gfortran.dg/ieee/ieee_2.f90   -O3 -fomit-frame-pointer  execution test
FAIL: gfortran.dg/ieee/ieee_2.f90   -O3 -fomit-frame-pointer -funroll-loops  execution test
FAIL: gfortran.dg/ieee/ieee_2.f90   -O3 -fomit-frame-pointer -funroll-all-loops -finline-functions  execution test
FAIL: gfortran.dg/ieee/ieee_2.f90   -O3 -g  execution test
FAIL: gfortran.dg/ieee/ieee_2.f90   -Os  execution test
FAIL: gfortran.dg/ieee/ieee_6.f90   -O0  execution test
FAIL: gfortran.dg/ieee/ieee_6.f90   -O1  execution test
FAIL: gfortran.dg/ieee/ieee_6.f90   -O2  execution test
FAIL: gfortran.dg/ieee/ieee_6.f90   -O3 -fomit-frame-pointer  execution test
FAIL: gfortran.dg/ieee/ieee_6.f90   -O3 -fomit-frame-pointer -funroll-loops  execution test
FAIL: gfortran.dg/ieee/ieee_6.f90   -O3 -fomit-frame-pointer -funroll-all-loops -finline-functions  execution test
FAIL: gfortran.dg/ieee/ieee_6.f90   -O3 -g  execution test
FAIL: gfortran.dg/ieee/ieee_6.f90   -Os  execution test
FAIL: gfortran.dg/ieee/rounding_1.f90   -O0  execution test
FAIL: gfortran.dg/ieee/rounding_1.f90   -O1  execution test
FAIL: gfortran.dg/ieee/rounding_1.f90   -O2  execution test
FAIL: gfortran.dg/ieee/rounding_1.f90   -O3 -fomit-frame-pointer  execution test
FAIL: gfortran.dg/ieee/rounding_1.f90   -O3 -fomit-frame-pointer -funroll-loops  execution test
FAIL: gfortran.dg/ieee/rounding_1.f90   -O3 -fomit-frame-pointer -funroll-all-loops -finline-functions  execution test
FAIL: gfortran.dg/ieee/rounding_1.f90   -O3 -g  execution test
FAIL: gfortran.dg/ieee/rounding_1.f90   -Os  execution test

		=== gfortran Summary ===

# of expected passes		47338
# of unexpected failures	32
# of expected failures		79
# of unsupported tests		410
/scratch/gcc/nightly-2015-09-16-5/arm-none-linux-gnueabi/obj/test-5-0-arm-none-linux-gnueabi/host-i686-pc-linux-gnu/fsf-5/bin/arm-none-linux-gnueabi-gfortran  version 5.2.1 20150916 (GCC) 


		=== Summary adjusted for local xfails ===

# of unexpected failures        32
# of expected passes            47338
# of expected failures          79
# of unsupported tests          410
Host   is i686-pc-linux-gnu

		=== libatomic tests ===


Running target qemu-wheezy

		=== libatomic Summary ===

# of expected passes		44
# of unsupported tests		5

		=== Summary adjusted for local xfails ===

# of expected passes            44
# of unsupported tests          5
Host   is i686-pc-linux-gnu

		=== libgomp tests ===


Running target qemu-wheezy
WARNING: program timed out.
FAIL: libgomp.fortran/strassen.f90   -O  execution test
FAIL: libgomp.graphite/force-parallel-7.c execution test
FAIL: libgomp.oacc-c/../libgomp.oacc-c-c++-common/acc_on_device-1.c -DACC_DEVICE_TYPE_host_nonshm=1 -DACC_MEM_SHARED=0 execution test
FAIL: libgomp.oacc-c/../libgomp.oacc-c-c++-common/clauses-1.c -DACC_DEVICE_TYPE_host_nonshm=1 -DACC_MEM_SHARED=0 execution test
FAIL: libgomp.oacc-c/../libgomp.oacc-c-c++-common/data-1.c -DACC_DEVICE_TYPE_host_nonshm=1 -DACC_MEM_SHARED=0 execution test
FAIL: libgomp.oacc-c/../libgomp.oacc-c-c++-common/data-already-1.c -DACC_DEVICE_TYPE_host_nonshm=1 -DACC_MEM_SHARED=0 execution test
FAIL: libgomp.oacc-c/../libgomp.oacc-c-c++-common/data-already-2.c -DACC_DEVICE_TYPE_host_nonshm=1 -DACC_MEM_SHARED=0 execution test
FAIL: libgomp.oacc-c/../libgomp.oacc-c-c++-common/data-already-3.c -DACC_DEVICE_TYPE_host_nonshm=1 -DACC_MEM_SHARED=0 execution test
FAIL: libgomp.oacc-c/../libgomp.oacc-c-c++-common/data-already-5.c -DACC_DEVICE_TYPE_host_nonshm=1 -DACC_MEM_SHARED=0 execution test
FAIL: libgomp.oacc-c/../libgomp.oacc-c-c++-common/data-already-6.c -DACC_DEVICE_TYPE_host_nonshm=1 -DACC_MEM_SHARED=0 execution test
FAIL: libgomp.oacc-c/../libgomp.oacc-c-c++-common/data-already-7.c -DACC_DEVICE_TYPE_host_nonshm=1 -DACC_MEM_SHARED=0 execution test
FAIL: libgomp.oacc-c/../libgomp.oacc-c-c++-common/data-already-8.c -DACC_DEVICE_TYPE_host_nonshm=1 -DACC_MEM_SHARED=0 execution test
FAIL: libgomp.oacc-c/../libgomp.oacc-c-c++-common/deviceptr-1.c -DACC_DEVICE_TYPE_host_nonshm=1 -DACC_MEM_SHARED=0 execution test
FAIL: libgomp.oacc-c/../libgomp.oacc-c-c++-common/if-1.c -DACC_DEVICE_TYPE_host_nonshm=1 -DACC_MEM_SHARED=0 execution test
FAIL: libgomp.oacc-c/../libgomp.oacc-c-c++-common/kernels-1.c -DACC_DEVICE_TYPE_host_nonshm=1 -DACC_MEM_SHARED=0 execution test
FAIL: libgomp.oacc-c/../libgomp.oacc-c-c++-common/lib-12.c -DACC_DEVICE_TYPE_host_nonshm=1 -DACC_MEM_SHARED=0 execution test
FAIL: libgomp.oacc-c/../libgomp.oacc-c-c++-common/lib-19.c -DACC_DEVICE_TYPE_host_nonshm=1 -DACC_MEM_SHARED=0 execution test
FAIL: libgomp.oacc-c/../libgomp.oacc-c-c++-common/lib-37.c -DACC_DEVICE_TYPE_host_nonshm=1 -DACC_MEM_SHARED=0 execution test
FAIL: libgomp.oacc-c/../libgomp.oacc-c-c++-common/lib-38.c -DACC_DEVICE_TYPE_host_nonshm=1 -DACC_MEM_SHARED=0 execution test
FAIL: libgomp.oacc-c/../libgomp.oacc-c-c++-common/lib-45.c -DACC_DEVICE_TYPE_host_nonshm=1 -DACC_MEM_SHARED=0 execution test
FAIL: libgomp.oacc-c/../libgomp.oacc-c-c++-common/lib-46.c -DACC_DEVICE_TYPE_host_nonshm=1 -DACC_MEM_SHARED=0 execution test
FAIL: libgomp.oacc-c/../libgomp.oacc-c-c++-common/lib-49.c -DACC_DEVICE_TYPE_host_nonshm=1 -DACC_MEM_SHARED=0 execution test
FAIL: libgomp.oacc-c/../libgomp.oacc-c-c++-common/lib-50.c -DACC_DEVICE_TYPE_host_nonshm=1 -DACC_MEM_SHARED=0 execution test
FAIL: libgomp.oacc-c/../libgomp.oacc-c-c++-common/lib-51.c -DACC_DEVICE_TYPE_host_nonshm=1 -DACC_MEM_SHARED=0 execution test
FAIL: libgomp.oacc-c/../libgomp.oacc-c-c++-common/lib-55.c -DACC_DEVICE_TYPE_host_nonshm=1 -DACC_MEM_SHARED=0 execution test
FAIL: libgomp.oacc-c/../libgomp.oacc-c-c++-common/lib-56.c -DACC_DEVICE_TYPE_host_nonshm=1 -DACC_MEM_SHARED=0 execution test
FAIL: libgomp.oacc-c/../libgomp.oacc-c-c++-common/lib-59.c -DACC_DEVICE_TYPE_host_nonshm=1 -DACC_MEM_SHARED=0 execution test
FAIL: libgomp.oacc-c/../libgomp.oacc-c-c++-common/lib-60.c -DACC_DEVICE_TYPE_host_nonshm=1 -DACC_MEM_SHARED=0 execution test
FAIL: libgomp.oacc-c/../libgomp.oacc-c-c++-common/lib-61.c -DACC_DEVICE_TYPE_host_nonshm=1 -DACC_MEM_SHARED=0 execution test
FAIL: libgomp.oacc-c/../libgomp.oacc-c-c++-common/lib-66.c -DACC_DEVICE_TYPE_host_nonshm=1 -DACC_MEM_SHARED=0 execution test
FAIL: libgomp.oacc-c/../libgomp.oacc-c-c++-common/nested-1.c -DACC_DEVICE_TYPE_host_nonshm=1 -DACC_MEM_SHARED=0 execution test
FAIL: libgomp.oacc-c/../libgomp.oacc-c-c++-common/parallel-1.c -DACC_DEVICE_TYPE_host_nonshm=1 -DACC_MEM_SHARED=0 execution test
FAIL: libgomp.oacc-c/../libgomp.oacc-c-c++-common/update-1-2.c -DACC_DEVICE_TYPE_host_nonshm=1 -DACC_MEM_SHARED=0 execution test
FAIL: libgomp.oacc-c/../libgomp.oacc-c-c++-common/update-1.c -DACC_DEVICE_TYPE_host_nonshm=1 -DACC_MEM_SHARED=0 execution test
FAIL: libgomp.oacc-c++/../libgomp.oacc-c-c++-common/acc_on_device-1.c -DACC_DEVICE_TYPE_host_nonshm=1 -DACC_MEM_SHARED=0 execution test
FAIL: libgomp.oacc-c++/../libgomp.oacc-c-c++-common/clauses-1.c -DACC_DEVICE_TYPE_host_nonshm=1 -DACC_MEM_SHARED=0 execution test
FAIL: libgomp.oacc-c++/../libgomp.oacc-c-c++-common/data-1.c -DACC_DEVICE_TYPE_host_nonshm=1 -DACC_MEM_SHARED=0 execution test
FAIL: libgomp.oacc-c++/../libgomp.oacc-c-c++-common/data-already-1.c -DACC_DEVICE_TYPE_host_nonshm=1 -DACC_MEM_SHARED=0 execution test
FAIL: libgomp.oacc-c++/../libgomp.oacc-c-c++-common/data-already-2.c -DACC_DEVICE_TYPE_host_nonshm=1 -DACC_MEM_SHARED=0 execution test
FAIL: libgomp.oacc-c++/../libgomp.oacc-c-c++-common/data-already-3.c -DACC_DEVICE_TYPE_host_nonshm=1 -DACC_MEM_SHARED=0 execution test
FAIL: libgomp.oacc-c++/../libgomp.oacc-c-c++-common/data-already-5.c -DACC_DEVICE_TYPE_host_nonshm=1 -DACC_MEM_SHARED=0 execution test
FAIL: libgomp.oacc-c++/../libgomp.oacc-c-c++-common/data-already-6.c -DACC_DEVICE_TYPE_host_nonshm=1 -DACC_MEM_SHARED=0 execution test
FAIL: libgomp.oacc-c++/../libgomp.oacc-c-c++-common/data-already-7.c -DACC_DEVICE_TYPE_host_nonshm=1 -DACC_MEM_SHARED=0 execution test
FAIL: libgomp.oacc-c++/../libgomp.oacc-c-c++-common/data-already-8.c -DACC_DEVICE_TYPE_host_nonshm=1 -DACC_MEM_SHARED=0 execution test
FAIL: libgomp.oacc-c++/../libgomp.oacc-c-c++-common/deviceptr-1.c -DACC_DEVICE_TYPE_host_nonshm=1 -DACC_MEM_SHARED=0 execution test
FAIL: libgomp.oacc-c++/../libgomp.oacc-c-c++-common/if-1.c -DACC_DEVICE_TYPE_host_nonshm=1 -DACC_MEM_SHARED=0 execution test
FAIL: libgomp.oacc-c++/../libgomp.oacc-c-c++-common/kernels-1.c -DACC_DEVICE_TYPE_host_nonshm=1 -DACC_MEM_SHARED=0 execution test
FAIL: libgomp.oacc-c++/../libgomp.oacc-c-c++-common/lib-12.c -DACC_DEVICE_TYPE_host_nonshm=1 -DACC_MEM_SHARED=0 execution test
FAIL: libgomp.oacc-c++/../libgomp.oacc-c-c++-common/lib-19.c -DACC_DEVICE_TYPE_host_nonshm=1 -DACC_MEM_SHARED=0 execution test
FAIL: libgomp.oacc-c++/../libgomp.oacc-c-c++-common/lib-37.c -DACC_DEVICE_TYPE_host_nonshm=1 -DACC_MEM_SHARED=0 execution test
FAIL: libgomp.oacc-c++/../libgomp.oacc-c-c++-common/lib-38.c -DACC_DEVICE_TYPE_host_nonshm=1 -DACC_MEM_SHARED=0 execution test
FAIL: libgomp.oacc-c++/../libgomp.oacc-c-c++-common/lib-45.c -DACC_DEVICE_TYPE_host_nonshm=1 -DACC_MEM_SHARED=0 execution test
FAIL: libgomp.oacc-c++/../libgomp.oacc-c-c++-common/lib-46.c -DACC_DEVICE_TYPE_host_nonshm=1 -DACC_MEM_SHARED=0 execution test
FAIL: libgomp.oacc-c++/../libgomp.oacc-c-c++-common/lib-49.c -DACC_DEVICE_TYPE_host_nonshm=1 -DACC_MEM_SHARED=0 execution test
FAIL: libgomp.oacc-c++/../libgomp.oacc-c-c++-common/lib-50.c -DACC_DEVICE_TYPE_host_nonshm=1 -DACC_MEM_SHARED=0 execution test
FAIL: libgomp.oacc-c++/../libgomp.oacc-c-c++-common/lib-51.c -DACC_DEVICE_TYPE_host_nonshm=1 -DACC_MEM_SHARED=0 execution test
FAIL: libgomp.oacc-c++/../libgomp.oacc-c-c++-common/lib-55.c -DACC_DEVICE_TYPE_host_nonshm=1 -DACC_MEM_SHARED=0 execution test
FAIL: libgomp.oacc-c++/../libgomp.oacc-c-c++-common/lib-56.c -DACC_DEVICE_TYPE_host_nonshm=1 -DACC_MEM_SHARED=0 execution test
FAIL: libgomp.oacc-c++/../libgomp.oacc-c-c++-common/lib-59.c -DACC_DEVICE_TYPE_host_nonshm=1 -DACC_MEM_SHARED=0 execution test
FAIL: libgomp.oacc-c++/../libgomp.oacc-c-c++-common/lib-60.c -DACC_DEVICE_TYPE_host_nonshm=1 -DACC_MEM_SHARED=0 execution test
FAIL: libgomp.oacc-c++/../libgomp.oacc-c-c++-common/lib-61.c -DACC_DEVICE_TYPE_host_nonshm=1 -DACC_MEM_SHARED=0 execution test
FAIL: libgomp.oacc-c++/../libgomp.oacc-c-c++-common/lib-66.c -DACC_DEVICE_TYPE_host_nonshm=1 -DACC_MEM_SHARED=0 execution test
FAIL: libgomp.oacc-c++/../libgomp.oacc-c-c++-common/nested-1.c -DACC_DEVICE_TYPE_host_nonshm=1 -DACC_MEM_SHARED=0 execution test
FAIL: libgomp.oacc-c++/../libgomp.oacc-c-c++-common/parallel-1.c -DACC_DEVICE_TYPE_host_nonshm=1 -DACC_MEM_SHARED=0 execution test
FAIL: libgomp.oacc-c++/../libgomp.oacc-c-c++-common/update-1-2.c -DACC_DEVICE_TYPE_host_nonshm=1 -DACC_MEM_SHARED=0 execution test
FAIL: libgomp.oacc-c++/../libgomp.oacc-c-c++-common/update-1.c -DACC_DEVICE_TYPE_host_nonshm=1 -DACC_MEM_SHARED=0 execution test
FAIL: libgomp.oacc-fortran/acc_on_device-1-1.f90 -DACC_DEVICE_TYPE_host_nonshm=1 -DACC_MEM_SHARED=0  -O  execution test
FAIL: libgomp.oacc-fortran/acc_on_device-1-2.f -DACC_DEVICE_TYPE_host_nonshm=1 -DACC_MEM_SHARED=0  -O  execution test
FAIL: libgomp.oacc-fortran/acc_on_device-1-3.f -DACC_DEVICE_TYPE_host_nonshm=1 -DACC_MEM_SHARED=0  -O  execution test
FAIL: libgomp.oacc-fortran/data-already-1.f -DACC_DEVICE_TYPE_host_nonshm=1 -DACC_MEM_SHARED=0  -O  execution test
FAIL: libgomp.oacc-fortran/data-already-2.f -DACC_DEVICE_TYPE_host_nonshm=1 -DACC_MEM_SHARED=0  -O  execution test
FAIL: libgomp.oacc-fortran/data-already-3.f -DACC_DEVICE_TYPE_host_nonshm=1 -DACC_MEM_SHARED=0  -O  execution test
FAIL: libgomp.oacc-fortran/data-already-5.f -DACC_DEVICE_TYPE_host_nonshm=1 -DACC_MEM_SHARED=0  -O  execution test
FAIL: libgomp.oacc-fortran/data-already-6.f -DACC_DEVICE_TYPE_host_nonshm=1 -DACC_MEM_SHARED=0  -O  execution test
FAIL: libgomp.oacc-fortran/data-already-7.f -DACC_DEVICE_TYPE_host_nonshm=1 -DACC_MEM_SHARED=0  -O  execution test
FAIL: libgomp.oacc-fortran/data-already-8.f -DACC_DEVICE_TYPE_host_nonshm=1 -DACC_MEM_SHARED=0  -O  execution test

		=== libgomp Summary ===

# of expected passes		5652
# of unexpected failures	76
# of unsupported tests		354

		=== Summary adjusted for local xfails ===

# of unexpected failures        76
# of expected passes            5652
# of unsupported tests          354
Host   is i686-pc-linux-gnu

		=== libitm tests ===


Running target qemu-wheezy

		=== libitm Summary ===

# of expected passes		26
# of expected failures		3
# of unsupported tests		1

		=== Summary adjusted for local xfails ===

# of expected passes            26
# of expected failures          3
# of unsupported tests          1
Host   is i686-pc-linux-gnu

		=== libstdc++ tests ===


Running target qemu-wheezy
FAIL: 21_strings/basic_string/inserters_extractors/wchar_t/28277.cc execution test
FAIL: 22_locale/messages/13631.cc execution test
FAIL: 22_locale/messages/members/char/1.cc execution test
FAIL: 22_locale/messages/members/char/2.cc execution test
FAIL: 22_locale/messages/members/char/wrapped_locale.cc execution test
FAIL: 22_locale/messages_byname/named_equivalence.cc execution test
FAIL: 27_io/basic_ostream/inserters_character/wchar_t/28277-3.cc execution test
FAIL: 27_io/basic_ostream/inserters_character/wchar_t/28277-4.cc execution test
FAIL: ext/vstring/inserters_extractors/wchar_t/28277.cc execution test

		=== libstdc++ Summary ===

# of expected passes		9978
# of unexpected failures	9
# of expected failures		65
# of unsupported tests		373

		=== Summary adjusted for local xfails ===

# of unexpected failures        9
# of expected passes            9978
# of expected failures          65
# of unsupported tests          373
Host   is i686-pc-linux-gnu

		=== g++ tests ===


Running target qemu-wheezy-thumb/-mthumb
FAIL: c-c++-common/asan/heap-overflow-1.c   -O1  output pattern test, is =================================================================
FAIL: c-c++-common/asan/null-deref-1.c   -O2  output pattern test, is ASAN:SIGSEGV
FAIL: c-c++-common/asan/null-deref-1.c   -O3 -fomit-frame-pointer  output pattern test, is ASAN:SIGSEGV
FAIL: c-c++-common/asan/null-deref-1.c   -O3 -g  output pattern test, is ASAN:SIGSEGV
FAIL: c-c++-common/asan/null-deref-1.c   -Os  output pattern test, is ASAN:SIGSEGV
FAIL: c-c++-common/asan/null-deref-1.c   -O2 -flto -fno-use-linker-plugin -flto-partition=none  output pattern test, is ASAN:SIGSEGV
FAIL: c-c++-common/asan/null-deref-1.c   -O2 -flto -fuse-linker-plugin -fno-fat-lto-objects  output pattern test, is ASAN:SIGSEGV
FAIL: c-c++-common/asan/sanity-check-pure-c-1.c   -O0  output pattern test, is =================================================================
FAIL: c-c++-common/asan/sanity-check-pure-c-1.c   -O1  output pattern test, is =================================================================
FAIL: c-c++-common/asan/strncpy-overflow-1.c   -O1  output pattern test, is =================================================================
FAIL: c-c++-common/asan/use-after-free-1.c   -O0  output pattern test, is =================================================================
FAIL: c-c++-common/asan/use-after-free-1.c   -O1  output pattern test, is =================================================================
FAIL: g++.dg/lto/pr65276 cp_lto_pr65276_0.o-cp_lto_pr65276_1.o link, -flto -O0 -std=c++11
UNRESOLVED: g++.dg/lto/pr65276 cp_lto_pr65276_0.o-cp_lto_pr65276_1.o execute -flto -O0 -std=c++11
FAIL: c-c++-common/ubsan/object-size-1.c   -O2  output pattern test, is c-c++-common/ubsan/object-size-1.c:16:15: runtime error: load of address 0x0130bf24 with insufficient space for an object of type 'char'
FAIL: c-c++-common/ubsan/object-size-1.c   -O2 -flto -fno-use-linker-plugin -flto-partition=none  output pattern test, is c-c++-common/ubsan/object-size-1.c:16:15: runtime error: load of address 0x01a27f24 with insufficient space for an object of type 'char'
FAIL: c-c++-common/ubsan/object-size-1.c   -O2 -flto -fuse-linker-plugin -fno-fat-lto-objects  output pattern test, is c-c++-common/ubsan/object-size-1.c:16:15: runtime error: load of address 0x00466f24 with insufficient space for an object of type 'char'
FAIL: c-c++-common/ubsan/object-size-10.c   -O2  output pattern test, is c-c++-common/ubsan/object-size-10.c:19:19: runtime error: index 128 out of bounds for type 'char [128]'
FAIL: c-c++-common/ubsan/object-size-10.c   -O2 -flto -fno-use-linker-plugin -flto-partition=none  output pattern test, is c-c++-common/ubsan/object-size-10.c:19:19: runtime error: index 128 out of bounds for type 'char [128]'
FAIL: c-c++-common/ubsan/object-size-10.c   -O2 -flto -fuse-linker-plugin -fno-fat-lto-objects  output pattern test, is c-c++-common/ubsan/object-size-10.c:19:19: runtime error: index 128 out of bounds for type 'char [128]'
FAIL: c-c++-common/ubsan/object-size-4.c   -O2  output pattern test, is c-c++-common/ubsan/object-size-4.c:16:13: runtime error: load of address 0x01f5ff18 with insufficient space for an object of type 'int'
FAIL: c-c++-common/ubsan/object-size-4.c   -O2 -flto -fno-use-linker-plugin -flto-partition=none  output pattern test, is c-c++-common/ubsan/object-size-4.c:16:13: runtime error: load of address 0x01812f18 with insufficient space for an object of type 'int'
FAIL: c-c++-common/ubsan/object-size-4.c   -O2 -flto -fuse-linker-plugin -fno-fat-lto-objects  output pattern test, is c-c++-common/ubsan/object-size-4.c:16:13: runtime error: load of address 0x00f6ff18 with insufficient space for an object of type 'int'
FAIL: c-c++-common/ubsan/object-size-5.c   -O2  output pattern test, is c-c++-common/ubsan/object-size-5.c:18:12: runtime error: load of address 0x01e50f24 with insufficient space for an object of type 'char'
FAIL: c-c++-common/ubsan/object-size-5.c   -O2 -flto -fno-use-linker-plugin -flto-partition=none  output pattern test, is c-c++-common/ubsan/object-size-5.c:18:12: runtime error: load of address 0x01f77f24 with insufficient space for an object of type 'char'
FAIL: c-c++-common/ubsan/object-size-5.c   -O2 -flto -fuse-linker-plugin -fno-fat-lto-objects  output pattern test, is c-c++-common/ubsan/object-size-5.c:18:12: runtime error: load of address 0x007c5f24 with insufficient space for an object of type 'char'
FAIL: c-c++-common/ubsan/object-size-7.c   -O2  output pattern test, is c-c++-common/ubsan/object-size-7.c:15:11: runtime error: load of address 0xbea8da38 with insufficient space for an object of type 'const struct S'
FAIL: c-c++-common/ubsan/object-size-7.c   -O2 -flto -fno-use-linker-plugin -flto-partition=none  output pattern test, is c-c++-common/ubsan/object-size-7.c:15:11: runtime error: load of address 0xbed29a38 with insufficient space for an object of type 'const struct S'
FAIL: c-c++-common/ubsan/object-size-7.c   -O2 -flto -fuse-linker-plugin -fno-fat-lto-objects  output pattern test, is c-c++-common/ubsan/object-size-7.c:15:11: runtime error: load of address 0xbec97a38 with insufficient space for an object of type 'const struct S'
FAIL: c-c++-common/ubsan/object-size-8.c   -O2  output pattern test, is c-c++-common/ubsan/object-size-8.c:12:13: runtime error: load of address 0x01e88f14 with insufficient space for an object of type 'int'
FAIL: c-c++-common/ubsan/object-size-8.c   -O2 -flto -fno-use-linker-plugin -flto-partition=none  output pattern test, is c-c++-common/ubsan/object-size-8.c:12:13: runtime error: load of address 0x01656f14 with insufficient space for an object of type 'int'
FAIL: c-c++-common/ubsan/object-size-8.c   -O2 -flto -fuse-linker-plugin -fno-fat-lto-objects  output pattern test, is c-c++-common/ubsan/object-size-8.c:12:13: runtime error: load of address 0x01f53f14 with insufficient space for an object of type 'int'
FAIL: c-c++-common/ubsan/object-size-9.c   -O2  output pattern test, is c-c++-common/ubsan/object-size-9.c:21:11: runtime error: load of address 0xbedbca28 with insufficient space for an object of type 'char'
FAIL: c-c++-common/ubsan/object-size-9.c   -O2 -flto -fno-use-linker-plugin -flto-partition=none  output pattern test, is c-c++-common/ubsan/object-size-9.c:21:11: runtime error: load of address 0xbeed5a30 with insufficient space for an object of type 'char'
FAIL: c-c++-common/ubsan/object-size-9.c   -O2 -flto -fuse-linker-plugin -fno-fat-lto-objects  output pattern test, is c-c++-common/ubsan/object-size-9.c:21:11: runtime error: load of address 0xbe846a28 with insufficient space for an object of type 'char'
FAIL: g++.dg/ubsan/null-1.C   -O0  output pattern test, is g++.dg/ubsan/null-1.C:12:13: runtime error: reference binding to null pointer of type 'int'
FAIL: g++.dg/ubsan/null-1.C   -O1  output pattern test, is g++.dg/ubsan/null-1.C:12:13: runtime error: reference binding to null pointer of type 'int'
FAIL: g++.dg/ubsan/null-1.C   -O2  output pattern test, is g++.dg/ubsan/null-1.C:12:13: runtime error: reference binding to null pointer of type 'int'
FAIL: g++.dg/ubsan/null-1.C   -O3 -fomit-frame-pointer  output pattern test, is g++.dg/ubsan/null-1.C:12:13: runtime error: reference binding to null pointer of type 'int'
FAIL: g++.dg/ubsan/null-1.C   -O3 -g  output pattern test, is g++.dg/ubsan/null-1.C:12:13: runtime error: reference binding to null pointer of type 'int'
FAIL: g++.dg/ubsan/null-1.C   -Os  output pattern test, is g++.dg/ubsan/null-1.C:12:13: runtime error: reference binding to null pointer of type 'int'
FAIL: g++.dg/ubsan/null-1.C   -O2 -flto -fno-use-linker-plugin -flto-partition=none  output pattern test, is g++.dg/ubsan/null-1.C:12:13: runtime error: reference binding to null pointer of type 'int'
FAIL: g++.dg/ubsan/null-1.C   -O2 -flto -fuse-linker-plugin -fno-fat-lto-objects  output pattern test, is g++.dg/ubsan/null-1.C:12:13: runtime error: reference binding to null pointer of type 'int'
FAIL: g++.dg/ubsan/null-3.C   -O0  output pattern test, is g++.dg/ubsan/null-3.C:9:14: runtime error: reference binding to null pointer of type 'int'
FAIL: g++.dg/ubsan/null-3.C   -O1  output pattern test, is g++.dg/ubsan/null-3.C:9:14: runtime error: reference binding to null pointer of type 'int'
FAIL: g++.dg/ubsan/null-3.C   -O2  output pattern test, is g++.dg/ubsan/null-3.C:9:14: runtime error: reference binding to null pointer of type 'int'
FAIL: g++.dg/ubsan/null-3.C   -O3 -fomit-frame-pointer  output pattern test, is g++.dg/ubsan/null-3.C:9:14: runtime error: reference binding to null pointer of type 'int'
FAIL: g++.dg/ubsan/null-3.C   -O3 -g  output pattern test, is g++.dg/ubsan/null-3.C:9:14: runtime error: reference binding to null pointer of type 'int'
FAIL: g++.dg/ubsan/null-3.C   -Os  output pattern test, is g++.dg/ubsan/null-3.C:9:14: runtime error: reference binding to null pointer of type 'int'
FAIL: g++.dg/ubsan/null-3.C   -O2 -flto -fno-use-linker-plugin -flto-partition=none  output pattern test, is g++.dg/ubsan/null-3.C:9:14: runtime error: reference binding to null pointer of type 'int'
FAIL: g++.dg/ubsan/null-3.C   -O2 -flto -fuse-linker-plugin -fno-fat-lto-objects  output pattern test, is g++.dg/ubsan/null-3.C:9:14: runtime error: reference binding to null pointer of type 'int'
FAIL: g++.dg/ubsan/null-4.C   -O0  output pattern test, is g++.dg/ubsan/null-4.C:11:14: runtime error: reference binding to null pointer of type 'int'
FAIL: g++.dg/ubsan/null-4.C   -O1  output pattern test, is g++.dg/ubsan/null-4.C:11:14: runtime error: reference binding to null pointer of type 'int'
FAIL: g++.dg/ubsan/null-4.C   -O2  output pattern test, is g++.dg/ubsan/null-4.C:11:14: runtime error: reference binding to null pointer of type 'int'
FAIL: g++.dg/ubsan/null-4.C   -O3 -fomit-frame-pointer  output pattern test, is g++.dg/ubsan/null-4.C:11:14: runtime error: reference binding to null pointer of type 'int'
FAIL: g++.dg/ubsan/null-4.C   -O3 -g  output pattern test, is g++.dg/ubsan/null-4.C:11:14: runtime error: reference binding to null pointer of type 'int'
FAIL: g++.dg/ubsan/null-4.C   -Os  output pattern test, is g++.dg/ubsan/null-4.C:11:14: runtime error: reference binding to null pointer of type 'int'
FAIL: g++.dg/ubsan/null-4.C   -O2 -flto -fno-use-linker-plugin -flto-partition=none  output pattern test, is g++.dg/ubsan/null-4.C:11:14: runtime error: reference binding to null pointer of type 'int'
FAIL: g++.dg/ubsan/static-init-2.C   -O0  output pattern test, is g++.dg/ubsan/static-init-2.C:9:20: runtime error: reference binding to null pointer of type 'int'
FAIL: g++.dg/ubsan/static-init-2.C   -O1  output pattern test, is g++.dg/ubsan/static-init-2.C:9:20: runtime error: reference binding to null pointer of type 'int'
FAIL: g++.dg/ubsan/static-init-2.C   -O2  output pattern test, is g++.dg/ubsan/static-init-2.C:9:20: runtime error: reference binding to null pointer of type 'int'
FAIL: g++.dg/ubsan/static-init-2.C   -O3 -fomit-frame-pointer  output pattern test, is g++.dg/ubsan/static-init-2.C:9:20: runtime error: reference binding to null pointer of type 'int'
FAIL: g++.dg/ubsan/static-init-2.C   -O3 -g  output pattern test, is g++.dg/ubsan/static-init-2.C:9:20: runtime error: reference binding to null pointer of type 'int'
FAIL: g++.dg/ubsan/static-init-2.C   -Os  output pattern test, is g++.dg/ubsan/static-init-2.C:9:20: runtime error: reference binding to null pointer of type 'int'
FAIL: g++.dg/ubsan/static-init-2.C   -O2 -flto -fno-use-linker-plugin -flto-partition=none  output pattern test, is g++.dg/ubsan/static-init-2.C:9:20: runtime error: reference binding to null pointer of type 'int'
FAIL: g++.dg/ubsan/static-init-2.C   -O2 -flto -fuse-linker-plugin -fno-fat-lto-objects  output pattern test, is g++.dg/ubsan/static-init-2.C:9:20: runtime error: reference binding to null pointer of type 'int'
FAIL: g++.dg/ubsan/static-init-3.C   -O0  output pattern test, is g++.dg/ubsan/static-init-3.C:11:24: runtime error: reference binding to null pointer of type 'int'
FAIL: g++.dg/ubsan/static-init-3.C   -O1  output pattern test, is g++.dg/ubsan/static-init-3.C:11:24: runtime error: reference binding to null pointer of type 'int'
FAIL: g++.dg/ubsan/static-init-3.C   -O2  output pattern test, is g++.dg/ubsan/static-init-3.C:11:24: runtime error: reference binding to null pointer of type 'int'
FAIL: g++.dg/ubsan/static-init-3.C   -O3 -fomit-frame-pointer  output pattern test, is g++.dg/ubsan/static-init-3.C:11:24: runtime error: reference binding to null pointer of type 'int'
FAIL: g++.dg/ubsan/static-init-3.C   -O3 -g  output pattern test, is g++.dg/ubsan/static-init-3.C:11:24: runtime error: reference binding to null pointer of type 'int'
FAIL: g++.dg/ubsan/static-init-3.C   -Os  output pattern test, is g++.dg/ubsan/static-init-3.C:11:24: runtime error: reference binding to null pointer of type 'int'
FAIL: g++.dg/ubsan/static-init-3.C   -O2 -flto -fno-use-linker-plugin -flto-partition=none  output pattern test, is g++.dg/ubsan/static-init-3.C:11:24: runtime error: reference binding to null pointer of type 'int'
FAIL: g++.dg/ubsan/static-init-3.C   -O2 -flto -fuse-linker-plugin -fno-fat-lto-objects  output pattern test, is g++.dg/ubsan/static-init-3.C:11:24: runtime error: reference binding to null pointer of type 'int'
FAIL: g++.dg/ubsan/vptr-1.C   -O0  output pattern test, is g++.dg/ubsan/vptr-1.C:75:17: runtime error: member access within address 0x0160bf10 which does not point to an object of type 'T'
FAIL: g++.dg/ubsan/vptr-1.C   -O1  output pattern test, is g++.dg/ubsan/vptr-1.C:75:17: runtime error: member access within address 0x00378f10 which does not point to an object of type 'T'
FAIL: g++.dg/ubsan/vptr-1.C   -O2  output pattern test, is g++.dg/ubsan/vptr-1.C:75:17: runtime error: member access within address 0x00303f10 which does not point to an object of type 'T'
FAIL: g++.dg/ubsan/vptr-1.C   -O3 -fomit-frame-pointer  output pattern test, is g++.dg/ubsan/vptr-1.C:75:17: runtime error: member access within address 0x00802f10 which does not point to an object of type 'T'
FAIL: g++.dg/ubsan/vptr-1.C   -O3 -fomit-frame-pointer -funroll-loops  output pattern test, is g++.dg/ubsan/vptr-1.C:75:17: runtime error: member access within address 0x00321f10 which does not point to an object of type 'T'
FAIL: g++.dg/ubsan/vptr-1.C   -O3 -fomit-frame-pointer -funroll-all-loops -finline-functions  output pattern test, is g++.dg/ubsan/vptr-1.C:75:17: runtime error: member access within address 0x018e7f10 which does not point to an object of type 'T'
FAIL: g++.dg/ubsan/vptr-1.C   -O3 -g  output pattern test, is g++.dg/ubsan/vptr-1.C:75:17: runtime error: member access within address 0x011e7f10 which does not point to an object of type 'T'
FAIL: g++.dg/ubsan/vptr-1.C   -Os  output pattern test, is g++.dg/ubsan/vptr-1.C:75:17: runtime error: member access within address 0x004acf10 which does not point to an object of type 'T'
FAIL: g++.dg/ubsan/vptr-1.C   -O2 -flto -fno-use-linker-plugin -flto-partition=none  output pattern test, is g++.dg/ubsan/vptr-1.C:75:17: runtime error: member access within address 0x0075af10 which does not point to an object of type 'T'
FAIL: g++.dg/ubsan/vptr-1.C   -O2 -flto -fuse-linker-plugin -fno-fat-lto-objects  output pattern test, is g++.dg/ubsan/vptr-1.C:75:17: runtime error: member access within address 0x01bf4f10 which does not point to an object of type 'T'
FAIL: g++.dg/ubsan/vptr-2.C   -O0  output pattern test, is g++.dg/ubsan/vptr-2.C:75:17: runtime error: member access within address 0x01d14f10 which does not point to an object of type 'T'
FAIL: g++.dg/ubsan/vptr-2.C   -O1  output pattern test, is g++.dg/ubsan/vptr-2.C:75:17: runtime error: member access within address 0x0122ff10 which does not point to an object of type 'T'
FAIL: g++.dg/ubsan/vptr-2.C   -O2  output pattern test, is g++.dg/ubsan/vptr-2.C:75:17: runtime error: member access within address 0x01486f10 which does not point to an object of type 'T'
FAIL: g++.dg/ubsan/vptr-2.C   -O3 -fomit-frame-pointer  output pattern test, is g++.dg/ubsan/vptr-2.C:75:17: runtime error: member access within address 0x01a36f10 which does not point to an object of type 'T'
FAIL: g++.dg/ubsan/vptr-2.C   -O3 -fomit-frame-pointer -funroll-loops  output pattern test, is g++.dg/ubsan/vptr-2.C:75:17: runtime error: member access within address 0x00f65f10 which does not point to an object of type 'T'
FAIL: g++.dg/ubsan/vptr-2.C   -O3 -fomit-frame-pointer -funroll-all-loops -finline-functions  output pattern test, is g++.dg/ubsan/vptr-2.C:75:17: runtime error: member access within address 0x00eccf10 which does not point to an object of type 'T'
FAIL: g++.dg/ubsan/vptr-2.C   -O3 -g  output pattern test, is g++.dg/ubsan/vptr-2.C:75:17: runtime error: member access within address 0x01dfbf10 which does not point to an object of type 'T'
FAIL: g++.dg/ubsan/vptr-2.C   -Os  output pattern test, is g++.dg/ubsan/vptr-2.C:75:17: runtime error: member access within address 0x009bff10 which does not point to an object of type 'T'
FAIL: g++.dg/ubsan/vptr-2.C   -O2 -flto -fno-use-linker-plugin -flto-partition=none  output pattern test, is g++.dg/ubsan/vptr-2.C:75:17: runtime error: member access within address 0x017adf10 which does not point to an object of type 'T'
FAIL: g++.dg/ubsan/vptr-2.C   -O2 -flto -fuse-linker-plugin -fno-fat-lto-objects  output pattern test, is g++.dg/ubsan/vptr-2.C:75:17: runtime error: member access within address 0x00306f10 which does not point to an object of type 'T'
FAIL: g++.dg/ubsan/vptr-3.C   -O0  output pattern test, is g++.dg/ubsan/vptr-3.C:75:17: runtime error: member access within address 0x0076df10 which does not point to an object of type 'T'
FAIL: g++.dg/ubsan/vptr-3.C   -O1  output pattern test, is g++.dg/ubsan/vptr-3.C:75:17: runtime error: member access within address 0x01c94f10 which does not point to an object of type 'T'
FAIL: g++.dg/ubsan/vptr-3.C   -O2  output pattern test, is g++.dg/ubsan/vptr-3.C:75:17: runtime error: member access within address 0x007f4f10 which does not point to an object of type 'T'
FAIL: g++.dg/ubsan/vptr-3.C   -O3 -fomit-frame-pointer  output pattern test, is g++.dg/ubsan/vptr-3.C:75:17: runtime error: member access within address 0x00979f10 which does not point to an object of type 'T'
FAIL: g++.dg/ubsan/vptr-3.C   -O3 -fomit-frame-pointer -funroll-loops  output pattern test, is g++.dg/ubsan/vptr-3.C:75:17: runtime error: member access within address 0x01f4ff10 which does not point to an object of type 'T'
FAIL: g++.dg/ubsan/vptr-3.C   -O3 -fomit-frame-pointer -funroll-all-loops -finline-functions  output pattern test, is g++.dg/ubsan/vptr-3.C:75:17: runtime error: member access within address 0x016edf10 which does not point to an object of type 'T'
FAIL: g++.dg/ubsan/vptr-3.C   -O3 -g  output pattern test, is g++.dg/ubsan/vptr-3.C:75:17: runtime error: member access within address 0x01c94f10 which does not point to an object of type 'T'
FAIL: g++.dg/ubsan/vptr-3.C   -Os  output pattern test, is g++.dg/ubsan/vptr-3.C:75:17: runtime error: member access within address 0x01d32f10 which does not point to an object of type 'T'
FAIL: g++.dg/ubsan/vptr-3.C   -O2 -flto -fno-use-linker-plugin -flto-partition=none  output pattern test, is g++.dg/ubsan/vptr-3.C:75:17: runtime error: member access within address 0x01c4ff10 which does not point to an object of type 'T'
FAIL: g++.dg/ubsan/vptr-3.C   -O2 -flto -fuse-linker-plugin -fno-fat-lto-objects  output pattern test, is g++.dg/ubsan/vptr-3.C:75:17: runtime error: member access within address 0x01e84f10 which does not point to an object of type 'T'
FAIL: g++.dg/ubsan/vptr-8.C   -O0  output pattern test, is g++.dg/ubsan/vptr-8.C:24:13: runtime error: cast to virtual base of address 0xbe88fa38 which does not point to an object of type 'V'
FAIL: g++.dg/ubsan/vptr-8.C   -O1  output pattern test, is g++.dg/ubsan/vptr-8.C:24:13: runtime error: cast to virtual base of address 0xbef8fa48 which does not point to an object of type 'V'
FAIL: g++.dg/ubsan/vptr-8.C   -O2  output pattern test, is g++.dg/ubsan/vptr-8.C:24:13: runtime error: cast to virtual base of address 0xbe8eea40 which does not point to an object of type 'V'
FAIL: g++.dg/ubsan/vptr-8.C   -O3 -fomit-frame-pointer  output pattern test, is g++.dg/ubsan/vptr-8.C:24:13: runtime error: cast to virtual base of address 0xbe8f3a40 which does not point to an object of type 'V'
FAIL: g++.dg/ubsan/vptr-8.C   -O3 -fomit-frame-pointer -funroll-loops  output pattern test, is g++.dg/ubsan/vptr-8.C:24:13: runtime error: cast to virtual base of address 0xbef17a40 which does not point to an object of type 'V'
FAIL: g++.dg/ubsan/vptr-8.C   -O3 -fomit-frame-pointer -funroll-all-loops -finline-functions  output pattern test, is g++.dg/ubsan/vptr-8.C:24:13: runtime error: cast to virtual base of address 0xbece6a40 which does not point to an object of type 'V'
FAIL: g++.dg/ubsan/vptr-8.C   -O3 -g  output pattern test, is g++.dg/ubsan/vptr-8.C:24:13: runtime error: cast to virtual base of address 0xbefe1a40 which does not point to an object of type 'V'
FAIL: g++.dg/ubsan/vptr-8.C   -Os  output pattern test, is g++.dg/ubsan/vptr-8.C:24:13: runtime error: cast to virtual base of address 0xbef94a40 which does not point to an object of type 'V'
FAIL: g++.dg/ubsan/vptr-8.C   -O2 -flto -fno-use-linker-plugin -flto-partition=none  output pattern test, is g++.dg/ubsan/vptr-8.C:24:13: runtime error: cast to virtual base of address 0xbea05a40 which does not point to an object of type 'V'
FAIL: g++.dg/ubsan/vptr-8.C   -O2 -flto -fuse-linker-plugin -fno-fat-lto-objects  output pattern test, is g++.dg/ubsan/vptr-8.C:24:13: runtime error: cast to virtual base of address 0xbea5ba38 which does not point to an object of type 'V'
FAIL: g++.dg/ubsan/vptr-9.C   -O0  output pattern test, is g++.dg/ubsan/vptr-9.C:14:10: runtime error: cast to virtual base of address 0xbed0ca34 which does not point to an object of type 'T'
FAIL: g++.dg/ubsan/vptr-9.C   -O1  output pattern test, is g++.dg/ubsan/vptr-9.C:14:10: runtime error: cast to virtual base of address 0xbedaca4c which does not point to an object of type 'T'
FAIL: g++.dg/ubsan/vptr-9.C   -O2  output pattern test, is g++.dg/ubsan/vptr-9.C:14:10: runtime error: cast to virtual base of address 0xbeb0da44 which does not point to an object of type 'T'
FAIL: g++.dg/ubsan/vptr-9.C   -O3 -fomit-frame-pointer  output pattern test, is g++.dg/ubsan/vptr-9.C:14:10: runtime error: cast to virtual base of address 0xbeceaa44 which does not point to an object of type 'T'
FAIL: g++.dg/ubsan/vptr-9.C   -O3 -fomit-frame-pointer -funroll-loops  output pattern test, is g++.dg/ubsan/vptr-9.C:14:10: runtime error: cast to virtual base of address 0xbebe3a44 which does not point to an object of type 'T'
FAIL: g++.dg/ubsan/vptr-9.C   -O3 -fomit-frame-pointer -funroll-all-loops -finline-functions  output pattern test, is g++.dg/ubsan/vptr-9.C:14:10: runtime error: cast to virtual base of address 0xbef5da44 which does not point to an object of type 'T'
FAIL: g++.dg/ubsan/vptr-9.C   -O3 -g  output pattern test, is g++.dg/ubsan/vptr-9.C:14:10: runtime error: cast to virtual base of address 0xbecafa44 which does not point to an object of type 'T'
FAIL: g++.dg/ubsan/vptr-9.C   -Os  output pattern test, is g++.dg/ubsan/vptr-9.C:14:10: runtime error: cast to virtual base of address 0xbe903a44 which does not point to an object of type 'T'
FAIL: g++.dg/ubsan/vptr-9.C   -O2 -flto -fno-use-linker-plugin -flto-partition=none  output pattern test, is g++.dg/ubsan/vptr-9.C:14:10: runtime error: cast to virtual base of address 0xbe872a44 which does not point to an object of type 'T'
FAIL: g++.dg/ubsan/vptr-9.C   -O2 -flto -fuse-linker-plugin -fno-fat-lto-objects  output pattern test, is g++.dg/ubsan/vptr-9.C:14:10: runtime error: cast to virtual base of address 0xbef86a44 which does not point to an object of type 'T'

		=== g++ Summary ===

# of expected passes		85785
# of unexpected failures	123
# of expected failures		343
# of unresolved testcases	1
# of unsupported tests		4162
/scratch/gcc/nightly-2015-09-16-5/arm-none-linux-gnueabi/obj/test-5-0-arm-none-linux-gnueabi/host-i686-pc-linux-gnu/fsf-5/bin/arm-none-linux-gnueabi-g++  version 5.2.1 20150916 (GCC) 


		=== Summary adjusted for local xfails ===

# of unexpected failures        123
# of expected passes            85785
# of expected failures          343
# of unresolved testcases       1
# of unsupported tests          4162
Host   is i686-pc-linux-gnu

		=== gcc tests ===


Running target qemu-wheezy-thumb/-mthumb
FAIL: c-c++-common/asan/heap-overflow-1.c   -O1  output pattern test, is =================================================================
FAIL: c-c++-common/asan/null-deref-1.c   -O2  output pattern test, is ASAN:SIGSEGV
FAIL: c-c++-common/asan/null-deref-1.c   -O3 -fomit-frame-pointer  output pattern test, is ASAN:SIGSEGV
FAIL: c-c++-common/asan/null-deref-1.c   -O3 -g  output pattern test, is ASAN:SIGSEGV
FAIL: c-c++-common/asan/null-deref-1.c   -Os  output pattern test, is ASAN:SIGSEGV
FAIL: c-c++-common/asan/null-deref-1.c   -O2 -flto -fno-use-linker-plugin -flto-partition=none  output pattern test, is ASAN:SIGSEGV
FAIL: c-c++-common/asan/null-deref-1.c   -O2 -flto -fuse-linker-plugin -fno-fat-lto-objects  output pattern test, is ASAN:SIGSEGV
FAIL: c-c++-common/asan/sanity-check-pure-c-1.c   -O0  output pattern test, is =================================================================
FAIL: c-c++-common/asan/sanity-check-pure-c-1.c   -O1  output pattern test, is =================================================================
FAIL: c-c++-common/asan/strncpy-overflow-1.c   -O1  output pattern test, is =================================================================
FAIL: c-c++-common/asan/use-after-free-1.c   -O0  output pattern test, is =================================================================
FAIL: c-c++-common/asan/use-after-free-1.c   -O1  output pattern test, is =================================================================
FAIL: gcc.dg/atomic/stdatomic-compare-exchange-4.c   -O0  execution test
FAIL: gcc.dg/atomic/stdatomic-compare-exchange-4.c   -O1  execution test
FAIL: gcc.dg/atomic/stdatomic-compare-exchange-4.c   -O2  execution test
FAIL: gcc.dg/atomic/stdatomic-compare-exchange-4.c   -O3 -fomit-frame-pointer  execution test
FAIL: gcc.dg/atomic/stdatomic-compare-exchange-4.c   -O3 -g  execution test
FAIL: gcc.dg/atomic/stdatomic-compare-exchange-4.c   -Os  execution test
FAIL: gcc.dg/atomic/stdatomic-compare-exchange-4.c   -O2 -flto -fno-use-linker-plugin -flto-partition=none  execution test
FAIL: gcc.dg/atomic/stdatomic-compare-exchange-4.c   -O2 -flto -fuse-linker-plugin -fno-fat-lto-objects  execution test
XPASS: gcc.dg/sibcall-3.c execution test
XPASS: gcc.dg/sibcall-4.c execution test
FAIL: gcc.dg/tree-ssa/sra-12.c scan-tree-dump-times release_ssa "l;" 0
FAIL: gcc.dg/tree-ssa/ssa-dom-cse-2.c scan-tree-dump optimized "return 28;"
FAIL: c-c++-common/ubsan/object-size-1.c   -O2  output pattern test, is c-c++-common/ubsan/object-size-1.c:16:7: runtime error: load of address 0x00364f24 with insufficient space for an object of type 'char'
FAIL: c-c++-common/ubsan/object-size-1.c   -O2 -flto -fno-use-linker-plugin -flto-partition=none  output pattern test, is c-c++-common/ubsan/object-size-1.c:16:7: runtime error: load of address 0x01986f24 with insufficient space for an object of type 'char'
FAIL: c-c++-common/ubsan/object-size-1.c   -O2 -flto -fuse-linker-plugin -fno-fat-lto-objects  output pattern test, is c-c++-common/ubsan/object-size-1.c:16:7: runtime error: load of address 0x00100f24 with insufficient space for an object of type 'char'
FAIL: c-c++-common/ubsan/object-size-10.c   -O2  output pattern test, is c-c++-common/ubsan/object-size-10.c:19:11: runtime error: index 128 out of bounds for type 'char [128]'
FAIL: c-c++-common/ubsan/object-size-10.c   -O2 -flto -fno-use-linker-plugin -flto-partition=none  output pattern test, is c-c++-common/ubsan/object-size-10.c:19:11: runtime error: index 128 out of bounds for type 'char [128]'
FAIL: c-c++-common/ubsan/object-size-10.c   -O2 -flto -fuse-linker-plugin -fno-fat-lto-objects  output pattern test, is c-c++-common/ubsan/object-size-10.c:19:11: runtime error: index 128 out of bounds for type 'char [128]'
FAIL: c-c++-common/ubsan/object-size-4.c   -O2  output pattern test, is c-c++-common/ubsan/object-size-4.c:16:11: runtime error: load of address 0x0065ff18 with insufficient space for an object of type 'int'
FAIL: c-c++-common/ubsan/object-size-4.c   -O2 -flto -fno-use-linker-plugin -flto-partition=none  output pattern test, is c-c++-common/ubsan/object-size-4.c:16:11: runtime error: load of address 0x00a8bf18 with insufficient space for an object of type 'int'
FAIL: c-c++-common/ubsan/object-size-4.c   -O2 -flto -fuse-linker-plugin -fno-fat-lto-objects  output pattern test, is c-c++-common/ubsan/object-size-4.c:16:11: runtime error: load of address 0x01fa0f18 with insufficient space for an object of type 'int'
FAIL: c-c++-common/ubsan/object-size-5.c   -O2  output pattern test, is c-c++-common/ubsan/object-size-5.c:18:10: runtime error: load of address 0x003ecf24 with insufficient space for an object of type 'char'
FAIL: c-c++-common/ubsan/object-size-5.c   -O2 -flto -fno-use-linker-plugin -flto-partition=none  output pattern test, is c-c++-common/ubsan/object-size-5.c:18:10: runtime error: load of address 0x005cbf24 with insufficient space for an object of type 'char'
FAIL: c-c++-common/ubsan/object-size-5.c   -O2 -flto -fuse-linker-plugin -fno-fat-lto-objects  output pattern test, is c-c++-common/ubsan/object-size-5.c:18:10: runtime error: load of address 0x003e2f24 with insufficient space for an object of type 'char'
FAIL: c-c++-common/ubsan/object-size-7.c   -O2  output pattern test, is c-c++-common/ubsan/object-size-7.c:15:5: runtime error: load of address 0xbe83ca38 with insufficient space for an object of type 'struct S'
FAIL: c-c++-common/ubsan/object-size-7.c   -O2 -flto -fno-use-linker-plugin -flto-partition=none  output pattern test, is c-c++-common/ubsan/object-size-7.c:15:5: runtime error: load of address 0xbeff6a38 with insufficient space for an object of type 'struct S'
FAIL: c-c++-common/ubsan/object-size-7.c   -O2 -flto -fuse-linker-plugin -fno-fat-lto-objects  output pattern test, is c-c++-common/ubsan/object-size-7.c:15:5: runtime error: load of address 0xbedbea38 with insufficient space for an object of type 'struct S'
FAIL: c-c++-common/ubsan/object-size-8.c   -O2  output pattern test, is c-c++-common/ubsan/object-size-8.c:12:10: runtime error: load of address 0x01d06f14 with insufficient space for an object of type 'int'
FAIL: c-c++-common/ubsan/object-size-8.c   -O2 -flto -fno-use-linker-plugin -flto-partition=none  output pattern test, is c-c++-common/ubsan/object-size-8.c:12:10: runtime error: load of address 0x00071f14 with insufficient space for an object of type 'int'
FAIL: c-c++-common/ubsan/object-size-8.c   -O2 -flto -fuse-linker-plugin -fno-fat-lto-objects  output pattern test, is c-c++-common/ubsan/object-size-8.c:12:10: runtime error: load of address 0x01afff14 with insufficient space for an object of type 'int'
FAIL: c-c++-common/ubsan/object-size-9.c   -O2  output pattern test, is c-c++-common/ubsan/object-size-9.c:21:10: runtime error: load of address 0xbefdda38 with insufficient space for an object of type 'char'
FAIL: c-c++-common/ubsan/object-size-9.c   -O2 -flto -fno-use-linker-plugin -flto-partition=none  output pattern test, is c-c++-common/ubsan/object-size-9.c:21:10: runtime error: load of address 0xbe89fa38 with insufficient space for an object of type 'char'
FAIL: c-c++-common/ubsan/object-size-9.c   -O2 -flto -fuse-linker-plugin -fno-fat-lto-objects  output pattern test, is c-c++-common/ubsan/object-size-9.c:21:10: runtime error: load of address 0xbeb06a38 with insufficient space for an object of type 'char'
FAIL: gcc.dg/ubsan/object-size-9.c   -O2  output pattern test, is gcc.dg/ubsan/object-size-9.c:11:13: runtime error: load of address 0x000209ee with insufficient space for an object of type 'char'
FAIL: gcc.dg/ubsan/object-size-9.c   -O2 -flto -fno-use-linker-plugin -flto-partition=none  output pattern test, is gcc.dg/ubsan/object-size-9.c:11:13: runtime error: load of address 0x000209ee with insufficient space for an object of type 'char'
FAIL: gcc.dg/ubsan/object-size-9.c   -O2 -flto -fuse-linker-plugin -fno-fat-lto-objects  output pattern test, is gcc.dg/ubsan/object-size-9.c:11:13: runtime error: load of address 0x000209c2 with insufficient space for an object of type 'char'
FAIL: gcc.target/arm/pr42172-1.c scan-assembler-times ldr 1
FAIL: gcc.target/arm/thumb-ltu.c scan-assembler-not uxtb

		=== gcc Summary ===

# of expected passes		91898
# of unexpected failures	48
# of unexpected successes	2
# of expected failures		120
# of unsupported tests		4405
/scratch/gcc/nightly-2015-09-16-5/arm-none-linux-gnueabi/obj/test-5-0-arm-none-linux-gnueabi/host-i686-pc-linux-gnu/fsf-5/bin/arm-none-linux-gnueabi-gcc  version 5.2.1 20150916 (GCC) 


		=== Summary adjusted for local xfails ===

# of unexpected failures        48
# of expected passes            91898
# of unexpected successes       2
# of expected failures          120
# of unsupported tests          4405
Host   is i686-pc-linux-gnu

		=== gfortran tests ===


Running target qemu-wheezy-thumb/-mthumb
FAIL: gfortran.dg/ieee/ieee_1.F90   -O0  execution test
FAIL: gfortran.dg/ieee/ieee_1.F90   -O1  execution test
FAIL: gfortran.dg/ieee/ieee_1.F90   -O2  execution test
FAIL: gfortran.dg/ieee/ieee_1.F90   -O3 -fomit-frame-pointer  execution test
FAIL: gfortran.dg/ieee/ieee_1.F90   -O3 -fomit-frame-pointer -funroll-loops  execution test
FAIL: gfortran.dg/ieee/ieee_1.F90   -O3 -fomit-frame-pointer -funroll-all-loops -finline-functions  execution test
FAIL: gfortran.dg/ieee/ieee_1.F90   -O3 -g  execution test
FAIL: gfortran.dg/ieee/ieee_1.F90   -Os  execution test
FAIL: gfortran.dg/ieee/ieee_2.f90   -O0  execution test
FAIL: gfortran.dg/ieee/ieee_2.f90   -O1  execution test
FAIL: gfortran.dg/ieee/ieee_2.f90   -O2  execution test
FAIL: gfortran.dg/ieee/ieee_2.f90   -O3 -fomit-frame-pointer  execution test
FAIL: gfortran.dg/ieee/ieee_2.f90   -O3 -fomit-frame-pointer -funroll-loops  execution test
FAIL: gfortran.dg/ieee/ieee_2.f90   -O3 -fomit-frame-pointer -funroll-all-loops -finline-functions  execution test
FAIL: gfortran.dg/ieee/ieee_2.f90   -O3 -g  execution test
FAIL: gfortran.dg/ieee/ieee_2.f90   -Os  execution test
FAIL: gfortran.dg/ieee/ieee_6.f90   -O0  execution test
FAIL: gfortran.dg/ieee/ieee_6.f90   -O1  execution test
FAIL: gfortran.dg/ieee/ieee_6.f90   -O2  execution test
FAIL: gfortran.dg/ieee/ieee_6.f90   -O3 -fomit-frame-pointer  execution test
FAIL: gfortran.dg/ieee/ieee_6.f90   -O3 -fomit-frame-pointer -funroll-loops  execution test
FAIL: gfortran.dg/ieee/ieee_6.f90   -O3 -fomit-frame-pointer -funroll-all-loops -finline-functions  execution test
FAIL: gfortran.dg/ieee/ieee_6.f90   -O3 -g  execution test
FAIL: gfortran.dg/ieee/ieee_6.f90   -Os  execution test
FAIL: gfortran.dg/ieee/rounding_1.f90   -O0  execution test
FAIL: gfortran.dg/ieee/rounding_1.f90   -O1  execution test
FAIL: gfortran.dg/ieee/rounding_1.f90   -O2  execution test
FAIL: gfortran.dg/ieee/rounding_1.f90   -O3 -fomit-frame-pointer  execution test
FAIL: gfortran.dg/ieee/rounding_1.f90   -O3 -fomit-frame-pointer -funroll-loops  execution test
FAIL: gfortran.dg/ieee/rounding_1.f90   -O3 -fomit-frame-pointer -funroll-all-loops -finline-functions  execution test
FAIL: gfortran.dg/ieee/rounding_1.f90   -O3 -g  execution test
FAIL: gfortran.dg/ieee/rounding_1.f90   -Os  execution test

		=== gfortran Summary ===

# of expected passes		47338
# of unexpected failures	32
# of expected failures		79
# of unsupported tests		410
/scratch/gcc/nightly-2015-09-16-5/arm-none-linux-gnueabi/obj/test-5-0-arm-none-linux-gnueabi/host-i686-pc-linux-gnu/fsf-5/bin/arm-none-linux-gnueabi-gfortran  version 5.2.1 20150916 (GCC) 


		=== Summary adjusted for local xfails ===

# of unexpected failures        32
# of expected passes            47338
# of expected failures          79
# of unsupported tests          410
Host   is i686-pc-linux-gnu

		=== libatomic tests ===


Running target qemu-wheezy-thumb/-mthumb

		=== libatomic Summary ===

# of expected passes		44
# of unsupported tests		5

		=== Summary adjusted for local xfails ===

# of expected passes            44
# of unsupported tests          5
Host   is i686-pc-linux-gnu

		=== libgomp tests ===


Running target qemu-wheezy-thumb/-mthumb
WARNING: program timed out.
FAIL: libgomp.fortran/strassen.f90   -O  execution test
FAIL: libgomp.graphite/force-parallel-7.c execution test
FAIL: libgomp.oacc-c/../libgomp.oacc-c-c++-common/acc_on_device-1.c -DACC_DEVICE_TYPE_host_nonshm=1 -DACC_MEM_SHARED=0 execution test
FAIL: libgomp.oacc-c/../libgomp.oacc-c-c++-common/clauses-1.c -DACC_DEVICE_TYPE_host_nonshm=1 -DACC_MEM_SHARED=0 execution test
FAIL: libgomp.oacc-c/../libgomp.oacc-c-c++-common/data-1.c -DACC_DEVICE_TYPE_host_nonshm=1 -DACC_MEM_SHARED=0 execution test
FAIL: libgomp.oacc-c/../libgomp.oacc-c-c++-common/data-already-1.c -DACC_DEVICE_TYPE_host_nonshm=1 -DACC_MEM_SHARED=0 execution test
FAIL: libgomp.oacc-c/../libgomp.oacc-c-c++-common/data-already-2.c -DACC_DEVICE_TYPE_host_nonshm=1 -DACC_MEM_SHARED=0 execution test
FAIL: libgomp.oacc-c/../libgomp.oacc-c-c++-common/data-already-3.c -DACC_DEVICE_TYPE_host_nonshm=1 -DACC_MEM_SHARED=0 execution test
FAIL: libgomp.oacc-c/../libgomp.oacc-c-c++-common/data-already-5.c -DACC_DEVICE_TYPE_host_nonshm=1 -DACC_MEM_SHARED=0 execution test
FAIL: libgomp.oacc-c/../libgomp.oacc-c-c++-common/data-already-6.c -DACC_DEVICE_TYPE_host_nonshm=1 -DACC_MEM_SHARED=0 execution test
FAIL: libgomp.oacc-c/../libgomp.oacc-c-c++-common/data-already-7.c -DACC_DEVICE_TYPE_host_nonshm=1 -DACC_MEM_SHARED=0 execution test
FAIL: libgomp.oacc-c/../libgomp.oacc-c-c++-common/data-already-8.c -DACC_DEVICE_TYPE_host_nonshm=1 -DACC_MEM_SHARED=0 execution test
FAIL: libgomp.oacc-c/../libgomp.oacc-c-c++-common/deviceptr-1.c -DACC_DEVICE_TYPE_host_nonshm=1 -DACC_MEM_SHARED=0 execution test
FAIL: libgomp.oacc-c/../libgomp.oacc-c-c++-common/if-1.c -DACC_DEVICE_TYPE_host_nonshm=1 -DACC_MEM_SHARED=0 execution test
FAIL: libgomp.oacc-c/../libgomp.oacc-c-c++-common/kernels-1.c -DACC_DEVICE_TYPE_host_nonshm=1 -DACC_MEM_SHARED=0 execution test
FAIL: libgomp.oacc-c/../libgomp.oacc-c-c++-common/lib-12.c -DACC_DEVICE_TYPE_host_nonshm=1 -DACC_MEM_SHARED=0 execution test
FAIL: libgomp.oacc-c/../libgomp.oacc-c-c++-common/lib-19.c -DACC_DEVICE_TYPE_host_nonshm=1 -DACC_MEM_SHARED=0 execution test
FAIL: libgomp.oacc-c/../libgomp.oacc-c-c++-common/lib-37.c -DACC_DEVICE_TYPE_host_nonshm=1 -DACC_MEM_SHARED=0 execution test
FAIL: libgomp.oacc-c/../libgomp.oacc-c-c++-common/lib-38.c -DACC_DEVICE_TYPE_host_nonshm=1 -DACC_MEM_SHARED=0 execution test
FAIL: libgomp.oacc-c/../libgomp.oacc-c-c++-common/lib-45.c -DACC_DEVICE_TYPE_host_nonshm=1 -DACC_MEM_SHARED=0 execution test
FAIL: libgomp.oacc-c/../libgomp.oacc-c-c++-common/lib-46.c -DACC_DEVICE_TYPE_host_nonshm=1 -DACC_MEM_SHARED=0 execution test
FAIL: libgomp.oacc-c/../libgomp.oacc-c-c++-common/lib-49.c -DACC_DEVICE_TYPE_host_nonshm=1 -DACC_MEM_SHARED=0 execution test
FAIL: libgomp.oacc-c/../libgomp.oacc-c-c++-common/lib-50.c -DACC_DEVICE_TYPE_host_nonshm=1 -DACC_MEM_SHARED=0 execution test
FAIL: libgomp.oacc-c/../libgomp.oacc-c-c++-common/lib-51.c -DACC_DEVICE_TYPE_host_nonshm=1 -DACC_MEM_SHARED=0 execution test
FAIL: libgomp.oacc-c/../libgomp.oacc-c-c++-common/lib-55.c -DACC_DEVICE_TYPE_host_nonshm=1 -DACC_MEM_SHARED=0 execution test
FAIL: libgomp.oacc-c/../libgomp.oacc-c-c++-common/lib-56.c -DACC_DEVICE_TYPE_host_nonshm=1 -DACC_MEM_SHARED=0 execution test
FAIL: libgomp.oacc-c/../libgomp.oacc-c-c++-common/lib-59.c -DACC_DEVICE_TYPE_host_nonshm=1 -DACC_MEM_SHARED=0 execution test
FAIL: libgomp.oacc-c/../libgomp.oacc-c-c++-common/lib-60.c -DACC_DEVICE_TYPE_host_nonshm=1 -DACC_MEM_SHARED=0 execution test
FAIL: libgomp.oacc-c/../libgomp.oacc-c-c++-common/lib-61.c -DACC_DEVICE_TYPE_host_nonshm=1 -DACC_MEM_SHARED=0 execution test
FAIL: libgomp.oacc-c/../libgomp.oacc-c-c++-common/lib-66.c -DACC_DEVICE_TYPE_host_nonshm=1 -DACC_MEM_SHARED=0 execution test
FAIL: libgomp.oacc-c/../libgomp.oacc-c-c++-common/nested-1.c -DACC_DEVICE_TYPE_host_nonshm=1 -DACC_MEM_SHARED=0 execution test
FAIL: libgomp.oacc-c/../libgomp.oacc-c-c++-common/parallel-1.c -DACC_DEVICE_TYPE_host_nonshm=1 -DACC_MEM_SHARED=0 execution test
FAIL: libgomp.oacc-c/../libgomp.oacc-c-c++-common/update-1-2.c -DACC_DEVICE_TYPE_host_nonshm=1 -DACC_MEM_SHARED=0 execution test
FAIL: libgomp.oacc-c/../libgomp.oacc-c-c++-common/update-1.c -DACC_DEVICE_TYPE_host_nonshm=1 -DACC_MEM_SHARED=0 execution test
FAIL: libgomp.oacc-c++/../libgomp.oacc-c-c++-common/acc_on_device-1.c -DACC_DEVICE_TYPE_host_nonshm=1 -DACC_MEM_SHARED=0 execution test
FAIL: libgomp.oacc-c++/../libgomp.oacc-c-c++-common/clauses-1.c -DACC_DEVICE_TYPE_host_nonshm=1 -DACC_MEM_SHARED=0 execution test
FAIL: libgomp.oacc-c++/../libgomp.oacc-c-c++-common/data-1.c -DACC_DEVICE_TYPE_host_nonshm=1 -DACC_MEM_SHARED=0 execution test
FAIL: libgomp.oacc-c++/../libgomp.oacc-c-c++-common/data-already-1.c -DACC_DEVICE_TYPE_host_nonshm=1 -DACC_MEM_SHARED=0 execution test
FAIL: libgomp.oacc-c++/../libgomp.oacc-c-c++-common/data-already-2.c -DACC_DEVICE_TYPE_host_nonshm=1 -DACC_MEM_SHARED=0 execution test
FAIL: libgomp.oacc-c++/../libgomp.oacc-c-c++-common/data-already-3.c -DACC_DEVICE_TYPE_host_nonshm=1 -DACC_MEM_SHARED=0 execution test
FAIL: libgomp.oacc-c++/../libgomp.oacc-c-c++-common/data-already-5.c -DACC_DEVICE_TYPE_host_nonshm=1 -DACC_MEM_SHARED=0 execution test
FAIL: libgomp.oacc-c++/../libgomp.oacc-c-c++-common/data-already-6.c -DACC_DEVICE_TYPE_host_nonshm=1 -DACC_MEM_SHARED=0 execution test
FAIL: libgomp.oacc-c++/../libgomp.oacc-c-c++-common/data-already-7.c -DACC_DEVICE_TYPE_host_nonshm=1 -DACC_MEM_SHARED=0 execution test
FAIL: libgomp.oacc-c++/../libgomp.oacc-c-c++-common/data-already-8.c -DACC_DEVICE_TYPE_host_nonshm=1 -DACC_MEM_SHARED=0 execution test
FAIL: libgomp.oacc-c++/../libgomp.oacc-c-c++-common/deviceptr-1.c -DACC_DEVICE_TYPE_host_nonshm=1 -DACC_MEM_SHARED=0 execution test
FAIL: libgomp.oacc-c++/../libgomp.oacc-c-c++-common/if-1.c -DACC_DEVICE_TYPE_host_nonshm=1 -DACC_MEM_SHARED=0 execution test
FAIL: libgomp.oacc-c++/../libgomp.oacc-c-c++-common/kernels-1.c -DACC_DEVICE_TYPE_host_nonshm=1 -DACC_MEM_SHARED=0 execution test
FAIL: libgomp.oacc-c++/../libgomp.oacc-c-c++-common/lib-12.c -DACC_DEVICE_TYPE_host_nonshm=1 -DACC_MEM_SHARED=0 execution test
FAIL: libgomp.oacc-c++/../libgomp.oacc-c-c++-common/lib-19.c -DACC_DEVICE_TYPE_host_nonshm=1 -DACC_MEM_SHARED=0 execution test
FAIL: libgomp.oacc-c++/../libgomp.oacc-c-c++-common/lib-37.c -DACC_DEVICE_TYPE_host_nonshm=1 -DACC_MEM_SHARED=0 execution test
FAIL: libgomp.oacc-c++/../libgomp.oacc-c-c++-common/lib-38.c -DACC_DEVICE_TYPE_host_nonshm=1 -DACC_MEM_SHARED=0 execution test
FAIL: libgomp.oacc-c++/../libgomp.oacc-c-c++-common/lib-45.c -DACC_DEVICE_TYPE_host_nonshm=1 -DACC_MEM_SHARED=0 execution test
FAIL: libgomp.oacc-c++/../libgomp.oacc-c-c++-common/lib-46.c -DACC_DEVICE_TYPE_host_nonshm=1 -DACC_MEM_SHARED=0 execution test
FAIL: libgomp.oacc-c++/../libgomp.oacc-c-c++-common/lib-49.c -DACC_DEVICE_TYPE_host_nonshm=1 -DACC_MEM_SHARED=0 execution test
FAIL: libgomp.oacc-c++/../libgomp.oacc-c-c++-common/lib-50.c -DACC_DEVICE_TYPE_host_nonshm=1 -DACC_MEM_SHARED=0 execution test
FAIL: libgomp.oacc-c++/../libgomp.oacc-c-c++-common/lib-51.c -DACC_DEVICE_TYPE_host_nonshm=1 -DACC_MEM_SHARED=0 execution test
FAIL: libgomp.oacc-c++/../libgomp.oacc-c-c++-common/lib-55.c -DACC_DEVICE_TYPE_host_nonshm=1 -DACC_MEM_SHARED=0 execution test
FAIL: libgomp.oacc-c++/../libgomp.oacc-c-c++-common/lib-56.c -DACC_DEVICE_TYPE_host_nonshm=1 -DACC_MEM_SHARED=0 execution test
FAIL: libgomp.oacc-c++/../libgomp.oacc-c-c++-common/lib-59.c -DACC_DEVICE_TYPE_host_nonshm=1 -DACC_MEM_SHARED=0 execution test
FAIL: libgomp.oacc-c++/../libgomp.oacc-c-c++-common/lib-60.c -DACC_DEVICE_TYPE_host_nonshm=1 -DACC_MEM_SHARED=0 execution test
FAIL: libgomp.oacc-c++/../libgomp.oacc-c-c++-common/lib-61.c -DACC_DEVICE_TYPE_host_nonshm=1 -DACC_MEM_SHARED=0 execution test
FAIL: libgomp.oacc-c++/../libgomp.oacc-c-c++-common/lib-66.c -DACC_DEVICE_TYPE_host_nonshm=1 -DACC_MEM_SHARED=0 execution test
FAIL: libgomp.oacc-c++/../libgomp.oacc-c-c++-common/nested-1.c -DACC_DEVICE_TYPE_host_nonshm=1 -DACC_MEM_SHARED=0 execution test
FAIL: libgomp.oacc-c++/../libgomp.oacc-c-c++-common/parallel-1.c -DACC_DEVICE_TYPE_host_nonshm=1 -DACC_MEM_SHARED=0 execution test
FAIL: libgomp.oacc-c++/../libgomp.oacc-c-c++-common/update-1-2.c -DACC_DEVICE_TYPE_host_nonshm=1 -DACC_MEM_SHARED=0 execution test
FAIL: libgomp.oacc-c++/../libgomp.oacc-c-c++-common/update-1.c -DACC_DEVICE_TYPE_host_nonshm=1 -DACC_MEM_SHARED=0 execution test
FAIL: libgomp.oacc-fortran/acc_on_device-1-1.f90 -DACC_DEVICE_TYPE_host_nonshm=1 -DACC_MEM_SHARED=0  -O  execution test
FAIL: libgomp.oacc-fortran/acc_on_device-1-2.f -DACC_DEVICE_TYPE_host_nonshm=1 -DACC_MEM_SHARED=0  -O  execution test
FAIL: libgomp.oacc-fortran/acc_on_device-1-3.f -DACC_DEVICE_TYPE_host_nonshm=1 -DACC_MEM_SHARED=0  -O  execution test
FAIL: libgomp.oacc-fortran/data-already-1.f -DACC_DEVICE_TYPE_host_nonshm=1 -DACC_MEM_SHARED=0  -O  execution test
FAIL: libgomp.oacc-fortran/data-already-2.f -DACC_DEVICE_TYPE_host_nonshm=1 -DACC_MEM_SHARED=0  -O  execution test
FAIL: libgomp.oacc-fortran/data-already-3.f -DACC_DEVICE_TYPE_host_nonshm=1 -DACC_MEM_SHARED=0  -O  execution test
FAIL: libgomp.oacc-fortran/data-already-5.f -DACC_DEVICE_TYPE_host_nonshm=1 -DACC_MEM_SHARED=0  -O  execution test
FAIL: libgomp.oacc-fortran/data-already-6.f -DACC_DEVICE_TYPE_host_nonshm=1 -DACC_MEM_SHARED=0  -O  execution test
FAIL: libgomp.oacc-fortran/data-already-7.f -DACC_DEVICE_TYPE_host_nonshm=1 -DACC_MEM_SHARED=0  -O  execution test
FAIL: libgomp.oacc-fortran/data-already-8.f -DACC_DEVICE_TYPE_host_nonshm=1 -DACC_MEM_SHARED=0  -O  execution test

		=== libgomp Summary ===

# of expected passes		5652
# of unexpected failures	76
# of unsupported tests		354

		=== Summary adjusted for local xfails ===

# of unexpected failures        76
# of expected passes            5652
# of unsupported tests          354
Host   is i686-pc-linux-gnu

		=== libitm tests ===


Running target qemu-wheezy-thumb/-mthumb

		=== libitm Summary ===

# of expected passes		26
# of expected failures		3
# of unsupported tests		1

		=== Summary adjusted for local xfails ===

# of expected passes            26
# of expected failures          3
# of unsupported tests          1
Host   is i686-pc-linux-gnu

		=== libstdc++ tests ===


Running target qemu-wheezy-thumb/-mthumb
FAIL: 21_strings/basic_string/inserters_extractors/wchar_t/28277.cc execution test
FAIL: 22_locale/messages/13631.cc execution test
FAIL: 22_locale/messages/members/char/1.cc execution test
FAIL: 22_locale/messages/members/char/2.cc execution test
FAIL: 22_locale/messages/members/char/wrapped_locale.cc execution test
FAIL: 22_locale/messages_byname/named_equivalence.cc execution test
FAIL: 27_io/basic_ostream/inserters_character/wchar_t/28277-3.cc execution test
FAIL: 27_io/basic_ostream/inserters_character/wchar_t/28277-4.cc execution test
FAIL: ext/vstring/inserters_extractors/wchar_t/28277.cc execution test

		=== libstdc++ Summary ===

# of expected passes		9978
# of unexpected failures	9
# of expected failures		65
# of unsupported tests		373

		=== Summary adjusted for local xfails ===

# of unexpected failures        9
# of expected passes            9978
# of expected failures          65
# of unsupported tests          373

Compiler version: 5.2.1 20150916 (GCC) 
Platform: arm-none-linux-gnueabi
configure flags: --build=i686-pc-linux-gnu --host=i686-pc-linux-gnu --target=arm-none-linux-gnueabi --enable-threads --disable-libmudflap --disable-libssp --disable-libstdcxx-pch --with-gnu-as --with-gnu-ld --enable-languages=c,c++,fortran --enable-shared --enable-lto --enable-symvers=gnu --enable-__cxa_atexit --with-glibc-version=2.21 --disable-nls --prefix=/scratch/gcc/nightly-2015-09-16-5/arm-none-linux-gnueabi/install --with-sysroot=/scratch/gcc/nightly-2015-09-16-5/arm-none-linux-gnueabi/install/arm-none-linux-gnueabi/libc --with-gmp=/scratch/gcc/nightly-2015-09-16-5/arm-none-linux-gnueabi/obj/pkg-5-0-arm-none-linux-gnueabi/fsf-5-0-arm-none-linux-gnueabi.extras/host-libs-i686-pc-linux-gnu/usr --with-mpfr=/scratch/gcc/nightly-2015-09-16-5/arm-none-linux-gnueabi/obj/pkg-5-0-arm-none-linux-gnueabi/fsf-5-0-arm-none-linux-gnueabi.extras/host-libs-i686-pc-linux-gnu/usr --with-mpc=/scratch/gcc/nightly-2015-09-16-5/arm-none-linux-gnueabi/obj/pkg-5-0-arm-none-linux-gnueabi/fsf-5-
 0-arm-none-linux-gnueabi.extras/host-libs-i686-pc-linux-gnu/usr --with-isl=/scratch/gcc/nightly-2015-09-16-5/arm-none-linux-gnueabi/obj/pkg-5-0-arm-none-linux-gnueabi/fsf-5-0-arm-none-linux-gnueabi.extras/host-libs-i686-pc-linux-gnu/usr --enable-libgomp --enable-libitm --enable-libatomic --disable-libssp --disable-libcc1 --enable-poison-system-directories --with-python-dir=arm-none-linux-gnueabi/share/gdb/python --with-build-time-tools=/scratch/gcc/nightly-2015-09-16-5/arm-none-linux-gnueabi/install/arm-none-linux-gnueabi/bin --with-build-time-tools=/scratch/gcc/nightly-2015-09-16-5/arm-none-linux-gnueabi/install/arm-none-linux-gnueabi/bin SED=sed


Index Nav: [Date Index] [Subject Index] [Author Index] [Thread Index]
Message Nav: [Date Prev] [Date Next] [Thread Prev] [Thread Next]