This is the mail archive of the
gcc-testresults@gcc.gnu.org
mailing list for the GCC project.
Results for 6.0.0 20150913 (experimental) [trunk revision 227716] (Debian 20150913-1) testsuite on mips-unknown-linux-gnu
- From: Matthias Klose <doko at debian dot org>
- To: gcc-testresults at gcc dot gnu dot org
- Cc: debian-gcc at lists dot debian dot org
- Date: Thu, 17 Sep 2015 17:54:38 +0000
- Subject: Results for 6.0.0 20150913 (experimental) [trunk revision 227716] (Debian 20150913-1) testsuite on mips-unknown-linux-gnu
- Authentication-results: sourceware.org; auth=none
- Reply-to: Matthias Klose <doko at debian dot org>
LAST_UPDATED: Sun Sep 13 12:40:36 UTC 2015 (revision 227716)
Target: mips-linux-gnu
gcc version 6.0.0 20150913 (experimental) [trunk revision 227716] (Debian 20150913-1)
=== acats tests ===
FAIL: c761007
FAIL: c95022b
FAIL: c9a009g
FAIL: cb1010a
=== acats Summary ===
# of expected passes 2316
# of unexpected failures 4
Native configuration is mips-unknown-linux-gnu
=== g++ tests ===
Running target unix
FAIL: g++.dg/tree-ssa/pr61034.C -std=gnu++11 scan-tree-dump-times fre2 "free" 10
FAIL: g++.dg/tree-ssa/pr61034.C -std=gnu++11 scan-tree-dump-times fre2 "free" 10
FAIL: g++.dg/tree-ssa/pr61034.C -std=gnu++14 scan-tree-dump-times fre2 "free" 10
FAIL: g++.dg/tree-ssa/pr61034.C -std=gnu++14 scan-tree-dump-times fre2 "free" 10
FAIL: g++.dg/tree-ssa/pr61034.C -std=gnu++98 scan-tree-dump-times fre2 "free" 10
FAIL: g++.dg/tree-ssa/pr61034.C -std=gnu++98 scan-tree-dump-times fre2 "free" 10
FAIL: g++.dg/guality/pr55665.C -O2 line 23 p == 40
FAIL: g++.dg/guality/pr55665.C -O2 line 23 p == 40
FAIL: g++.dg/guality/pr55665.C -O3 -g line 23 p == 40
FAIL: g++.dg/guality/pr55665.C -O3 -g line 23 p == 40
XPASS: g++.dg/tls/thread_local-order2.C -std=c++11 execution test
XPASS: g++.dg/tls/thread_local-order2.C -std=c++11 execution test
XPASS: g++.dg/tls/thread_local-order2.C -std=c++14 execution test
XPASS: g++.dg/tls/thread_local-order2.C -std=c++14 execution test
=== g++ Summary ===
# of expected passes 167152
# of unexpected failures 10
# of unexpected successes 4
# of expected failures 570
# of unsupported tests 7056
/build/gcc-snapshot-r0Zv8g/gcc-snapshot-20150913/build/gcc/testsuite/g++/../../xg++ version 6.0.0 20150913 (experimental) [trunk revision 227716] (Debian 20150913-1)
=== gcc tests ===
Running target unix
FAIL: gcc.c-torture/execute/pr65956.c -O2 execution test
FAIL: gcc.c-torture/execute/pr65956.c -O2 execution test
FAIL: gcc.c-torture/execute/pr65956.c -O2 -flto -fno-use-linker-plugin -flto-partition=none execution test
FAIL: gcc.c-torture/execute/pr65956.c -O2 -flto -fno-use-linker-plugin -flto-partition=none execution test
FAIL: gcc.c-torture/execute/pr65956.c -O2 -flto -fuse-linker-plugin -fno-fat-lto-objects execution test
FAIL: gcc.c-torture/execute/pr65956.c -O2 -flto -fuse-linker-plugin -fno-fat-lto-objects execution test
FAIL: gcc.c-torture/execute/pr65956.c -O3 -g execution test
FAIL: gcc.c-torture/execute/pr65956.c -O3 -g execution test
FAIL: gcc.c-torture/execute/pr65956.c -Os execution test
FAIL: gcc.c-torture/execute/pr65956.c -Os execution test
FAIL: gcc.dg/atomic/c11-atomic-exec-5.c -O1 execution test
FAIL: gcc.dg/atomic/c11-atomic-exec-5.c -O1 execution test
FAIL: gcc.dg/atomic/c11-atomic-exec-5.c -O2 execution test
FAIL: gcc.dg/atomic/c11-atomic-exec-5.c -O2 execution test
FAIL: gcc.dg/atomic/c11-atomic-exec-5.c -O2 -flto -fno-use-linker-plugin -flto-partition=none execution test
FAIL: gcc.dg/atomic/c11-atomic-exec-5.c -O2 -flto -fno-use-linker-plugin -flto-partition=none execution test
FAIL: gcc.dg/atomic/c11-atomic-exec-5.c -O2 -flto -fuse-linker-plugin -fno-fat-lto-objects execution test
FAIL: gcc.dg/atomic/c11-atomic-exec-5.c -O2 -flto -fuse-linker-plugin -fno-fat-lto-objects execution test
FAIL: gcc.dg/atomic/c11-atomic-exec-5.c -O3 -fomit-frame-pointer -funroll-loops -fpeel-loops -ftracer -finline-functions execution test
FAIL: gcc.dg/atomic/c11-atomic-exec-5.c -O3 -fomit-frame-pointer -funroll-loops -fpeel-loops -ftracer -finline-functions execution test
FAIL: gcc.dg/atomic/c11-atomic-exec-5.c -O3 -g execution test
FAIL: gcc.dg/atomic/c11-atomic-exec-5.c -O3 -g execution test
FAIL: gcc.dg/atomic/c11-atomic-exec-5.c -Os execution test
FAIL: gcc.dg/atomic/c11-atomic-exec-5.c -Os execution test
WARNING: program timed out.
WARNING: program timed out.
WARNING: program timed out.
WARNING: program timed out.
WARNING: program timed out.
WARNING: program timed out.
WARNING: program timed out.
WARNING: program timed out.
WARNING: program timed out.
WARNING: program timed out.
WARNING: program timed out.
WARNING: program timed out.
WARNING: program timed out.
WARNING: program timed out.
FAIL: gcc.dg/debug/dwarf2/stacked-qualified-types-3.c scan-assembler-times DIE \\\\([^\\n]*\\\\) DW_TAG_(?:const|volatile|atomic|restrict)_type 8
FAIL: gcc.dg/debug/dwarf2/stacked-qualified-types-3.c scan-assembler-times DIE \\\\([^\\n]*\\\\) DW_TAG_(?:const|volatile|atomic|restrict)_type 8
FAIL: gcc.dg/loop-8.c scan-rtl-dump-not loop2_invariant "without introducing a new temporary register"
FAIL: gcc.dg/loop-8.c scan-rtl-dump-not loop2_invariant "without introducing a new temporary register"
FAIL: gcc.dg/loop-8.c scan-rtl-dump-times loop2_invariant "Decided" 1
FAIL: gcc.dg/loop-8.c scan-rtl-dump-times loop2_invariant "Decided" 1
FAIL: gcc.dg/graphite/id-pr46845.c (internal compiler error)
FAIL: gcc.dg/graphite/id-pr46845.c (internal compiler error)
FAIL: gcc.dg/graphite/id-pr46845.c (test for excess errors)
FAIL: gcc.dg/graphite/id-pr46845.c (test for excess errors)
XPASS: gcc.dg/guality/example.c -O0 execution test
XPASS: gcc.dg/guality/example.c -O0 execution test
XPASS: gcc.dg/guality/example.c -O1 execution test
XPASS: gcc.dg/guality/example.c -O1 execution test
XPASS: gcc.dg/guality/guality.c -O0 execution test
XPASS: gcc.dg/guality/guality.c -O0 execution test
XPASS: gcc.dg/guality/guality.c -O1 execution test
XPASS: gcc.dg/guality/guality.c -O1 execution test
XPASS: gcc.dg/guality/guality.c -O2 execution test
XPASS: gcc.dg/guality/guality.c -O2 execution test
XPASS: gcc.dg/guality/guality.c -O2 -flto -fno-use-linker-plugin -flto-partition=none execution test
XPASS: gcc.dg/guality/guality.c -O2 -flto -fno-use-linker-plugin -flto-partition=none execution test
XPASS: gcc.dg/guality/guality.c -O2 -flto -fuse-linker-plugin -fno-fat-lto-objects execution test
XPASS: gcc.dg/guality/guality.c -O2 -flto -fuse-linker-plugin -fno-fat-lto-objects execution test
XPASS: gcc.dg/guality/guality.c -O3 -g execution test
XPASS: gcc.dg/guality/guality.c -O3 -g execution test
XPASS: gcc.dg/guality/guality.c -Os execution test
XPASS: gcc.dg/guality/guality.c -Os execution test
XPASS: gcc.dg/guality/inline-params.c -O2 execution test
XPASS: gcc.dg/guality/inline-params.c -O2 execution test
XPASS: gcc.dg/guality/inline-params.c -O2 -flto -fno-use-linker-plugin -flto-partition=none execution test
XPASS: gcc.dg/guality/inline-params.c -O2 -flto -fno-use-linker-plugin -flto-partition=none execution test
XPASS: gcc.dg/guality/inline-params.c -O3 -g execution test
XPASS: gcc.dg/guality/inline-params.c -O3 -g execution test
XPASS: gcc.dg/guality/inline-params.c -Os execution test
XPASS: gcc.dg/guality/inline-params.c -Os execution test
FAIL: gcc.dg/guality/nrv-1.c -O2 -flto -fuse-linker-plugin -fno-fat-lto-objects line 20 a2.i[0] == 42
FAIL: gcc.dg/guality/nrv-1.c -O2 -flto -fuse-linker-plugin -fno-fat-lto-objects line 20 a2.i[0] == 42
FAIL: gcc.dg/guality/pr36728-1.c -O1 line 16 y == 2
FAIL: gcc.dg/guality/pr36728-1.c -O1 line 16 y == 2
FAIL: gcc.dg/guality/pr36728-3.c -O1 line 14 y == 2
FAIL: gcc.dg/guality/pr36728-3.c -O1 line 14 y == 2
XPASS: gcc.dg/guality/pr41353-1.c -O0 line 28 j == 28 + 37
XPASS: gcc.dg/guality/pr41353-1.c -O0 line 28 j == 28 + 37
FAIL: gcc.dg/guality/pr41404-1.c -O2 -flto -fuse-linker-plugin -fno-fat-lto-objects line 10 *foo == 'f'
FAIL: gcc.dg/guality/pr41404-1.c -O2 -flto -fuse-linker-plugin -fno-fat-lto-objects line 10 *foo == 'f'
FAIL: gcc.dg/guality/pr41404-1.c -O2 -flto -fuse-linker-plugin -fno-fat-lto-objects line 14 *foo == 'b'
FAIL: gcc.dg/guality/pr41404-1.c -O2 -flto -fuse-linker-plugin -fno-fat-lto-objects line 14 *foo == 'b'
FAIL: gcc.dg/guality/pr41404-1.c -O2 -flto -fuse-linker-plugin -fno-fat-lto-objects line 24 *foo == 'f'
FAIL: gcc.dg/guality/pr41404-1.c -O2 -flto -fuse-linker-plugin -fno-fat-lto-objects line 24 *foo == 'f'
FAIL: gcc.dg/guality/pr41616-1.c -O2 -flto -fuse-linker-plugin -fno-fat-lto-objects execution test
FAIL: gcc.dg/guality/pr41616-1.c -O2 -flto -fuse-linker-plugin -fno-fat-lto-objects execution test
FAIL: gcc.dg/guality/pr43051-1.c -O1 line 34 c == &a[0]
FAIL: gcc.dg/guality/pr43051-1.c -O1 line 34 c == &a[0]
FAIL: gcc.dg/guality/pr43051-1.c -O2 line 34 c == &a[0]
FAIL: gcc.dg/guality/pr43051-1.c -O2 line 34 c == &a[0]
FAIL: gcc.dg/guality/pr43051-1.c -O2 -flto -fno-use-linker-plugin -flto-partition=none line 34 c == &a[0]
FAIL: gcc.dg/guality/pr43051-1.c -O2 -flto -fno-use-linker-plugin -flto-partition=none line 34 c == &a[0]
FAIL: gcc.dg/guality/pr43051-1.c -O2 -flto -fuse-linker-plugin -fno-fat-lto-objects line 34 c == &a[0]
FAIL: gcc.dg/guality/pr43051-1.c -O2 -flto -fuse-linker-plugin -fno-fat-lto-objects line 34 c == &a[0]
FAIL: gcc.dg/guality/pr43051-1.c -O3 -fomit-frame-pointer -funroll-loops -fpeel-loops -ftracer -finline-functions line 34 c == &a[0]
FAIL: gcc.dg/guality/pr43051-1.c -O3 -fomit-frame-pointer -funroll-loops -fpeel-loops -ftracer -finline-functions line 34 c == &a[0]
FAIL: gcc.dg/guality/pr45882.c -O2 -flto -fuse-linker-plugin -fno-fat-lto-objects line 16 d == 112
FAIL: gcc.dg/guality/pr45882.c -O2 -flto -fuse-linker-plugin -fno-fat-lto-objects line 16 d == 112
FAIL: gcc.dg/guality/pr45882.c -O2 -flto -fuse-linker-plugin -fno-fat-lto-objects line 16 e == 142
FAIL: gcc.dg/guality/pr45882.c -O2 -flto -fuse-linker-plugin -fno-fat-lto-objects line 16 e == 142
FAIL: gcc.dg/guality/pr54200.c -O1 line 20 z == 3
FAIL: gcc.dg/guality/pr54200.c -O1 line 20 z == 3
FAIL: gcc.dg/guality/pr54200.c -O2 line 20 z == 3
FAIL: gcc.dg/guality/pr54200.c -O2 line 20 z == 3
FAIL: gcc.dg/guality/pr54200.c -O2 -flto -fno-use-linker-plugin -flto-partition=none line 20 z == 3
FAIL: gcc.dg/guality/pr54200.c -O2 -flto -fno-use-linker-plugin -flto-partition=none line 20 z == 3
FAIL: gcc.dg/guality/pr54200.c -O2 -flto -fuse-linker-plugin -fno-fat-lto-objects line 20 z == 3
FAIL: gcc.dg/guality/pr54200.c -O2 -flto -fuse-linker-plugin -fno-fat-lto-objects line 20 z == 3
FAIL: gcc.dg/guality/pr54200.c -O3 -g line 20 z == 3
FAIL: gcc.dg/guality/pr54200.c -O3 -g line 20 z == 3
FAIL: gcc.dg/guality/pr54200.c -Os line 20 z == 3
FAIL: gcc.dg/guality/pr54200.c -Os line 20 z == 3
FAIL: gcc.dg/guality/pr54519-1.c -O2 -flto -fno-use-linker-plugin -flto-partition=none line 20 y == 25
FAIL: gcc.dg/guality/pr54519-1.c -O2 -flto -fno-use-linker-plugin -flto-partition=none line 20 y == 25
FAIL: gcc.dg/guality/pr54519-1.c -O2 -flto -fno-use-linker-plugin -flto-partition=none line 20 z == 6
FAIL: gcc.dg/guality/pr54519-1.c -O2 -flto -fno-use-linker-plugin -flto-partition=none line 20 z == 6
FAIL: gcc.dg/guality/pr54519-1.c -O2 -flto -fno-use-linker-plugin -flto-partition=none line 23 y == 117
FAIL: gcc.dg/guality/pr54519-1.c -O2 -flto -fno-use-linker-plugin -flto-partition=none line 23 y == 117
FAIL: gcc.dg/guality/pr54519-1.c -O2 -flto -fno-use-linker-plugin -flto-partition=none line 23 z == 8
FAIL: gcc.dg/guality/pr54519-1.c -O2 -flto -fno-use-linker-plugin -flto-partition=none line 23 z == 8
FAIL: gcc.dg/guality/pr54519-2.c -O2 -flto -fno-use-linker-plugin -flto-partition=none line 17 y == 25
FAIL: gcc.dg/guality/pr54519-2.c -O2 -flto -fno-use-linker-plugin -flto-partition=none line 17 y == 25
FAIL: gcc.dg/guality/pr54519-2.c -O2 -flto -fuse-linker-plugin -fno-fat-lto-objects line 17 y == 25
FAIL: gcc.dg/guality/pr54519-2.c -O2 -flto -fuse-linker-plugin -fno-fat-lto-objects line 17 y == 25
FAIL: gcc.dg/guality/pr54519-3.c -O2 -flto -fno-use-linker-plugin -flto-partition=none line 20 y == 25
FAIL: gcc.dg/guality/pr54519-3.c -O2 -flto -fno-use-linker-plugin -flto-partition=none line 20 y == 25
FAIL: gcc.dg/guality/pr54519-3.c -O2 -flto -fno-use-linker-plugin -flto-partition=none line 20 z == 6
FAIL: gcc.dg/guality/pr54519-3.c -O2 -flto -fno-use-linker-plugin -flto-partition=none line 20 z == 6
FAIL: gcc.dg/guality/pr54519-3.c -O2 -flto -fno-use-linker-plugin -flto-partition=none line 23 y == 117
FAIL: gcc.dg/guality/pr54519-3.c -O2 -flto -fno-use-linker-plugin -flto-partition=none line 23 y == 117
FAIL: gcc.dg/guality/pr54519-3.c -O2 -flto -fno-use-linker-plugin -flto-partition=none line 23 z == 8
FAIL: gcc.dg/guality/pr54519-3.c -O2 -flto -fno-use-linker-plugin -flto-partition=none line 23 z == 8
FAIL: gcc.dg/guality/pr54519-3.c -O2 -flto -fuse-linker-plugin -fno-fat-lto-objects line 20 y == 25
FAIL: gcc.dg/guality/pr54519-3.c -O2 -flto -fuse-linker-plugin -fno-fat-lto-objects line 20 y == 25
FAIL: gcc.dg/guality/pr54519-3.c -O2 -flto -fuse-linker-plugin -fno-fat-lto-objects line 20 z == 6
FAIL: gcc.dg/guality/pr54519-3.c -O2 -flto -fuse-linker-plugin -fno-fat-lto-objects line 20 z == 6
FAIL: gcc.dg/guality/pr54519-3.c -O2 -flto -fuse-linker-plugin -fno-fat-lto-objects line 23 y == 117
FAIL: gcc.dg/guality/pr54519-3.c -O2 -flto -fuse-linker-plugin -fno-fat-lto-objects line 23 y == 117
FAIL: gcc.dg/guality/pr54519-3.c -O2 -flto -fuse-linker-plugin -fno-fat-lto-objects line 23 z == 8
FAIL: gcc.dg/guality/pr54519-3.c -O2 -flto -fuse-linker-plugin -fno-fat-lto-objects line 23 z == 8
FAIL: gcc.dg/guality/pr54519-4.c -O2 -flto -fno-use-linker-plugin -flto-partition=none line 17 y == 25
FAIL: gcc.dg/guality/pr54519-4.c -O2 -flto -fno-use-linker-plugin -flto-partition=none line 17 y == 25
FAIL: gcc.dg/guality/pr54519-4.c -O2 -flto -fuse-linker-plugin -fno-fat-lto-objects line 17 y == 25
FAIL: gcc.dg/guality/pr54519-4.c -O2 -flto -fuse-linker-plugin -fno-fat-lto-objects line 17 y == 25
FAIL: gcc.dg/guality/pr54519-5.c -O2 -flto -fno-use-linker-plugin -flto-partition=none line 17 y == 25
FAIL: gcc.dg/guality/pr54519-5.c -O2 -flto -fno-use-linker-plugin -flto-partition=none line 17 y == 25
FAIL: gcc.dg/guality/pr54519-5.c -O2 -flto -fuse-linker-plugin -fno-fat-lto-objects line 17 y == 25
FAIL: gcc.dg/guality/pr54519-5.c -O2 -flto -fuse-linker-plugin -fno-fat-lto-objects line 17 y == 25
FAIL: gcc.dg/guality/sra-1.c -O1 line 43 a.j == 14
FAIL: gcc.dg/guality/sra-1.c -O1 line 43 a.j == 14
FAIL: gcc.dg/guality/sra-1.c -O2 line 43 a.j == 14
FAIL: gcc.dg/guality/sra-1.c -O2 line 43 a.j == 14
FAIL: gcc.dg/guality/sra-1.c -O2 -flto -fno-use-linker-plugin -flto-partition=none line 43 a.j == 14
FAIL: gcc.dg/guality/sra-1.c -O2 -flto -fno-use-linker-plugin -flto-partition=none line 43 a.j == 14
FAIL: gcc.dg/guality/sra-1.c -O2 -flto -fuse-linker-plugin -fno-fat-lto-objects line 43 a.j == 14
FAIL: gcc.dg/guality/sra-1.c -O2 -flto -fuse-linker-plugin -fno-fat-lto-objects line 43 a.j == 14
FAIL: gcc.dg/guality/sra-1.c -O3 -g line 43 a.j == 14
FAIL: gcc.dg/guality/sra-1.c -O3 -g line 43 a.j == 14
FAIL: gcc.dg/guality/sra-1.c -Os line 43 a.j == 14
FAIL: gcc.dg/guality/sra-1.c -Os line 43 a.j == 14
FAIL: gcc.dg/guality/vla-1.c -O1 line 17 sizeof (a) == 6
FAIL: gcc.dg/guality/vla-1.c -O1 line 17 sizeof (a) == 6
FAIL: gcc.dg/guality/vla-1.c -O2 line 17 sizeof (a) == 6
FAIL: gcc.dg/guality/vla-1.c -O2 line 17 sizeof (a) == 6
FAIL: gcc.dg/guality/vla-1.c -O2 line 24 i == 5
FAIL: gcc.dg/guality/vla-1.c -O2 line 24 i == 5
FAIL: gcc.dg/guality/vla-1.c -O2 line 24 sizeof (a) == 17 * sizeof (short)
FAIL: gcc.dg/guality/vla-1.c -O2 line 24 sizeof (a) == 17 * sizeof (short)
FAIL: gcc.dg/guality/vla-1.c -O2 -flto -fno-use-linker-plugin -flto-partition=none line 17 sizeof (a) == 6
FAIL: gcc.dg/guality/vla-1.c -O2 -flto -fno-use-linker-plugin -flto-partition=none line 17 sizeof (a) == 6
FAIL: gcc.dg/guality/vla-1.c -O2 -flto -fno-use-linker-plugin -flto-partition=none line 24 i == 5
FAIL: gcc.dg/guality/vla-1.c -O2 -flto -fno-use-linker-plugin -flto-partition=none line 24 i == 5
FAIL: gcc.dg/guality/vla-1.c -O2 -flto -fno-use-linker-plugin -flto-partition=none line 24 sizeof (a) == 17 * sizeof (short)
FAIL: gcc.dg/guality/vla-1.c -O2 -flto -fno-use-linker-plugin -flto-partition=none line 24 sizeof (a) == 17 * sizeof (short)
FAIL: gcc.dg/guality/vla-1.c -O2 -flto -fuse-linker-plugin -fno-fat-lto-objects line 17 sizeof (a) == 6
FAIL: gcc.dg/guality/vla-1.c -O2 -flto -fuse-linker-plugin -fno-fat-lto-objects line 17 sizeof (a) == 6
FAIL: gcc.dg/guality/vla-1.c -O2 -flto -fuse-linker-plugin -fno-fat-lto-objects line 24 i == 5
FAIL: gcc.dg/guality/vla-1.c -O2 -flto -fuse-linker-plugin -fno-fat-lto-objects line 24 i == 5
FAIL: gcc.dg/guality/vla-1.c -O2 -flto -fuse-linker-plugin -fno-fat-lto-objects line 24 sizeof (a) == 17 * sizeof (short)
FAIL: gcc.dg/guality/vla-1.c -O2 -flto -fuse-linker-plugin -fno-fat-lto-objects line 24 sizeof (a) == 17 * sizeof (short)
FAIL: gcc.dg/guality/vla-1.c -O3 -g line 17 sizeof (a) == 6
FAIL: gcc.dg/guality/vla-1.c -O3 -g line 17 sizeof (a) == 6
FAIL: gcc.dg/guality/vla-1.c -O3 -g line 24 i == 5
FAIL: gcc.dg/guality/vla-1.c -O3 -g line 24 i == 5
FAIL: gcc.dg/guality/vla-1.c -O3 -g line 24 sizeof (a) == 17 * sizeof (short)
FAIL: gcc.dg/guality/vla-1.c -O3 -g line 24 sizeof (a) == 17 * sizeof (short)
FAIL: gcc.dg/guality/vla-1.c -Os line 17 sizeof (a) == 6
FAIL: gcc.dg/guality/vla-1.c -Os line 17 sizeof (a) == 6
FAIL: gcc.dg/guality/vla-1.c -Os line 24 i == 5
FAIL: gcc.dg/guality/vla-1.c -Os line 24 i == 5
FAIL: gcc.dg/guality/vla-1.c -Os line 24 sizeof (a) == 17 * sizeof (short)
FAIL: gcc.dg/guality/vla-1.c -Os line 24 sizeof (a) == 17 * sizeof (short)
FAIL: gcc.target/mips/branch-3.c -O0 scan-assembler-not \\\\.cprestore
FAIL: gcc.target/mips/branch-3.c -O0 scan-assembler-not \\\\.cprestore
FAIL: gcc.target/mips/branch-cost-1.c -O1 scan-assembler \\t(bnec?|beqc?)\\t
FAIL: gcc.target/mips/branch-cost-1.c -O1 scan-assembler \\t(bnec?|beqc?)\\t
FAIL: gcc.target/mips/branch-cost-1.c -O1 scan-assembler-not \\t(movz|movn)\\t
FAIL: gcc.target/mips/branch-cost-1.c -O1 scan-assembler-not \\t(movz|movn)\\t
FAIL: gcc.target/mips/branch-cost-1.c -O2 scan-assembler \\t(bnec?|beqc?)\\t
FAIL: gcc.target/mips/branch-cost-1.c -O2 scan-assembler \\t(bnec?|beqc?)\\t
FAIL: gcc.target/mips/branch-cost-1.c -O2 scan-assembler-not \\t(movz|movn)\\t
FAIL: gcc.target/mips/branch-cost-1.c -O2 scan-assembler-not \\t(movz|movn)\\t
FAIL: gcc.target/mips/branch-cost-1.c -O2 -flto -fno-use-linker-plugin -flto-partition=none scan-assembler \\t(bnec?|beqc?)\\t
FAIL: gcc.target/mips/branch-cost-1.c -O2 -flto -fno-use-linker-plugin -flto-partition=none scan-assembler \\t(bnec?|beqc?)\\t
FAIL: gcc.target/mips/branch-cost-1.c -O2 -flto -fno-use-linker-plugin -flto-partition=none scan-assembler-not \\t(movz|movn)\\t
FAIL: gcc.target/mips/branch-cost-1.c -O2 -flto -fno-use-linker-plugin -flto-partition=none scan-assembler-not \\t(movz|movn)\\t
FAIL: gcc.target/mips/branch-cost-1.c -O2 -flto -fuse-linker-plugin -fno-fat-lto-objects scan-assembler \\t(bnec?|beqc?)\\t
FAIL: gcc.target/mips/branch-cost-1.c -O2 -flto -fuse-linker-plugin -fno-fat-lto-objects scan-assembler \\t(bnec?|beqc?)\\t
FAIL: gcc.target/mips/branch-cost-1.c -O2 -flto -fuse-linker-plugin -fno-fat-lto-objects scan-assembler-not \\t(movz|movn)\\t
FAIL: gcc.target/mips/branch-cost-1.c -O2 -flto -fuse-linker-plugin -fno-fat-lto-objects scan-assembler-not \\t(movz|movn)\\t
FAIL: gcc.target/mips/branch-cost-1.c -O3 -g scan-assembler \\t(bnec?|beqc?)\\t
FAIL: gcc.target/mips/branch-cost-1.c -O3 -g scan-assembler \\t(bnec?|beqc?)\\t
FAIL: gcc.target/mips/branch-cost-1.c -O3 -g scan-assembler-not \\t(movz|movn)\\t
FAIL: gcc.target/mips/branch-cost-1.c -O3 -g scan-assembler-not \\t(movz|movn)\\t
FAIL: gcc.target/mips/branch-cost-1.c -Os scan-assembler \\t(bnec?|beqc?)\\t
FAIL: gcc.target/mips/branch-cost-1.c -Os scan-assembler \\t(bnec?|beqc?)\\t
FAIL: gcc.target/mips/branch-cost-1.c -Os scan-assembler-not \\t(movz|movn)\\t
FAIL: gcc.target/mips/branch-cost-1.c -Os scan-assembler-not \\t(movz|movn)\\t
XPASS: gcc.target/mips/dspr2-MULT.c -O2 scan-assembler \\\\\$ac1
XPASS: gcc.target/mips/dspr2-MULT.c -O2 scan-assembler \\\\\$ac1
XPASS: gcc.target/mips/dspr2-MULT.c -O2 -flto -fno-use-linker-plugin -flto-partition=none scan-assembler \\\\\$ac1
XPASS: gcc.target/mips/dspr2-MULT.c -O2 -flto -fno-use-linker-plugin -flto-partition=none scan-assembler \\\\\$ac1
XPASS: gcc.target/mips/dspr2-MULT.c -O2 -flto -fuse-linker-plugin -fno-fat-lto-objects scan-assembler \\\\\$ac1
XPASS: gcc.target/mips/dspr2-MULT.c -O2 -flto -fuse-linker-plugin -fno-fat-lto-objects scan-assembler \\\\\$ac1
XPASS: gcc.target/mips/dspr2-MULT.c -O3 -g scan-assembler \\\\\$ac1
XPASS: gcc.target/mips/dspr2-MULT.c -O3 -g scan-assembler \\\\\$ac1
XPASS: gcc.target/mips/dspr2-MULTU.c -O2 scan-assembler \\\\\$ac1
XPASS: gcc.target/mips/dspr2-MULTU.c -O2 scan-assembler \\\\\$ac1
XPASS: gcc.target/mips/dspr2-MULTU.c -O2 -flto -fno-use-linker-plugin -flto-partition=none scan-assembler \\\\\$ac1
XPASS: gcc.target/mips/dspr2-MULTU.c -O2 -flto -fno-use-linker-plugin -flto-partition=none scan-assembler \\\\\$ac1
XPASS: gcc.target/mips/dspr2-MULTU.c -O2 -flto -fuse-linker-plugin -fno-fat-lto-objects scan-assembler \\\\\$ac1
XPASS: gcc.target/mips/dspr2-MULTU.c -O2 -flto -fuse-linker-plugin -fno-fat-lto-objects scan-assembler \\\\\$ac1
XPASS: gcc.target/mips/dspr2-MULTU.c -O3 -g scan-assembler \\\\\$ac1
XPASS: gcc.target/mips/dspr2-MULTU.c -O3 -g scan-assembler \\\\\$ac1
UNRESOLVED: gcc.target/mips/inline-memcpy-1.c -O1 scan-assembler-not \\tmemcpy
UNRESOLVED: gcc.target/mips/inline-memcpy-1.c -O1 scan-assembler-not \\tmemcpy
FAIL: gcc.target/mips/inline-memcpy-1.c -O1 (test for excess errors)
FAIL: gcc.target/mips/inline-memcpy-1.c -O1 (test for excess errors)
UNRESOLVED: gcc.target/mips/inline-memcpy-1.c -O2 scan-assembler-not \\tmemcpy
UNRESOLVED: gcc.target/mips/inline-memcpy-1.c -O2 scan-assembler-not \\tmemcpy
FAIL: gcc.target/mips/inline-memcpy-1.c -O2 (test for excess errors)
FAIL: gcc.target/mips/inline-memcpy-1.c -O2 (test for excess errors)
UNRESOLVED: gcc.target/mips/inline-memcpy-1.c -O2 -flto -fno-use-linker-plugin -flto-partition=none scan-assembler-not \\tmemcpy
UNRESOLVED: gcc.target/mips/inline-memcpy-1.c -O2 -flto -fno-use-linker-plugin -flto-partition=none scan-assembler-not \\tmemcpy
FAIL: gcc.target/mips/inline-memcpy-1.c -O2 -flto -fno-use-linker-plugin -flto-partition=none (test for excess errors)
FAIL: gcc.target/mips/inline-memcpy-1.c -O2 -flto -fno-use-linker-plugin -flto-partition=none (test for excess errors)
UNRESOLVED: gcc.target/mips/inline-memcpy-1.c -O2 -flto -fuse-linker-plugin -fno-fat-lto-objects scan-assembler-not \\tmemcpy
UNRESOLVED: gcc.target/mips/inline-memcpy-1.c -O2 -flto -fuse-linker-plugin -fno-fat-lto-objects scan-assembler-not \\tmemcpy
FAIL: gcc.target/mips/inline-memcpy-1.c -O2 -flto -fuse-linker-plugin -fno-fat-lto-objects (test for excess errors)
FAIL: gcc.target/mips/inline-memcpy-1.c -O2 -flto -fuse-linker-plugin -fno-fat-lto-objects (test for excess errors)
UNRESOLVED: gcc.target/mips/inline-memcpy-1.c -O3 -g scan-assembler-not \\tmemcpy
UNRESOLVED: gcc.target/mips/inline-memcpy-1.c -O3 -g scan-assembler-not \\tmemcpy
FAIL: gcc.target/mips/inline-memcpy-1.c -O3 -g (test for excess errors)
FAIL: gcc.target/mips/inline-memcpy-1.c -O3 -g (test for excess errors)
UNRESOLVED: gcc.target/mips/inline-memcpy-2.c -O1 scan-assembler-not \\tmemcpy
UNRESOLVED: gcc.target/mips/inline-memcpy-2.c -O1 scan-assembler-not \\tmemcpy
UNRESOLVED: gcc.target/mips/inline-memcpy-2.c -O1 scan-assembler-times \\tsh\\t 16
UNRESOLVED: gcc.target/mips/inline-memcpy-2.c -O1 scan-assembler-times \\tsh\\t 16
FAIL: gcc.target/mips/inline-memcpy-2.c -O1 (test for excess errors)
FAIL: gcc.target/mips/inline-memcpy-2.c -O1 (test for excess errors)
UNRESOLVED: gcc.target/mips/inline-memcpy-2.c -O2 scan-assembler-not \\tmemcpy
UNRESOLVED: gcc.target/mips/inline-memcpy-2.c -O2 scan-assembler-not \\tmemcpy
UNRESOLVED: gcc.target/mips/inline-memcpy-2.c -O2 scan-assembler-times \\tsh\\t 16
UNRESOLVED: gcc.target/mips/inline-memcpy-2.c -O2 scan-assembler-times \\tsh\\t 16
FAIL: gcc.target/mips/inline-memcpy-2.c -O2 (test for excess errors)
FAIL: gcc.target/mips/inline-memcpy-2.c -O2 (test for excess errors)
UNRESOLVED: gcc.target/mips/inline-memcpy-2.c -O2 -flto -fno-use-linker-plugin -flto-partition=none scan-assembler-not \\tmemcpy
UNRESOLVED: gcc.target/mips/inline-memcpy-2.c -O2 -flto -fno-use-linker-plugin -flto-partition=none scan-assembler-not \\tmemcpy
UNRESOLVED: gcc.target/mips/inline-memcpy-2.c -O2 -flto -fno-use-linker-plugin -flto-partition=none scan-assembler-times \\tsh\\t 16
UNRESOLVED: gcc.target/mips/inline-memcpy-2.c -O2 -flto -fno-use-linker-plugin -flto-partition=none scan-assembler-times \\tsh\\t 16
FAIL: gcc.target/mips/inline-memcpy-2.c -O2 -flto -fno-use-linker-plugin -flto-partition=none (test for excess errors)
FAIL: gcc.target/mips/inline-memcpy-2.c -O2 -flto -fno-use-linker-plugin -flto-partition=none (test for excess errors)
UNRESOLVED: gcc.target/mips/inline-memcpy-2.c -O2 -flto -fuse-linker-plugin -fno-fat-lto-objects scan-assembler-not \\tmemcpy
UNRESOLVED: gcc.target/mips/inline-memcpy-2.c -O2 -flto -fuse-linker-plugin -fno-fat-lto-objects scan-assembler-not \\tmemcpy
UNRESOLVED: gcc.target/mips/inline-memcpy-2.c -O2 -flto -fuse-linker-plugin -fno-fat-lto-objects scan-assembler-times \\tsh\\t 16
UNRESOLVED: gcc.target/mips/inline-memcpy-2.c -O2 -flto -fuse-linker-plugin -fno-fat-lto-objects scan-assembler-times \\tsh\\t 16
FAIL: gcc.target/mips/inline-memcpy-2.c -O2 -flto -fuse-linker-plugin -fno-fat-lto-objects (test for excess errors)
FAIL: gcc.target/mips/inline-memcpy-2.c -O2 -flto -fuse-linker-plugin -fno-fat-lto-objects (test for excess errors)
UNRESOLVED: gcc.target/mips/inline-memcpy-2.c -O3 -g scan-assembler-not \\tmemcpy
UNRESOLVED: gcc.target/mips/inline-memcpy-2.c -O3 -g scan-assembler-not \\tmemcpy
UNRESOLVED: gcc.target/mips/inline-memcpy-2.c -O3 -g scan-assembler-times \\tsh\\t 16
UNRESOLVED: gcc.target/mips/inline-memcpy-2.c -O3 -g scan-assembler-times \\tsh\\t 16
FAIL: gcc.target/mips/inline-memcpy-2.c -O3 -g (test for excess errors)
FAIL: gcc.target/mips/inline-memcpy-2.c -O3 -g (test for excess errors)
FAIL: gcc.target/mips/mips-3d-1.c -O0 (test for excess errors)
FAIL: gcc.target/mips/mips-3d-1.c -O0 (test for excess errors)
FAIL: gcc.target/mips/mips-3d-1.c -O1 (test for excess errors)
FAIL: gcc.target/mips/mips-3d-1.c -O1 (test for excess errors)
FAIL: gcc.target/mips/mips-3d-1.c -O2 (test for excess errors)
FAIL: gcc.target/mips/mips-3d-1.c -O2 (test for excess errors)
FAIL: gcc.target/mips/mips-3d-1.c -O2 -flto -fno-use-linker-plugin -flto-partition=none (test for excess errors)
FAIL: gcc.target/mips/mips-3d-1.c -O2 -flto -fno-use-linker-plugin -flto-partition=none (test for excess errors)
FAIL: gcc.target/mips/mips-3d-1.c -O2 -flto -fuse-linker-plugin -fno-fat-lto-objects (test for excess errors)
FAIL: gcc.target/mips/mips-3d-1.c -O2 -flto -fuse-linker-plugin -fno-fat-lto-objects (test for excess errors)
FAIL: gcc.target/mips/mips-3d-1.c -O3 -g (test for excess errors)
FAIL: gcc.target/mips/mips-3d-1.c -O3 -g (test for excess errors)
FAIL: gcc.target/mips/mips-3d-1.c -Os (test for excess errors)
FAIL: gcc.target/mips/mips-3d-1.c -Os (test for excess errors)
FAIL: gcc.target/mips/mips-3d-2.c -O0 (test for excess errors)
FAIL: gcc.target/mips/mips-3d-2.c -O0 (test for excess errors)
FAIL: gcc.target/mips/mips-3d-2.c -O1 (test for excess errors)
FAIL: gcc.target/mips/mips-3d-2.c -O1 (test for excess errors)
FAIL: gcc.target/mips/mips-3d-2.c -O2 (test for excess errors)
FAIL: gcc.target/mips/mips-3d-2.c -O2 (test for excess errors)
FAIL: gcc.target/mips/mips-3d-2.c -O2 -flto -fno-use-linker-plugin -flto-partition=none (test for excess errors)
FAIL: gcc.target/mips/mips-3d-2.c -O2 -flto -fno-use-linker-plugin -flto-partition=none (test for excess errors)
FAIL: gcc.target/mips/mips-3d-2.c -O2 -flto -fuse-linker-plugin -fno-fat-lto-objects (test for excess errors)
FAIL: gcc.target/mips/mips-3d-2.c -O2 -flto -fuse-linker-plugin -fno-fat-lto-objects (test for excess errors)
FAIL: gcc.target/mips/mips-3d-2.c -O3 -g (test for excess errors)
FAIL: gcc.target/mips/mips-3d-2.c -O3 -g (test for excess errors)
FAIL: gcc.target/mips/mips-3d-2.c -Os (test for excess errors)
FAIL: gcc.target/mips/mips-3d-2.c -Os (test for excess errors)
FAIL: gcc.target/mips/mips-3d-3.c -O0 (test for excess errors)
FAIL: gcc.target/mips/mips-3d-3.c -O0 (test for excess errors)
FAIL: gcc.target/mips/mips-3d-3.c -O1 (test for excess errors)
FAIL: gcc.target/mips/mips-3d-3.c -O1 (test for excess errors)
FAIL: gcc.target/mips/mips-3d-3.c -O2 (test for excess errors)
FAIL: gcc.target/mips/mips-3d-3.c -O2 (test for excess errors)
FAIL: gcc.target/mips/mips-3d-3.c -O2 -flto -fno-use-linker-plugin -flto-partition=none (test for excess errors)
FAIL: gcc.target/mips/mips-3d-3.c -O2 -flto -fno-use-linker-plugin -flto-partition=none (test for excess errors)
FAIL: gcc.target/mips/mips-3d-3.c -O2 -flto -fuse-linker-plugin -fno-fat-lto-objects (test for excess errors)
FAIL: gcc.target/mips/mips-3d-3.c -O2 -flto -fuse-linker-plugin -fno-fat-lto-objects (test for excess errors)
FAIL: gcc.target/mips/mips-3d-3.c -O3 -g (test for excess errors)
FAIL: gcc.target/mips/mips-3d-3.c -O3 -g (test for excess errors)
FAIL: gcc.target/mips/mips-3d-3.c -Os (test for excess errors)
FAIL: gcc.target/mips/mips-3d-3.c -Os (test for excess errors)
FAIL: gcc.target/mips/mips-3d-4.c -O0 (test for excess errors)
FAIL: gcc.target/mips/mips-3d-4.c -O0 (test for excess errors)
FAIL: gcc.target/mips/mips-3d-4.c -O1 (test for excess errors)
FAIL: gcc.target/mips/mips-3d-4.c -O1 (test for excess errors)
FAIL: gcc.target/mips/mips-3d-4.c -O2 (test for excess errors)
FAIL: gcc.target/mips/mips-3d-4.c -O2 (test for excess errors)
FAIL: gcc.target/mips/mips-3d-4.c -O2 -flto -fno-use-linker-plugin -flto-partition=none (test for excess errors)
FAIL: gcc.target/mips/mips-3d-4.c -O2 -flto -fno-use-linker-plugin -flto-partition=none (test for excess errors)
FAIL: gcc.target/mips/mips-3d-4.c -O2 -flto -fuse-linker-plugin -fno-fat-lto-objects (test for excess errors)
FAIL: gcc.target/mips/mips-3d-4.c -O2 -flto -fuse-linker-plugin -fno-fat-lto-objects (test for excess errors)
FAIL: gcc.target/mips/mips-3d-4.c -O3 -g (test for excess errors)
FAIL: gcc.target/mips/mips-3d-4.c -O3 -g (test for excess errors)
FAIL: gcc.target/mips/mips-3d-4.c -Os (test for excess errors)
FAIL: gcc.target/mips/mips-3d-4.c -Os (test for excess errors)
FAIL: gcc.target/mips/mips-3d-5.c -O0 (test for excess errors)
FAIL: gcc.target/mips/mips-3d-5.c -O0 (test for excess errors)
FAIL: gcc.target/mips/mips-3d-5.c -O1 (test for excess errors)
FAIL: gcc.target/mips/mips-3d-5.c -O1 (test for excess errors)
FAIL: gcc.target/mips/mips-3d-5.c -O2 (test for excess errors)
FAIL: gcc.target/mips/mips-3d-5.c -O2 (test for excess errors)
FAIL: gcc.target/mips/mips-3d-5.c -O2 -flto -fno-use-linker-plugin -flto-partition=none (test for excess errors)
FAIL: gcc.target/mips/mips-3d-5.c -O2 -flto -fno-use-linker-plugin -flto-partition=none (test for excess errors)
FAIL: gcc.target/mips/mips-3d-5.c -O2 -flto -fuse-linker-plugin -fno-fat-lto-objects (test for excess errors)
FAIL: gcc.target/mips/mips-3d-5.c -O2 -flto -fuse-linker-plugin -fno-fat-lto-objects (test for excess errors)
FAIL: gcc.target/mips/mips-3d-5.c -O3 -g (test for excess errors)
FAIL: gcc.target/mips/mips-3d-5.c -O3 -g (test for excess errors)
FAIL: gcc.target/mips/mips-3d-5.c -Os (test for excess errors)
FAIL: gcc.target/mips/mips-3d-5.c -Os (test for excess errors)
FAIL: gcc.target/mips/mips-3d-6.c -O0 (test for excess errors)
FAIL: gcc.target/mips/mips-3d-6.c -O0 (test for excess errors)
FAIL: gcc.target/mips/mips-3d-6.c -O1 (test for excess errors)
FAIL: gcc.target/mips/mips-3d-6.c -O1 (test for excess errors)
FAIL: gcc.target/mips/mips-3d-6.c -O2 (test for excess errors)
FAIL: gcc.target/mips/mips-3d-6.c -O2 (test for excess errors)
FAIL: gcc.target/mips/mips-3d-6.c -O2 -flto -fno-use-linker-plugin -flto-partition=none (test for excess errors)
FAIL: gcc.target/mips/mips-3d-6.c -O2 -flto -fno-use-linker-plugin -flto-partition=none (test for excess errors)
FAIL: gcc.target/mips/mips-3d-6.c -O2 -flto -fuse-linker-plugin -fno-fat-lto-objects (test for excess errors)
FAIL: gcc.target/mips/mips-3d-6.c -O2 -flto -fuse-linker-plugin -fno-fat-lto-objects (test for excess errors)
FAIL: gcc.target/mips/mips-3d-6.c -O3 -g (test for excess errors)
FAIL: gcc.target/mips/mips-3d-6.c -O3 -g (test for excess errors)
FAIL: gcc.target/mips/mips-3d-6.c -Os (test for excess errors)
FAIL: gcc.target/mips/mips-3d-6.c -Os (test for excess errors)
FAIL: gcc.target/mips/mips-3d-7.c -O0 (test for excess errors)
FAIL: gcc.target/mips/mips-3d-7.c -O0 (test for excess errors)
FAIL: gcc.target/mips/mips-3d-7.c -O1 (test for excess errors)
FAIL: gcc.target/mips/mips-3d-7.c -O1 (test for excess errors)
FAIL: gcc.target/mips/mips-3d-7.c -O2 (test for excess errors)
FAIL: gcc.target/mips/mips-3d-7.c -O2 (test for excess errors)
FAIL: gcc.target/mips/mips-3d-7.c -O2 -flto -fno-use-linker-plugin -flto-partition=none (test for excess errors)
FAIL: gcc.target/mips/mips-3d-7.c -O2 -flto -fno-use-linker-plugin -flto-partition=none (test for excess errors)
FAIL: gcc.target/mips/mips-3d-7.c -O2 -flto -fuse-linker-plugin -fno-fat-lto-objects (test for excess errors)
FAIL: gcc.target/mips/mips-3d-7.c -O2 -flto -fuse-linker-plugin -fno-fat-lto-objects (test for excess errors)
FAIL: gcc.target/mips/mips-3d-7.c -O3 -g (test for excess errors)
FAIL: gcc.target/mips/mips-3d-7.c -O3 -g (test for excess errors)
FAIL: gcc.target/mips/mips-3d-7.c -Os (test for excess errors)
FAIL: gcc.target/mips/mips-3d-7.c -Os (test for excess errors)
FAIL: gcc.target/mips/mips-3d-8.c -O0 (test for excess errors)
FAIL: gcc.target/mips/mips-3d-8.c -O0 (test for excess errors)
FAIL: gcc.target/mips/mips-3d-8.c -O1 (test for excess errors)
FAIL: gcc.target/mips/mips-3d-8.c -O1 (test for excess errors)
FAIL: gcc.target/mips/mips-3d-8.c -O2 (test for excess errors)
FAIL: gcc.target/mips/mips-3d-8.c -O2 (test for excess errors)
FAIL: gcc.target/mips/mips-3d-8.c -O2 -flto -fno-use-linker-plugin -flto-partition=none (test for excess errors)
FAIL: gcc.target/mips/mips-3d-8.c -O2 -flto -fno-use-linker-plugin -flto-partition=none (test for excess errors)
FAIL: gcc.target/mips/mips-3d-8.c -O2 -flto -fuse-linker-plugin -fno-fat-lto-objects (test for excess errors)
FAIL: gcc.target/mips/mips-3d-8.c -O2 -flto -fuse-linker-plugin -fno-fat-lto-objects (test for excess errors)
FAIL: gcc.target/mips/mips-3d-8.c -O3 -g (test for excess errors)
FAIL: gcc.target/mips/mips-3d-8.c -O3 -g (test for excess errors)
FAIL: gcc.target/mips/mips-3d-8.c -Os (test for excess errors)
FAIL: gcc.target/mips/mips-3d-8.c -Os (test for excess errors)
FAIL: gcc.target/mips/mips-3d-9.c -O0 (test for excess errors)
FAIL: gcc.target/mips/mips-3d-9.c -O0 (test for excess errors)
FAIL: gcc.target/mips/mips-3d-9.c -O1 (test for excess errors)
FAIL: gcc.target/mips/mips-3d-9.c -O1 (test for excess errors)
FAIL: gcc.target/mips/mips-3d-9.c -O2 (test for excess errors)
FAIL: gcc.target/mips/mips-3d-9.c -O2 (test for excess errors)
FAIL: gcc.target/mips/mips-3d-9.c -O2 -flto -fno-use-linker-plugin -flto-partition=none (test for excess errors)
FAIL: gcc.target/mips/mips-3d-9.c -O2 -flto -fno-use-linker-plugin -flto-partition=none (test for excess errors)
FAIL: gcc.target/mips/mips-3d-9.c -O2 -flto -fuse-linker-plugin -fno-fat-lto-objects (test for excess errors)
FAIL: gcc.target/mips/mips-3d-9.c -O2 -flto -fuse-linker-plugin -fno-fat-lto-objects (test for excess errors)
FAIL: gcc.target/mips/mips-3d-9.c -O3 -fomit-frame-pointer -funroll-loops -fpeel-loops -ftracer -finline-functions (test for excess errors)
FAIL: gcc.target/mips/mips-3d-9.c -O3 -fomit-frame-pointer -funroll-loops -fpeel-loops -ftracer -finline-functions (test for excess errors)
FAIL: gcc.target/mips/mips-3d-9.c -O3 -g (test for excess errors)
FAIL: gcc.target/mips/mips-3d-9.c -O3 -g (test for excess errors)
FAIL: gcc.target/mips/mips-3d-9.c -Os (test for excess errors)
FAIL: gcc.target/mips/mips-3d-9.c -Os (test for excess errors)
FAIL: gcc.target/mips/mips-ps-1.c -O0 (test for excess errors)
FAIL: gcc.target/mips/mips-ps-1.c -O0 (test for excess errors)
FAIL: gcc.target/mips/mips-ps-1.c -O1 (test for excess errors)
FAIL: gcc.target/mips/mips-ps-1.c -O1 (test for excess errors)
FAIL: gcc.target/mips/mips-ps-1.c -O2 (test for excess errors)
FAIL: gcc.target/mips/mips-ps-1.c -O2 (test for excess errors)
FAIL: gcc.target/mips/mips-ps-1.c -O2 -flto -fno-use-linker-plugin -flto-partition=none (test for excess errors)
FAIL: gcc.target/mips/mips-ps-1.c -O2 -flto -fno-use-linker-plugin -flto-partition=none (test for excess errors)
FAIL: gcc.target/mips/mips-ps-1.c -O2 -flto -fuse-linker-plugin -fno-fat-lto-objects (test for excess errors)
FAIL: gcc.target/mips/mips-ps-1.c -O2 -flto -fuse-linker-plugin -fno-fat-lto-objects (test for excess errors)
FAIL: gcc.target/mips/mips-ps-1.c -O3 -g (test for excess errors)
FAIL: gcc.target/mips/mips-ps-1.c -O3 -g (test for excess errors)
FAIL: gcc.target/mips/mips-ps-1.c -Os (test for excess errors)
FAIL: gcc.target/mips/mips-ps-1.c -Os (test for excess errors)
FAIL: gcc.target/mips/mips-ps-2.c -O0 (test for excess errors)
FAIL: gcc.target/mips/mips-ps-2.c -O0 (test for excess errors)
FAIL: gcc.target/mips/mips-ps-2.c -O1 (test for excess errors)
FAIL: gcc.target/mips/mips-ps-2.c -O1 (test for excess errors)
FAIL: gcc.target/mips/mips-ps-2.c -O2 (test for excess errors)
FAIL: gcc.target/mips/mips-ps-2.c -O2 (test for excess errors)
FAIL: gcc.target/mips/mips-ps-2.c -O2 -flto -fno-use-linker-plugin -flto-partition=none (test for excess errors)
FAIL: gcc.target/mips/mips-ps-2.c -O2 -flto -fno-use-linker-plugin -flto-partition=none (test for excess errors)
FAIL: gcc.target/mips/mips-ps-2.c -O2 -flto -fuse-linker-plugin -fno-fat-lto-objects (test for excess errors)
FAIL: gcc.target/mips/mips-ps-2.c -O2 -flto -fuse-linker-plugin -fno-fat-lto-objects (test for excess errors)
FAIL: gcc.target/mips/mips-ps-2.c -O3 -g (test for excess errors)
FAIL: gcc.target/mips/mips-ps-2.c -O3 -g (test for excess errors)
FAIL: gcc.target/mips/mips-ps-2.c -Os (test for excess errors)
FAIL: gcc.target/mips/mips-ps-2.c -Os (test for excess errors)
FAIL: gcc.target/mips/mips-ps-3.c -O0 (test for excess errors)
FAIL: gcc.target/mips/mips-ps-3.c -O0 (test for excess errors)
FAIL: gcc.target/mips/mips-ps-3.c -O1 (test for excess errors)
FAIL: gcc.target/mips/mips-ps-3.c -O1 (test for excess errors)
FAIL: gcc.target/mips/mips-ps-3.c -O2 (test for excess errors)
FAIL: gcc.target/mips/mips-ps-3.c -O2 (test for excess errors)
FAIL: gcc.target/mips/mips-ps-3.c -O2 -flto -fno-use-linker-plugin -flto-partition=none (test for excess errors)
FAIL: gcc.target/mips/mips-ps-3.c -O2 -flto -fno-use-linker-plugin -flto-partition=none (test for excess errors)
FAIL: gcc.target/mips/mips-ps-3.c -O2 -flto -fuse-linker-plugin -fno-fat-lto-objects (test for excess errors)
FAIL: gcc.target/mips/mips-ps-3.c -O2 -flto -fuse-linker-plugin -fno-fat-lto-objects (test for excess errors)
FAIL: gcc.target/mips/mips-ps-3.c -O3 -g (test for excess errors)
FAIL: gcc.target/mips/mips-ps-3.c -O3 -g (test for excess errors)
FAIL: gcc.target/mips/mips-ps-3.c -Os (test for excess errors)
FAIL: gcc.target/mips/mips-ps-3.c -Os (test for excess errors)
FAIL: gcc.target/mips/mips-ps-4.c -O0 (test for excess errors)
FAIL: gcc.target/mips/mips-ps-4.c -O0 (test for excess errors)
FAIL: gcc.target/mips/mips-ps-4.c -O1 (test for excess errors)
FAIL: gcc.target/mips/mips-ps-4.c -O1 (test for excess errors)
FAIL: gcc.target/mips/mips-ps-4.c -O2 (test for excess errors)
FAIL: gcc.target/mips/mips-ps-4.c -O2 (test for excess errors)
FAIL: gcc.target/mips/mips-ps-4.c -O2 -flto -fno-use-linker-plugin -flto-partition=none (test for excess errors)
FAIL: gcc.target/mips/mips-ps-4.c -O2 -flto -fno-use-linker-plugin -flto-partition=none (test for excess errors)
FAIL: gcc.target/mips/mips-ps-4.c -O2 -flto -fuse-linker-plugin -fno-fat-lto-objects (test for excess errors)
FAIL: gcc.target/mips/mips-ps-4.c -O2 -flto -fuse-linker-plugin -fno-fat-lto-objects (test for excess errors)
FAIL: gcc.target/mips/mips-ps-4.c -O3 -g (test for excess errors)
FAIL: gcc.target/mips/mips-ps-4.c -O3 -g (test for excess errors)
FAIL: gcc.target/mips/mips-ps-4.c -Os (test for excess errors)
FAIL: gcc.target/mips/mips-ps-4.c -Os (test for excess errors)
FAIL: gcc.target/mips/mips-ps-6.c -O0 (test for excess errors)
FAIL: gcc.target/mips/mips-ps-6.c -O0 (test for excess errors)
FAIL: gcc.target/mips/mips-ps-6.c -O1 (test for excess errors)
FAIL: gcc.target/mips/mips-ps-6.c -O1 (test for excess errors)
FAIL: gcc.target/mips/mips-ps-6.c -O2 (test for excess errors)
FAIL: gcc.target/mips/mips-ps-6.c -O2 (test for excess errors)
FAIL: gcc.target/mips/mips-ps-6.c -O2 -flto -fno-use-linker-plugin -flto-partition=none (test for excess errors)
FAIL: gcc.target/mips/mips-ps-6.c -O2 -flto -fno-use-linker-plugin -flto-partition=none (test for excess errors)
FAIL: gcc.target/mips/mips-ps-6.c -O2 -flto -fuse-linker-plugin -fno-fat-lto-objects (test for excess errors)
FAIL: gcc.target/mips/mips-ps-6.c -O2 -flto -fuse-linker-plugin -fno-fat-lto-objects (test for excess errors)
FAIL: gcc.target/mips/mips-ps-6.c -O3 -g (test for excess errors)
FAIL: gcc.target/mips/mips-ps-6.c -O3 -g (test for excess errors)
FAIL: gcc.target/mips/mips-ps-6.c -Os (test for excess errors)
FAIL: gcc.target/mips/mips-ps-6.c -Os (test for excess errors)
FAIL: gcc.target/mips/save-restore-1.c -O0 scan-assembler \\tsave\\t\\\\\$4-\\\\\$7
FAIL: gcc.target/mips/save-restore-1.c -O0 scan-assembler \\tsave\\t\\\\\$4-\\\\\$7
FAIL: gcc.target/mips/save-restore-2.c -O1 scan-assembler \\tsave\\t\\\\\$4-\\\\\$6,
FAIL: gcc.target/mips/save-restore-2.c -O1 scan-assembler \\tsave\\t\\\\\$4-\\\\\$6,
FAIL: gcc.target/mips/save-restore-2.c -O2 scan-assembler \\tsave\\t\\\\\$4-\\\\\$6,
FAIL: gcc.target/mips/save-restore-2.c -O2 scan-assembler \\tsave\\t\\\\\$4-\\\\\$6,
FAIL: gcc.target/mips/save-restore-2.c -O2 -flto -fno-use-linker-plugin -flto-partition=none scan-assembler \\tsave\\t\\\\\$4-\\\\\$6,
FAIL: gcc.target/mips/save-restore-2.c -O2 -flto -fno-use-linker-plugin -flto-partition=none scan-assembler \\tsave\\t\\\\\$4-\\\\\$6,
FAIL: gcc.target/mips/save-restore-2.c -O2 -flto -fuse-linker-plugin -fno-fat-lto-objects scan-assembler \\tsave\\t\\\\\$4-\\\\\$6,
FAIL: gcc.target/mips/save-restore-2.c -O2 -flto -fuse-linker-plugin -fno-fat-lto-objects scan-assembler \\tsave\\t\\\\\$4-\\\\\$6,
FAIL: gcc.target/mips/save-restore-2.c -O3 -g scan-assembler \\tsave\\t\\\\\$4-\\\\\$6,
FAIL: gcc.target/mips/save-restore-2.c -O3 -g scan-assembler \\tsave\\t\\\\\$4-\\\\\$6,
FAIL: gcc.target/mips/save-restore-2.c -Os scan-assembler \\tsave\\t\\\\\$4-\\\\\$6,
FAIL: gcc.target/mips/save-restore-2.c -Os scan-assembler \\tsave\\t\\\\\$4-\\\\\$6,
FAIL: gcc.target/mips/save-restore-3.c -O0 scan-assembler \\tsave\\t\\\\\$4-\\\\\$6,
FAIL: gcc.target/mips/save-restore-3.c -O0 scan-assembler \\tsave\\t\\\\\$4-\\\\\$6,
FAIL: gcc.target/mips/save-restore-3.c -O1 scan-assembler \\tsave\\t\\\\\$4-\\\\\$6,
FAIL: gcc.target/mips/save-restore-3.c -O1 scan-assembler \\tsave\\t\\\\\$4-\\\\\$6,
FAIL: gcc.target/mips/save-restore-3.c -O2 scan-assembler \\tsave\\t\\\\\$4-\\\\\$6,
FAIL: gcc.target/mips/save-restore-3.c -O2 scan-assembler \\tsave\\t\\\\\$4-\\\\\$6,
FAIL: gcc.target/mips/save-restore-3.c -O2 -flto -fno-use-linker-plugin -flto-partition=none scan-assembler \\tsave\\t\\\\\$4-\\\\\$6,
FAIL: gcc.target/mips/save-restore-3.c -O2 -flto -fno-use-linker-plugin -flto-partition=none scan-assembler \\tsave\\t\\\\\$4-\\\\\$6,
FAIL: gcc.target/mips/save-restore-3.c -O2 -flto -fuse-linker-plugin -fno-fat-lto-objects scan-assembler \\tsave\\t\\\\\$4-\\\\\$6,
FAIL: gcc.target/mips/save-restore-3.c -O2 -flto -fuse-linker-plugin -fno-fat-lto-objects scan-assembler \\tsave\\t\\\\\$4-\\\\\$6,
FAIL: gcc.target/mips/save-restore-3.c -O3 -g scan-assembler \\tsave\\t\\\\\$4-\\\\\$6,
FAIL: gcc.target/mips/save-restore-3.c -O3 -g scan-assembler \\tsave\\t\\\\\$4-\\\\\$6,
FAIL: gcc.target/mips/save-restore-3.c -Os scan-assembler \\tsave\\t\\\\\$4-\\\\\$6,
FAIL: gcc.target/mips/save-restore-3.c -Os scan-assembler \\tsave\\t\\\\\$4-\\\\\$6,
FAIL: gcc.target/mips/umips-branch-6.c -O0 scan-assembler-not \\\\.cprestore
FAIL: gcc.target/mips/umips-branch-6.c -O0 scan-assembler-not \\\\.cprestore
=== gcc Summary ===
# of expected passes 190136
# of unexpected failures 428
# of unexpected successes 44
# of expected failures 366
# of unresolved testcases 30
# of unsupported tests 3530
/build/gcc-snapshot-r0Zv8g/gcc-snapshot-20150913/build/gcc/xgcc version 6.0.0 20150913 (experimental) [trunk revision 227716] (Debian 20150913-1)
=== gfortran tests ===
Running target unix
XPASS: gfortran.dg/graphite/pr14741.f90 -O scan-tree-dump-times graphite "number of SCoPs: 1" 1
XPASS: gfortran.dg/graphite/pr14741.f90 -O scan-tree-dump-times graphite "number of SCoPs: 1" 1
=== gfortran Summary ===
# of expected passes 79210
# of unexpected successes 2
# of expected failures 148
# of unsupported tests 642
/build/gcc-snapshot-r0Zv8g/gcc-snapshot-20150913/build/gcc/testsuite/gfortran/../../gfortran version 6.0.0 20150913 (experimental) [trunk revision 227716] (Debian 20150913-1)
=== gnat tests ===
Running target unix
FAIL: gnat.dg/null_pointer_deref2.adb execution test
FAIL: gnat.dg/opt37.adb scan-tree-dump-not optimized "alloca"
FAIL: gnat.dg/stack_check1.adb execution test
FAIL: gnat.dg/stack_check2.adb execution test
XPASS: gnat.dg/specs/atomic1.ads (test for errors, line 9)
XPASS: gnat.dg/specs/atomic1.ads (test for errors, line 13)
FAIL: gnat.dg/specs/debug1.ads scan-assembler-times DW_AT_artificial 15
=== gnat Summary for unix ===
# of expected passes 1357
# of unexpected failures 5
# of unexpected successes 2
# of expected failures 21
# of unsupported tests 17
Running target unix
FAIL: gnat.dg/null_pointer_deref2.adb execution test
FAIL: gnat.dg/opt37.adb scan-tree-dump-not optimized "alloca"
FAIL: gnat.dg/stack_check1.adb execution test
FAIL: gnat.dg/stack_check2.adb execution test
XPASS: gnat.dg/specs/atomic1.ads (test for errors, line 9)
XPASS: gnat.dg/specs/atomic1.ads (test for errors, line 13)
FAIL: gnat.dg/specs/debug1.ads scan-assembler-times DW_AT_artificial 15
=== gnat Summary for unix ===
# of expected passes 1357
# of unexpected failures 5
# of unexpected successes 2
# of expected failures 21
# of unsupported tests 17
=== gnat Summary ===
# of expected passes 2714
# of unexpected failures 10
# of unexpected successes 4
# of expected failures 42
# of unsupported tests 34
/build/gcc-snapshot-r0Zv8g/gcc-snapshot-20150913/build/gcc/gnatmake version 6.0.0 20150913 (experimental) [trunk revision 227716]
=== go tests ===
Running target unix
FAIL: ./64bit-out.go compilation, -O0 -g -fno-var-tracking-assignments
FAIL: ./64bit-out.go compilation, -O0 -g -fno-var-tracking-assignments
FAIL: ./index0-out.go compilation, -O0 -g -fno-var-tracking-assignments
FAIL: ./index0-out.go compilation, -O0 -g -fno-var-tracking-assignments
FAIL: ./slice3-out.go compilation, -O0 -g -fno-var-tracking-assignments
FAIL: ./slice3-out.go compilation, -O0 -g -fno-var-tracking-assignments
FAIL: go.test/test/append.go compilation, -O2 -g
FAIL: go.test/test/append.go compilation, -O2 -g
FAIL: go.test/test/chan/select5.go execution
FAIL: go.test/test/chan/select5.go execution
FAIL: go.test/test/cmplxdivide.go
FAIL: go.test/test/cmplxdivide.go
FAIL: go.test/test/mallocfin.go execution, -O2 -g
FAIL: go.test/test/mallocfin.go execution, -O2 -g
FAIL: go.test/test/recover.go execution, -O2 -g
FAIL: go.test/test/recover.go execution, -O2 -g
WARNING: program timed out.
WARNING: program timed out.
WARNING: program timed out.
WARNING: program timed out.
WARNING: program timed out.
WARNING: program timed out.
WARNING: program timed out.
WARNING: program timed out.
WARNING: program timed out.
WARNING: program timed out.
=== go Summary ===
# of expected passes 14696
# of unexpected failures 16
# of expected failures 2
# of untested testcases 28
# of unsupported tests 6
/build/gcc-snapshot-r0Zv8g/gcc-snapshot-20150913/build/gcc/testsuite/go/../../gccgo version 6.0.0 20150913 (experimental) [trunk revision 227716] (Debian 20150913-1)
=== obj-c++ tests ===
Running target unix
=== obj-c++ Summary for unix ===
# of expected passes 1439
# of expected failures 2
# of unsupported tests 77
Running target unix
=== obj-c++ Summary for unix ===
# of expected passes 1439
# of expected failures 2
# of unsupported tests 77
=== obj-c++ Summary ===
# of expected passes 2878
# of expected failures 4
# of unsupported tests 154
/build/gcc-snapshot-r0Zv8g/gcc-snapshot-20150913/build/gcc/testsuite/obj-c++/../../xg++ version 6.0.0 20150913 (experimental) [trunk revision 227716] (Debian 20150913-1)
=== objc tests ===
Running target unix
=== objc Summary ===
# of expected passes 5544
# of unsupported tests 136
/build/gcc-snapshot-r0Zv8g/gcc-snapshot-20150913/build/gcc/xgcc version 6.0.0 20150913 (experimental) [trunk revision 227716] (Debian 20150913-1)
=== boehm-gc tests ===
Running target unix
=== boehm-gc Summary for unix ===
# of expected passes 12
# of unsupported tests 1
Running target unix
=== boehm-gc Summary for unix ===
# of expected passes 12
# of unsupported tests 1
=== boehm-gc Summary ===
# of expected passes 24
# of unsupported tests 2
=== libatomic tests ===
Running target unix
=== libatomic Summary for unix ===
# of expected passes 44
# of unsupported tests 5
Running target unix
=== libatomic Summary for unix ===
# of expected passes 44
# of unsupported tests 5
=== libatomic Summary ===
# of expected passes 88
# of unsupported tests 10
=== libffi tests ===
Running target unix
=== libffi Summary for unix ===
# of expected passes 1914
# of unsupported tests 30
Running target unix
=== libffi Summary for unix ===
# of expected passes 1914
# of unsupported tests 30
=== libffi Summary ===
# of expected passes 3828
# of unsupported tests 60
=== libgo tests ===
Running target unix
FAIL: reflect
FAIL: runtime
FAIL: time
FAIL: crypto/rsa
FAIL: crypto/subtle
FAIL: html/template
FAIL: go/doc
FAIL: math/big
FAIL: math/rand
FAIL: net/http
FAIL: net/http/cgi
FAIL: net/rpc
FAIL: net/rpc/jsonrpc
FAIL: old/template
FAIL: sync/atomic
FAIL: text/template
FAIL: testing/quick
=== libgo Summary for unix ===
# of expected passes 107
# of unexpected failures 17
Running target unix/-mabi=n32
FAIL: net
FAIL: reflect
FAIL: runtime
FAIL: time
FAIL: crypto/rsa
FAIL: crypto/subtle
FAIL: html/template
FAIL: go/doc
FAIL: math/big
FAIL: math/rand
FAIL: net/http
FAIL: net/http/cgi
FAIL: net/rpc
FAIL: net/rpc/jsonrpc
FAIL: old/template
FAIL: runtime/pprof
FAIL: text/template
FAIL: testing/quick
=== libgo Summary for unix/-mabi=n32 ===
# of expected passes 106
# of unexpected failures 18
Running target unix/-mabi=64
FAIL: reflect
FAIL: runtime
FAIL: time
FAIL: crypto/rsa
FAIL: crypto/subtle
FAIL: html/template
FAIL: go/doc
FAIL: math/big
FAIL: math/rand
FAIL: net/http
FAIL: net/rpc
FAIL: net/rpc/jsonrpc
FAIL: old/template
FAIL: runtime/pprof
FAIL: text/template
FAIL: testing/quick
=== libgo Summary for unix/-mabi=64 ===
# of expected passes 108
# of unexpected failures 16
=== libgo Summary ===
# of expected passes 321
# of unexpected failures 51
/build/gcc-snapshot-r0Zv8g/gcc-snapshot-20150913/build/./gcc/gccgo version 6.0.0 20150913 (experimental) [trunk revision 227716] (Debian 20150913-1)
=== libgomp tests ===
Running target unix
WARNING: program timed out.
FAIL: libgomp.c++/for-11.C (test for excess errors)
UNRESOLVED: libgomp.c++/for-11.C compilation failed to produce executable
WARNING: program timed out.
FAIL: libgomp.fortran/strassen.f90 -O execution test
=== libgomp Summary for unix ===
# of expected passes 4082
# of unexpected failures 2
# of expected failures 4
# of unresolved testcases 1
# of unsupported tests 239
Running target unix
WARNING: program timed out.
FAIL: libgomp.c/for-3.c (test for excess errors)
UNRESOLVED: libgomp.c/for-3.c compilation failed to produce executable
WARNING: program timed out.
FAIL: libgomp.c++/for-11.C (test for excess errors)
UNRESOLVED: libgomp.c++/for-11.C compilation failed to produce executable
WARNING: program timed out.
FAIL: libgomp.fortran/strassen.f90 -O execution test
=== libgomp Summary for unix ===
# of expected passes 4080
# of unexpected failures 3
# of expected failures 4
# of unresolved testcases 2
# of unsupported tests 239
=== libgomp Summary ===
# of expected passes 8162
# of unexpected failures 5
# of expected failures 8
# of unresolved testcases 3
# of unsupported tests 478
=== libjava tests ===
Running target unix
FAIL: Array_1 -findirect-dispatch execution - source compiled test
FAIL: Array_1 -O3 -findirect-dispatch execution - source compiled test
FAIL: ExtraClassLoader -findirect-dispatch execution - source compiled test
FAIL: ExtraClassLoader -O3 -findirect-dispatch execution - source compiled test
FAIL: InterfaceDispatch -findirect-dispatch execution - source compiled test
FAIL: InterfaceDispatch -O3 -findirect-dispatch execution - source compiled test
FAIL: Matrix4f -findirect-dispatch execution - source compiled test
FAIL: Matrix4f -O3 -findirect-dispatch execution - source compiled test
FAIL: N19990310_02 -findirect-dispatch execution - source compiled test
FAIL: N19990310_02 -O3 -findirect-dispatch execution - source compiled test
FAIL: N19990310_5 -findirect-dispatch execution - source compiled test
FAIL: N19990310_5 -O3 -findirect-dispatch execution - source compiled test
FAIL: PR160 -findirect-dispatch execution - source compiled test
FAIL: PR160 -O3 -findirect-dispatch execution - source compiled test
FAIL: PR3096 -findirect-dispatch execution - source compiled test
FAIL: PR3096 -O3 -findirect-dispatch execution - source compiled test
FAIL: PR35020 -findirect-dispatch execution - source compiled test
FAIL: PR35020 -O3 -findirect-dispatch output - source compiled test
FAIL: PR36252 -findirect-dispatch execution - source compiled test
FAIL: PR36252 -O3 -findirect-dispatch execution - source compiled test
FAIL: StringBuffer_overflow -findirect-dispatch execution - source compiled test
FAIL: StringBuffer_overflow -O3 -findirect-dispatch execution - source compiled test
FAIL: String_overflow -findirect-dispatch execution - source compiled test
FAIL: String_overflow -O3 -findirect-dispatch execution - source compiled test
FAIL: SyncGlobal -findirect-dispatch output - source compiled test
FAIL: SyncGlobal -O3 -findirect-dispatch execution - source compiled test
FAIL: anonarray -findirect-dispatch execution - source compiled test
FAIL: anonarray -O3 -findirect-dispatch execution - source compiled test
FAIL: anonarray3 -findirect-dispatch execution - source compiled test
FAIL: anonarray3 -O3 -findirect-dispatch execution - source compiled test
FAIL: err11 -findirect-dispatch execution - source compiled test
FAIL: err11 -O3 -findirect-dispatch execution - source compiled test
FAIL: err4 -findirect-dispatch execution - source compiled test
FAIL: err4 -O3 -findirect-dispatch execution - source compiled test
FAIL: err6 -findirect-dispatch execution - source compiled test
FAIL: err6 -O3 -findirect-dispatch execution - source compiled test
FAIL: err7 -findirect-dispatch execution - source compiled test
FAIL: err7 -O3 -findirect-dispatch execution - source compiled test
FAIL: inner_array -findirect-dispatch execution - source compiled test
FAIL: inner_array -O3 -findirect-dispatch execution - source compiled test
FAIL: klass -findirect-dispatch execution - source compiled test
FAIL: klass -O3 -findirect-dispatch execution - source compiled test
FAIL: md5test -findirect-dispatch execution - source compiled test
FAIL: md5test -O3 -findirect-dispatch execution - source compiled test
FAIL: newarray_overflow -findirect-dispatch execution - source compiled test
FAIL: newarray_overflow -O3 -findirect-dispatch execution - source compiled test
FAIL: pr27171 -findirect-dispatch execution - source compiled test
FAIL: pr27171 -O3 -findirect-dispatch execution - source compiled test
FAIL: shatest -findirect-dispatch execution - source compiled test
FAIL: shatest -O3 -findirect-dispatch execution - source compiled test
FAIL: utilTest -findirect-dispatch execution - source compiled test
FAIL: utilTest -O3 -findirect-dispatch execution - source compiled test
=== libjava Summary for unix ===
# of expected passes 2480
# of unexpected failures 52
# of expected failures 4
# of untested testcases 50
Running target unix
FAIL: Array_1 -findirect-dispatch execution - source compiled test
FAIL: Array_1 -O3 -findirect-dispatch execution - source compiled test
FAIL: ExtraClassLoader -findirect-dispatch execution - source compiled test
FAIL: ExtraClassLoader -O3 -findirect-dispatch execution - source compiled test
FAIL: InterfaceDispatch -findirect-dispatch execution - source compiled test
FAIL: InterfaceDispatch -O3 -findirect-dispatch execution - source compiled test
FAIL: Matrix4f -findirect-dispatch execution - source compiled test
FAIL: Matrix4f -O3 -findirect-dispatch execution - source compiled test
FAIL: N19990310_02 -findirect-dispatch execution - source compiled test
FAIL: N19990310_02 -O3 -findirect-dispatch execution - source compiled test
FAIL: N19990310_5 -findirect-dispatch execution - source compiled test
FAIL: N19990310_5 -O3 -findirect-dispatch execution - source compiled test
FAIL: PR160 -findirect-dispatch execution - source compiled test
FAIL: PR160 -O3 -findirect-dispatch execution - source compiled test
FAIL: PR3096 -findirect-dispatch execution - source compiled test
FAIL: PR3096 -O3 -findirect-dispatch execution - source compiled test
FAIL: PR35020 -findirect-dispatch execution - source compiled test
FAIL: PR35020 -O3 -findirect-dispatch output - source compiled test
FAIL: PR36252 -findirect-dispatch execution - source compiled test
FAIL: PR36252 -O3 -findirect-dispatch execution - source compiled test
FAIL: StringBuffer_overflow -findirect-dispatch execution - source compiled test
FAIL: StringBuffer_overflow -O3 -findirect-dispatch execution - source compiled test
FAIL: String_overflow -findirect-dispatch execution - source compiled test
FAIL: String_overflow -O3 -findirect-dispatch execution - source compiled test
FAIL: SyncGlobal -findirect-dispatch output - source compiled test
FAIL: SyncGlobal -O3 -findirect-dispatch execution - source compiled test
FAIL: anonarray -findirect-dispatch execution - source compiled test
FAIL: anonarray -O3 -findirect-dispatch execution - source compiled test
FAIL: anonarray3 -findirect-dispatch execution - source compiled test
FAIL: anonarray3 -O3 -findirect-dispatch execution - source compiled test
FAIL: err11 -findirect-dispatch execution - source compiled test
FAIL: err11 -O3 -findirect-dispatch execution - source compiled test
FAIL: err4 -findirect-dispatch execution - source compiled test
FAIL: err4 -O3 -findirect-dispatch execution - source compiled test
FAIL: err6 -findirect-dispatch execution - source compiled test
FAIL: err6 -O3 -findirect-dispatch execution - source compiled test
FAIL: err7 -findirect-dispatch execution - source compiled test
FAIL: err7 -O3 -findirect-dispatch execution - source compiled test
FAIL: inner_array -findirect-dispatch execution - source compiled test
FAIL: inner_array -O3 -findirect-dispatch execution - source compiled test
FAIL: klass -findirect-dispatch execution - source compiled test
FAIL: klass -O3 -findirect-dispatch execution - source compiled test
FAIL: md5test -findirect-dispatch execution - source compiled test
FAIL: md5test -O3 -findirect-dispatch execution - source compiled test
FAIL: newarray_overflow -findirect-dispatch execution - source compiled test
FAIL: newarray_overflow -O3 -findirect-dispatch execution - source compiled test
FAIL: pr27171 -findirect-dispatch execution - source compiled test
FAIL: pr27171 -O3 -findirect-dispatch execution - source compiled test
FAIL: shatest -findirect-dispatch execution - source compiled test
FAIL: shatest -O3 -findirect-dispatch execution - source compiled test
FAIL: utilTest -findirect-dispatch execution - source compiled test
FAIL: utilTest -O3 -findirect-dispatch execution - source compiled test
=== libjava Summary for unix ===
# of expected passes 2480
# of unexpected failures 52
# of expected failures 4
# of untested testcases 50
=== libjava Summary ===
# of expected passes 4960
# of unexpected failures 104
# of expected failures 8
# of untested testcases 100
=== libstdc++ tests ===
Running target unix
FAIL: libstdc++-abi/abi_check
FAIL: libstdc++-abi/abi_check
FAIL: 22_locale/numpunct/members/char/3.cc execution test
FAIL: 22_locale/numpunct/members/char/3.cc execution test
FAIL: 22_locale/time_get/get_date/wchar_t/4.cc execution test
FAIL: 22_locale/time_get/get_date/wchar_t/4.cc execution test
FAIL: 23_containers/vector/requirements/exception/propagation_consistent.cc execution test
FAIL: 23_containers/vector/requirements/exception/propagation_consistent.cc execution test
XPASS: 26_numerics/headers/cmath/c_math.cc execution test
FAIL: 29_atomics/atomic_integral/cons/assign_neg.cc (test for excess errors)
WARNING: program timed out.
WARNING: program timed out.
=== libstdc++ Summary ===
# of expected passes 15308
# of unexpected failures 9
# of unexpected successes 1
# of expected failures 128
# of unsupported tests 550
Compiler version: 6.0.0 20150913 (experimental) [trunk revision 227716] (Debian 20150913-1)
Platform: mips-unknown-linux-gnu
configure flags: -v --with-pkgversion='Debian 20150913-1' --with-bugurl=file:///usr/share/doc/gcc-snapshot/README.Bugs --enable-languages=c,ada,c++,java,go,fortran,objc,obj-c++ --prefix=/usr/lib/gcc-snapshot --enable-shared --enable-linker-build-id --disable-nls --with-sysroot=/ --enable-clocale=gnu --enable-libstdcxx-debug --enable-libstdcxx-time=yes --with-default-libstdcxx-abi=new --enable-gnu-unique-object --disable-libitm --disable-libsanitizer --disable-libquadmath --enable-plugin --with-system-zlib --disable-browser-plugin --enable-java-awt=gtk --enable-gtk-cairo --with-java-home=/usr/lib/jvm/java-1.5.0-gcj-6-snap-mips/jre --enable-java-home --with-jvm-root-dir=/usr/lib/jvm/java-1.5.0-gcj-6-snap-mips --with-jvm-jar-dir=/usr/lib/jvm-exports/java-1.5.0-gcj-6-snap-mips --with-arch-directory=mips --with-ecj-jar=/usr/share/java/eclipse-ecj.jar --enable-multiarch --enable-multilib --with-mips-plt --with-arch-32=mips32r2 --with-fp-32=xx --enable-targets=all --with-arch-64=mips64r2 --disable-werror --enable-checking=yes --build=mips-linux-gnu --host=mips-linux-gnu --target=mips-linux-gnu
BOOT_CFLAGS=
Build Dependencies:
Desired=Unknown/Install/Remove/Purge/Hold
| Status=Not/Inst/Conf-files/Unpacked/halF-conf/Half-inst/trig-aWait/Trig-pend
|/ Err?=(none)/Reinst-required (Status,Err: uppercase=bad)
||/ Name Version Architecture Description
+++-=========================-==============-============-===============================================================================
ii binutils 2.25.1-1 mips GNU assembler, linker and binary utilities
ii g++-4.9 4.9.3-4 mips GNU C++ compiler
ii g++-5 5.2.1-17 mips GNU C++ compiler
ii g++-5-multilib 5.2.1-17 mips GNU C++ compiler (multilib support)
ii g++-multilib 4:5.2.1-4 mips GNU C++ compiler (multilib files)
ii libc6:mips 2.19-20 mips GNU C Library: Shared libraries
ii libgmp-dev:mips 2:6.0.0+dfsg-7 mips Multiprecision arithmetic library developers tools
ii libisl-dev:mips 0.14-2 mips manipulating sets and relations of integer points bounded by linear constraints
ii libmpc-dev:mips 1.0.3-1 mips multiple precision complex floating-point library development package
ii libmpfr-dev:mips 3.1.3-1 mips multiple precision floating-point computation developers tools
sys-auxv-header:
Check for the sys/auxv.h header file.
libcilkrts-targets:
Disable libcilkrts on KFreeBSD and the Hurd. See #734973.
go-use-gold:
Pass -fuse-ld=gold to gccgo on targets supporting -fsplit-stack
arm-multilib-soft:
ARM hard/soft float multilib support
arm-multilib-defaults:
Set MULTILIB_DEFAULTS for ARM multilib builds
gcc-ice-dump:
For ICEs, dump the preprocessed source file to stderr
when in a distro build environment.
gcc-ice-apport:
Report an ICE to apport (if apport is available
and the environment variable GCC_NOAPPORT is not set)
libjava-fixed-symlinks:
Remove unneed '..' elements from symlinks in JAVA_HOME
libffi-ro-eh_frame_sect:
PR libffi/47248, force a read only eh frame section.
gcc-multiarch:
- Remaining multiarch patches, not yet submitted upstream.
- Add MULTIARCH_DIRNAME definitions for multilib configurations,
which are used for the non-multilib builds.
libjava-nobiarch-check:
For biarch builds, disable the testsuite for the non-default architecture
for runtime libraries, which are not built by default (libjava).
config-ml:
- Disable some biarch libraries for biarch builds.
- Fix multilib builds on kernels which don't support all multilibs.
gcc-multilib-multiarch:
Don't auto-detect multilib osdirnames.
libgomp-kfreebsd-testsuite:
Disable lock-2.c test on kfreebsd-*
go-testsuite:
Skip Go testcase on AArch64 which hangs on the buildds.
ada-749574:
ada-mips:
Improve support for mips.
ada-ppc64:
ada-mips64:
ada-bootstrap-compare:
For the bootstrap comparison, ignore gcc/ada/a-except.o on
mips and mipsel. See PR ada/65618.
Counting all warnings,
there are 0 warnings in stage3 of this bootstrap.
Number of warnings per file:
Number of warning types: