This is the mail archive of the gcc-testresults@gcc.gnu.org mailing list for the GCC project.


Index Nav: [Date Index] [Subject Index] [Author Index] [Thread Index]
Message Nav: [Date Prev] [Date Next] [Thread Prev] [Thread Next]
Other format: [Raw text]

Results for 6.0.0 20150917 (experimental) [trunk revision 227840] (GCC) testsuite on ia64-suse-linux-gnu


LAST_UPDATED: Thu Sep 17 02:03:08 UTC 2015 (revision 227840)

		=== acats tests ===

		=== acats Summary ===
# of expected passes		2320
# of unexpected failures	0
Native configuration is ia64-suse-linux-gnu

		=== g++ tests ===


Running target unix
FAIL: g++.dg/Wno-frame-address.C  -std=gnu++11 (test for excess errors)
FAIL: g++.dg/Wno-frame-address.C  -std=gnu++14 (test for excess errors)
FAIL: g++.dg/Wno-frame-address.C  -std=gnu++98 (test for excess errors)
FAIL: g++.dg/cpp0x/nsdmi-template14.C  -std=c++11  (test for errors, line 4)
FAIL: g++.dg/cpp0x/nsdmi-template14.C  -std=c++11  (test for errors, line 6)
FAIL: g++.dg/cpp0x/nsdmi-template14.C  -std=c++14  (test for errors, line 4)
FAIL: g++.dg/cpp0x/nsdmi-template14.C  -std=c++14  (test for errors, line 6)
FAIL: g++.dg/inherit/covariant7.C  -std=gnu++11  scan-tree-dump class "168   .*c6::_ZTv0_n32_NV2c62f2Ev"
FAIL: g++.dg/inherit/covariant7.C  -std=gnu++11  scan-tree-dump class "48    .*c6::_ZTcv0_n32_v0_n24_NV2c62f2Ev"
FAIL: g++.dg/inherit/covariant7.C  -std=gnu++11  scan-tree-dump class "56    .*c6::f2"
FAIL: g++.dg/inherit/covariant7.C  -std=gnu++14  scan-tree-dump class "168   .*c6::_ZTv0_n32_NV2c62f2Ev"
FAIL: g++.dg/inherit/covariant7.C  -std=gnu++14  scan-tree-dump class "48    .*c6::_ZTcv0_n32_v0_n24_NV2c62f2Ev"
FAIL: g++.dg/inherit/covariant7.C  -std=gnu++14  scan-tree-dump class "56    .*c6::f2"
FAIL: g++.dg/inherit/covariant7.C  -std=gnu++98  scan-tree-dump class "168   .*c6::_ZTv0_n32_NV2c62f2Ev"
FAIL: g++.dg/inherit/covariant7.C  -std=gnu++98  scan-tree-dump class "48    .*c6::_ZTcv0_n32_v0_n24_NV2c62f2Ev"
FAIL: g++.dg/inherit/covariant7.C  -std=gnu++98  scan-tree-dump class "56    .*c6::f2"
FAIL: g++.dg/ipa/devirt-40.C  -std=gnu++11  scan-tree-dump-not fre2 "\\\\n  OBJ_TYPE_REF"
FAIL: g++.dg/ipa/devirt-40.C  -std=gnu++14  scan-tree-dump-not fre2 "\\\\n  OBJ_TYPE_REF"
FAIL: g++.dg/ipa/devirt-40.C  -std=gnu++98  scan-tree-dump-not fre2 "\\\\n  OBJ_TYPE_REF"
FAIL: g++.dg/ipa/pr60600.C  -std=gnu++11  scan-ipa-dump cp "Type inconsistent devirtualization"
FAIL: g++.dg/ipa/pr60600.C  -std=gnu++14  scan-ipa-dump cp "Type inconsistent devirtualization"
FAIL: g++.dg/ipa/pr60600.C  -std=gnu++98  scan-ipa-dump cp "Type inconsistent devirtualization"
FAIL: g++.dg/tree-ssa/pr45605.C  -std=gnu++11  scan-tree-dump-times fre1 "D::Run \\\\(" 1
FAIL: g++.dg/tree-ssa/pr45605.C  -std=gnu++14  scan-tree-dump-times fre1 "D::Run \\\\(" 1
FAIL: g++.dg/tree-ssa/pr45605.C  -std=gnu++98  scan-tree-dump-times fre1 "D::Run \\\\(" 1
FAIL: g++.dg/tree-ssa/pr61034.C  -std=gnu++11  scan-tree-dump-times fre2 "free" 10
FAIL: g++.dg/tree-ssa/pr61034.C  -std=gnu++14  scan-tree-dump-times fre2 "free" 10
FAIL: g++.dg/tree-ssa/pr61034.C  -std=gnu++98  scan-tree-dump-times fre2 "free" 10
FAIL: g++.dg/guality/pr55541.C   -O3 -g  line 11 vari == 15
FAIL: g++.dg/tree-prof/pr35545.C scan-tree-dump-not optimized "OBJ_TYPE_REF"

		=== g++ Summary ===

# of expected passes		84434
# of unexpected failures	30
# of expected failures		285
# of unsupported tests		3523
/usr/local/gcc/gcc-20150917/Build/gcc/testsuite/g++/../../xg++  version 6.0.0 20150917 (experimental) [trunk revision 227840] (GCC) 

		=== gcc tests ===


Running target unix
FAIL: gcc.dg/atomic/c11-atomic-exec-5.c   -O0  execution test
FAIL: gcc.dg/atomic/c11-atomic-exec-5.c   -O1  execution test
FAIL: gcc.dg/atomic/c11-atomic-exec-5.c   -O2  execution test
FAIL: gcc.dg/atomic/c11-atomic-exec-5.c   -O2 -flto -fno-use-linker-plugin -flto-partition=none  execution test
FAIL: gcc.dg/atomic/c11-atomic-exec-5.c   -O2 -flto -fuse-linker-plugin -fno-fat-lto-objects  execution test
FAIL: gcc.dg/atomic/c11-atomic-exec-5.c   -O3 -fomit-frame-pointer -funroll-loops -fpeel-loops -ftracer -finline-functions  execution test
FAIL: gcc.dg/atomic/c11-atomic-exec-5.c   -O3 -g  execution test
FAIL: gcc.dg/atomic/c11-atomic-exec-5.c   -Os  execution test
FAIL: gcc.dg/debug/dwarf2/stacked-qualified-types-3.c scan-assembler-times DIE \\\\([^\\n]*\\\\) DW_TAG_(?:const|volatile|atomic|restrict)_type 8
FAIL: gcc.dg/Wno-frame-address.c (test for excess errors)
FAIL: gcc.dg/cleanup-10.c execution test
FAIL: gcc.dg/cleanup-11.c execution test
UNRESOLVED: gcc.dg/superblock.c scan-rtl-dump-times sched2 "ADVANCING TO" 2
FAIL: gcc.dg/visibility-23.c scan-hidden hidden[ \\t_]*foo
FAIL: gcc.dg/guality/asm-1.c   -O3 -g  line 14 f == 14
FAIL: gcc.dg/guality/csttest.c   -O3 -g  line 29 a == (0x17ULL << 31)
FAIL: gcc.dg/guality/csttest.c   -O3 -g  line 29 b == (0x7ULL << 33)
FAIL: gcc.dg/guality/csttest.c   -O3 -g  line 29 c == (0x1ULL << 35)
FAIL: gcc.dg/guality/csttest.c   -O3 -g  line 29 d == (0x17ULL << 15)
FAIL: gcc.dg/guality/csttest.c   -O3 -g  line 29 e == (0x17ULL << 50)
FAIL: gcc.dg/guality/csttest.c   -O3 -g  line 29 f == (0x37ULL << 31)
FAIL: gcc.dg/guality/csttest.c   -O3 -g  line 29 g == (0x37ULL << 50)
FAIL: gcc.dg/guality/csttest.c   -O3 -g  line 29 h == (0x1efULL << 33)
FAIL: gcc.dg/guality/csttest.c   -O3 -g  line 29 i == (0x1efULL << 50)
FAIL: gcc.dg/guality/csttest.c   -O3 -g  line 29 j == -(0x17ULL << 31)
FAIL: gcc.dg/guality/csttest.c   -O3 -g  line 29 k == -(0x7ULL << 33)
FAIL: gcc.dg/guality/csttest.c   -O3 -g  line 29 l == -(0x1ULL << 35)
FAIL: gcc.dg/guality/csttest.c   -O3 -g  line 29 m == -(0x17ULL << 15)
FAIL: gcc.dg/guality/csttest.c   -O3 -g  line 29 n == -(0x17ULL << 50)
FAIL: gcc.dg/guality/csttest.c   -O3 -g  line 29 o == -(0x37ULL << 31)
FAIL: gcc.dg/guality/csttest.c   -O3 -g  line 29 p == -(0x37ULL << 50)
FAIL: gcc.dg/guality/csttest.c   -O3 -g  line 29 q == -(0x1efULL << 33)
FAIL: gcc.dg/guality/csttest.c   -O3 -g  line 29 r == -(0x1efULL << 50)
FAIL: gcc.dg/guality/csttest.c   -O3 -g  line 55 a == (0x17ULL << 31)
FAIL: gcc.dg/guality/csttest.c   -O3 -g  line 55 b == (0x7ULL << 33)
FAIL: gcc.dg/guality/csttest.c   -O3 -g  line 55 c == (0x1ULL << 35)
FAIL: gcc.dg/guality/csttest.c   -O3 -g  line 55 d == (0x17ULL << 15)
FAIL: gcc.dg/guality/csttest.c   -O3 -g  line 55 e == (0x17ULL << 50)
FAIL: gcc.dg/guality/csttest.c   -O3 -g  line 55 f == (0x37ULL << 31)
FAIL: gcc.dg/guality/csttest.c   -O3 -g  line 55 g == (0x37ULL << 50)
FAIL: gcc.dg/guality/csttest.c   -O3 -g  line 55 h == (0x1efULL << 33)
FAIL: gcc.dg/guality/csttest.c   -O3 -g  line 55 i == (0x1efULL << 50)
FAIL: gcc.dg/guality/csttest.c   -O3 -g  line 55 j == -(0x17ULL << 31)
FAIL: gcc.dg/guality/csttest.c   -O3 -g  line 55 k == -(0x7ULL << 33)
FAIL: gcc.dg/guality/csttest.c   -O3 -g  line 55 l == -(0x1ULL << 35)
FAIL: gcc.dg/guality/csttest.c   -O3 -g  line 55 m == -(0x17ULL << 15)
FAIL: gcc.dg/guality/csttest.c   -O3 -g  line 55 n == -(0x17ULL << 50)
FAIL: gcc.dg/guality/csttest.c   -O3 -g  line 55 o == -(0x37ULL << 31)
FAIL: gcc.dg/guality/csttest.c   -O3 -g  line 55 p == -(0x37ULL << 50)
FAIL: gcc.dg/guality/csttest.c   -O3 -g  line 55 q == -(0x1efULL << 33)
FAIL: gcc.dg/guality/csttest.c   -O3 -g  line 55 r == -(0x1efULL << 50)
XPASS: gcc.dg/guality/example.c   -O0  execution test
XPASS: gcc.dg/guality/example.c   -O1  execution test
XPASS: gcc.dg/guality/guality.c   -O0  execution test
XPASS: gcc.dg/guality/guality.c   -O1  execution test
XPASS: gcc.dg/guality/guality.c   -O2  execution test
XPASS: gcc.dg/guality/guality.c   -O2 -flto -fno-use-linker-plugin -flto-partition=none  execution test
XPASS: gcc.dg/guality/guality.c   -O2 -flto -fuse-linker-plugin -fno-fat-lto-objects  execution test
XPASS: gcc.dg/guality/guality.c   -Os  execution test
XPASS: gcc.dg/guality/inline-params.c   -O2  execution test
XPASS: gcc.dg/guality/inline-params.c   -O2 -flto -fno-use-linker-plugin -flto-partition=none  execution test
XPASS: gcc.dg/guality/inline-params.c   -Os  execution test
FAIL: gcc.dg/guality/pr36728-1.c   -O1  line 16 arg7 == 30
FAIL: gcc.dg/guality/pr36728-1.c   -O1  line 18 arg7 == 30
FAIL: gcc.dg/guality/pr36728-1.c   -O2  line 16 arg7 == 30
FAIL: gcc.dg/guality/pr36728-1.c   -O2  line 16 y == 2
FAIL: gcc.dg/guality/pr36728-1.c   -O2  line 18 arg7 == 30
FAIL: gcc.dg/guality/pr36728-1.c   -O2 -flto -fno-use-linker-plugin -flto-partition=none  line 16 arg7 == 30
FAIL: gcc.dg/guality/pr36728-1.c   -O2 -flto -fno-use-linker-plugin -flto-partition=none  line 16 y == 2
FAIL: gcc.dg/guality/pr36728-1.c   -O2 -flto -fno-use-linker-plugin -flto-partition=none  line 18 arg7 == 30
FAIL: gcc.dg/guality/pr36728-1.c   -O2 -flto -fuse-linker-plugin -fno-fat-lto-objects  line 16 arg7 == 30
FAIL: gcc.dg/guality/pr36728-1.c   -O2 -flto -fuse-linker-plugin -fno-fat-lto-objects  line 16 y == 2
FAIL: gcc.dg/guality/pr36728-1.c   -O2 -flto -fuse-linker-plugin -fno-fat-lto-objects  line 18 arg7 == 30
FAIL: gcc.dg/guality/pr36728-1.c   -O3 -g  line 16 arg7 == 30
FAIL: gcc.dg/guality/pr36728-1.c   -O3 -g  line 16 y == 2
FAIL: gcc.dg/guality/pr36728-1.c   -O3 -g  line 18 arg7 == 30
FAIL: gcc.dg/guality/pr36728-1.c   -Os  line 16 arg7 == 30
FAIL: gcc.dg/guality/pr36728-1.c   -Os  line 18 arg7 == 30
FAIL: gcc.dg/guality/pr36728-2.c   -O2  line 16 y == 2
FAIL: gcc.dg/guality/pr36728-2.c   -O2 -flto -fno-use-linker-plugin -flto-partition=none  line 16 y == 2
FAIL: gcc.dg/guality/pr36728-2.c   -O2 -flto -fuse-linker-plugin -fno-fat-lto-objects  line 16 y == 2
FAIL: gcc.dg/guality/pr36728-2.c   -O3 -g  line 16 y == 2
FAIL: gcc.dg/guality/pr36728-2.c   -Os  line 18 y == 2
FAIL: gcc.dg/guality/pr36728-3.c   -O1  line 14 arg7 == 30
FAIL: gcc.dg/guality/pr36728-3.c   -O1  line 16 arg7 == 30
FAIL: gcc.dg/guality/pr36728-3.c   -O2  line 14 arg7 == 30
FAIL: gcc.dg/guality/pr36728-3.c   -O2  line 16 arg7 == 30
FAIL: gcc.dg/guality/pr36728-3.c   -O2 -flto -fno-use-linker-plugin -flto-partition=none  line 14 arg7 == 30
FAIL: gcc.dg/guality/pr36728-3.c   -O2 -flto -fno-use-linker-plugin -flto-partition=none  line 16 arg7 == 30
FAIL: gcc.dg/guality/pr36728-3.c   -O2 -flto -fuse-linker-plugin -fno-fat-lto-objects  line 14 arg7 == 30
FAIL: gcc.dg/guality/pr36728-3.c   -O2 -flto -fuse-linker-plugin -fno-fat-lto-objects  line 16 arg7 == 30
FAIL: gcc.dg/guality/pr36728-3.c   -O3 -g  line 14 arg7 == 30
FAIL: gcc.dg/guality/pr36728-3.c   -O3 -g  line 16 arg7 == 30
FAIL: gcc.dg/guality/pr36728-3.c   -Os  line 14 arg7 == 30
FAIL: gcc.dg/guality/pr36728-3.c   -Os  line 16 arg7 == 30
XPASS: gcc.dg/guality/pr41353-1.c   -O0  line 28 j == 28 + 37
FAIL: gcc.dg/guality/pr41353-1.c   -O3 -g  line 17 vari1 == 2 * 17
FAIL: gcc.dg/guality/pr41353-1.c   -O3 -g  line 17 vari2 == 3 * 17
FAIL: gcc.dg/guality/pr41353-1.c   -O3 -g  line 17 vari3 == 2 * 17
FAIL: gcc.dg/guality/pr41353-1.c   -O3 -g  line 17 vari4 == 3 * 17
FAIL: gcc.dg/guality/pr41353-1.c   -O3 -g  line 17 vari5 == 4 * 17
FAIL: gcc.dg/guality/pr41353-1.c   -O3 -g  line 17 vari6 == 5 * 17
FAIL: gcc.dg/guality/pr41353-1.c   -O3 -g  line 28 i1 == 2 * 37
FAIL: gcc.dg/guality/pr41353-1.c   -O3 -g  line 28 i2 == 3 * 37
FAIL: gcc.dg/guality/pr41353-1.c   -O3 -g  line 39 i == 12
FAIL: gcc.dg/guality/pr41353-1.c   -O3 -g  line 39 i1 == 2 * 12
FAIL: gcc.dg/guality/pr41353-1.c   -O3 -g  line 39 i2 == 2 * 12
FAIL: gcc.dg/guality/pr41353-1.c   -O3 -g  line 39 i3 == 3 * 12
FAIL: gcc.dg/guality/pr41353-2.c   -O3 -g  line 13 vari1 == 2 * 17
FAIL: gcc.dg/guality/pr41353-2.c   -O3 -g  line 13 vari2 == 3 * 17
FAIL: gcc.dg/guality/pr41404-1.c   -O1  line 10 *foo == 'f'
FAIL: gcc.dg/guality/pr41404-1.c   -O2  line 10 *foo == 'f'
FAIL: gcc.dg/guality/pr41404-1.c   -O2 -flto -fno-use-linker-plugin -flto-partition=none  line 10 *foo == 'f'
FAIL: gcc.dg/guality/pr41404-1.c   -Os  line 10 *foo == 'f'
FAIL: gcc.dg/guality/pr41447-1.c   -O1  execution test
FAIL: gcc.dg/guality/pr41447-1.c   -O2  execution test
FAIL: gcc.dg/guality/pr41447-1.c   -O2 -flto -fno-use-linker-plugin -flto-partition=none  execution test
FAIL: gcc.dg/guality/pr41447-1.c   -O2 -flto -fuse-linker-plugin -fno-fat-lto-objects  execution test
FAIL: gcc.dg/guality/pr41447-1.c   -O3 -g  execution test
FAIL: gcc.dg/guality/pr41447-1.c   -Os  execution test
FAIL: gcc.dg/guality/pr41616-1.c   -O2 -flto -fuse-linker-plugin -fno-fat-lto-objects  execution test
FAIL: gcc.dg/guality/pr41616-1.c   -O3 -g  execution test
FAIL: gcc.dg/guality/pr43051-1.c   -O1  line 34 c == &a[0]
FAIL: gcc.dg/guality/pr43077-1.c   -O0  line 19 vara == 1
FAIL: gcc.dg/guality/pr43077-1.c   -O3 -g  line 11 vara == 0
FAIL: gcc.dg/guality/pr43077-1.c   -O3 -g  line 19 vara == 1
FAIL: gcc.dg/guality/pr43077-1.c   -O3 -g  line 42 vara == 1
FAIL: gcc.dg/guality/pr43077-1.c   -O3 -g  line 42 varb == 2
FAIL: gcc.dg/guality/pr43077-1.c   -O3 -g  line 42 varc == 3
FAIL: gcc.dg/guality/pr43177.c   -O3 -g  line 15 x == 7
FAIL: gcc.dg/guality/pr43177.c   -O3 -g  line 24 x == 7
FAIL: gcc.dg/guality/pr43329-1.c   -O3 -g  line 12 argx == 25
FAIL: gcc.dg/guality/pr43329-1.c   -O3 -g  line 12 varx == 25
FAIL: gcc.dg/guality/pr43479.c   -O3 -g  line 13 h == 9
FAIL: gcc.dg/guality/pr43479.c   -O3 -g  line 18 h == 9
FAIL: gcc.dg/guality/pr43479.c   -O3 -g  line 18 j == 8
FAIL: gcc.dg/guality/pr43593.c   -O3 -g  line 16 j == &i
FAIL: gcc.dg/guality/pr45882.c   -O2 -flto -fuse-linker-plugin -fno-fat-lto-objects  line 16 d == 112
FAIL: gcc.dg/guality/pr45882.c   -O2 -flto -fuse-linker-plugin -fno-fat-lto-objects  line 16 e == 142
FAIL: gcc.dg/guality/pr45882.c   -O3 -g  line 16 b == 7
FAIL: gcc.dg/guality/pr45882.c   -O3 -g  line 16 c == 11
FAIL: gcc.dg/guality/pr45882.c   -O3 -g  line 16 d == 112
FAIL: gcc.dg/guality/pr45882.c   -O3 -g  line 16 e == 142
FAIL: gcc.dg/guality/pr48437.c   -O1  line 14 i == 0
FAIL: gcc.dg/guality/pr48437.c   -O2  line 14 i == 0
FAIL: gcc.dg/guality/pr48437.c   -O2 -flto -fno-use-linker-plugin -flto-partition=none  line 14 i == 0
FAIL: gcc.dg/guality/pr48437.c   -O2 -flto -fuse-linker-plugin -fno-fat-lto-objects  line 14 i == 0
FAIL: gcc.dg/guality/pr48437.c   -O3 -fomit-frame-pointer -funroll-loops -fpeel-loops -ftracer -finline-functions  line 14 i == 0
FAIL: gcc.dg/guality/pr48437.c   -O3 -g  line 14 i == 0
FAIL: gcc.dg/guality/pr48437.c   -Os  line 14 i == 0
FAIL: gcc.dg/guality/pr54200.c   -O1  line 20 z == 3
FAIL: gcc.dg/guality/pr54200.c   -O2  line 20 z == 3
FAIL: gcc.dg/guality/pr54200.c   -O2 -flto -fno-use-linker-plugin -flto-partition=none  line 20 z == 3
FAIL: gcc.dg/guality/pr54200.c   -O2 -flto -fuse-linker-plugin -fno-fat-lto-objects  line 20 z == 3
FAIL: gcc.dg/guality/pr54200.c   -O3 -g  line 20 z == 3
FAIL: gcc.dg/guality/pr54200.c   -Os  line 20 z == 3
FAIL: gcc.dg/guality/pr54519-1.c   -O2 -flto -fno-use-linker-plugin -flto-partition=none  line 20 y == 25
FAIL: gcc.dg/guality/pr54519-1.c   -O2 -flto -fno-use-linker-plugin -flto-partition=none  line 20 z == 6
FAIL: gcc.dg/guality/pr54519-1.c   -O2 -flto -fno-use-linker-plugin -flto-partition=none  line 23 y == 117
FAIL: gcc.dg/guality/pr54519-1.c   -O2 -flto -fno-use-linker-plugin -flto-partition=none  line 23 z == 8
FAIL: gcc.dg/guality/pr54519-1.c   -O3 -g  line 20 x == 36
FAIL: gcc.dg/guality/pr54519-1.c   -O3 -g  line 20 y == 25
FAIL: gcc.dg/guality/pr54519-1.c   -O3 -g  line 20 z == 6
FAIL: gcc.dg/guality/pr54519-2.c   -O2 -flto -fno-use-linker-plugin -flto-partition=none  line 17 y == 25
FAIL: gcc.dg/guality/pr54519-2.c   -O2 -flto -fuse-linker-plugin -fno-fat-lto-objects  line 17 y == 25
FAIL: gcc.dg/guality/pr54519-2.c   -O3 -g  line 17 x == 6
FAIL: gcc.dg/guality/pr54519-2.c   -O3 -g  line 17 y == 25
FAIL: gcc.dg/guality/pr54519-2.c   -O3 -g  line 22 y == 68
FAIL: gcc.dg/guality/pr54519-3.c   -O2 -flto -fno-use-linker-plugin -flto-partition=none  line 20 y == 25
FAIL: gcc.dg/guality/pr54519-3.c   -O2 -flto -fno-use-linker-plugin -flto-partition=none  line 20 z == 6
FAIL: gcc.dg/guality/pr54519-3.c   -O2 -flto -fno-use-linker-plugin -flto-partition=none  line 23 y == 117
FAIL: gcc.dg/guality/pr54519-3.c   -O2 -flto -fno-use-linker-plugin -flto-partition=none  line 23 z == 8
FAIL: gcc.dg/guality/pr54519-3.c   -O2 -flto -fuse-linker-plugin -fno-fat-lto-objects  line 20 y == 25
FAIL: gcc.dg/guality/pr54519-3.c   -O2 -flto -fuse-linker-plugin -fno-fat-lto-objects  line 20 z == 6
FAIL: gcc.dg/guality/pr54519-3.c   -O2 -flto -fuse-linker-plugin -fno-fat-lto-objects  line 23 y == 117
FAIL: gcc.dg/guality/pr54519-3.c   -O2 -flto -fuse-linker-plugin -fno-fat-lto-objects  line 23 z == 8
FAIL: gcc.dg/guality/pr54519-3.c   -O3 -g  line 20 x == 36
FAIL: gcc.dg/guality/pr54519-3.c   -O3 -g  line 20 y == 25
FAIL: gcc.dg/guality/pr54519-3.c   -O3 -g  line 20 z == 6
FAIL: gcc.dg/guality/pr54519-3.c   -O3 -g  line 23 x == 98
FAIL: gcc.dg/guality/pr54519-3.c   -O3 -g  line 23 y == 117
FAIL: gcc.dg/guality/pr54519-3.c   -O3 -g  line 23 z == 8
FAIL: gcc.dg/guality/pr54519-4.c   -O2 -flto -fno-use-linker-plugin -flto-partition=none  line 17 y == 25
FAIL: gcc.dg/guality/pr54519-4.c   -O2 -flto -fuse-linker-plugin -fno-fat-lto-objects  line 17 y == 25
FAIL: gcc.dg/guality/pr54519-4.c   -O3 -g  line 17 x == 6
FAIL: gcc.dg/guality/pr54519-4.c   -O3 -g  line 17 y == 25
FAIL: gcc.dg/guality/pr54519-4.c   -O3 -g  line 22 y == 68
FAIL: gcc.dg/guality/pr54519-5.c   -O2 -flto -fno-use-linker-plugin -flto-partition=none  line 17 y == 25
FAIL: gcc.dg/guality/pr54519-5.c   -O2 -flto -fuse-linker-plugin -fno-fat-lto-objects  line 17 y == 25
FAIL: gcc.dg/guality/pr54519-5.c   -O3 -g  line 17 x == 6
FAIL: gcc.dg/guality/pr54519-5.c   -O3 -g  line 17 y == 25
FAIL: gcc.dg/guality/pr54519-5.c   -O3 -g  line 22 y == 68
FAIL: gcc.dg/guality/pr54519-6.c   -O1  line 11 x == 2
FAIL: gcc.dg/guality/pr54519-6.c   -O1  line 11 y == 0
FAIL: gcc.dg/guality/pr54519-6.c   -O2  line 11 x == 2
FAIL: gcc.dg/guality/pr54519-6.c   -O2  line 11 y == 0
FAIL: gcc.dg/guality/pr54519-6.c   -O2 -flto -fno-use-linker-plugin -flto-partition=none  line 11 x == 2
FAIL: gcc.dg/guality/pr54519-6.c   -O2 -flto -fno-use-linker-plugin -flto-partition=none  line 11 y == 0
FAIL: gcc.dg/guality/pr54519-6.c   -O2 -flto -fuse-linker-plugin -fno-fat-lto-objects  line 11 x == 2
FAIL: gcc.dg/guality/pr54519-6.c   -O2 -flto -fuse-linker-plugin -fno-fat-lto-objects  line 11 y == 0
FAIL: gcc.dg/guality/pr54519-6.c   -O3 -g  line 11 x == 2
FAIL: gcc.dg/guality/pr54519-6.c   -O3 -g  line 11 y == 0
FAIL: gcc.dg/guality/pr54519-6.c   -Os  line 11 x == 2
FAIL: gcc.dg/guality/pr54519-6.c   -Os  line 11 y == 0
FAIL: gcc.dg/guality/pr54551.c   -O3 -g  line 18 a == 4
FAIL: gcc.dg/guality/pr54693-2.c   -O3 -fomit-frame-pointer -funroll-loops -fpeel-loops -ftracer -finline-functions  line 21 i == v + 1
FAIL: gcc.dg/guality/pr54693-2.c   -O3 -fomit-frame-pointer -funroll-loops -fpeel-loops -ftracer -finline-functions  line 21 x == 10 - i
FAIL: gcc.dg/guality/pr54693-2.c   -O3 -g  line 21 i == v + 1
FAIL: gcc.dg/guality/pr54693-2.c   -O3 -g  line 21 x == 10 - i
FAIL: gcc.dg/guality/pr54693.c   -O1  line 22 i == c - 48
FAIL: gcc.dg/guality/pr54693.c   -O2  line 22 i == c - 48
FAIL: gcc.dg/guality/pr54693.c   -O2 -flto -fno-use-linker-plugin -flto-partition=none  line 22 i == c - 48
FAIL: gcc.dg/guality/pr54693.c   -O2 -flto -fuse-linker-plugin -fno-fat-lto-objects  line 22 i == c - 48
FAIL: gcc.dg/guality/pr54796.c   -O1  line 17 b == 6
FAIL: gcc.dg/guality/pr54796.c   -O2  line 17 b == 6
FAIL: gcc.dg/guality/pr54796.c   -O2 -flto -fno-use-linker-plugin -flto-partition=none  line 17 b == 6
FAIL: gcc.dg/guality/pr54796.c   -O2 -flto -fuse-linker-plugin -fno-fat-lto-objects  line 17 b == 6
FAIL: gcc.dg/guality/pr54796.c   -O3 -g  line 17 b == 6
FAIL: gcc.dg/guality/pr54796.c   -O3 -g  line 17 c == 5
FAIL: gcc.dg/guality/pr54796.c   -Os  line 17 b == 6
FAIL: gcc.dg/guality/pr54970.c   -O1  line 15 *p == 3
FAIL: gcc.dg/guality/pr54970.c   -O1  line 15 a[2] == 3
FAIL: gcc.dg/guality/pr54970.c   -O2  line 15 *p == 3
FAIL: gcc.dg/guality/pr54970.c   -O2  line 15 a[2] == 3
FAIL: gcc.dg/guality/pr54970.c   -O2 -flto -fno-use-linker-plugin -flto-partition=none  line 15 *p == 3
FAIL: gcc.dg/guality/pr54970.c   -O2 -flto -fno-use-linker-plugin -flto-partition=none  line 15 a[2] == 3
FAIL: gcc.dg/guality/pr54970.c   -O2 -flto -fuse-linker-plugin -fno-fat-lto-objects  line 15 *p == 3
FAIL: gcc.dg/guality/pr54970.c   -O2 -flto -fuse-linker-plugin -fno-fat-lto-objects  line 15 a[2] == 3
FAIL: gcc.dg/guality/pr54970.c   -Os  line 15 *p == 3
FAIL: gcc.dg/guality/pr54970.c   -Os  line 15 a[0] == 1
FAIL: gcc.dg/guality/pr54970.c   -Os  line 15 a[2] == 3
FAIL: gcc.dg/guality/pr54970.c   -Os  line 20 a[0] == 1
FAIL: gcc.dg/guality/pr54970.c   -Os  line 25 a[0] == 1
FAIL: gcc.dg/guality/pr54970.c   -Os  line 31 a[0] == 4
FAIL: gcc.dg/guality/pr54970.c   -Os  line 36 a[0] == 4
FAIL: gcc.dg/guality/pr54970.c   -Os  line 45 a[0] == 4
FAIL: gcc.dg/guality/pr54970.c   -Os  line 45 p[-2] == 4
FAIL: gcc.dg/guality/pr54970.c   -Os  line 45 q[-1] == 4
FAIL: gcc.dg/guality/pr56154-1.c   -O2  line pr56154-1.c:20 x.a == 6
FAIL: gcc.dg/guality/pr56154-1.c   -O2 -flto -fno-use-linker-plugin -flto-partition=none  line pr56154-1.c:20 x.a == 6
FAIL: gcc.dg/guality/pr56154-1.c   -O2 -flto -fuse-linker-plugin -fno-fat-lto-objects  line pr56154-1.c:20 x.a == 6
FAIL: gcc.dg/guality/pr56154-1.c   -O3 -g  line pr56154-1.c:20 x.a == 6
FAIL: gcc.dg/guality/pr56154-2.c   -O3 -g  line pr56154-2.c:30 x == 28
FAIL: gcc.dg/guality/pr56154-3.c   -O3 -g  line pr56154-3.c:22 x == 28
FAIL: gcc.dg/guality/pr56154-4.c   -O3 -g  line pr56154-4.c:25 x == 28
FAIL: gcc.dg/guality/pr58791-3.c   -O1  line pr58791-3.c:19 g == 24
FAIL: gcc.dg/guality/pr58791-3.c   -O1  line pr58791-3.c:19 h == 9
FAIL: gcc.dg/guality/pr58791-3.c   -O1  line pr58791-3.c:19 i == 15
FAIL: gcc.dg/guality/pr58791-3.c   -O1  line pr58791-3.c:19 k == 25
FAIL: gcc.dg/guality/pr58791-3.c   -O1  line pr58791-3.c:19 l == 10
FAIL: gcc.dg/guality/pr58791-3.c   -O1  line pr58791-3.c:19 m == 16
FAIL: gcc.dg/guality/pr58791-3.c   -O2  line pr58791-3.c:19 g == 24
FAIL: gcc.dg/guality/pr58791-3.c   -O2  line pr58791-3.c:19 h == 9
FAIL: gcc.dg/guality/pr58791-3.c   -O2  line pr58791-3.c:19 i == 15
FAIL: gcc.dg/guality/pr58791-3.c   -O2  line pr58791-3.c:19 k == 25
FAIL: gcc.dg/guality/pr58791-3.c   -O2  line pr58791-3.c:19 l == 10
FAIL: gcc.dg/guality/pr58791-3.c   -O2  line pr58791-3.c:19 m == 16
FAIL: gcc.dg/guality/pr58791-3.c   -O2 -flto -fno-use-linker-plugin -flto-partition=none  line pr58791-3.c:19 g == 24
FAIL: gcc.dg/guality/pr58791-3.c   -O2 -flto -fno-use-linker-plugin -flto-partition=none  line pr58791-3.c:19 h == 9
FAIL: gcc.dg/guality/pr58791-3.c   -O2 -flto -fno-use-linker-plugin -flto-partition=none  line pr58791-3.c:19 i == 15
FAIL: gcc.dg/guality/pr58791-3.c   -O2 -flto -fno-use-linker-plugin -flto-partition=none  line pr58791-3.c:19 k == 25
FAIL: gcc.dg/guality/pr58791-3.c   -O2 -flto -fno-use-linker-plugin -flto-partition=none  line pr58791-3.c:19 l == 10
FAIL: gcc.dg/guality/pr58791-3.c   -O2 -flto -fno-use-linker-plugin -flto-partition=none  line pr58791-3.c:19 m == 16
FAIL: gcc.dg/guality/pr58791-3.c   -O2 -flto -fuse-linker-plugin -fno-fat-lto-objects  line pr58791-3.c:19 g == 24
FAIL: gcc.dg/guality/pr58791-3.c   -O2 -flto -fuse-linker-plugin -fno-fat-lto-objects  line pr58791-3.c:19 h == 9
FAIL: gcc.dg/guality/pr58791-3.c   -O2 -flto -fuse-linker-plugin -fno-fat-lto-objects  line pr58791-3.c:19 i == 15
FAIL: gcc.dg/guality/pr58791-3.c   -O2 -flto -fuse-linker-plugin -fno-fat-lto-objects  line pr58791-3.c:19 k == 25
FAIL: gcc.dg/guality/pr58791-3.c   -O2 -flto -fuse-linker-plugin -fno-fat-lto-objects  line pr58791-3.c:19 l == 10
FAIL: gcc.dg/guality/pr58791-3.c   -O2 -flto -fuse-linker-plugin -fno-fat-lto-objects  line pr58791-3.c:19 m == 16
FAIL: gcc.dg/guality/pr58791-3.c   -O3 -g  line pr58791-3.c:19 f == 5
FAIL: gcc.dg/guality/pr58791-3.c   -O3 -g  line pr58791-3.c:19 g == 24
FAIL: gcc.dg/guality/pr58791-3.c   -O3 -g  line pr58791-3.c:19 h == 9
FAIL: gcc.dg/guality/pr58791-3.c   -O3 -g  line pr58791-3.c:19 i == 15
FAIL: gcc.dg/guality/pr58791-3.c   -O3 -g  line pr58791-3.c:19 j == 6
FAIL: gcc.dg/guality/pr58791-3.c   -O3 -g  line pr58791-3.c:19 k == 25
FAIL: gcc.dg/guality/pr58791-3.c   -O3 -g  line pr58791-3.c:19 l == 10
FAIL: gcc.dg/guality/pr58791-3.c   -O3 -g  line pr58791-3.c:19 m == 16
FAIL: gcc.dg/guality/pr58791-3.c   -Os  line pr58791-3.c:19 g == 24
FAIL: gcc.dg/guality/pr58791-3.c   -Os  line pr58791-3.c:19 h == 9
FAIL: gcc.dg/guality/pr58791-3.c   -Os  line pr58791-3.c:19 i == 15
FAIL: gcc.dg/guality/pr58791-3.c   -Os  line pr58791-3.c:19 k == 25
FAIL: gcc.dg/guality/pr58791-3.c   -Os  line pr58791-3.c:19 l == 10
FAIL: gcc.dg/guality/pr58791-3.c   -Os  line pr58791-3.c:19 m == 16
FAIL: gcc.dg/guality/pr58791-5.c   -O3 -g  line pr58791-5.c:20 b1 == 9
FAIL: gcc.dg/guality/pr58791-5.c   -O3 -g  line pr58791-5.c:20 b2 == 73
FAIL: gcc.dg/guality/pr58791-5.c   -O3 -g  line pr58791-5.c:20 b3 == 585
FAIL: gcc.dg/guality/pr58791-5.c   -O3 -g  line pr58791-5.c:20 b4 == 4681
FAIL: gcc.dg/guality/pr58791-5.c   -O3 -g  line pr58791-5.c:20 e == 0
FAIL: gcc.dg/guality/pr59776.c   -O3 -g  line pr59776.c:17 s1.f == 5.0
FAIL: gcc.dg/guality/pr59776.c   -O3 -g  line pr59776.c:17 s1.g == 6.0
FAIL: gcc.dg/guality/pr59776.c   -O3 -g  line pr59776.c:17 s2.f == 0.0
FAIL: gcc.dg/guality/pr59776.c   -O3 -g  line pr59776.c:17 s2.g == 6.0
FAIL: gcc.dg/guality/pr59776.c   -O3 -g  line pr59776.c:20 s1.f == 5.0
FAIL: gcc.dg/guality/pr59776.c   -O3 -g  line pr59776.c:20 s1.g == 6.0
FAIL: gcc.dg/guality/pr59776.c   -O3 -g  line pr59776.c:20 s2.f == 5.0
FAIL: gcc.dg/guality/pr59776.c   -O3 -g  line pr59776.c:20 s2.g == 6.0
FAIL: gcc.dg/guality/sra-1.c   -O2  line 43 a.i == 4
FAIL: gcc.dg/guality/sra-1.c   -O2  line 43 a.j == 14
FAIL: gcc.dg/guality/sra-1.c   -O2 -flto -fno-use-linker-plugin -flto-partition=none  line 43 a.i == 4
FAIL: gcc.dg/guality/sra-1.c   -O2 -flto -fno-use-linker-plugin -flto-partition=none  line 43 a.j == 14
FAIL: gcc.dg/guality/sra-1.c   -O2 -flto -fuse-linker-plugin -fno-fat-lto-objects  line 43 a.i == 4
FAIL: gcc.dg/guality/sra-1.c   -O2 -flto -fuse-linker-plugin -fno-fat-lto-objects  line 43 a.j == 14
FAIL: gcc.dg/guality/sra-1.c   -O3 -g  line 21 a.j == 14
FAIL: gcc.dg/guality/sra-1.c   -O3 -g  line 32 a[1] == 14
FAIL: gcc.dg/guality/sra-1.c   -O3 -g  line 43 a.j == 14
FAIL: gcc.dg/guality/sra-1.c   -Os  line 43 a.i == 4
FAIL: gcc.dg/guality/sra-1.c   -Os  line 43 a.j == 14
FAIL: gcc.dg/guality/vla-1.c   -O3 -g  line 17 sizeof (a) == 6
FAIL: gcc.dg/guality/vla-1.c   -O3 -g  line 24 sizeof (a) == 17 * sizeof (short)
FAIL: gcc.dg/guality/vla-2.c   -O3 -g  line 16 sizeof (a) == 5 * sizeof (int)
FAIL: gcc.dg/guality/vla-2.c   -O3 -g  line 25 sizeof (a) == 6 * sizeof (int)
FAIL: gcc.dg/ipa/iinline-attr.c scan-ipa-dump inline "hooray[^\\\\n]*inline copy in test"
XPASS: gcc.dg/tree-ssa/20040204-1.c scan-tree-dump-times optimized "link_error" 0
XPASS: gcc.dg/tree-ssa/loop-1.c scan-assembler-times foo 5
FAIL: gcc.dg/tree-ssa/loop-31.c scan-tree-dump-times optimized " \\\\+ 2;" 2
FAIL: gcc.dg/tree-ssa/pr65447.c scan-tree-dump-not ivopts "\\\\nuse 5\\\\n"
XPASS: gcc.dg/vect/if-cvt-stores-vect-ifcvt-18.c scan-tree-dump-times vect "vectorized 1 loops" 1
XPASS: gcc.dg/vect/no-scevccp-outer-21.c scan-tree-dump-times vect "OUTER LOOP VECTORIZED." 1
FAIL: gcc.dg/vect/pr20122.c -flto -ffat-lto-objects  scan-tree-dump-times vect "Alignment of access forced using versioning" 2
FAIL: gcc.dg/vect/pr20122.c scan-tree-dump-times vect "Alignment of access forced using versioning" 2
XPASS: gcc.dg/vect/pr33804.c -flto -ffat-lto-objects  scan-tree-dump-times vect "vectorized 1 loops" 1
XPASS: gcc.dg/vect/pr33804.c -flto -ffat-lto-objects  scan-tree-dump-times vect "vectorizing stmts using SLP" 1
XPASS: gcc.dg/vect/pr33804.c scan-tree-dump-times vect "vectorized 1 loops" 1
XPASS: gcc.dg/vect/pr33804.c scan-tree-dump-times vect "vectorizing stmts using SLP" 1
XPASS: gcc.dg/vect/pr33953.c -flto -ffat-lto-objects  scan-tree-dump-times vect "vectorized 1 loops" 1
XPASS: gcc.dg/vect/pr33953.c -flto -ffat-lto-objects  scan-tree-dump-times vect "vectorizing stmts using SLP" 1
XPASS: gcc.dg/vect/pr33953.c scan-tree-dump-times vect "vectorized 1 loops" 1
XPASS: gcc.dg/vect/pr33953.c scan-tree-dump-times vect "vectorizing stmts using SLP" 1
FAIL: gcc.dg/vect/pr57705.c -flto -ffat-lto-objects  scan-tree-dump-times vect "vectorized 1 loop" 2
FAIL: gcc.dg/vect/pr57705.c scan-tree-dump-times vect "vectorized 1 loop" 2
XPASS: gcc.dg/vect/pr58508.c -flto -ffat-lto-objects  scan-tree-dump-times vect "hoist" 3
XPASS: gcc.dg/vect/pr58508.c scan-tree-dump-times vect "hoist" 3
FAIL: gcc.dg/vect/slp-multitypes-4.c -flto -ffat-lto-objects  scan-tree-dump-times vect "vectorized 1 loops" 1
FAIL: gcc.dg/vect/slp-multitypes-4.c -flto -ffat-lto-objects  scan-tree-dump-times vect "vectorizing stmts using SLP" 1
FAIL: gcc.dg/vect/slp-multitypes-4.c scan-tree-dump-times vect "vectorized 1 loops" 1
FAIL: gcc.dg/vect/slp-multitypes-4.c scan-tree-dump-times vect "vectorizing stmts using SLP" 1
FAIL: gcc.dg/vect/slp-perm-9.c -flto -ffat-lto-objects  scan-tree-dump-times vect "vectorizing stmts using SLP" 0
FAIL: gcc.dg/vect/slp-perm-9.c scan-tree-dump-times vect "vectorizing stmts using SLP" 0
FAIL: gcc.dg/vect/vec-scal-opt.c scan-tree-dump-times veclower21 ">> _[0-9]*" 1
FAIL: gcc.dg/vect/vec-scal-opt1.c scan-tree-dump-times veclower21 ">> 2" 1
FAIL: gcc.dg/vect/vec-scal-opt2.c scan-tree-dump-times veclower21 ">> 2" 1
FAIL: gcc.dg/vect/vect-33.c -flto -ffat-lto-objects  scan-tree-dump-times vect "Alignment of access forced using versioning" 1
FAIL: gcc.dg/vect/vect-33.c scan-tree-dump-times vect "Alignment of access forced using versioning" 1
XPASS: gcc.dg/vect/vect-35-big-array.c -flto -ffat-lto-objects  scan-tree-dump-times vect "vectorized 2 loops" 1
XPASS: gcc.dg/vect/vect-35-big-array.c scan-tree-dump-times vect "vectorized 2 loops" 1
XPASS: gcc.dg/vect/vect-35.c -flto -ffat-lto-objects  scan-tree-dump-times vect "vectorized 2 loops" 1
XPASS: gcc.dg/vect/vect-35.c scan-tree-dump-times vect "vectorized 2 loops" 1
FAIL: gcc.dg/vect/vect-93.c -flto -ffat-lto-objects  scan-tree-dump-times vect "vectorized 1 loops" 1
FAIL: gcc.dg/vect/vect-93.c scan-tree-dump-times vect "vectorized 1 loops" 1
XPASS: gcc.dg/vect/vect-outer-5.c -flto -ffat-lto-objects  scan-tree-dump vect "zero step in outer loop."
XPASS: gcc.dg/vect/vect-outer-5.c scan-tree-dump vect "zero step in outer loop."

		=== gcc Summary ===

# of expected passes		85817
# of unexpected failures	318
# of unexpected successes	32
# of expected failures		374
# of unresolved testcases	1
# of unsupported tests		1580
/usr/local/gcc/gcc-20150917/Build/gcc/xgcc  version 6.0.0 20150917 (experimental) [trunk revision 227840] (GCC) 

		=== gfortran tests ===


Running target unix
XPASS: gfortran.dg/graphite/pr14741.f90   -O   scan-tree-dump-times graphite "number of SCoPs: 1" 1
FAIL: gfortran.dg/vect/pr32380.f   -O   scan-tree-dump-times vect "vectorized 1 loops" 1
FAIL: gfortran.dg/vect/pr62283-2.f   -O   scan-tree-dump slp2 "basic block vectorized"

		=== gfortran Summary ===

# of expected passes		40641
# of unexpected failures	2
# of unexpected successes	1
# of expected failures		82
# of unsupported tests		66
/usr/local/gcc/gcc-20150917/Build/gcc/testsuite/gfortran/../../gfortran  version 6.0.0 20150917 (experimental) [trunk revision 227840] (GCC) 

		=== gnat tests ===


Running target unix

		=== gnat Summary ===

# of expected passes		1371
# of expected failures		21
# of unsupported tests		14
/usr/local/gcc/gcc-20150917/Build/gcc/gnatmake version 6.0.0 20150917 (experimental) [trunk revision 227840]

		=== go tests ===


Running target unix
FAIL: go.go-torture/execute/array-1.go execution,  -O0 
FAIL: go.go-torture/execute/array-1.go execution,  -O1 
FAIL: go.go-torture/execute/array-1.go execution,  -O2 
FAIL: go.go-torture/execute/array-1.go execution,  -O2 -fbounds-check 
FAIL: go.go-torture/execute/array-1.go execution,  -O2 -fomit-frame-pointer -finline-functions 
FAIL: go.go-torture/execute/array-1.go execution,  -O2 -fomit-frame-pointer -finline-functions -funroll-loops 
FAIL: go.go-torture/execute/array-1.go execution,  -O3 -g 
FAIL: go.go-torture/execute/array-1.go execution,  -Os 
FAIL: go.go-torture/execute/array-2.go execution,  -O0 
FAIL: go.go-torture/execute/array-2.go execution,  -O1 
FAIL: go.go-torture/execute/array-2.go execution,  -O2 
FAIL: go.go-torture/execute/array-2.go execution,  -O2 -fbounds-check 
FAIL: go.go-torture/execute/array-2.go execution,  -O2 -fomit-frame-pointer -finline-functions 
FAIL: go.go-torture/execute/array-2.go execution,  -O2 -fomit-frame-pointer -finline-functions -funroll-loops 
FAIL: go.go-torture/execute/array-2.go execution,  -O3 -g 
FAIL: go.go-torture/execute/array-2.go execution,  -Os 
FAIL: go.go-torture/execute/chan-1.go execution,  -O0 
FAIL: go.go-torture/execute/chan-1.go execution,  -O1 
FAIL: go.go-torture/execute/chan-1.go execution,  -O2 
FAIL: go.go-torture/execute/chan-1.go execution,  -O2 -fbounds-check 
FAIL: go.go-torture/execute/chan-1.go execution,  -O2 -fomit-frame-pointer -finline-functions 
FAIL: go.go-torture/execute/chan-1.go execution,  -O2 -fomit-frame-pointer -finline-functions -funroll-loops 
FAIL: go.go-torture/execute/chan-1.go execution,  -O3 -g 
FAIL: go.go-torture/execute/chan-1.go execution,  -Os 
FAIL: go.go-torture/execute/const-1.go execution,  -O0 
FAIL: go.go-torture/execute/const-1.go execution,  -O1 
FAIL: go.go-torture/execute/const-1.go execution,  -O2 
FAIL: go.go-torture/execute/const-1.go execution,  -O2 -fbounds-check 
FAIL: go.go-torture/execute/const-1.go execution,  -O2 -fomit-frame-pointer -finline-functions 
FAIL: go.go-torture/execute/const-1.go execution,  -O2 -fomit-frame-pointer -finline-functions -funroll-loops 
FAIL: go.go-torture/execute/const-1.go execution,  -O3 -g 
FAIL: go.go-torture/execute/const-1.go execution,  -Os 
FAIL: go.go-torture/execute/const-2.go execution,  -O0 
FAIL: go.go-torture/execute/const-2.go execution,  -O1 
FAIL: go.go-torture/execute/const-2.go execution,  -O2 
FAIL: go.go-torture/execute/const-2.go execution,  -O2 -fbounds-check 
FAIL: go.go-torture/execute/const-2.go execution,  -O2 -fomit-frame-pointer -finline-functions 
FAIL: go.go-torture/execute/const-2.go execution,  -O2 -fomit-frame-pointer -finline-functions -funroll-loops 
FAIL: go.go-torture/execute/const-2.go execution,  -O3 -g 
FAIL: go.go-torture/execute/const-2.go execution,  -Os 
FAIL: go.go-torture/execute/expr-1.go execution,  -O0 
FAIL: go.go-torture/execute/expr-1.go execution,  -O1 
FAIL: go.go-torture/execute/expr-1.go execution,  -O2 
FAIL: go.go-torture/execute/expr-1.go execution,  -O2 -fbounds-check 
FAIL: go.go-torture/execute/expr-1.go execution,  -O2 -fomit-frame-pointer -finline-functions 
FAIL: go.go-torture/execute/expr-1.go execution,  -O2 -fomit-frame-pointer -finline-functions -funroll-loops 
FAIL: go.go-torture/execute/expr-1.go execution,  -O3 -g 
FAIL: go.go-torture/execute/expr-1.go execution,  -Os 
FAIL: go.go-torture/execute/for-1.go execution,  -O0 
FAIL: go.go-torture/execute/for-1.go execution,  -O1 
FAIL: go.go-torture/execute/for-1.go execution,  -O2 
FAIL: go.go-torture/execute/for-1.go execution,  -O2 -fbounds-check 
FAIL: go.go-torture/execute/for-1.go execution,  -O2 -fomit-frame-pointer -finline-functions 
FAIL: go.go-torture/execute/for-1.go execution,  -O2 -fomit-frame-pointer -finline-functions -funroll-loops 
FAIL: go.go-torture/execute/for-1.go execution,  -O3 -g 
FAIL: go.go-torture/execute/for-1.go execution,  -Os 
FAIL: go.go-torture/execute/for-2.go execution,  -O0 
FAIL: go.go-torture/execute/for-2.go execution,  -O1 
FAIL: go.go-torture/execute/for-2.go execution,  -O2 
FAIL: go.go-torture/execute/for-2.go execution,  -O2 -fbounds-check 
FAIL: go.go-torture/execute/for-2.go execution,  -O2 -fomit-frame-pointer -finline-functions 
FAIL: go.go-torture/execute/for-2.go execution,  -O2 -fomit-frame-pointer -finline-functions -funroll-loops 
FAIL: go.go-torture/execute/for-2.go execution,  -O3 -g 
FAIL: go.go-torture/execute/for-2.go execution,  -Os 
FAIL: go.go-torture/execute/function-1.go execution,  -O0 
FAIL: go.go-torture/execute/function-1.go execution,  -O1 
FAIL: go.go-torture/execute/function-1.go execution,  -O2 
FAIL: go.go-torture/execute/function-1.go execution,  -O2 -fbounds-check 
FAIL: go.go-torture/execute/function-1.go execution,  -O2 -fomit-frame-pointer -finline-functions 
FAIL: go.go-torture/execute/function-1.go execution,  -O2 -fomit-frame-pointer -finline-functions -funroll-loops 
FAIL: go.go-torture/execute/function-1.go execution,  -O3 -g 
FAIL: go.go-torture/execute/function-1.go execution,  -Os 
FAIL: go.go-torture/execute/function-2.go execution,  -O0 
FAIL: go.go-torture/execute/function-2.go execution,  -O1 
FAIL: go.go-torture/execute/function-2.go execution,  -O2 
FAIL: go.go-torture/execute/function-2.go execution,  -O2 -fbounds-check 
FAIL: go.go-torture/execute/function-2.go execution,  -O2 -fomit-frame-pointer -finline-functions 
FAIL: go.go-torture/execute/function-2.go execution,  -O2 -fomit-frame-pointer -finline-functions -funroll-loops 
FAIL: go.go-torture/execute/function-2.go execution,  -O3 -g 
FAIL: go.go-torture/execute/function-2.go execution,  -Os 
FAIL: go.go-torture/execute/go-1.go execution,  -O0 
FAIL: go.go-torture/execute/go-1.go execution,  -O1 
FAIL: go.go-torture/execute/go-1.go execution,  -O2 
FAIL: go.go-torture/execute/go-1.go execution,  -O2 -fbounds-check 
FAIL: go.go-torture/execute/go-1.go execution,  -O2 -fomit-frame-pointer -finline-functions 
FAIL: go.go-torture/execute/go-1.go execution,  -O2 -fomit-frame-pointer -finline-functions -funroll-loops 
FAIL: go.go-torture/execute/go-1.go execution,  -O3 -g 
FAIL: go.go-torture/execute/go-1.go execution,  -Os 
FAIL: go.go-torture/execute/go-2.go execution,  -O0 
FAIL: go.go-torture/execute/go-2.go execution,  -O1 
FAIL: go.go-torture/execute/go-2.go execution,  -O2 
FAIL: go.go-torture/execute/go-2.go execution,  -O2 -fbounds-check 
FAIL: go.go-torture/execute/go-2.go execution,  -O2 -fomit-frame-pointer -finline-functions 
FAIL: go.go-torture/execute/go-2.go execution,  -O2 -fomit-frame-pointer -finline-functions -funroll-loops 
FAIL: go.go-torture/execute/go-2.go execution,  -O3 -g 
FAIL: go.go-torture/execute/go-2.go execution,  -Os 
FAIL: go.go-torture/execute/go-3.go execution,  -O0 
FAIL: go.go-torture/execute/go-3.go execution,  -O1 
FAIL: go.go-torture/execute/go-3.go execution,  -O2 
FAIL: go.go-torture/execute/go-3.go execution,  -O2 -fbounds-check 
FAIL: go.go-torture/execute/go-3.go execution,  -O2 -fomit-frame-pointer -finline-functions 
FAIL: go.go-torture/execute/go-3.go execution,  -O2 -fomit-frame-pointer -finline-functions -funroll-loops 
FAIL: go.go-torture/execute/go-3.go execution,  -O3 -g 
FAIL: go.go-torture/execute/go-3.go execution,  -Os 
FAIL: go.go-torture/execute/goto-1.go execution,  -O0 
FAIL: go.go-torture/execute/goto-1.go execution,  -O1 
FAIL: go.go-torture/execute/goto-1.go execution,  -O2 
FAIL: go.go-torture/execute/goto-1.go execution,  -O2 -fbounds-check 
FAIL: go.go-torture/execute/goto-1.go execution,  -O2 -fomit-frame-pointer -finline-functions 
FAIL: go.go-torture/execute/goto-1.go execution,  -O2 -fomit-frame-pointer -finline-functions -funroll-loops 
FAIL: go.go-torture/execute/goto-1.go execution,  -O3 -g 
FAIL: go.go-torture/execute/goto-1.go execution,  -Os 
FAIL: go.go-torture/execute/map-1.go execution,  -O0 
FAIL: go.go-torture/execute/map-1.go execution,  -O1 
FAIL: go.go-torture/execute/map-1.go execution,  -O2 
FAIL: go.go-torture/execute/map-1.go execution,  -O2 -fbounds-check 
FAIL: go.go-torture/execute/map-1.go execution,  -O2 -fomit-frame-pointer -finline-functions 
FAIL: go.go-torture/execute/map-1.go execution,  -O2 -fomit-frame-pointer -finline-functions -funroll-loops 
FAIL: go.go-torture/execute/map-1.go execution,  -O3 -g 
FAIL: go.go-torture/execute/map-1.go execution,  -Os 
FAIL: go.go-torture/execute/method-1.go execution,  -O0 
FAIL: go.go-torture/execute/method-1.go execution,  -O1 
FAIL: go.go-torture/execute/method-1.go execution,  -O2 
FAIL: go.go-torture/execute/method-1.go execution,  -O2 -fbounds-check 
FAIL: go.go-torture/execute/method-1.go execution,  -O2 -fomit-frame-pointer -finline-functions 
FAIL: go.go-torture/execute/method-1.go execution,  -O2 -fomit-frame-pointer -finline-functions -funroll-loops 
FAIL: go.go-torture/execute/method-1.go execution,  -O3 -g 
FAIL: go.go-torture/execute/method-1.go execution,  -Os 
FAIL: go.go-torture/execute/nested-1.go execution,  -O0 
FAIL: go.go-torture/execute/nested-1.go execution,  -O1 
FAIL: go.go-torture/execute/nested-1.go execution,  -O2 
FAIL: go.go-torture/execute/nested-1.go execution,  -O2 -fbounds-check 
FAIL: go.go-torture/execute/nested-1.go execution,  -O2 -fomit-frame-pointer -finline-functions 
FAIL: go.go-torture/execute/nested-1.go execution,  -O2 -fomit-frame-pointer -finline-functions -funroll-loops 
FAIL: go.go-torture/execute/nested-1.go execution,  -O3 -g 
FAIL: go.go-torture/execute/nested-1.go execution,  -Os 
FAIL: go.go-torture/execute/pointer-1.go execution,  -O0 
FAIL: go.go-torture/execute/pointer-1.go execution,  -O1 
FAIL: go.go-torture/execute/pointer-1.go execution,  -O2 
FAIL: go.go-torture/execute/pointer-1.go execution,  -O2 -fbounds-check 
FAIL: go.go-torture/execute/pointer-1.go execution,  -O2 -fomit-frame-pointer -finline-functions 
FAIL: go.go-torture/execute/pointer-1.go execution,  -O2 -fomit-frame-pointer -finline-functions -funroll-loops 
FAIL: go.go-torture/execute/pointer-1.go execution,  -O3 -g 
FAIL: go.go-torture/execute/pointer-1.go execution,  -Os 
FAIL: go.go-torture/execute/return-1.go execution,  -O0 
FAIL: go.go-torture/execute/return-1.go execution,  -O1 
FAIL: go.go-torture/execute/return-1.go execution,  -O2 
FAIL: go.go-torture/execute/return-1.go execution,  -O2 -fbounds-check 
FAIL: go.go-torture/execute/return-1.go execution,  -O2 -fomit-frame-pointer -finline-functions 
FAIL: go.go-torture/execute/return-1.go execution,  -O2 -fomit-frame-pointer -finline-functions -funroll-loops 
FAIL: go.go-torture/execute/return-1.go execution,  -O3 -g 
FAIL: go.go-torture/execute/return-1.go execution,  -Os 
FAIL: go.go-torture/execute/return-2.go execution,  -O0 
FAIL: go.go-torture/execute/return-2.go execution,  -O1 
FAIL: go.go-torture/execute/return-2.go execution,  -O2 
FAIL: go.go-torture/execute/return-2.go execution,  -O2 -fbounds-check 
FAIL: go.go-torture/execute/return-2.go execution,  -O2 -fomit-frame-pointer -finline-functions 
FAIL: go.go-torture/execute/return-2.go execution,  -O2 -fomit-frame-pointer -finline-functions -funroll-loops 
FAIL: go.go-torture/execute/return-2.go execution,  -O3 -g 
FAIL: go.go-torture/execute/return-2.go execution,  -Os 
FAIL: go.go-torture/execute/return-3.go execution,  -O0 
FAIL: go.go-torture/execute/return-3.go execution,  -O1 
FAIL: go.go-torture/execute/return-3.go execution,  -O2 
FAIL: go.go-torture/execute/return-3.go execution,  -O2 -fbounds-check 
FAIL: go.go-torture/execute/return-3.go execution,  -O2 -fomit-frame-pointer -finline-functions 
FAIL: go.go-torture/execute/return-3.go execution,  -O2 -fomit-frame-pointer -finline-functions -funroll-loops 
FAIL: go.go-torture/execute/return-3.go execution,  -O3 -g 
FAIL: go.go-torture/execute/return-3.go execution,  -Os 
FAIL: go.go-torture/execute/select-1.go execution,  -O0 
FAIL: go.go-torture/execute/select-1.go execution,  -O1 
FAIL: go.go-torture/execute/select-1.go execution,  -O2 
FAIL: go.go-torture/execute/select-1.go execution,  -O2 -fbounds-check 
FAIL: go.go-torture/execute/select-1.go execution,  -O2 -fomit-frame-pointer -finline-functions 
FAIL: go.go-torture/execute/select-1.go execution,  -O2 -fomit-frame-pointer -finline-functions -funroll-loops 
FAIL: go.go-torture/execute/select-1.go execution,  -O3 -g 
FAIL: go.go-torture/execute/select-1.go execution,  -Os 
FAIL: go.go-torture/execute/string-1.go execution,  -O0 
FAIL: go.go-torture/execute/string-1.go execution,  -O1 
FAIL: go.go-torture/execute/string-1.go execution,  -O2 
FAIL: go.go-torture/execute/string-1.go execution,  -O2 -fbounds-check 
FAIL: go.go-torture/execute/string-1.go execution,  -O2 -fomit-frame-pointer -finline-functions 
FAIL: go.go-torture/execute/string-1.go execution,  -O2 -fomit-frame-pointer -finline-functions -funroll-loops 
FAIL: go.go-torture/execute/string-1.go execution,  -O3 -g 
FAIL: go.go-torture/execute/string-1.go execution,  -Os 
FAIL: go.go-torture/execute/string-2.go execution,  -O0 
FAIL: go.go-torture/execute/string-2.go execution,  -O1 
FAIL: go.go-torture/execute/string-2.go execution,  -O2 
FAIL: go.go-torture/execute/string-2.go execution,  -O2 -fbounds-check 
FAIL: go.go-torture/execute/string-2.go execution,  -O2 -fomit-frame-pointer -finline-functions 
FAIL: go.go-torture/execute/string-2.go execution,  -O2 -fomit-frame-pointer -finline-functions -funroll-loops 
FAIL: go.go-torture/execute/string-2.go execution,  -O3 -g 
FAIL: go.go-torture/execute/string-2.go execution,  -Os 
FAIL: go.go-torture/execute/struct-1.go execution,  -O0 
FAIL: go.go-torture/execute/struct-1.go execution,  -O1 
FAIL: go.go-torture/execute/struct-1.go execution,  -O2 
FAIL: go.go-torture/execute/struct-1.go execution,  -O2 -fbounds-check 
FAIL: go.go-torture/execute/struct-1.go execution,  -O2 -fomit-frame-pointer -finline-functions 
FAIL: go.go-torture/execute/struct-1.go execution,  -O2 -fomit-frame-pointer -finline-functions -funroll-loops 
FAIL: go.go-torture/execute/struct-1.go execution,  -O3 -g 
FAIL: go.go-torture/execute/struct-1.go execution,  -Os 
FAIL: go.go-torture/execute/struct-2.go execution,  -O0 
FAIL: go.go-torture/execute/struct-2.go execution,  -O1 
FAIL: go.go-torture/execute/struct-2.go execution,  -O2 
FAIL: go.go-torture/execute/struct-2.go execution,  -O2 -fbounds-check 
FAIL: go.go-torture/execute/struct-2.go execution,  -O2 -fomit-frame-pointer -finline-functions 
FAIL: go.go-torture/execute/struct-2.go execution,  -O2 -fomit-frame-pointer -finline-functions -funroll-loops 
FAIL: go.go-torture/execute/struct-2.go execution,  -O3 -g 
FAIL: go.go-torture/execute/struct-2.go execution,  -Os 
FAIL: go.go-torture/execute/switch-1.go execution,  -O0 
FAIL: go.go-torture/execute/switch-1.go execution,  -O1 
FAIL: go.go-torture/execute/switch-1.go execution,  -O2 
FAIL: go.go-torture/execute/switch-1.go execution,  -O2 -fbounds-check 
FAIL: go.go-torture/execute/switch-1.go execution,  -O2 -fomit-frame-pointer -finline-functions 
FAIL: go.go-torture/execute/switch-1.go execution,  -O2 -fomit-frame-pointer -finline-functions -funroll-loops 
FAIL: go.go-torture/execute/switch-1.go execution,  -O3 -g 
FAIL: go.go-torture/execute/switch-1.go execution,  -Os 
FAIL: go.go-torture/execute/var-1.go execution,  -O0 
FAIL: go.go-torture/execute/var-1.go execution,  -O1 
FAIL: go.go-torture/execute/var-1.go execution,  -O2 
FAIL: go.go-torture/execute/var-1.go execution,  -O2 -fbounds-check 
FAIL: go.go-torture/execute/var-1.go execution,  -O2 -fomit-frame-pointer -finline-functions 
FAIL: go.go-torture/execute/var-1.go execution,  -O2 -fomit-frame-pointer -finline-functions -funroll-loops 
FAIL: go.go-torture/execute/var-1.go execution,  -O3 -g 
FAIL: go.go-torture/execute/var-1.go execution,  -Os 
FAIL: go.go-torture/execute/var-2.go execution,  -O0 
FAIL: go.go-torture/execute/var-2.go execution,  -O1 
FAIL: go.go-torture/execute/var-2.go execution,  -O2 
FAIL: go.go-torture/execute/var-2.go execution,  -O2 -fbounds-check 
FAIL: go.go-torture/execute/var-2.go execution,  -O2 -fomit-frame-pointer -finline-functions 
FAIL: go.go-torture/execute/var-2.go execution,  -O2 -fomit-frame-pointer -finline-functions -funroll-loops 
FAIL: go.go-torture/execute/var-2.go execution,  -O3 -g 
FAIL: go.go-torture/execute/var-2.go execution,  -Os 
FAIL: go.go-torture/execute/var-3.go execution,  -O0 
FAIL: go.go-torture/execute/var-3.go execution,  -O1 
FAIL: go.go-torture/execute/var-3.go execution,  -O2 
FAIL: go.go-torture/execute/var-3.go execution,  -O2 -fbounds-check 
FAIL: go.go-torture/execute/var-3.go execution,  -O2 -fomit-frame-pointer -finline-functions 
FAIL: go.go-torture/execute/var-3.go execution,  -O2 -fomit-frame-pointer -finline-functions -funroll-loops 
FAIL: go.go-torture/execute/var-3.go execution,  -O3 -g 
FAIL: go.go-torture/execute/var-3.go execution,  -Os 
UNRESOLVED: go.test/test/235.go compilation,  -O2 -g 
FAIL: go.test/test/235.go execution,  -O2 -g 
FAIL: go.test/test/64bit.go execution
FAIL: go.test/test/alias1.go execution,  -O2 -g 
FAIL: go.test/test/append.go execution,  -O2 -g 
FAIL: go.test/test/args.go execution,  -O2 -g 
FAIL: go.test/test/bigalg.go execution,  -O2 -g 
FAIL: go.test/test/bigmap.go execution,  -O2 -g 
FAIL: go.test/test/blank.go execution,  -O2 -g 
FAIL: go.test/test/bom.go execution
FAIL: go.test/test/chan/doubleselect.go execution,  -O2 -g 
FAIL: go.test/test/chan/fifo.go execution,  -O2 -g 
FAIL: go.test/test/chan/goroutines.go execution,  -O2 -g 
FAIL: go.test/test/chan/nonblock.go execution,  -O2 -g 
FAIL: go.test/test/chan/powser1.go execution,  -O2 -g 
FAIL: go.test/test/chan/powser2.go execution,  -O2 -g 
FAIL: go.test/test/chan/select.go execution,  -O2 -g 
FAIL: go.test/test/chan/select3.go execution,  -O2 -g 
FAIL: go.test/test/chan/select4.go execution,  -O2 -g 
FAIL: go.test/test/chan/select5.go execution
FAIL: go.test/test/chan/select6.go execution,  -O2 -g 
FAIL: go.test/test/chan/select7.go execution,  -O2 -g 
FAIL: go.test/test/chan/sendstmt.go execution,  -O2 -g 
FAIL: go.test/test/chan/sieve1.go execution,  -O2 -g 
FAIL: go.test/test/chan/sieve2.go execution,  -O2 -g 
FAIL: go.test/test/chan/zerosize.go execution,  -O2 -g 
FAIL: go.test/test/chancap.go execution,  -O2 -g 
FAIL: go.test/test/char_lit.go execution,  -O2 -g 
FAIL: go.test/test/closedchan.go execution,  -O2 -g 
FAIL: go.test/test/cmp.go execution,  -O2 -g 
FAIL: go.test/test/cmplxdivide.go
FAIL: go.test/test/complit.go execution,  -O2 -g 
FAIL: go.test/test/compos.go execution,  -O2 -g 
FAIL: go.test/test/const.go execution,  -O2 -g 
FAIL: go.test/test/const3.go execution,  -O2 -g 
FAIL: go.test/test/const4.go execution,  -O2 -g 
FAIL: go.test/test/convT2X.go execution,  -O2 -g 
FAIL: go.test/test/convert.go execution,  -O2 -g 
FAIL: go.test/test/copy.go execution,  -O2 -g 
FAIL: go.test/test/crlf.go execution
FAIL: go.test/test/ddd.go execution,  -O2 -g 
FAIL: go.test/test/ddd2.dir/ddd3.go execution,  -O2 -g 
FAIL: go.test/test/decl.go execution,  -O2 -g 
FAIL: go.test/test/defer.go execution,  -O2 -g 
FAIL: go.test/test/deferfin.go execution,  -O2 -g 
FAIL: go.test/test/deferprint.go execution
FAIL: go.test/test/divide.go execution,  -O2 -g 
FAIL: go.test/test/divmod.go execution,  -O2 -g 
FAIL: go.test/test/dwarf/dwarf.dir/main.go execution,  -O2 -g 
FAIL: go.test/test/dwarf/linedirectives.go execution,  -O2 -g 
FAIL: go.test/test/env.go execution,  -O2 -g 
FAIL: go.test/test/escape.go execution,  -O2 -g 
FAIL: go.test/test/escape3.go execution,  -O2 -g 
FAIL: go.test/test/fixedbugs/bug000.go execution,  -O2 -g 
FAIL: go.test/test/fixedbugs/bug002.go execution,  -O2 -g 
FAIL: go.test/test/fixedbugs/bug003.go execution,  -O2 -g 
FAIL: go.test/test/fixedbugs/bug004.go execution,  -O2 -g 
FAIL: go.test/test/fixedbugs/bug005.go execution,  -O2 -g 
FAIL: go.test/test/fixedbugs/bug006.go execution,  -O2 -g 
FAIL: go.test/test/fixedbugs/bug007.go execution,  -O2 -g 
FAIL: go.test/test/fixedbugs/bug008.go execution,  -O2 -g 
FAIL: go.test/test/fixedbugs/bug009.go execution,  -O2 -g 
FAIL: go.test/test/fixedbugs/bug010.go execution,  -O2 -g 
FAIL: go.test/test/fixedbugs/bug011.go execution,  -O2 -g 
FAIL: go.test/test/fixedbugs/bug012.go execution,  -O2 -g 
FAIL: go.test/test/fixedbugs/bug013.go execution,  -O2 -g 
FAIL: go.test/test/fixedbugs/bug017.go execution,  -O2 -g 
FAIL: go.test/test/fixedbugs/bug021.go execution,  -O2 -g 
FAIL: go.test/test/fixedbugs/bug023.go execution,  -O2 -g 
FAIL: go.test/test/fixedbugs/bug024.go execution,  -O2 -g 
FAIL: go.test/test/fixedbugs/bug026.go execution,  -O2 -g 
FAIL: go.test/test/fixedbugs/bug027.go execution,  -O2 -g 
FAIL: go.test/test/fixedbugs/bug028.go execution,  -O2 -g 
FAIL: go.test/test/fixedbugs/bug031.go execution,  -O2 -g 
FAIL: go.test/test/fixedbugs/bug045.go execution,  -O2 -g 
FAIL: go.test/test/fixedbugs/bug047.go execution,  -O2 -g 
FAIL: go.test/test/fixedbugs/bug048.go execution,  -O2 -g 
FAIL: go.test/test/fixedbugs/bug052.go execution,  -O2 -g 
FAIL: go.test/test/fixedbugs/bug053.go execution,  -O2 -g 
FAIL: go.test/test/fixedbugs/bug054.go execution,  -O2 -g 
FAIL: go.test/test/fixedbugs/bug055.go execution,  -O2 -g 
FAIL: go.test/test/fixedbugs/bug056.go execution,  -O2 -g 
FAIL: go.test/test/fixedbugs/bug058.go execution,  -O2 -g 
FAIL: go.test/test/fixedbugs/bug059.go execution,  -O2 -g 
FAIL: go.test/test/fixedbugs/bug060.go execution,  -O2 -g 
FAIL: go.test/test/fixedbugs/bug061.go execution,  -O2 -g 
FAIL: go.test/test/fixedbugs/bug065.go execution,  -O2 -g 
FAIL: go.test/test/fixedbugs/bug067.go execution,  -O2 -g 
FAIL: go.test/test/fixedbugs/bug070.go execution,  -O2 -g 
FAIL: go.test/test/fixedbugs/bug075.go execution,  -O2 -g 
FAIL: go.test/test/fixedbugs/bug078.go execution,  -O2 -g 
FAIL: go.test/test/fixedbugs/bug082.go execution,  -O2 -g 
FAIL: go.test/test/fixedbugs/bug084.go execution,  -O2 -g 
FAIL: go.test/test/fixedbugs/bug092.go execution,  -O2 -g 
FAIL: go.test/test/fixedbugs/bug093.go execution,  -O2 -g 
FAIL: go.test/test/fixedbugs/bug097.go execution,  -O2 -g 
FAIL: go.test/test/fixedbugs/bug099.go execution,  -O2 -g 
FAIL: go.test/test/fixedbugs/bug101.go execution,  -O2 -g 
FAIL: go.test/test/fixedbugs/bug102.go execution,  -O2 -g 
FAIL: go.test/test/fixedbugs/bug111.go execution,  -O2 -g 
FAIL: go.test/test/fixedbugs/bug113.go execution,  -O2 -g 
FAIL: go.test/test/fixedbugs/bug114.go execution,  -O2 -g 
FAIL: go.test/test/fixedbugs/bug116.go execution,  -O2 -g 
FAIL: go.test/test/fixedbugs/bug119.go execution,  -O2 -g 
FAIL: go.test/test/fixedbugs/bug120.go execution,  -O2 -g 
FAIL: go.test/test/fixedbugs/bug128.go execution,  -O2 -g 
FAIL: go.test/test/fixedbugs/bug130.go execution,  -O2 -g 
FAIL: go.test/test/fixedbugs/bug141.go execution,  -O2 -g 
FAIL: go.test/test/fixedbugs/bug142.go execution,  -O2 -g 
FAIL: go.test/test/fixedbugs/bug147.go execution,  -O2 -g 
FAIL: go.test/test/fixedbugs/bug148.go execution,  -O2 -g 
FAIL: go.test/test/fixedbugs/bug1515.go execution,  -O2 -g 
FAIL: go.test/test/fixedbugs/bug152.go execution,  -O2 -g 
FAIL: go.test/test/fixedbugs/bug154.go execution,  -O2 -g 
FAIL: go.test/test/fixedbugs/bug159.go execution,  -O2 -g 
FAIL: go.test/test/fixedbugs/bug160.dir/y.go execution,  -O2 -g 
FAIL: go.test/test/fixedbugs/bug168.go execution,  -O2 -g 
FAIL: go.test/test/fixedbugs/bug177.go execution,  -O2 -g 
FAIL: go.test/test/fixedbugs/bug178.go execution,  -O2 -g 
FAIL: go.test/test/fixedbugs/bug180.go execution,  -O2 -g 
FAIL: go.test/test/fixedbugs/bug184.go execution,  -O2 -g 
FAIL: go.test/test/fixedbugs/bug185.go execution,  -O2 -g 
FAIL: go.test/test/fixedbugs/bug187.go execution,  -O2 -g 
FAIL: go.test/test/fixedbugs/bug191.dir/main.go execution,  -O2 -g 
FAIL: go.test/test/fixedbugs/bug194.go execution,  -O2 -g 
FAIL: go.test/test/fixedbugs/bug196.go execution,  -O2 -g 
FAIL: go.test/test/fixedbugs/bug199.go execution,  -O2 -g 
FAIL: go.test/test/fixedbugs/bug201.go execution,  -O2 -g 
FAIL: go.test/test/fixedbugs/bug202.go execution,  -O2 -g 
FAIL: go.test/test/fixedbugs/bug203.go execution,  -O2 -g 
FAIL: go.test/test/fixedbugs/bug204.go execution,  -O2 -g 
FAIL: go.test/test/fixedbugs/bug206.go execution
FAIL: go.test/test/fixedbugs/bug207.go execution,  -O2 -g 
FAIL: go.test/test/fixedbugs/bug221.go execution,  -O2 -g 
FAIL: go.test/test/fixedbugs/bug225.go execution,  -O2 -g 
FAIL: go.test/test/fixedbugs/bug227.go execution,  -O2 -g 
FAIL: go.test/test/fixedbugs/bug230.go execution,  -O2 -g 
FAIL: go.test/test/fixedbugs/bug234.go execution,  -O2 -g 
FAIL: go.test/test/fixedbugs/bug236.go execution,  -O2 -g 
FAIL: go.test/test/fixedbugs/bug237.go execution,  -O2 -g 
FAIL: go.test/test/fixedbugs/bug242.go execution,  -O2 -g 
FAIL: go.test/test/fixedbugs/bug243.go execution,  -O2 -g 
FAIL: go.test/test/fixedbugs/bug244.go execution,  -O2 -g 
FAIL: go.test/test/fixedbugs/bug246.go execution,  -O2 -g 
FAIL: go.test/test/fixedbugs/bug247.go execution,  -O2 -g 
FAIL: go.test/test/fixedbugs/bug248.go
FAIL: go.test/test/fixedbugs/bug253.go execution,  -O2 -g 
FAIL: go.test/test/fixedbugs/bug254.go execution,  -O2 -g 
FAIL: go.test/test/fixedbugs/bug257.go execution,  -O2 -g 
FAIL: go.test/test/fixedbugs/bug258.go execution,  -O2 -g 
FAIL: go.test/test/fixedbugs/bug259.go execution,  -O2 -g 
FAIL: go.test/test/fixedbugs/bug260.go execution,  -O2 -g 
FAIL: go.test/test/fixedbugs/bug261.go execution,  -O2 -g 
FAIL: go.test/test/fixedbugs/bug262.go execution,  -O2 -g 
FAIL: go.test/test/fixedbugs/bug263.go execution,  -O2 -g 
FAIL: go.test/test/fixedbugs/bug264.go execution,  -O2 -g 
FAIL: go.test/test/fixedbugs/bug265.go execution,  -O2 -g 
FAIL: go.test/test/fixedbugs/bug266.go execution,  -O2 -g 
FAIL: go.test/test/fixedbugs/bug269.go execution,  -O2 -g 
UNRESOLVED: go.test/test/fixedbugs/bug271.go compilation,  -O2 -g 
FAIL: go.test/test/fixedbugs/bug271.go execution,  -O2 -g 
FAIL: go.test/test/fixedbugs/bug272.go execution,  -O2 -g 
FAIL: go.test/test/fixedbugs/bug273.go execution,  -O2 -g 
FAIL: go.test/test/fixedbugs/bug276.go execution,  -O2 -g 
FAIL: go.test/test/fixedbugs/bug279.go execution,  -O2 -g 
FAIL: go.test/test/fixedbugs/bug281.go execution,  -O2 -g 
FAIL: go.test/test/fixedbugs/bug285.go execution,  -O2 -g 
FAIL: go.test/test/fixedbugs/bug286.go execution,  -O2 -g 
FAIL: go.test/test/fixedbugs/bug290.go execution,  -O2 -g 
FAIL: go.test/test/fixedbugs/bug291.go execution,  -O2 -g 
FAIL: go.test/test/fixedbugs/bug292.go execution,  -O2 -g 
FAIL: go.test/test/fixedbugs/bug293.go execution,  -O2 -g 
FAIL: go.test/test/fixedbugs/bug294.go execution,  -O2 -g 
FAIL: go.test/test/fixedbugs/bug295.go execution,  -O2 -g 
FAIL: go.test/test/fixedbugs/bug296.go execution,  -O2 -g 
FAIL: go.test/test/fixedbugs/bug303.go execution,  -O2 -g 
FAIL: go.test/test/fixedbugs/bug311.go execution,  -O2 -g 
FAIL: go.test/test/fixedbugs/bug312.go execution,  -O2 -g 
FAIL: go.test/test/fixedbugs/bug314.go execution,  -O2 -g 
FAIL: go.test/test/fixedbugs/bug317.go execution,  -O2 -g 
FAIL: go.test/test/fixedbugs/bug320.go execution,  -O2 -g 
FAIL: go.test/test/fixedbugs/bug321.go execution,  -O2 -g 
FAIL: go.test/test/fixedbugs/bug322.dir/main.go execution,  -O2 -g 
FAIL: go.test/test/fixedbugs/bug324.dir/prog.go execution,  -O2 -g 
FAIL: go.test/test/fixedbugs/bug327.go execution,  -O2 -g 
FAIL: go.test/test/fixedbugs/bug328.go execution
FAIL: go.test/test/fixedbugs/bug329.go execution,  -O2 -g 
FAIL: go.test/test/fixedbugs/bug331.go execution,  -O2 -g 
FAIL: go.test/test/fixedbugs/bug333.go execution,  -O2 -g 
FAIL: go.test/test/fixedbugs/bug336.go execution,  -O2 -g 
FAIL: go.test/test/fixedbugs/bug339.go execution,  -O2 -g 
FAIL: go.test/test/fixedbugs/bug341.go execution,  -O2 -g 
FAIL: go.test/test/fixedbugs/bug343.go execution,  -O2 -g 
FAIL: go.test/test/fixedbugs/bug346.go execution,  -O2 -g 
FAIL: go.test/test/fixedbugs/bug347.go execution,  -O0 -g 
FAIL: go.test/test/fixedbugs/bug348.go execution,  -O0 -g 
FAIL: go.test/test/fixedbugs/bug352.go execution,  -O2 -g 
FAIL: go.test/test/fixedbugs/bug355.go execution,  -O2 -g 
FAIL: go.test/test/fixedbugs/bug356.go execution,  -O2 -g 
FAIL: go.test/test/fixedbugs/bug364.go execution,  -O2 -g 
FAIL: go.test/test/fixedbugs/bug366.go execution,  -O2 -g 
FAIL: go.test/test/fixedbugs/bug367.dir/prog.go execution,  -O2 -g 
FAIL: go.test/test/fixedbugs/bug368.go execution,  -O2 -g 
FAIL: go.test/test/fixedbugs/bug369.go
FAIL: go.test/test/fixedbugs/bug370.go execution,  -O2 -g 
FAIL: go.test/test/fixedbugs/bug372.go execution,  -O2 -g 
FAIL: go.test/test/fixedbugs/bug375.go execution,  -O2 -g 
FAIL: go.test/test/fixedbugs/bug378.go execution,  -O2 -g 
FAIL: go.test/test/fixedbugs/bug401.go execution,  -O2 -g 
FAIL: go.test/test/fixedbugs/bug402.go execution,  -O2 -g 
FAIL: go.test/test/fixedbugs/bug405.go execution,  -O2 -g 
FAIL: go.test/test/fixedbugs/bug406.go execution,  -O2 -g 
FAIL: go.test/test/fixedbugs/bug409.go execution
FAIL: go.test/test/fixedbugs/bug414.dir/prog.go execution,  -O2 -g 
FAIL: go.test/test/fixedbugs/bug423.go execution,  -O2 -g 
FAIL: go.test/test/fixedbugs/bug424.dir/main.go execution,  -O2 -g 
FAIL: go.test/test/fixedbugs/bug428.go execution,  -O2 -g 
FAIL: go.test/test/fixedbugs/bug433.go execution,  -O2 -g 
FAIL: go.test/test/fixedbugs/bug434.go execution,  -O2 -g 
FAIL: go.test/test/fixedbugs/bug436.go execution,  -O2 -g 
FAIL: go.test/test/fixedbugs/bug437.dir/x.go execution,  -O2 -g 
FAIL: go.test/test/fixedbugs/bug440_32.go execution,  -O2 -g 
FAIL: go.test/test/fixedbugs/bug440_64.go execution,  -O2 -g 
FAIL: go.test/test/fixedbugs/bug441.go execution,  -O2 -g 
FAIL: go.test/test/fixedbugs/bug442.go execution,  -O2 -g 
FAIL: go.test/test/fixedbugs/bug444.go execution,  -O2 -g 
FAIL: go.test/test/fixedbugs/bug446.go execution,  -O2 -g 
FAIL: go.test/test/fixedbugs/bug447.go execution
FAIL: go.test/test/fixedbugs/bug449.go execution
FAIL: go.test/test/fixedbugs/bug450.go execution,  -O2 -g 
FAIL: go.test/test/fixedbugs/bug452.go execution,  -O2 -g 
FAIL: go.test/test/fixedbugs/bug453.go execution,  -O2 -g 
FAIL: go.test/test/fixedbugs/bug454.go execution,  -O2 -g 
FAIL: go.test/test/fixedbugs/bug455.go execution,  -O2 -g 
FAIL: go.test/test/fixedbugs/bug456.go execution,  -O2 -g 
FAIL: go.test/test/fixedbugs/bug457.go execution,  -O2 -g 
FAIL: go.test/test/fixedbugs/bug461.go execution,  -O2 -g 
FAIL: go.test/test/fixedbugs/bug465.dir/b.go execution,  -O2 -g 
FAIL: go.test/test/fixedbugs/bug466.dir/b.go execution,  -O2 -g 
FAIL: go.test/test/fixedbugs/bug468.dir/p2.go execution,  -O2 -g 
FAIL: go.test/test/fixedbugs/bug470.go execution,  -O2 -g 
FAIL: go.test/test/fixedbugs/bug472.dir/z.go execution,  -O2 -g 
FAIL: go.test/test/fixedbugs/bug473.go execution,  -O2 -g 
FAIL: go.test/test/fixedbugs/bug474.go execution,  -O2 -g 
FAIL: go.test/test/fixedbugs/bug479.dir/b.go execution,  -O2 -g 
FAIL: go.test/test/fixedbugs/issue2615.go execution,  -O2 -g 
FAIL: go.test/test/fixedbugs/issue4066.go execution,  -O2 -g 
FAIL: go.test/test/fixedbugs/issue4085b.go execution,  -O2 -g 
FAIL: go.test/test/fixedbugs/issue4167.go execution,  -O2 -g 
FAIL: go.test/test/fixedbugs/issue4252.dir/main.go execution,  -O2 -g 
FAIL: go.test/test/fixedbugs/issue4313.go execution,  -O2 -g 
FAIL: go.test/test/fixedbugs/issue4316.go execution,  -O2 -g 
FAIL: go.test/test/fixedbugs/issue4353.go execution,  -O2 -g 
FAIL: go.test/test/fixedbugs/issue4396a.go execution,  -O2 -g 
FAIL: go.test/test/fixedbugs/issue4396b.go execution,  -O2 -g 
FAIL: go.test/test/fixedbugs/issue4448.go execution,  -O2 -g 
FAIL: go.test/test/fixedbugs/issue4495.go execution,  -O2 -g 
FAIL: go.test/test/fixedbugs/issue4518.go execution,  -O2 -g 
FAIL: go.test/test/fixedbugs/issue4562.go execution,  -O2 -g 
FAIL: go.test/test/fixedbugs/issue4585.go execution,  -O2 -g 
FAIL: go.test/test/fixedbugs/issue4590.dir/prog.go execution,  -O2 -g 
FAIL: go.test/test/fixedbugs/issue4618.go execution,  -O2 -g 
FAIL: go.test/test/fixedbugs/issue4620.go execution,  -O2 -g 
FAIL: go.test/test/fixedbugs/issue4667.go execution,  -O2 -g 
FAIL: go.test/test/fixedbugs/issue4748.go execution,  -O2 -g 
FAIL: go.test/test/fixedbugs/issue4752.go execution,  -O2 -g 
FAIL: go.test/test/fixedbugs/issue4785.go execution,  -O2 -g 
FAIL: go.test/test/fixedbugs/issue4909b.go execution
FAIL: go.test/test/fixedbugs/issue4964.dir/b.go execution,  -O2 -g 
FAIL: go.test/test/fixedbugs/issue5056.go execution,  -O2 -g 
FAIL: go.test/test/fixedbugs/issue5105.dir/b.go execution,  -O2 -g 
FAIL: go.test/test/fixedbugs/issue5162.go execution
FAIL: go.test/test/fixedbugs/issue5244.go execution,  -O2 -g 
FAIL: go.test/test/fixedbugs/issue5260.dir/b.go execution,  -O2 -g 
FAIL: go.test/test/fixedbugs/issue5291.dir/prog.go execution,  -O2 -g 
FAIL: go.test/test/fixedbugs/issue5493.go execution,  -O2 -g 
FAIL: go.test/test/fixedbugs/issue5515.go execution,  -O2 -g 
FAIL: go.test/test/fixedbugs/issue5607.go execution,  -O2 -g 
FAIL: go.test/test/fixedbugs/issue5704.go execution,  -O2 -g 
FAIL: go.test/test/fixedbugs/issue5753.go execution,  -O2 -g 
FAIL: go.test/test/fixedbugs/issue5809.go execution,  -O2 -g 
FAIL: go.test/test/fixedbugs/issue5820.go execution,  -O2 -g 
FAIL: go.test/test/fixedbugs/issue5856.go execution,  -O2 -g 
FAIL: go.test/test/fixedbugs/issue5963.go execution,  -O2 -g 
FAIL: go.test/test/fixedbugs/issue6055.go execution,  -O2 -g 
FAIL: go.test/test/fixedbugs/issue6269.go execution,  -O2 -g 
FAIL: go.test/test/fixedbugs/issue6789.dir/b.go execution,  -O2 -g 
FAIL: go.test/test/fixedbugs/issue6899.go execution
FAIL: go.test/test/float_lit.go execution,  -O2 -g 
FAIL: go.test/test/floatcmp.go execution,  -O2 -g 
FAIL: go.test/test/for.go execution,  -O2 -g 
FAIL: go.test/test/func.go execution,  -O2 -g 
FAIL: go.test/test/func5.go execution,  -O2 -g 
FAIL: go.test/test/func6.go execution,  -O2 -g 
FAIL: go.test/test/func7.go execution,  -O2 -g 
FAIL: go.test/test/func8.go execution,  -O2 -g 
FAIL: go.test/test/gc.go execution,  -O2 -g 
FAIL: go.test/test/gc1.go execution,  -O2 -g 
FAIL: go.test/test/gc2.go execution,  -O2 -g 
FAIL: go.test/test/goprint.go execution
FAIL: go.test/test/helloworld.go execution
FAIL: go.test/test/if.go execution,  -O2 -g 
FAIL: go.test/test/index0.go execution
FAIL: go.test/test/index1.go execution
FAIL: go.test/test/index2.go execution
FAIL: go.test/test/indirect.go execution,  -O2 -g 
FAIL: go.test/test/initcomma.go execution,  -O2 -g 
FAIL: go.test/test/initialize.go execution,  -O2 -g 
FAIL: go.test/test/int_lit.go execution,  -O2 -g 
FAIL: go.test/test/intcvt.go execution,  -O2 -g 
FAIL: go.test/test/interface/bigdata.go execution,  -O2 -g 
FAIL: go.test/test/interface/convert.go execution,  -O2 -g 
FAIL: go.test/test/interface/convert1.go execution,  -O2 -g 
FAIL: go.test/test/interface/convert2.go execution,  -O2 -g 
FAIL: go.test/test/interface/embed.go execution,  -O2 -g 
FAIL: go.test/test/interface/embed1.dir/embed1.go execution,  -O2 -g 
FAIL: go.test/test/interface/fail.go execution,  -O2 -g 
FAIL: go.test/test/interface/fake.go execution,  -O2 -g 
FAIL: go.test/test/interface/noeq.go execution,  -O2 -g 
FAIL: go.test/test/interface/receiver.go execution,  -O2 -g 
FAIL: go.test/test/interface/returntype.go execution,  -O2 -g 
FAIL: go.test/test/interface/struct.go execution,  -O2 -g 
FAIL: go.test/test/iota.go execution,  -O2 -g 
FAIL: go.test/test/ken/array.go execution,  -O2 -g 
FAIL: go.test/test/ken/chan.go execution,  -O2 -g 
FAIL: go.test/test/ken/chan1.go execution,  -O2 -g 
FAIL: go.test/test/ken/complit.go execution,  -O2 -g 
FAIL: go.test/test/ken/convert.go execution,  -O2 -g 
FAIL: go.test/test/ken/cplx0.go execution
FAIL: go.test/test/ken/cplx1.go execution,  -O2 -g 
FAIL: go.test/test/ken/cplx2.go execution,  -O2 -g 
FAIL: go.test/test/ken/cplx3.go execution,  -O2 -g 
FAIL: go.test/test/ken/cplx4.go execution,  -O2 -g 
FAIL: go.test/test/ken/cplx5.go execution,  -O2 -g 
FAIL: go.test/test/ken/divconst.go execution,  -O2 -g 
FAIL: go.test/test/ken/divmod.go execution,  -O2 -g 
FAIL: go.test/test/ken/embed.go execution,  -O2 -g 
FAIL: go.test/test/ken/for.go execution,  -O2 -g 
FAIL: go.test/test/ken/interbasic.go execution,  -O2 -g 
FAIL: go.test/test/ken/interfun.go execution,  -O2 -g 
FAIL: go.test/test/ken/intervar.go execution,  -O2 -g 
UNRESOLVED: go.test/test/ken/label.go compilation,  -O2 -g 
FAIL: go.test/test/ken/label.go execution,  -O2 -g 
FAIL: go.test/test/ken/litfun.go execution,  -O2 -g 
FAIL: go.test/test/ken/mfunc.go execution,  -O2 -g 
FAIL: go.test/test/ken/modconst.go execution,  -O2 -g 
FAIL: go.test/test/ken/ptrfun.go execution,  -O2 -g 
FAIL: go.test/test/ken/ptrvar.go execution,  -O2 -g 
FAIL: go.test/test/ken/range.go execution,  -O2 -g 
FAIL: go.test/test/ken/rob1.go execution,  -O2 -g 
FAIL: go.test/test/ken/rob2.go execution,  -O2 -g 
FAIL: go.test/test/ken/robfor.go execution,  -O2 -g 
UNRESOLVED: go.test/test/ken/robfunc.go compilation,  -O2 -g 
FAIL: go.test/test/ken/robfunc.go execution,  -O2 -g 
FAIL: go.test/test/ken/shift.go execution,  -O2 -g 
FAIL: go.test/test/ken/simparray.go execution,  -O2 -g 
FAIL: go.test/test/ken/simpbool.go execution,  -O2 -g 
FAIL: go.test/test/ken/simpconv.go execution,  -O2 -g 
FAIL: go.test/test/ken/simpfun.go execution,  -O2 -g 
FAIL: go.test/test/ken/simpswitch.go execution,  -O2 -g 
FAIL: go.test/test/ken/simpvar.go execution,  -O2 -g 
FAIL: go.test/test/ken/slicearray.go execution,  -O2 -g 
FAIL: go.test/test/ken/sliceslice.go execution,  -O2 -g 
FAIL: go.test/test/ken/string.go execution
FAIL: go.test/test/ken/strvar.go execution,  -O2 -g 
FAIL: go.test/test/literal.go execution,  -O2 -g 
FAIL: go.test/test/mallocfin.go execution,  -O2 -g 
FAIL: go.test/test/map.go execution,  -O2 -g 
FAIL: go.test/test/mapnan.go execution,  -O2 -g 
UNRESOLVED: go.test/test/method.go compilation,  -O2 -g 
FAIL: go.test/test/method.go execution,  -O2 -g 
FAIL: go.test/test/method3.go execution,  -O2 -g 
FAIL: go.test/test/method4.dir/prog.go execution,  -O2 -g 
FAIL: go.test/test/method5.go execution,  -O2 -g 
FAIL: go.test/test/named.go execution,  -O2 -g 
FAIL: go.test/test/nil.go execution,  -O2 -g 
FAIL: go.test/test/nilptr.go execution,  -O2 -g 
FAIL: go.test/test/nul1.go execution
FAIL: go.test/test/printbig.go execution
FAIL: go.test/test/range.go execution,  -O2 -g 
FAIL: go.test/test/recover.go execution,  -O2 -g 
FAIL: go.test/test/recover1.go execution,  -O2 -g 
FAIL: go.test/test/recover2.go execution,  -O2 -g 
FAIL: go.test/test/recover3.go execution,  -O2 -g 
FAIL: go.test/test/rename.go execution,  -O2 -g 
FAIL: go.test/test/reorder.go execution,  -O2 -g 
FAIL: go.test/test/reorder2.go execution,  -O2 -g 
FAIL: go.test/test/sigchld.go execution
FAIL: go.test/test/simassign.go execution,  -O2 -g 
FAIL: go.test/test/sizeof.go execution,  -O2 -g 
FAIL: go.test/test/slice3.go execution
FAIL: go.test/test/string_lit.go execution,  -O2 -g 
FAIL: go.test/test/stringrange.go execution,  -O2 -g 
FAIL: go.test/test/struct0.go execution,  -O2 -g 
FAIL: go.test/test/switch.go execution,  -O2 -g 
FAIL: go.test/test/turing.go execution,  -O2 -g 
FAIL: go.test/test/typeswitch.go execution,  -O2 -g 
FAIL: go.test/test/typeswitch1.go execution,  -O2 -g 
FAIL: go.test/test/utf.go execution,  -O2 -g 
FAIL: go.test/test/varinit.go execution,  -O2 -g 
FAIL: go.test/test/zerodivide.go execution,  -O2 -g 
ERROR: ia64-suse-linux-gnu: unhandled architecture
ERROR: ia64-suse-linux-gnu: unhandled architecture
ERROR: ia64-suse-linux-gnu: unhandled architecture
ERROR: ia64-suse-linux-gnu: unhandled architecture
ERROR: ia64-suse-linux-gnu: unhandled architecture

		=== go Summary ===

# of expected passes		2481
# of unexpected failures	636
# of expected failures		1
# of untested testcases		21
# of unresolved testcases	5
# of unsupported tests		3
/usr/local/gcc/gcc-20150917/Build/gcc/testsuite/go/../../gccgo  version 6.0.0 20150917 (experimental) [trunk revision 227840] (GCC) 

		=== obj-c++ tests ===


Running target unix

		=== obj-c++ Summary ===

# of expected passes		1431
# of expected failures		10
# of unsupported tests		77
/usr/local/gcc/gcc-20150917/Build/gcc/testsuite/obj-c++/../../xg++  version 6.0.0 20150917 (experimental) [trunk revision 227840] (GCC) 

		=== objc tests ===


Running target unix

		=== objc Summary ===

# of expected passes		2770
# of unsupported tests		69
/usr/local/gcc/gcc-20150917/Build/gcc/xgcc  version 6.0.0 20150917 (experimental) [trunk revision 227840] (GCC) 

		=== boehm-gc tests ===


Running target unix

		=== boehm-gc Summary ===

# of expected passes		12
# of unsupported tests		1
		=== libatomic tests ===


Running target unix

		=== libatomic Summary ===

# of expected passes		54
		=== libffi tests ===


Running target unix
FAIL: libffi.call/cls_double_va.c -W -Wall -Wno-psabi -O0 output pattern test
FAIL: libffi.call/cls_double_va.c -W -Wall -Wno-psabi -O2 output pattern test
FAIL: libffi.call/cls_double_va.c -W -Wall -Wno-psabi -O3 output pattern test
FAIL: libffi.call/cls_double_va.c -W -Wall -Wno-psabi -Os output pattern test
FAIL: libffi.call/cls_double_va.c -W -Wall -Wno-psabi -O2 -fomit-frame-pointer output pattern test
FAIL: libffi.call/cls_longdouble_va.c -W -Wall -Wno-psabi -O0 output pattern test
FAIL: libffi.call/cls_longdouble_va.c -W -Wall -Wno-psabi -O2 output pattern test
FAIL: libffi.call/cls_longdouble_va.c -W -Wall -Wno-psabi -O3 output pattern test
FAIL: libffi.call/cls_longdouble_va.c -W -Wall -Wno-psabi -Os output pattern test
FAIL: libffi.call/cls_longdouble_va.c -W -Wall -Wno-psabi -O2 -fomit-frame-pointer output pattern test

		=== libffi Summary ===

# of expected passes		1904
# of unexpected failures	10
# of unsupported tests		30
		=== libgo tests ===


Running target unix
FAIL: bufio
FAIL: bytes
FAIL: errors
FAIL: expvar
FAIL: flag
FAIL: fmt
FAIL: html
FAIL: image
FAIL: io
FAIL: log
FAIL: math
FAIL: mime
FAIL: net
FAIL: os
FAIL: path
FAIL: reflect
FAIL: regexp
FAIL: runtime
FAIL: sort
FAIL: strconv
FAIL: strings
FAIL: sync
FAIL: syscall
FAIL: time
FAIL: unicode
FAIL: archive/tar
FAIL: archive/zip
FAIL: compress/bzip2
FAIL: compress/flate
FAIL: compress/gzip
FAIL: compress/lzw
FAIL: compress/zlib
FAIL: container/heap
FAIL: container/list
FAIL: container/ring
FAIL: crypto/aes
FAIL: crypto/cipher
FAIL: crypto/des
FAIL: crypto/dsa
FAIL: crypto/ecdsa
FAIL: crypto/elliptic
FAIL: crypto/hmac
FAIL: crypto/md5
FAIL: crypto/rand
FAIL: crypto/rc4
FAIL: crypto/rsa
FAIL: crypto/sha1
FAIL: crypto/sha256
FAIL: crypto/sha512
FAIL: crypto/subtle
FAIL: crypto/tls
FAIL: crypto/x509
FAIL: database/sql
FAIL: database/sql/driver
FAIL: debug/dwarf
FAIL: debug/elf
FAIL: debug/macho
FAIL: debug/pe
FAIL: debug/plan9obj
FAIL: encoding/ascii85
FAIL: encoding/asn1
FAIL: encoding/base32
FAIL: encoding/base64
FAIL: encoding/binary
FAIL: encoding/csv
FAIL: encoding/gob
FAIL: encoding/hex
FAIL: encoding/json
FAIL: encoding/pem
FAIL: encoding/xml
FAIL: exp/proxy
FAIL: exp/terminal
FAIL: html/template
FAIL: go/ast
FAIL: go/doc
FAIL: go/format
FAIL: go/parser
FAIL: go/printer
FAIL: go/scanner
FAIL: go/token
FAIL: hash/adler32
FAIL: hash/crc32
FAIL: hash/crc64
FAIL: hash/fnv
FAIL: image/color
FAIL: image/draw
FAIL: image/jpeg
FAIL: image/png
FAIL: index/suffixarray
FAIL: io/ioutil
FAIL: log/syslog
FAIL: math/big
FAIL: math/cmplx
FAIL: math/rand
FAIL: mime/multipart
FAIL: net/http
FAIL: net/http/cgi
FAIL: net/http/cookiejar
FAIL: net/http/fcgi
FAIL: net/http/httptest
FAIL: net/http/httputil
FAIL: net/http/internal
FAIL: net/mail
FAIL: net/rpc
FAIL: net/smtp
FAIL: net/textproto
FAIL: net/url
FAIL: net/rpc/jsonrpc
FAIL: old/regexp
FAIL: old/template
FAIL: os/exec
FAIL: os/signal
FAIL: os/user
FAIL: path/filepath
FAIL: regexp/syntax
FAIL: runtime/pprof
FAIL: sync/atomic
FAIL: text/scanner
FAIL: text/tabwriter
FAIL: text/template
FAIL: text/template/parse
FAIL: testing/quick
FAIL: unicode/utf16
FAIL: unicode/utf8

		=== libgo Summary ===

# of unexpected failures	124
/usr/local/gcc/gcc-20150917/Build/./gcc/gccgo version 6.0.0 20150917 (experimental) [trunk revision 227840] (GCC)

		=== libgomp tests ===


Running target unix

		=== libgomp Summary ===

# of expected passes		4087
# of expected failures		4
# of unsupported tests		238
		=== libjava tests ===


Running target unix
FAIL: getlocalvartable output
FAIL: Throw_3 -O3 output - source compiled test
FAIL: Throw_3 -O3 -findirect-dispatch output - source compiled test

		=== libjava Summary ===

# of expected passes		2579
# of unexpected failures	3
# of expected failures		4
		=== libstdc++ tests ===


Running target unix
FAIL: experimental/filesystem/operations/canonical.cc execution test
FAIL: libstdc++-prettyprinters/libfundts.cc print ab
FAIL: libstdc++-prettyprinters/libfundts.cc print ai
FAIL: libstdc++-prettyprinters/libfundts.cc print am
FAIL: libstdc++-prettyprinters/libfundts.cc print ap
FAIL: libstdc++-prettyprinters/libfundts.cc print as
FAIL: libstdc++-prettyprinters/libfundts.cc print as2

		=== libstdc++ Summary ===

# of expected passes		10644
# of unexpected failures	7
# of expected failures		66
# of unsupported tests		254

Compiler version: 6.0.0 20150917 (experimental) [trunk revision 227840] (GCC) 
Platform: ia64-suse-linux-gnu
configure flags: --prefix=/usr --build=ia64-suse-linux --enable-checking=release --enable-shared --with-system-zlib CFLAGS='-O2 -g' CXXFLAGS='-O2 -g'


Index Nav: [Date Index] [Subject Index] [Author Index] [Thread Index]
Message Nav: [Date Prev] [Date Next] [Thread Prev] [Thread Next]