This is the mail archive of the gcc-testresults@gcc.gnu.org mailing list for the GCC project.


Index Nav: [Date Index] [Subject Index] [Author Index] [Thread Index]
Message Nav: [Date Prev] [Date Next] [Thread Prev] [Thread Next]
Other format: [Raw text]

Results for 6.0.0 20150916 (experimental) [trunk revision 227829] (GCC) testsuite on x86_64-unknown-freebsd11.0


LAST_UPDATED: Wed Sep 16 17:10:34 UTC 2015 (revision 227829)

Native configuration is x86_64-unknown-freebsd11.0

		=== g++ tests ===


Running target unix
FAIL: g++.dg/pch/system-1.C  -O2 -I. -Dwith_PCH (internal compiler error)
FAIL: g++.dg/pch/system-1.C  -O2 -I. -Dwith_PCH (test for excess errors)
FAIL: g++.dg/pch/system-1.C  -O2 -g -I. -Dwith_PCH (internal compiler error)
FAIL: g++.dg/pch/system-1.C  -O2 -g -I. -Dwith_PCH (test for excess errors)
FAIL: g++.dg/pch/system-1.C  -O2 -g assembly comparison
FAIL: g++.dg/pch/system-1.C  -O2 assembly comparison
FAIL: g++.dg/pch/system-1.C  -g -I. -Dwith_PCH (internal compiler error)
FAIL: g++.dg/pch/system-1.C  -g -I. -Dwith_PCH (test for excess errors)
FAIL: g++.dg/pch/system-1.C  -g assembly comparison
FAIL: g++.dg/pch/system-2.C  -O2 -I. -Dwith_PCH (internal compiler error)
FAIL: g++.dg/pch/system-2.C  -O2 -I. -Dwith_PCH (test for excess errors)
FAIL: g++.dg/pch/system-2.C  -O2 -g -I. -Dwith_PCH (internal compiler error)
FAIL: g++.dg/pch/system-2.C  -O2 -g -I. -Dwith_PCH (test for excess errors)
FAIL: g++.dg/pch/system-2.C  -O2 -g assembly comparison
FAIL: g++.dg/pch/system-2.C  -O2 assembly comparison
FAIL: g++.dg/pch/system-2.C  -g -I. -Dwith_PCH (internal compiler error)
FAIL: g++.dg/pch/system-2.C  -g -I. -Dwith_PCH (test for excess errors)
FAIL: g++.dg/pch/system-2.C  -g assembly comparison
FAIL: g++.dg/pch/uninst.C  -O2 -I. -Dwith_PCH (internal compiler error)
FAIL: g++.dg/pch/uninst.C  -O2 -I. -Dwith_PCH (test for excess errors)
FAIL: g++.dg/pch/uninst.C  -O2 -g -I. -Dwith_PCH (internal compiler error)
FAIL: g++.dg/pch/uninst.C  -O2 -g -I. -Dwith_PCH (test for excess errors)
FAIL: g++.dg/pch/uninst.C  -O2 -g assembly comparison
FAIL: g++.dg/pch/uninst.C  -O2 assembly comparison
FAIL: g++.dg/pch/uninst.C  -g -I. -Dwith_PCH (internal compiler error)
FAIL: g++.dg/pch/uninst.C  -g -I. -Dwith_PCH (test for excess errors)
FAIL: g++.dg/pch/uninst.C  -g assembly comparison
FAIL: g++.old-deja/g++.other/init18.C  -std=c++11 execution test
FAIL: g++.old-deja/g++.other/init18.C  -std=c++14 execution test
FAIL: g++.old-deja/g++.other/init18.C  -std=c++98 execution test
FAIL: g++.old-deja/g++.other/init19.C  -std=c++11 execution test
FAIL: g++.old-deja/g++.other/init19.C  -std=c++14 execution test
FAIL: g++.old-deja/g++.other/init19.C  -std=c++98 execution test

		=== g++ Summary ===

# of expected passes		87888
# of unexpected failures	33
# of expected failures		285
# of unsupported tests		3491
/export/devel/build/gcc/head/objdir/gcc/testsuite/g++/../../xg++  version 6.0.0 20150916 (experimental) [trunk revision 227829] (GCC) 

		=== gcc tests ===


Running target unix
FAIL: gcc.c-torture/execute/20030125-1.c   -O1  execution test
FAIL: gcc.c-torture/execute/20030125-1.c   -O2  execution test
FAIL: gcc.c-torture/execute/20030125-1.c   -O2 -flto -fno-use-linker-plugin -flto-partition=none  execution test
FAIL: gcc.c-torture/execute/20030125-1.c   -O2 -flto -fuse-linker-plugin -fno-fat-lto-objects  execution test
FAIL: gcc.c-torture/execute/20030125-1.c   -O3 -g  execution test
FAIL: gcc.c-torture/execute/20030125-1.c   -Os  execution test
FAIL: gcc.dg/cpp/trad/include.c (test for excess errors)
FAIL: gcc.dg/debug/dwarf2/stacked-qualified-types-3.c scan-assembler-times DIE \\\\([^\\n]*\\\\) DW_TAG_(?:const|volatile|atomic|restrict)_type 8
FAIL: gcc.dg/builtins-57.c (test for excess errors)
FAIL: gcc.dg/builtins-58.c scan-assembler-not pow\\\\M
FAIL: gcc.dg/builtins-59.c scan-tree-dump gimple "__builtin_cexpi"
FAIL: gcc.dg/builtins-59.c scan-tree-dump-not gimple "sincos"
FAIL: gcc.dg/builtins-61.c scan-tree-dump optimized "cexpi"
FAIL: gcc.dg/builtins-61.c scan-tree-dump optimized "cos"
FAIL: gcc.dg/builtins-61.c scan-tree-dump optimized "return 0.0"
FAIL: gcc.dg/builtins-61.c scan-tree-dump optimized "sin"
FAIL: gcc.dg/builtins-62.c scan-tree-dump-times optimized "cexpi" 3
FAIL: gcc.dg/builtins-65.c (test for excess errors)
FAIL: gcc.dg/c99-stdint-2.c (test for excess errors)
FAIL: gcc.dg/c99-stdint-5.c (test for excess errors)
FAIL: gcc.dg/c99-stdint-6.c (test for excess errors)
FAIL: gcc.dg/c99-stdint-7.c (test for excess errors)
FAIL: gcc.dg/c99-tgmath-4.c (test for excess errors)
UNRESOLVED: gcc.dg/c99-tgmath-4.c scan-assembler cpowf
FAIL: gcc.dg/utf-array-short-wchar.c  (test for errors, line 39)
FAIL: gcc.dg/utf-array-short-wchar.c  (test for errors, line 41)
FAIL: gcc.dg/utf-array-short-wchar.c (test for excess errors)
FAIL: gcc.dg/pch/largefile.c  -O0  assembly comparison
FAIL: gcc.dg/pch/largefile.c  -O1  assembly comparison
FAIL: gcc.dg/pch/largefile.c  -O2  assembly comparison
FAIL: gcc.dg/pch/largefile.c  -O3 -g  assembly comparison
FAIL: gcc.dg/pch/largefile.c  -Os  assembly comparison
FAIL: gcc.dg/pch/largefile.c -O0 -g assembly comparison
FAIL: gcc.dg/torture/builtin-convert-1.c   -O1  (test for excess errors)
FAIL: gcc.dg/torture/builtin-convert-1.c   -O2  (test for excess errors)
FAIL: gcc.dg/torture/builtin-convert-1.c   -O2 -flto -fno-use-linker-plugin -flto-partition=none  (test for excess errors)
FAIL: gcc.dg/torture/builtin-convert-1.c   -O3 -g  (test for excess errors)
FAIL: gcc.dg/torture/builtin-convert-1.c   -Os  (test for excess errors)
FAIL: gcc.dg/torture/builtin-convert-2.c   -O1  (test for excess errors)
FAIL: gcc.dg/torture/builtin-convert-2.c   -O2  (test for excess errors)
FAIL: gcc.dg/torture/builtin-convert-2.c   -O2 -flto -fno-use-linker-plugin -flto-partition=none  (test for excess errors)
FAIL: gcc.dg/torture/builtin-convert-2.c   -O3 -g  (test for excess errors)
FAIL: gcc.dg/torture/builtin-convert-2.c   -Os  (test for excess errors)
FAIL: gcc.dg/torture/builtin-convert-3.c   -O1  (test for excess errors)
FAIL: gcc.dg/torture/builtin-convert-3.c   -O2  (test for excess errors)
FAIL: gcc.dg/torture/builtin-convert-3.c   -O2 -flto -fno-use-linker-plugin -flto-partition=none  (test for excess errors)
FAIL: gcc.dg/torture/builtin-convert-3.c   -O3 -g  (test for excess errors)
FAIL: gcc.dg/torture/builtin-convert-3.c   -Os  (test for excess errors)
FAIL: gcc.dg/torture/builtin-power-1.c   -O2 -flto -fno-use-linker-plugin -flto-partition=none  (test for excess errors)
FAIL: gcc.target/i386/avx512f-ceil-sfix-vec-2.c scan-assembler-times vcvttpd2dq[^\\n]*zmm[0-9].{7}(?:\\n|[ \\\\t]+#) 2
FAIL: gcc.target/i386/avx512f-ceil-sfix-vec-2.c scan-assembler-times vrndscalepd[^\\n]*zmm[0-9](?:\\n|[ \\\\t]+#) 2
FAIL: gcc.target/i386/avx512f-floor-sfix-vec-2.c scan-assembler-times vcvttpd2dq[^\\n]*zmm[0-9].{7}(?:\\n|[ \\\\t]+#) 2
FAIL: gcc.target/i386/avx512f-floor-sfix-vec-2.c scan-assembler-times vrndscalepd[^\\n]*zmm[0-9](?:\\n|[ \\\\t]+#) 2
FAIL: gcc.target/i386/pr49781-1.c scan-assembler-not lea[lq]?[ \\t]\\\\((%|)r[a-z0-9]*
FAIL: gcc.target/i386/pr61403.c scan-assembler blend

		=== gcc Summary ===

# of expected passes		101138
# of unexpected failures	54
# of expected failures		269
# of unresolved testcases	1
# of unsupported tests		1739
/export/devel/build/gcc/head/objdir/gcc/xgcc  version 6.0.0 20150916 (experimental) [trunk revision 227829] (GCC) 

		=== gfortran tests ===


Running target unix
UNRESOLVED: gfortran.dg/large_real_kind_2.F90   -O0  compilation failed to produce executable
UNRESOLVED: gfortran.dg/large_real_kind_2.F90   -O1  compilation failed to produce executable
UNRESOLVED: gfortran.dg/large_real_kind_2.F90   -O2  compilation failed to produce executable
UNRESOLVED: gfortran.dg/large_real_kind_2.F90   -O3 -fomit-frame-pointer -funroll-loops -fpeel-loops -ftracer -finline-functions  compilation failed to produce executable
UNRESOLVED: gfortran.dg/large_real_kind_2.F90   -O3 -g  compilation failed to produce executable
UNRESOLVED: gfortran.dg/large_real_kind_2.F90   -Os  compilation failed to produce executable
XPASS: gfortran.dg/large_real_kind_3.F90   -O0  (test for excess errors)
XPASS: gfortran.dg/large_real_kind_3.F90   -O1  (test for excess errors)
XPASS: gfortran.dg/large_real_kind_3.F90   -O2  (test for excess errors)
XPASS: gfortran.dg/large_real_kind_3.F90   -O3 -fomit-frame-pointer -funroll-loops -fpeel-loops -ftracer -finline-functions  (test for excess errors)
XPASS: gfortran.dg/large_real_kind_3.F90   -O3 -g  (test for excess errors)
XPASS: gfortran.dg/large_real_kind_3.F90   -Os  (test for excess errors)

		=== gfortran Summary ===

# of expected passes		40615
# of unexpected successes	6
# of expected failures		73
# of unresolved testcases	6
# of unsupported tests		74
/export/devel/build/gcc/head/objdir/gcc/testsuite/gfortran/../../gfortran  version 6.0.0 20150916 (experimental) [trunk revision 227829] (GCC) 

		=== objc tests ===


Running target unix

		=== objc Summary ===

# of expected passes		2766
# of expected failures		6
# of unsupported tests		68
/export/devel/build/gcc/head/objdir/gcc/xgcc  version 6.0.0 20150916 (experimental) [trunk revision 227829] (GCC) 

		=== boehm-gc tests ===


Running target unix

		=== boehm-gc Summary ===

# of expected passes		12
# of unsupported tests		1
		=== libatomic tests ===


Running target unix

		=== libatomic Summary ===

# of expected passes		54
		=== libffi tests ===


Running target unix

		=== libffi Summary ===

# of expected passes		1914
# of unsupported tests		30
		=== libgomp tests ===


Running target unix

		=== libgomp Summary ===

# of expected passes		4125
# of expected failures		4
# of unsupported tests		196
		=== libitm tests ===


Running target unix

		=== libitm Summary ===

# of expected passes		26
# of expected failures		3
# of unsupported tests		1
		=== libjava tests ===


Running target unix

		=== libjava Summary ===

# of expected passes		2582
# of expected failures		4
		=== libstdc++ tests ===


Running target unix
FAIL: 17_intro/headers/c++1998/all.cc (test for excess errors)
FAIL: 17_intro/headers/c++1998/all_c++200x_compatibility.cc (test for excess errors)
FAIL: 17_intro/headers/c++1998/stdc++.cc (test for excess errors)
FAIL: 17_intro/headers/c++1998/stdc++_multiple_inclusion.cc (test for excess errors)
FAIL: 17_intro/headers/c++2011/stdc++.cc (test for excess errors)
FAIL: 17_intro/headers/c++2011/stdc++_multiple_inclusion.cc (test for excess errors)
FAIL: 22_locale/locale/cons/29217.cc execution test
FAIL: 25_algorithms/remove/requirements/explicit_instantiation/2.cc (test for excess errors)
FAIL: 26_numerics/complex/13450.cc (test for excess errors)
FAIL: 26_numerics/headers/cmath/c99_classification_macros_c.cc (test for excess errors)
FAIL: 27_io/basic_filebuf/overflow/wchar_t/11305-1.cc execution test
FAIL: 27_io/basic_filebuf/overflow/wchar_t/11305-2.cc execution test
FAIL: 27_io/basic_filebuf/overflow/wchar_t/11305-3.cc execution test
FAIL: 27_io/basic_filebuf/overflow/wchar_t/11305-4.cc execution test
FAIL: 28_regex/algorithms/regex_match/extended/wstring_locale.cc execution test
FAIL: 28_regex/iterators/regex_token_iterator/wchar_t/wstring_02.cc execution test
FAIL: tr1/5_numerical_facilities/special_functions/08_cyl_bessel_i/check_nan.cc (test for excess errors)
FAIL: tr1/5_numerical_facilities/special_functions/09_cyl_bessel_j/check_nan.cc (test for excess errors)
FAIL: tr1/5_numerical_facilities/special_functions/10_cyl_bessel_k/check_nan.cc (test for excess errors)
FAIL: tr1/5_numerical_facilities/special_functions/11_cyl_neumann/check_nan.cc (test for excess errors)
FAIL: tr1/5_numerical_facilities/special_functions/17_hyperg/check_nan.cc (test for excess errors)
FAIL: tr1/5_numerical_facilities/special_functions/20_riemann_zeta/check_nan.cc (test for excess errors)
FAIL: tr1/5_numerical_facilities/special_functions/21_sph_bessel/check_nan.cc (test for excess errors)
FAIL: tr1/5_numerical_facilities/special_functions/23_sph_neumann/check_nan.cc (test for excess errors)
FAIL: tr1/8_c_compatibility/complex/50880.cc (test for excess errors)
UNRESOLVED: tr1/8_c_compatibility/complex/50880.cc compilation failed to produce executable
FAIL: tr1/8_c_compatibility/complex/functions.cc (test for excess errors)

		=== libstdc++ Summary ===

# of expected passes		9834
# of unexpected failures	26
# of expected failures		65
# of unresolved testcases	1
# of unsupported tests		574

Compiler version: 6.0.0 20150916 (experimental) [trunk revision 227829] (GCC) 
Platform: x86_64-unknown-freebsd11.0
configure flags: --prefix=/export/devel/build/gcc/head/testbin --disable-nls --with-as=/usr/local/bin/as --with-ld=/usr/local/bin/ld


Index Nav: [Date Index] [Subject Index] [Author Index] [Thread Index]
Message Nav: [Date Prev] [Date Next] [Thread Prev] [Thread Next]