This is the mail archive of the gcc-testresults@gcc.gnu.org mailing list for the GCC project.


Index Nav: [Date Index] [Subject Index] [Author Index] [Thread Index]
Message Nav: [Date Prev] [Date Next] [Thread Prev] [Thread Next]
Other format: [Raw text]

Results for 5.2.1 20150913 [gcc-5-branch revision 227717] (GCC) testsuite on hppa2.0w-hp-hpux11.11


		=== acats tests ===
FAIL:	c761006
FAIL:	c974013

		=== acats Summary ===
# of expected passes		2318
# of unexpected failures	2
Native configuration is hppa2.0w-hp-hpux11.11

		=== g++ tests ===


Running target unix
WARNING: program timed out.

		=== g++ Summary ===

# of expected passes		75629
# of expected failures		277
# of unsupported tests		4172
/mnt/gnu/gcc/objdir-test/gcc/testsuite/g++/../../xg++  version 5.2.1 20150913 [gcc-5-branch revision 227717] (GCC) 

		=== gcc tests ===


Running target unix
FAIL: gcc.dg/atomic/c11-atomic-exec-5.c   -O0  execution test
FAIL: gcc.dg/atomic/c11-atomic-exec-5.c   -O1  execution test
FAIL: gcc.dg/atomic/c11-atomic-exec-5.c   -O2  execution test
FAIL: gcc.dg/atomic/c11-atomic-exec-5.c   -O3 -fomit-frame-pointer  execution test
FAIL: gcc.dg/atomic/c11-atomic-exec-5.c   -O3 -fomit-frame-pointer -funroll-loops  execution test
FAIL: gcc.dg/atomic/c11-atomic-exec-5.c   -O3 -fomit-frame-pointer -funroll-all-loops -finline-functions  execution test
FAIL: gcc.dg/atomic/c11-atomic-exec-5.c   -O3 -g  execution test
FAIL: gcc.dg/atomic/c11-atomic-exec-5.c   -Os  execution test
FAIL: gcc.dg/pr64434.c scan-rtl-dump-times expand "Swap operands" 1
WARNING: program timed out.
FAIL: gcc.dg/tree-ssa/ivopts-lt-2.c scan-tree-dump-times ivopts "PHI <p_" 1
FAIL: gcc.dg/tree-ssa/ivopts-lt-2.c scan-tree-dump-times ivopts "p_[0-9]* <" 1

		=== gcc Summary ===

# of expected passes		70034
# of unexpected failures	11
# of expected failures		125
# of unsupported tests		1872
/mnt/gnu/gcc/objdir-test/gcc/xgcc  version 5.2.1 20150913 [gcc-5-branch revision 227717] (GCC) 

		=== gfortran tests ===


Running target unix

		=== gfortran Summary ===

# of expected passes		46727
# of expected failures		82
# of unsupported tests		437
/mnt/gnu/gcc/objdir-test/gcc/testsuite/gfortran/../../gfortran  version 5.2.1 20150913 [gcc-5-branch revision 227717] (GCC) 

		=== gnat tests ===


Running target unix

		=== gnat Summary ===

# of expected passes		1301
# of expected failures		20
# of unsupported tests		21
/mnt/gnu/gcc/objdir-test/gcc/gnatmake version 5.2.1 20150913 [gcc-5-branch revision 227717]

		=== obj-c++ tests ===


Running target unix

		=== obj-c++ Summary ===

# of expected passes		1411
# of expected failures		2
# of unsupported tests		69
/mnt/gnu/gcc/objdir-test/gcc/testsuite/obj-c++/../../xg++  version 5.2.1 20150913 [gcc-5-branch revision 227717] (GCC) 

		=== objc tests ===


Running target unix

		=== objc Summary ===

# of expected passes		2934
# of unsupported tests		67
/mnt/gnu/gcc/objdir-test/gcc/xgcc  version 5.2.1 20150913 [gcc-5-branch revision 227717] (GCC) 

		=== boehm-gc tests ===


Running target unix
FAIL: boehm-gc.c/gctest.c -O2 (test for excess errors)
FAIL: boehm-gc.c/leak_test.c -O2 (test for excess errors)
FAIL: boehm-gc.c/middle.c -O2 (test for excess errors)
FAIL: boehm-gc.c/thread_leak_test.c -O2 (test for excess errors)
FAIL: boehm-gc.lib/staticrootstest.c -O2 (test for excess errors)

		=== boehm-gc Summary ===

# of expected passes		7
# of unexpected failures	5
# of unsupported tests		1
		=== libatomic tests ===


Running target unix

		=== libatomic Summary ===

# of expected passes		44
# of unsupported tests		5
		=== libffi tests ===


Running target unix
FAIL: libffi.call/float2.c -W -Wall -Wno-psabi -O0 (test for excess errors)
FAIL: libffi.call/float2.c -W -Wall -Wno-psabi -O2 (test for excess errors)
FAIL: libffi.call/float2.c -W -Wall -Wno-psabi -O3 (test for excess errors)
FAIL: libffi.call/float2.c -W -Wall -Wno-psabi -Os (test for excess errors)
FAIL: libffi.call/float2.c -W -Wall -Wno-psabi -O2 -fomit-frame-pointer (test for excess errors)

		=== libffi Summary ===

# of expected passes		1909
# of unexpected failures	5
# of unsupported tests		30
		=== libgomp tests ===


Running target unix

		=== libgomp Summary ===

# of expected passes		4654
# of unsupported tests		241
		=== libjava tests ===


Running target unix
FAIL: LargeFile execution - source compiled test
FAIL: LargeFile -findirect-dispatch execution - source compiled test
FAIL: LargeFile -O3 execution - source compiled test
FAIL: LargeFile -O3 -findirect-dispatch execution - source compiled test
FAIL: inner1 -O3 -findirect-dispatch output - source compiled test
XPASS: sourcelocation output - source compiled test
XPASS: sourcelocation -findirect-dispatch output - source compiled test
XPASS: sourcelocation -O3 output - source compiled test
XPASS: sourcelocation -O3 -findirect-dispatch output - source compiled test

		=== libjava Summary ===

# of expected passes		2573
# of unexpected failures	5
# of unexpected successes	4
# of untested testcases		4
		=== libstdc++ tests ===


Running target unix

		=== libstdc++ Summary ===

# of expected passes		8648
# of expected failures		65
# of unsupported tests		1030

Compiler version: 5.2.1 20150913 [gcc-5-branch revision 227717] (GCC) 
Platform: hppa2.0w-hp-hpux11.11
configure flags:Test Run By dave on Sun Sep 13 23:56:36 EDT 2015


Index Nav: [Date Index] [Subject Index] [Author Index] [Thread Index]
Message Nav: [Date Prev] [Date Next] [Thread Prev] [Thread Next]