This is the mail archive of the gcc-testresults@gcc.gnu.org mailing list for the GCC project.


Index Nav: [Date Index] [Subject Index] [Author Index] [Thread Index]
Message Nav: [Date Prev] [Date Next] [Thread Prev] [Thread Next]
Other format: [Raw text]

Results for 6.0.0 20150914 (experimental) (GCC) (build config: asan; languages: all; trunk revision 227767) testsuite on x86_64-pc-linux-gnu


LAST_UPDATED: Mon Sep 14 23:30:18 UTC 2015 (revision 227767)

Native configuration is x86_64-pc-linux-gnu

		=== gcc tests ===


Running target unix
FAIL: gcc.dg/debug/dwarf2/stacked-qualified-types-3.c scan-assembler-times DIE \\\\([^\\n]*\\\\) DW_TAG_(?:const|volatile|atomic|restrict)_type 8
XPASS: gcc.dg/guality/example.c   -O0  execution test
XPASS: gcc.dg/guality/example.c   -O1  execution test
XPASS: gcc.dg/guality/guality.c   -O0  execution test
XPASS: gcc.dg/guality/guality.c   -O1  execution test
XPASS: gcc.dg/guality/guality.c   -O2  execution test
XPASS: gcc.dg/guality/guality.c   -O2 -flto -fno-use-linker-plugin -flto-partition=none  execution test
XPASS: gcc.dg/guality/guality.c   -O2 -flto -fuse-linker-plugin -fno-fat-lto-objects  execution test
XPASS: gcc.dg/guality/guality.c   -O3 -g  execution test
XPASS: gcc.dg/guality/guality.c   -Os  execution test
XPASS: gcc.dg/guality/inline-params.c   -O2  execution test
XPASS: gcc.dg/guality/inline-params.c   -O2 -flto -fno-use-linker-plugin -flto-partition=none  execution test
XPASS: gcc.dg/guality/inline-params.c   -O3 -g  execution test
XPASS: gcc.dg/guality/inline-params.c   -Os  execution test
XPASS: gcc.dg/guality/pr41353-1.c   -O0  line 28 j == 28 + 37
XPASS: gcc.dg/guality/pr41353-1.c   -O1  line 28 j == 28 + 37
XPASS: gcc.dg/guality/pr41353-1.c   -O2  line 28 j == 28 + 37
XPASS: gcc.dg/guality/pr41353-1.c   -O2 -flto -fno-use-linker-plugin -flto-partition=none  line 28 j == 28 + 37
XPASS: gcc.dg/guality/pr41353-1.c   -O2 -flto -fuse-linker-plugin -fno-fat-lto-objects  line 28 j == 28 + 37
XPASS: gcc.dg/guality/pr41353-1.c   -O3 -g  line 28 j == 28 + 37
XPASS: gcc.dg/guality/pr41353-1.c   -Os  line 28 j == 28 + 37
FAIL: gcc.dg/guality/pr41616-1.c   -O2 -flto -fuse-linker-plugin -fno-fat-lto-objects  execution test
FAIL: gcc.dg/guality/pr45882.c   -O2 -flto -fuse-linker-plugin -fno-fat-lto-objects  line 16 d == 112
FAIL: gcc.dg/guality/pr45882.c   -O2 -flto -fuse-linker-plugin -fno-fat-lto-objects  line 16 e == 142
FAIL: gcc.dg/guality/pr54200.c   -Os  line 20 z == 3
FAIL: gcc.dg/guality/pr54519-1.c   -O2 -flto -fno-use-linker-plugin -flto-partition=none  line 20 y == 25
FAIL: gcc.dg/guality/pr54519-1.c   -O2 -flto -fno-use-linker-plugin -flto-partition=none  line 20 z == 6
FAIL: gcc.dg/guality/pr54519-1.c   -O2 -flto -fno-use-linker-plugin -flto-partition=none  line 23 y == 117
FAIL: gcc.dg/guality/pr54519-1.c   -O2 -flto -fno-use-linker-plugin -flto-partition=none  line 23 z == 8
FAIL: gcc.dg/guality/pr54519-2.c   -O2 -flto -fno-use-linker-plugin -flto-partition=none  line 17 y == 25
FAIL: gcc.dg/guality/pr54519-2.c   -O2 -flto -fuse-linker-plugin -fno-fat-lto-objects  line 17 y == 25
FAIL: gcc.dg/guality/pr54519-3.c   -O2 -flto -fno-use-linker-plugin -flto-partition=none  line 20 y == 25
FAIL: gcc.dg/guality/pr54519-3.c   -O2 -flto -fno-use-linker-plugin -flto-partition=none  line 20 z == 6
FAIL: gcc.dg/guality/pr54519-3.c   -O2 -flto -fno-use-linker-plugin -flto-partition=none  line 23 y == 117
FAIL: gcc.dg/guality/pr54519-3.c   -O2 -flto -fno-use-linker-plugin -flto-partition=none  line 23 z == 8
FAIL: gcc.dg/guality/pr54519-3.c   -O2 -flto -fuse-linker-plugin -fno-fat-lto-objects  line 20 y == 25
FAIL: gcc.dg/guality/pr54519-3.c   -O2 -flto -fuse-linker-plugin -fno-fat-lto-objects  line 20 z == 6
FAIL: gcc.dg/guality/pr54519-3.c   -O2 -flto -fuse-linker-plugin -fno-fat-lto-objects  line 23 y == 117
FAIL: gcc.dg/guality/pr54519-3.c   -O2 -flto -fuse-linker-plugin -fno-fat-lto-objects  line 23 z == 8
FAIL: gcc.dg/guality/pr54519-4.c   -O2 -flto -fno-use-linker-plugin -flto-partition=none  line 17 y == 25
FAIL: gcc.dg/guality/pr54519-4.c   -O2 -flto -fuse-linker-plugin -fno-fat-lto-objects  line 17 y == 25
FAIL: gcc.dg/guality/pr54519-5.c   -O2 -flto -fno-use-linker-plugin -flto-partition=none  line 17 y == 25
FAIL: gcc.dg/guality/pr54519-5.c   -O2 -flto -fuse-linker-plugin -fno-fat-lto-objects  line 17 y == 25
FAIL: gcc.dg/guality/vla-1.c   -O1  line 17 sizeof (a) == 6
FAIL: gcc.dg/guality/vla-1.c   -O2  line 17 sizeof (a) == 6
FAIL: gcc.dg/guality/vla-1.c   -O2 -flto -fno-use-linker-plugin -flto-partition=none  line 17 sizeof (a) == 6
FAIL: gcc.dg/guality/vla-1.c   -O2 -flto -fuse-linker-plugin -fno-fat-lto-objects  line 17 sizeof (a) == 6
FAIL: gcc.dg/guality/vla-1.c   -O3 -g  line 17 sizeof (a) == 6
FAIL: gcc.dg/guality/vla-1.c   -Os  line 17 sizeof (a) == 6
FAIL: gcc.dg/plugin/finish_unit_plugin.c compilation
FAIL: gcc.dg/plugin/ggcplug.c compilation
FAIL: gcc.dg/plugin/one_time_plugin.c compilation
FAIL: gcc.dg/plugin/selfassign.c compilation
FAIL: gcc.dg/plugin/sreal_plugin.c compilation
FAIL: gcc.dg/plugin/start_unit_plugin.c compilation
FAIL: gcc.dg/plugin/wide-int_plugin.c compilation
FAIL: gcc.dg/vect/no-section-anchors-vect-31.c scan-tree-dump-times vect "Alignment of access forced using peeling" 2
FAIL: gcc.dg/vect/no-section-anchors-vect-31.c scan-tree-dump-times vect "Vectorizing an unaligned access" 0
FAIL: gcc.dg/vect/no-tree-sra-bb-slp-pr50730.c scan-tree-dump-times slp2 "not vectorized: more than one data ref in stmt" 0
FAIL: gcc.dg/vect/slp-perm-9.c -flto -ffat-lto-objects  scan-tree-dump-times vect "vectorized 1 loops" 2
FAIL: gcc.dg/vect/slp-perm-9.c scan-tree-dump-times vect "vectorized 1 loops" 2
FAIL: gcc.dg/vect/vect-92.c -flto -ffat-lto-objects  scan-tree-dump-times vect "Alignment of access forced using peeling" 3
FAIL: gcc.dg/vect/vect-92.c -flto -ffat-lto-objects  scan-tree-dump-times vect "Vectorizing an unaligned access" 0
FAIL: gcc.dg/vect/vect-92.c scan-tree-dump-times vect "Alignment of access forced using peeling" 3
FAIL: gcc.dg/vect/vect-92.c scan-tree-dump-times vect "Vectorizing an unaligned access" 0
FAIL: gcc.dg/vect/vect-93.c -flto -ffat-lto-objects  scan-tree-dump-times vect "Vectorizing an unaligned access" 1
FAIL: gcc.dg/vect/vect-93.c scan-tree-dump-times vect "Vectorizing an unaligned access" 1
FAIL: gcc.dg/vect/vect-cselim-2.c -flto -ffat-lto-objects  scan-tree-dump-times vect "vectorized 1 loops" 0
FAIL: gcc.dg/vect/vect-cselim-2.c scan-tree-dump-times vect "vectorized 1 loops" 0
FAIL: gcc.target/i386/funcspec-3.c (test for excess errors)
UNRESOLVED: gcc.target/i386/funcspec-3.c scan-assembler call\\t(.*)popcountdi2
UNRESOLVED: gcc.target/i386/funcspec-3.c scan-assembler call\\t(.*)sse42_pop_l
UNRESOLVED: gcc.target/i386/funcspec-3.c scan-assembler call\\t(.*)sse4a_pop_i
UNRESOLVED: gcc.target/i386/funcspec-3.c scan-assembler popcntl
UNRESOLVED: gcc.target/i386/funcspec-3.c scan-assembler popcntq
FAIL: gcc.target/i386/funcspec-6.c  (test for errors, line 70)
FAIL: gcc.target/i386/funcspec-6.c (test for excess errors)
FAIL: gcc.target/i386/pr49781-1.c scan-assembler-not lea[lq]?[ \\t]\\\\((%|)r[a-z0-9]*

		=== gcc Summary ===

# of expected passes		109925
# of unexpected failures	53
# of unexpected successes	20
# of expected failures		289
# of unresolved testcases	5
# of unsupported tests		1726
/scratch/toon/bd14097/gcc/xgcc  version 6.0.0 20150914 (experimental) (GCC) 

		=== gfortran tests ===


Running target unix
FAIL: gfortran.dg/submodule_1.f08   -O0  (test for excess errors)
UNRESOLVED: gfortran.dg/submodule_1.f08   -O0  compilation failed to produce executable
FAIL: gfortran.dg/submodule_1.f08   -O1  (test for excess errors)
UNRESOLVED: gfortran.dg/submodule_1.f08   -O1  compilation failed to produce executable
FAIL: gfortran.dg/submodule_1.f08   -O2  (test for excess errors)
UNRESOLVED: gfortran.dg/submodule_1.f08   -O2  compilation failed to produce executable
FAIL: gfortran.dg/submodule_1.f08   -O3 -fomit-frame-pointer -funroll-loops -fpeel-loops -ftracer -finline-functions  (test for excess errors)
UNRESOLVED: gfortran.dg/submodule_1.f08   -O3 -fomit-frame-pointer -funroll-loops -fpeel-loops -ftracer -finline-functions  compilation failed to produce executable
FAIL: gfortran.dg/submodule_1.f08   -O3 -g  (test for excess errors)
UNRESOLVED: gfortran.dg/submodule_1.f08   -O3 -g  compilation failed to produce executable
FAIL: gfortran.dg/submodule_1.f08   -Os  (test for excess errors)
UNRESOLVED: gfortran.dg/submodule_1.f08   -Os  compilation failed to produce executable
FAIL: gfortran.dg/submodule_7.f08   -O0  (test for excess errors)
UNRESOLVED: gfortran.dg/submodule_7.f08   -O0  compilation failed to produce executable
FAIL: gfortran.dg/submodule_7.f08   -O1  (test for excess errors)
UNRESOLVED: gfortran.dg/submodule_7.f08   -O1  compilation failed to produce executable
FAIL: gfortran.dg/submodule_7.f08   -O2  (test for excess errors)
UNRESOLVED: gfortran.dg/submodule_7.f08   -O2  compilation failed to produce executable
FAIL: gfortran.dg/submodule_7.f08   -O3 -fomit-frame-pointer -funroll-loops -fpeel-loops -ftracer -finline-functions  (test for excess errors)
UNRESOLVED: gfortran.dg/submodule_7.f08   -O3 -fomit-frame-pointer -funroll-loops -fpeel-loops -ftracer -finline-functions  compilation failed to produce executable
FAIL: gfortran.dg/submodule_7.f08   -O3 -g  (test for excess errors)
UNRESOLVED: gfortran.dg/submodule_7.f08   -O3 -g  compilation failed to produce executable
FAIL: gfortran.dg/submodule_7.f08   -Os  (test for excess errors)
UNRESOLVED: gfortran.dg/submodule_7.f08   -Os  compilation failed to produce executable
FAIL: gfortran.dg/submodule_9.f08   -O   (test for errors, line 15)
FAIL: gfortran.dg/submodule_9.f08   -O   (test for errors, line 21)
FAIL: gfortran.dg/submodule_9.f08   -O  (test for excess errors)
XPASS: gfortran.dg/graphite/pr14741.f90   -O   scan-tree-dump-times graphite "number of SCoPs: 1" 1
FAIL: gfortran.dg/vect/fast-math-mgrid-resid.f   -O   scan-tree-dump-times pcom "Executing predictive commoning without unrolling" 1
FAIL: gfortran.dg/vect/fast-math-mgrid-resid.f   -O   scan-tree-dump-times pcom "Predictive commoning failed: no suitable chains" 0

		=== gfortran Summary ===

# of expected passes		40725
# of unexpected failures	17
# of unexpected successes	1
# of expected failures		75
# of unresolved testcases	12
# of unsupported tests		63
/scratch/toon/bd14097/gcc/testsuite/gfortran/../../gfortran  version 6.0.0 20150914 (experimental) (GCC) 

		=== g++ tests ===


Running target unix
FAIL: g++.dg/ext/mv1.C  -std=gnu++11 (test for excess errors)
UNRESOLVED: g++.dg/ext/mv1.C  -std=gnu++11 compilation failed to produce executable
FAIL: g++.dg/ext/mv1.C  -std=gnu++14 (test for excess errors)
UNRESOLVED: g++.dg/ext/mv1.C  -std=gnu++14 compilation failed to produce executable
FAIL: g++.dg/ext/mv1.C  -std=gnu++98 (test for excess errors)
UNRESOLVED: g++.dg/ext/mv1.C  -std=gnu++98 compilation failed to produce executable
FAIL: g++.dg/ext/mv14.C  -std=gnu++11 (test for excess errors)
UNRESOLVED: g++.dg/ext/mv14.C  -std=gnu++11 compilation failed to produce executable
FAIL: g++.dg/ext/mv14.C  -std=gnu++14 (test for excess errors)
UNRESOLVED: g++.dg/ext/mv14.C  -std=gnu++14 compilation failed to produce executable
FAIL: g++.dg/ext/mv14.C  -std=gnu++98 (test for excess errors)
UNRESOLVED: g++.dg/ext/mv14.C  -std=gnu++98 compilation failed to produce executable
FAIL: g++.dg/ext/mv15.C  -std=gnu++11 (test for excess errors)
UNRESOLVED: g++.dg/ext/mv15.C  -std=gnu++11 compilation failed to produce executable
FAIL: g++.dg/ext/mv15.C  -std=gnu++14 (test for excess errors)
UNRESOLVED: g++.dg/ext/mv15.C  -std=gnu++14 compilation failed to produce executable
FAIL: g++.dg/ext/mv15.C  -std=gnu++98 (test for excess errors)
UNRESOLVED: g++.dg/ext/mv15.C  -std=gnu++98 compilation failed to produce executable
FAIL: g++.dg/ext/mv16.C  -std=gnu++11 (test for excess errors)
UNRESOLVED: g++.dg/ext/mv16.C  -std=gnu++11 compilation failed to produce executable
FAIL: g++.dg/ext/mv16.C  -std=gnu++14 (test for excess errors)
UNRESOLVED: g++.dg/ext/mv16.C  -std=gnu++14 compilation failed to produce executable
FAIL: g++.dg/ext/mv16.C  -std=gnu++98 (test for excess errors)
UNRESOLVED: g++.dg/ext/mv16.C  -std=gnu++98 compilation failed to produce executable
FAIL: g++.dg/ext/mv17.C  -std=gnu++11 (test for excess errors)
UNRESOLVED: g++.dg/ext/mv17.C  -std=gnu++11 compilation failed to produce executable
FAIL: g++.dg/ext/mv17.C  -std=gnu++14 (test for excess errors)
UNRESOLVED: g++.dg/ext/mv17.C  -std=gnu++14 compilation failed to produce executable
FAIL: g++.dg/ext/mv17.C  -std=gnu++98 (test for excess errors)
UNRESOLVED: g++.dg/ext/mv17.C  -std=gnu++98 compilation failed to produce executable
FAIL: g++.dg/ext/mv18.C  -std=gnu++11 (test for excess errors)
UNRESOLVED: g++.dg/ext/mv18.C  -std=gnu++11 compilation failed to produce executable
FAIL: g++.dg/ext/mv18.C  -std=gnu++14 (test for excess errors)
UNRESOLVED: g++.dg/ext/mv18.C  -std=gnu++14 compilation failed to produce executable
FAIL: g++.dg/ext/mv18.C  -std=gnu++98 (test for excess errors)
UNRESOLVED: g++.dg/ext/mv18.C  -std=gnu++98 compilation failed to produce executable
FAIL: g++.dg/ext/mv19.C  -std=gnu++11 (test for excess errors)
UNRESOLVED: g++.dg/ext/mv19.C  -std=gnu++11 compilation failed to produce executable
FAIL: g++.dg/ext/mv19.C  -std=gnu++14 (test for excess errors)
UNRESOLVED: g++.dg/ext/mv19.C  -std=gnu++14 compilation failed to produce executable
FAIL: g++.dg/ext/mv19.C  -std=gnu++98 (test for excess errors)
UNRESOLVED: g++.dg/ext/mv19.C  -std=gnu++98 compilation failed to produce executable
FAIL: g++.dg/ext/mv20.C  -std=gnu++11 (test for excess errors)
UNRESOLVED: g++.dg/ext/mv20.C  -std=gnu++11 compilation failed to produce executable
FAIL: g++.dg/ext/mv20.C  -std=gnu++14 (test for excess errors)
UNRESOLVED: g++.dg/ext/mv20.C  -std=gnu++14 compilation failed to produce executable
FAIL: g++.dg/ext/mv20.C  -std=gnu++98 (test for excess errors)
UNRESOLVED: g++.dg/ext/mv20.C  -std=gnu++98 compilation failed to produce executable
FAIL: g++.dg/ext/mv21.C  -std=gnu++11 (test for excess errors)
UNRESOLVED: g++.dg/ext/mv21.C  -std=gnu++11 compilation failed to produce executable
FAIL: g++.dg/ext/mv21.C  -std=gnu++14 (test for excess errors)
UNRESOLVED: g++.dg/ext/mv21.C  -std=gnu++14 compilation failed to produce executable
FAIL: g++.dg/ext/mv21.C  -std=gnu++98 (test for excess errors)
UNRESOLVED: g++.dg/ext/mv21.C  -std=gnu++98 compilation failed to produce executable
FAIL: g++.dg/ext/mv22.C  -std=gnu++11 (test for excess errors)
UNRESOLVED: g++.dg/ext/mv22.C  -std=gnu++11 compilation failed to produce executable
FAIL: g++.dg/ext/mv22.C  -std=gnu++14 (test for excess errors)
UNRESOLVED: g++.dg/ext/mv22.C  -std=gnu++14 compilation failed to produce executable
FAIL: g++.dg/ext/mv22.C  -std=gnu++98 (test for excess errors)
UNRESOLVED: g++.dg/ext/mv22.C  -std=gnu++98 compilation failed to produce executable
FAIL: g++.dg/ext/mv23.C  -std=gnu++11 (test for excess errors)
UNRESOLVED: g++.dg/ext/mv23.C  -std=gnu++11 compilation failed to produce executable
FAIL: g++.dg/ext/mv23.C  -std=gnu++14 (test for excess errors)
UNRESOLVED: g++.dg/ext/mv23.C  -std=gnu++14 compilation failed to produce executable
FAIL: g++.dg/ext/mv23.C  -std=gnu++98 (test for excess errors)
UNRESOLVED: g++.dg/ext/mv23.C  -std=gnu++98 compilation failed to produce executable
FAIL: g++.dg/ext/mv6.C  -std=gnu++11 (test for excess errors)
UNRESOLVED: g++.dg/ext/mv6.C  -std=gnu++11 compilation failed to produce executable
FAIL: g++.dg/ext/mv6.C  -std=gnu++14 (test for excess errors)
UNRESOLVED: g++.dg/ext/mv6.C  -std=gnu++14 compilation failed to produce executable
FAIL: g++.dg/ext/mv6.C  -std=gnu++98 (test for excess errors)
UNRESOLVED: g++.dg/ext/mv6.C  -std=gnu++98 compilation failed to produce executable
FAIL: g++.dg/ext/pr57548.C  -std=c++11 (test for excess errors)
FAIL: g++.dg/ext/pr57548.C  -std=c++14 (test for excess errors)
FAIL: g++.dg/ext/pr57548.C  -std=c++98 (test for excess errors)
FAIL: g++.dg/guality/pr55665.C   -O2  line 23 p == 40
FAIL: g++.dg/guality/pr55665.C   -O3 -g  line 23 p == 40
FAIL: g++.dg/plugin/attribute_plugin.c compilation
FAIL: g++.dg/plugin/decl_plugin.c compilation
FAIL: g++.dg/plugin/def_plugin.c compilation
FAIL: g++.dg/plugin/dumb_plugin.c compilation
FAIL: g++.dg/plugin/header_plugin.c compilation
FAIL: g++.dg/plugin/pragma_plugin.c compilation
FAIL: g++.dg/plugin/selfassign.c compilation
XPASS: g++.dg/tls/thread_local-order2.C  -std=c++11 execution test
XPASS: g++.dg/tls/thread_local-order2.C  -std=c++14 execution test
FAIL: g++.dg/vect/slp-pr56812.cc  -std=c++11  scan-tree-dump-times slp1 "basic block vectorized" 1
FAIL: g++.dg/vect/slp-pr56812.cc  -std=c++14  scan-tree-dump-times slp1 "basic block vectorized" 1
FAIL: g++.dg/vect/slp-pr56812.cc  -std=c++98  scan-tree-dump-times slp1 "basic block vectorized" 1

		=== g++ Summary ===

# of expected passes		94758
# of unexpected failures	51
# of unexpected successes	2
# of expected failures		332
# of unresolved testcases	36
# of unsupported tests		3474
/scratch/toon/bd14097/gcc/testsuite/g++/../../xg++  version 6.0.0 20150914 (experimental) (GCC) 

		=== objc tests ===


Running target unix

		=== objc Summary ===

# of expected passes		2766
# of expected failures		6
# of unsupported tests		68
/scratch/toon/bd14097/gcc/xgcc  version 6.0.0 20150914 (experimental) (GCC) 

		=== boehm-gc tests ===


Running target unix

		=== boehm-gc Summary ===

# of expected passes		12
# of unsupported tests		1
		=== libatomic tests ===


Running target unix

		=== libatomic Summary ===

# of expected passes		54
		=== libffi tests ===


Running target unix

		=== libffi Summary ===

# of expected passes		1914
# of unsupported tests		30
		=== libgomp tests ===


Running target unix

		=== libgomp Summary ===

# of expected passes		4171
# of expected failures		4
# of unsupported tests		196
		=== libitm tests ===


Running target unix

		=== libitm Summary ===

# of expected passes		26
# of expected failures		3
# of unsupported tests		1
		=== libjava tests ===


Running target unix

		=== libjava Summary ===

# of expected passes		2582
# of expected failures		4
		=== libstdc++ tests ===


Running target unix
FAIL: 21_strings/basic_string/inserters_extractors/char/4.cc (test for excess errors)
UNRESOLVED: 21_strings/basic_string/inserters_extractors/char/4.cc compilation failed to produce executable
FAIL: 23_containers/unordered_map/modifiers/insert_or_assign.cc (test for excess errors)
FAIL: 23_containers/unordered_map/modifiers/insert_or_assign.cc execution test
FAIL: 23_containers/unordered_map/requirements/citerators.cc (test for excess errors)
UNRESOLVED: 23_containers/unordered_map/requirements/citerators.cc compilation failed to produce executable
FAIL: 23_containers/unordered_map/requirements/exception/basic.cc (test for excess errors)
UNRESOLVED: 23_containers/unordered_map/requirements/exception/basic.cc compilation failed to produce executable
FAIL: 23_containers/unordered_map/requirements/exception/generation_prohibited.cc (test for excess errors)
UNRESOLVED: 23_containers/unordered_map/requirements/exception/generation_prohibited.cc compilation failed to produce executable
FAIL: 23_containers/unordered_map/requirements/exception/propagation_consistent.cc (test for excess errors)
UNRESOLVED: 23_containers/unordered_map/requirements/exception/propagation_consistent.cc compilation failed to produce executable
FAIL: 23_containers/unordered_multimap/allocator/copy_assign.cc (test for excess errors)
UNRESOLVED: 23_containers/unordered_multimap/allocator/copy_assign.cc compilation failed to produce executable
FAIL: 23_containers/unordered_multimap/debug/move_neg.cc (test for excess errors)
UNRESOLVED: 23_containers/unordered_multimap/debug/move_neg.cc compilation failed to produce executable
FAIL: 23_containers/unordered_multimap/requirements/citerators.cc (test for excess errors)
UNRESOLVED: 23_containers/unordered_multimap/requirements/citerators.cc compilation failed to produce executable
FAIL: 23_containers/unordered_multimap/requirements/exception/basic.cc (test for excess errors)
UNRESOLVED: 23_containers/unordered_multimap/requirements/exception/basic.cc compilation failed to produce executable
FAIL: 23_containers/unordered_multimap/requirements/exception/propagation_consistent.cc (test for excess errors)
UNRESOLVED: 23_containers/unordered_multimap/requirements/exception/propagation_consistent.cc compilation failed to produce executable
FAIL: 23_containers/unordered_multiset/allocator/move_assign.cc (test for excess errors)
UNRESOLVED: 23_containers/unordered_multiset/allocator/move_assign.cc compilation failed to produce executable
FAIL: 23_containers/unordered_multiset/debug/construct5_neg.cc (test for excess errors)
UNRESOLVED: 23_containers/unordered_multiset/debug/construct5_neg.cc compilation failed to produce executable
FAIL: 23_containers/unordered_multiset/requirements/exception/basic.cc (test for excess errors)
UNRESOLVED: 23_containers/unordered_multiset/requirements/exception/basic.cc compilation failed to produce executable
FAIL: 23_containers/unordered_multiset/requirements/exception/generation_prohibited.cc (test for excess errors)
UNRESOLVED: 23_containers/unordered_multiset/requirements/exception/generation_prohibited.cc compilation failed to produce executable
FAIL: 23_containers/unordered_set/requirements/exception/basic.cc (test for excess errors)
UNRESOLVED: 23_containers/unordered_set/requirements/exception/basic.cc compilation failed to produce executable
FAIL: 23_containers/vector/cons/2.cc (test for excess errors)
UNRESOLVED: 23_containers/vector/cons/2.cc compilation failed to produce executable
FAIL: 23_containers/vector/ext_pointer/explicit_instantiation/2.cc (test for excess errors)
FAIL: 23_containers/vector/ext_pointer/explicit_instantiation/3.cc (test for excess errors)
FAIL: 23_containers/vector/ext_pointer/modifiers/erase.cc (test for excess errors)
UNRESOLVED: 23_containers/vector/ext_pointer/modifiers/erase.cc compilation failed to produce executable
FAIL: 23_containers/vector/ext_pointer/types/2.cc (test for excess errors)
UNRESOLVED: 23_containers/vector/ext_pointer/types/2.cc compilation failed to produce executable
FAIL: 23_containers/vector/requirements/exception/generation_prohibited.cc (test for excess errors)
UNRESOLVED: 23_containers/vector/requirements/exception/generation_prohibited.cc compilation failed to produce executable
FAIL: 23_containers/vector/requirements/exception/propagation_consistent.cc (test for excess errors)
UNRESOLVED: 23_containers/vector/requirements/exception/propagation_consistent.cc compilation failed to produce executable
FAIL: 25_algorithms/partial_sort/random_test.cc (test for excess errors)
UNRESOLVED: 25_algorithms/partial_sort/random_test.cc compilation failed to produce executable
FAIL: 25_algorithms/sort/check_compare_by_value.cc (test for excess errors)
UNRESOLVED: 25_algorithms/sort/check_compare_by_value.cc compilation failed to produce executable
FAIL: 25_algorithms/sort/random_test.cc (test for excess errors)
UNRESOLVED: 25_algorithms/sort/random_test.cc compilation failed to produce executable
FAIL: 25_algorithms/stable_sort/1.cc (test for excess errors)
UNRESOLVED: 25_algorithms/stable_sort/1.cc compilation failed to produce executable
FAIL: 25_algorithms/stable_sort/49559.cc (test for excess errors)
UNRESOLVED: 25_algorithms/stable_sort/49559.cc compilation failed to produce executable
FAIL: 25_algorithms/stable_sort/check_compare_by_value.cc (test for excess errors)
UNRESOLVED: 25_algorithms/stable_sort/check_compare_by_value.cc compilation failed to produce executable
FAIL: 25_algorithms/stable_sort/check_type.cc (test for excess errors)
FAIL: 25_algorithms/stable_sort/mem_check.cc (test for excess errors)
UNRESOLVED: 25_algorithms/stable_sort/mem_check.cc compilation failed to produce executable
FAIL: 25_algorithms/stable_sort/moveable.cc (test for excess errors)
UNRESOLVED: 25_algorithms/stable_sort/moveable.cc compilation failed to produce executable
FAIL: 25_algorithms/stable_sort/moveable2.cc (test for excess errors)
UNRESOLVED: 25_algorithms/stable_sort/moveable2.cc compilation failed to produce executable
FAIL: 26_numerics/complex/inserters_extractors/char/1.cc (test for excess errors)
UNRESOLVED: 26_numerics/complex/inserters_extractors/char/1.cc compilation failed to produce executable
FAIL: 26_numerics/complex/inserters_extractors/wchar_t/1.cc (test for excess errors)
UNRESOLVED: 26_numerics/complex/inserters_extractors/wchar_t/1.cc compilation failed to produce executable
FAIL: 26_numerics/random/piecewise_constant_distribution/requirements/explicit_instantiation/1.cc (test for excess errors)
FAIL: 26_numerics/random/piecewise_linear_distribution/requirements/explicit_instantiation/1.cc (test for excess errors)
WARNING: program timed out.
WARNING: program timed out.
WARNING: program timed out.
WARNING: program timed out.
WARNING: program timed out.
WARNING: program timed out.
WARNING: program timed out.
WARNING: program timed out.
WARNING: program timed out.
WARNING: program timed out.
WARNING: program timed out.
WARNING: program timed out.
WARNING: program timed out.
WARNING: program timed out.
WARNING: program timed out.
WARNING: program timed out.
WARNING: program timed out.
WARNING: program timed out.
WARNING: program timed out.
WARNING: program timed out.
WARNING: program timed out.
WARNING: program timed out.
WARNING: program timed out.
WARNING: program timed out.
WARNING: program timed out.
WARNING: program timed out.
WARNING: program timed out.
WARNING: program timed out.
WARNING: program timed out.
WARNING: program timed out.
WARNING: program timed out.
WARNING: program timed out.
WARNING: program timed out.
WARNING: program timed out.
WARNING: program timed out.
WARNING: program timed out.
FAIL: tr1/4_metaprogramming/add_const/value.cc (test for excess errors)
UNRESOLVED: tr1/4_metaprogramming/add_const/value.cc compilation failed to produce executable

		=== libstdc++ Summary ===

# of expected passes		10042
# of unexpected failures	39
# of expected failures		64
# of unresolved testcases	32
# of unsupported tests		548

Compiler version: 6.0.0 20150914 (experimental) (GCC) 
Platform: x86_64-pc-linux-gnu
configure flags: --prefix=/home/toon/compilers/install --with-gnu-as --with-gnu-ld --enable-languages=all --disable-multilib --disable-nls --with-arch=haswell --with-tune=haswell --with-build-config=bootstrap-asan


Index Nav: [Date Index] [Subject Index] [Author Index] [Thread Index]
Message Nav: [Date Prev] [Date Next] [Thread Prev] [Thread Next]