This is the mail archive of the gcc-testresults@gcc.gnu.org mailing list for the GCC project.


Index Nav: [Date Index] [Subject Index] [Author Index] [Thread Index]
Message Nav: [Date Prev] [Date Next] [Thread Prev] [Thread Next]
Other format: [Raw text]

Results for 6.0.0 20150913 (experimental) [trunk revision 227716] (Debian 20150913-1) testsuite on powerpc-unknown-linux-gnu


LAST_UPDATED: Sun Sep 13 12:40:36 UTC 2015 (revision 227716)

Target: powerpc-linux-gnu
gcc version 6.0.0 20150913 (experimental) [trunk revision 227716] (Debian 20150913-1) 

		=== acats tests ===

		=== acats Summary ===
# of expected passes		2320
# of unexpected failures	0
Native configuration is powerpc-unknown-linux-gnu

		=== g++ tests ===


Running target unix
FAIL: c-c++-common/asan/heap-overflow-1.c   -O1  output pattern test
FAIL: c-c++-common/asan/heap-overflow-1.c   -O1  output pattern test
FAIL: c-c++-common/asan/heap-overflow-1.c   -O2  output pattern test
FAIL: c-c++-common/asan/heap-overflow-1.c   -O2  output pattern test
FAIL: c-c++-common/asan/heap-overflow-1.c   -O2 -flto -fno-use-linker-plugin -flto-partition=none  output pattern test
FAIL: c-c++-common/asan/heap-overflow-1.c   -O2 -flto -fno-use-linker-plugin -flto-partition=none  output pattern test
FAIL: c-c++-common/asan/heap-overflow-1.c   -O2 -flto -fuse-linker-plugin -fno-fat-lto-objects  output pattern test
FAIL: c-c++-common/asan/heap-overflow-1.c   -O2 -flto -fuse-linker-plugin -fno-fat-lto-objects  output pattern test
FAIL: c-c++-common/asan/heap-overflow-1.c   -O3 -g  output pattern test
FAIL: c-c++-common/asan/heap-overflow-1.c   -O3 -g  output pattern test
FAIL: c-c++-common/asan/heap-overflow-1.c   -Os  output pattern test
FAIL: c-c++-common/asan/heap-overflow-1.c   -Os  output pattern test
FAIL: c-c++-common/asan/null-deref-1.c   -O2  output pattern test
FAIL: c-c++-common/asan/null-deref-1.c   -O2  output pattern test
FAIL: c-c++-common/asan/null-deref-1.c   -O2 -flto -fno-use-linker-plugin -flto-partition=none  output pattern test
FAIL: c-c++-common/asan/null-deref-1.c   -O2 -flto -fno-use-linker-plugin -flto-partition=none  output pattern test
FAIL: c-c++-common/asan/null-deref-1.c   -O2 -flto -fuse-linker-plugin -fno-fat-lto-objects  output pattern test
FAIL: c-c++-common/asan/null-deref-1.c   -O2 -flto -fuse-linker-plugin -fno-fat-lto-objects  output pattern test
FAIL: c-c++-common/asan/null-deref-1.c   -O3 -g  output pattern test
FAIL: c-c++-common/asan/null-deref-1.c   -O3 -g  output pattern test
FAIL: c-c++-common/asan/sanity-check-pure-c-1.c   -O1  output pattern test
FAIL: c-c++-common/asan/sanity-check-pure-c-1.c   -O1  output pattern test
FAIL: c-c++-common/asan/sanity-check-pure-c-1.c   -O2  output pattern test
FAIL: c-c++-common/asan/sanity-check-pure-c-1.c   -O2  output pattern test
FAIL: c-c++-common/asan/sanity-check-pure-c-1.c   -O2 -flto -fno-use-linker-plugin -flto-partition=none  output pattern test
FAIL: c-c++-common/asan/sanity-check-pure-c-1.c   -O2 -flto -fno-use-linker-plugin -flto-partition=none  output pattern test
FAIL: c-c++-common/asan/sanity-check-pure-c-1.c   -O2 -flto -fuse-linker-plugin -fno-fat-lto-objects  output pattern test
FAIL: c-c++-common/asan/sanity-check-pure-c-1.c   -O2 -flto -fuse-linker-plugin -fno-fat-lto-objects  output pattern test
FAIL: c-c++-common/asan/sanity-check-pure-c-1.c   -O3 -g  output pattern test
FAIL: c-c++-common/asan/sanity-check-pure-c-1.c   -O3 -g  output pattern test
FAIL: c-c++-common/asan/sanity-check-pure-c-1.c   -Os  output pattern test
FAIL: c-c++-common/asan/sanity-check-pure-c-1.c   -Os  output pattern test
FAIL: c-c++-common/asan/strncpy-overflow-1.c   -O1  output pattern test
FAIL: c-c++-common/asan/strncpy-overflow-1.c   -O1  output pattern test
FAIL: c-c++-common/asan/strncpy-overflow-1.c   -O2  output pattern test
FAIL: c-c++-common/asan/strncpy-overflow-1.c   -O2  output pattern test
FAIL: c-c++-common/asan/strncpy-overflow-1.c   -O2 -flto -fno-use-linker-plugin -flto-partition=none  output pattern test
FAIL: c-c++-common/asan/strncpy-overflow-1.c   -O2 -flto -fno-use-linker-plugin -flto-partition=none  output pattern test
FAIL: c-c++-common/asan/strncpy-overflow-1.c   -O2 -flto -fuse-linker-plugin -fno-fat-lto-objects  output pattern test
FAIL: c-c++-common/asan/strncpy-overflow-1.c   -O2 -flto -fuse-linker-plugin -fno-fat-lto-objects  output pattern test
FAIL: c-c++-common/asan/strncpy-overflow-1.c   -O3 -g  output pattern test
FAIL: c-c++-common/asan/strncpy-overflow-1.c   -O3 -g  output pattern test
FAIL: c-c++-common/asan/strncpy-overflow-1.c   -Os  output pattern test
FAIL: c-c++-common/asan/strncpy-overflow-1.c   -Os  output pattern test
FAIL: c-c++-common/asan/use-after-free-1.c   -O1  output pattern test
FAIL: c-c++-common/asan/use-after-free-1.c   -O1  output pattern test
FAIL: c-c++-common/asan/use-after-free-1.c   -O2  output pattern test
FAIL: c-c++-common/asan/use-after-free-1.c   -O2  output pattern test
FAIL: c-c++-common/asan/use-after-free-1.c   -O2 -flto -fno-use-linker-plugin -flto-partition=none  output pattern test
FAIL: c-c++-common/asan/use-after-free-1.c   -O2 -flto -fno-use-linker-plugin -flto-partition=none  output pattern test
FAIL: c-c++-common/asan/use-after-free-1.c   -O2 -flto -fuse-linker-plugin -fno-fat-lto-objects  output pattern test
FAIL: c-c++-common/asan/use-after-free-1.c   -O2 -flto -fuse-linker-plugin -fno-fat-lto-objects  output pattern test
FAIL: c-c++-common/asan/use-after-free-1.c   -O3 -g  output pattern test
FAIL: c-c++-common/asan/use-after-free-1.c   -O3 -g  output pattern test
FAIL: c-c++-common/asan/use-after-free-1.c   -Os  output pattern test
FAIL: c-c++-common/asan/use-after-free-1.c   -Os  output pattern test
FAIL: g++.dg/asan/deep-stack-uaf-1.C   -O0  output pattern test
FAIL: g++.dg/asan/deep-stack-uaf-1.C   -O0  output pattern test
FAIL: g++.dg/asan/deep-stack-uaf-1.C   -O1  output pattern test
FAIL: g++.dg/asan/deep-stack-uaf-1.C   -O1  output pattern test
FAIL: g++.dg/asan/deep-stack-uaf-1.C   -O2  output pattern test
FAIL: g++.dg/asan/deep-stack-uaf-1.C   -O2  output pattern test
FAIL: g++.dg/asan/deep-stack-uaf-1.C   -O3 -g  output pattern test
FAIL: g++.dg/asan/deep-stack-uaf-1.C   -O3 -g  output pattern test
FAIL: g++.dg/asan/deep-stack-uaf-1.C   -Os  output pattern test
FAIL: g++.dg/asan/deep-stack-uaf-1.C   -Os  output pattern test
FAIL: g++.dg/abi/scoped1.C  -std=gnu++11 execution test
FAIL: g++.dg/abi/scoped1.C  -std=gnu++11 execution test
FAIL: g++.dg/abi/scoped1.C  -std=gnu++14 execution test
FAIL: g++.dg/abi/scoped1.C  -std=gnu++14 execution test
FAIL: g++.dg/tree-ssa/pr61034.C  -std=gnu++11  scan-tree-dump-times fre2 "free" 10
FAIL: g++.dg/tree-ssa/pr61034.C  -std=gnu++11  scan-tree-dump-times fre2 "free" 10
FAIL: g++.dg/tree-ssa/pr61034.C  -std=gnu++14  scan-tree-dump-times fre2 "free" 10
FAIL: g++.dg/tree-ssa/pr61034.C  -std=gnu++14  scan-tree-dump-times fre2 "free" 10
FAIL: g++.dg/tree-ssa/pr61034.C  -std=gnu++98  scan-tree-dump-times fre2 "free" 10
FAIL: g++.dg/tree-ssa/pr61034.C  -std=gnu++98  scan-tree-dump-times fre2 "free" 10
XPASS: g++.dg/tls/thread_local-order2.C  -std=c++11 execution test
XPASS: g++.dg/tls/thread_local-order2.C  -std=c++11 execution test
XPASS: g++.dg/tls/thread_local-order2.C  -std=c++14 execution test
XPASS: g++.dg/tls/thread_local-order2.C  -std=c++14 execution test
FAIL: g++.old-deja/g++.mike/p700.C  -std=gnu++98 (test for excess errors)

		=== g++ Summary ===

# of expected passes		177123
# of unexpected failures	77
# of unexpected successes	4
# of expected failures		664
# of unsupported tests		7550
/build/gcc-snapshot-a6Q5FR/gcc-snapshot-20150913/build/gcc/testsuite/g++/../../xg++  version 6.0.0 20150913 (experimental) [trunk revision 227716] (Debian 20150913-1) 

		=== gcc tests ===


Running target unix
FAIL: c-c++-common/asan/heap-overflow-1.c   -O1  output pattern test
FAIL: c-c++-common/asan/heap-overflow-1.c   -O1  output pattern test
FAIL: c-c++-common/asan/heap-overflow-1.c   -O2  output pattern test
FAIL: c-c++-common/asan/heap-overflow-1.c   -O2  output pattern test
FAIL: c-c++-common/asan/heap-overflow-1.c   -O2 -flto -fno-use-linker-plugin -flto-partition=none  output pattern test
FAIL: c-c++-common/asan/heap-overflow-1.c   -O2 -flto -fno-use-linker-plugin -flto-partition=none  output pattern test
FAIL: c-c++-common/asan/heap-overflow-1.c   -O2 -flto -fuse-linker-plugin -fno-fat-lto-objects  output pattern test
FAIL: c-c++-common/asan/heap-overflow-1.c   -O2 -flto -fuse-linker-plugin -fno-fat-lto-objects  output pattern test
FAIL: c-c++-common/asan/heap-overflow-1.c   -O3 -g  output pattern test
FAIL: c-c++-common/asan/heap-overflow-1.c   -O3 -g  output pattern test
FAIL: c-c++-common/asan/heap-overflow-1.c   -Os  output pattern test
FAIL: c-c++-common/asan/heap-overflow-1.c   -Os  output pattern test
FAIL: c-c++-common/asan/misalign-1.c   -O0  output pattern test
FAIL: c-c++-common/asan/misalign-1.c   -O0  output pattern test
FAIL: c-c++-common/asan/misalign-1.c   -O1  output pattern test
FAIL: c-c++-common/asan/misalign-1.c   -O1  output pattern test
FAIL: c-c++-common/asan/misalign-1.c   -O2  output pattern test
FAIL: c-c++-common/asan/misalign-1.c   -O2  output pattern test
FAIL: c-c++-common/asan/misalign-1.c   -O2 -flto -fno-use-linker-plugin -flto-partition=none  output pattern test
FAIL: c-c++-common/asan/misalign-1.c   -O2 -flto -fno-use-linker-plugin -flto-partition=none  output pattern test
FAIL: c-c++-common/asan/misalign-1.c   -O2 -flto -fuse-linker-plugin -fno-fat-lto-objects  output pattern test
FAIL: c-c++-common/asan/misalign-1.c   -O2 -flto -fuse-linker-plugin -fno-fat-lto-objects  output pattern test
FAIL: c-c++-common/asan/misalign-1.c   -O3 -g  output pattern test
FAIL: c-c++-common/asan/misalign-1.c   -O3 -g  output pattern test
FAIL: c-c++-common/asan/misalign-1.c   -Os  output pattern test
FAIL: c-c++-common/asan/misalign-1.c   -Os  output pattern test
FAIL: c-c++-common/asan/misalign-2.c   -O0  output pattern test
FAIL: c-c++-common/asan/misalign-2.c   -O0  output pattern test
FAIL: c-c++-common/asan/misalign-2.c   -O1  output pattern test
FAIL: c-c++-common/asan/misalign-2.c   -O1  output pattern test
FAIL: c-c++-common/asan/misalign-2.c   -O2  output pattern test
FAIL: c-c++-common/asan/misalign-2.c   -O2  output pattern test
FAIL: c-c++-common/asan/misalign-2.c   -O2 -flto -fno-use-linker-plugin -flto-partition=none  output pattern test
FAIL: c-c++-common/asan/misalign-2.c   -O2 -flto -fno-use-linker-plugin -flto-partition=none  output pattern test
FAIL: c-c++-common/asan/misalign-2.c   -O2 -flto -fuse-linker-plugin -fno-fat-lto-objects  output pattern test
FAIL: c-c++-common/asan/misalign-2.c   -O2 -flto -fuse-linker-plugin -fno-fat-lto-objects  output pattern test
FAIL: c-c++-common/asan/misalign-2.c   -O3 -g  output pattern test
FAIL: c-c++-common/asan/misalign-2.c   -O3 -g  output pattern test
FAIL: c-c++-common/asan/misalign-2.c   -Os  output pattern test
FAIL: c-c++-common/asan/misalign-2.c   -Os  output pattern test
FAIL: c-c++-common/asan/null-deref-1.c   -O0  output pattern test
FAIL: c-c++-common/asan/null-deref-1.c   -O0  output pattern test
FAIL: c-c++-common/asan/null-deref-1.c   -O1  output pattern test
FAIL: c-c++-common/asan/null-deref-1.c   -O1  output pattern test
FAIL: c-c++-common/asan/null-deref-1.c   -O2  output pattern test
FAIL: c-c++-common/asan/null-deref-1.c   -O2  output pattern test
FAIL: c-c++-common/asan/null-deref-1.c   -O2 -flto -fno-use-linker-plugin -flto-partition=none  output pattern test
FAIL: c-c++-common/asan/null-deref-1.c   -O2 -flto -fno-use-linker-plugin -flto-partition=none  output pattern test
FAIL: c-c++-common/asan/null-deref-1.c   -O2 -flto -fuse-linker-plugin -fno-fat-lto-objects  output pattern test
FAIL: c-c++-common/asan/null-deref-1.c   -O2 -flto -fuse-linker-plugin -fno-fat-lto-objects  output pattern test
FAIL: c-c++-common/asan/null-deref-1.c   -O3 -g  output pattern test
FAIL: c-c++-common/asan/null-deref-1.c   -O3 -g  output pattern test
FAIL: c-c++-common/asan/null-deref-1.c   -Os  output pattern test
FAIL: c-c++-common/asan/null-deref-1.c   -Os  output pattern test
FAIL: c-c++-common/asan/sanity-check-pure-c-1.c   -O1  output pattern test
FAIL: c-c++-common/asan/sanity-check-pure-c-1.c   -O1  output pattern test
FAIL: c-c++-common/asan/sanity-check-pure-c-1.c   -O2  output pattern test
FAIL: c-c++-common/asan/sanity-check-pure-c-1.c   -O2  output pattern test
FAIL: c-c++-common/asan/sanity-check-pure-c-1.c   -O2 -flto -fno-use-linker-plugin -flto-partition=none  output pattern test
FAIL: c-c++-common/asan/sanity-check-pure-c-1.c   -O2 -flto -fno-use-linker-plugin -flto-partition=none  output pattern test
FAIL: c-c++-common/asan/sanity-check-pure-c-1.c   -O2 -flto -fuse-linker-plugin -fno-fat-lto-objects  output pattern test
FAIL: c-c++-common/asan/sanity-check-pure-c-1.c   -O2 -flto -fuse-linker-plugin -fno-fat-lto-objects  output pattern test
FAIL: c-c++-common/asan/sanity-check-pure-c-1.c   -O3 -g  output pattern test
FAIL: c-c++-common/asan/sanity-check-pure-c-1.c   -O3 -g  output pattern test
FAIL: c-c++-common/asan/sanity-check-pure-c-1.c   -Os  output pattern test
FAIL: c-c++-common/asan/sanity-check-pure-c-1.c   -Os  output pattern test
FAIL: c-c++-common/asan/strncpy-overflow-1.c   -O1  output pattern test
FAIL: c-c++-common/asan/strncpy-overflow-1.c   -O1  output pattern test
FAIL: c-c++-common/asan/strncpy-overflow-1.c   -O2  output pattern test
FAIL: c-c++-common/asan/strncpy-overflow-1.c   -O2  output pattern test
FAIL: c-c++-common/asan/strncpy-overflow-1.c   -O2 -flto -fno-use-linker-plugin -flto-partition=none  output pattern test
FAIL: c-c++-common/asan/strncpy-overflow-1.c   -O2 -flto -fno-use-linker-plugin -flto-partition=none  output pattern test
FAIL: c-c++-common/asan/strncpy-overflow-1.c   -O2 -flto -fuse-linker-plugin -fno-fat-lto-objects  output pattern test
FAIL: c-c++-common/asan/strncpy-overflow-1.c   -O2 -flto -fuse-linker-plugin -fno-fat-lto-objects  output pattern test
FAIL: c-c++-common/asan/strncpy-overflow-1.c   -O3 -g  output pattern test
FAIL: c-c++-common/asan/strncpy-overflow-1.c   -O3 -g  output pattern test
FAIL: c-c++-common/asan/strncpy-overflow-1.c   -Os  output pattern test
FAIL: c-c++-common/asan/strncpy-overflow-1.c   -Os  output pattern test
FAIL: c-c++-common/asan/use-after-free-1.c   -O1  output pattern test
FAIL: c-c++-common/asan/use-after-free-1.c   -O1  output pattern test
FAIL: c-c++-common/asan/use-after-free-1.c   -O2  output pattern test
FAIL: c-c++-common/asan/use-after-free-1.c   -O2  output pattern test
FAIL: c-c++-common/asan/use-after-free-1.c   -O2 -flto -fno-use-linker-plugin -flto-partition=none  output pattern test
FAIL: c-c++-common/asan/use-after-free-1.c   -O2 -flto -fno-use-linker-plugin -flto-partition=none  output pattern test
FAIL: c-c++-common/asan/use-after-free-1.c   -O2 -flto -fuse-linker-plugin -fno-fat-lto-objects  output pattern test
FAIL: c-c++-common/asan/use-after-free-1.c   -O2 -flto -fuse-linker-plugin -fno-fat-lto-objects  output pattern test
FAIL: c-c++-common/asan/use-after-free-1.c   -O3 -g  output pattern test
FAIL: c-c++-common/asan/use-after-free-1.c   -O3 -g  output pattern test
FAIL: c-c++-common/asan/use-after-free-1.c   -Os  output pattern test
FAIL: c-c++-common/asan/use-after-free-1.c   -Os  output pattern test
FAIL: gcc.dg/debug/dwarf2/stacked-qualified-types-3.c scan-assembler-times DIE \\\\([^\\n]*\\\\) DW_TAG_(?:const|volatile|atomic|restrict)_type 8
FAIL: gcc.dg/debug/dwarf2/stacked-qualified-types-3.c scan-assembler-times DIE \\\\([^\\n]*\\\\) DW_TAG_(?:const|volatile|atomic|restrict)_type 8
FAIL: gcc.dg/pow-sqrt-synth-1.c scan-tree-dump-times sincos "synthesizing" 7
FAIL: gcc.dg/pow-sqrt-synth-1.c scan-tree-dump-times sincos "synthesizing" 7
FAIL: gcc.dg/sms-8.c scan-rtl-dump-times sms "SMS succeeded" 0
FAIL: gcc.dg/sms-8.c scan-rtl-dump-times sms "SMS succeeded" 0
XPASS: gcc.dg/guality/example.c   -O0  execution test
XPASS: gcc.dg/guality/example.c   -O0  execution test
XPASS: gcc.dg/guality/example.c   -O1  execution test
XPASS: gcc.dg/guality/example.c   -O1  execution test
XPASS: gcc.dg/guality/example.c   -O2  execution test
XPASS: gcc.dg/guality/example.c   -O2  execution test
XPASS: gcc.dg/guality/example.c   -O2 -flto -fno-use-linker-plugin -flto-partition=none  execution test
XPASS: gcc.dg/guality/example.c   -O2 -flto -fno-use-linker-plugin -flto-partition=none  execution test
XPASS: gcc.dg/guality/guality.c   -O0  execution test
XPASS: gcc.dg/guality/guality.c   -O0  execution test
XPASS: gcc.dg/guality/guality.c   -O1  execution test
XPASS: gcc.dg/guality/guality.c   -O1  execution test
XPASS: gcc.dg/guality/guality.c   -O2  execution test
XPASS: gcc.dg/guality/guality.c   -O2  execution test
XPASS: gcc.dg/guality/guality.c   -O2 -flto -fno-use-linker-plugin -flto-partition=none  execution test
XPASS: gcc.dg/guality/guality.c   -O2 -flto -fno-use-linker-plugin -flto-partition=none  execution test
XPASS: gcc.dg/guality/guality.c   -O2 -flto -fuse-linker-plugin -fno-fat-lto-objects  execution test
XPASS: gcc.dg/guality/guality.c   -O2 -flto -fuse-linker-plugin -fno-fat-lto-objects  execution test
XPASS: gcc.dg/guality/guality.c   -O3 -g  execution test
XPASS: gcc.dg/guality/guality.c   -O3 -g  execution test
XPASS: gcc.dg/guality/guality.c   -Os  execution test
XPASS: gcc.dg/guality/guality.c   -Os  execution test
XPASS: gcc.dg/guality/inline-params.c   -O2  execution test
XPASS: gcc.dg/guality/inline-params.c   -O2  execution test
XPASS: gcc.dg/guality/inline-params.c   -O2 -flto -fno-use-linker-plugin -flto-partition=none  execution test
XPASS: gcc.dg/guality/inline-params.c   -O2 -flto -fno-use-linker-plugin -flto-partition=none  execution test
XPASS: gcc.dg/guality/inline-params.c   -O3 -g  execution test
XPASS: gcc.dg/guality/inline-params.c   -O3 -g  execution test
XPASS: gcc.dg/guality/inline-params.c   -Os  execution test
XPASS: gcc.dg/guality/inline-params.c   -Os  execution test
FAIL: gcc.dg/guality/pr36728-2.c   -Os  line 18 y == 2
FAIL: gcc.dg/guality/pr36728-2.c   -Os  line 18 y == 2
XPASS: gcc.dg/guality/pr41353-1.c   -O0  line 28 j == 28 + 37
XPASS: gcc.dg/guality/pr41353-1.c   -O0  line 28 j == 28 + 37
FAIL: gcc.dg/guality/pr41404-1.c   -O2 -flto -fuse-linker-plugin -fno-fat-lto-objects  line 10 *foo == 'f'
FAIL: gcc.dg/guality/pr41404-1.c   -O2 -flto -fuse-linker-plugin -fno-fat-lto-objects  line 10 *foo == 'f'
FAIL: gcc.dg/guality/pr41404-1.c   -O2 -flto -fuse-linker-plugin -fno-fat-lto-objects  line 14 *foo == 'b'
FAIL: gcc.dg/guality/pr41404-1.c   -O2 -flto -fuse-linker-plugin -fno-fat-lto-objects  line 14 *foo == 'b'
FAIL: gcc.dg/guality/pr41404-1.c   -O2 -flto -fuse-linker-plugin -fno-fat-lto-objects  line 24 *foo == 'f'
FAIL: gcc.dg/guality/pr41404-1.c   -O2 -flto -fuse-linker-plugin -fno-fat-lto-objects  line 24 *foo == 'f'
FAIL: gcc.dg/guality/pr41616-1.c   -O2 -flto -fuse-linker-plugin -fno-fat-lto-objects  execution test
FAIL: gcc.dg/guality/pr41616-1.c   -O2 -flto -fuse-linker-plugin -fno-fat-lto-objects  execution test
FAIL: gcc.dg/guality/pr43051-1.c   -O1  line 34 c == &a[0]
FAIL: gcc.dg/guality/pr43051-1.c   -O1  line 34 c == &a[0]
FAIL: gcc.dg/guality/pr43051-1.c   -O3 -fomit-frame-pointer -funroll-loops -fpeel-loops -ftracer -finline-functions  line 34 c == &a[0]
FAIL: gcc.dg/guality/pr43051-1.c   -O3 -fomit-frame-pointer -funroll-loops -fpeel-loops -ftracer -finline-functions  line 34 c == &a[0]
FAIL: gcc.dg/guality/pr45882.c   -O2 -flto -fuse-linker-plugin -fno-fat-lto-objects  line 16 d == 112
FAIL: gcc.dg/guality/pr45882.c   -O2 -flto -fuse-linker-plugin -fno-fat-lto-objects  line 16 d == 112
FAIL: gcc.dg/guality/pr45882.c   -O2 -flto -fuse-linker-plugin -fno-fat-lto-objects  line 16 e == 142
FAIL: gcc.dg/guality/pr45882.c   -O2 -flto -fuse-linker-plugin -fno-fat-lto-objects  line 16 e == 142
FAIL: gcc.dg/guality/pr54200.c   -O1  line 20 z == 3
FAIL: gcc.dg/guality/pr54200.c   -O1  line 20 z == 3
FAIL: gcc.dg/guality/pr54200.c   -O2  line 20 z == 3
FAIL: gcc.dg/guality/pr54200.c   -O2  line 20 z == 3
FAIL: gcc.dg/guality/pr54200.c   -O2 -flto -fno-use-linker-plugin -flto-partition=none  line 20 z == 3
FAIL: gcc.dg/guality/pr54200.c   -O2 -flto -fno-use-linker-plugin -flto-partition=none  line 20 z == 3
FAIL: gcc.dg/guality/pr54200.c   -O2 -flto -fuse-linker-plugin -fno-fat-lto-objects  line 20 z == 3
FAIL: gcc.dg/guality/pr54200.c   -O2 -flto -fuse-linker-plugin -fno-fat-lto-objects  line 20 z == 3
FAIL: gcc.dg/guality/pr54200.c   -O3 -g  line 20 z == 3
FAIL: gcc.dg/guality/pr54200.c   -O3 -g  line 20 z == 3
FAIL: gcc.dg/guality/pr54200.c   -Os  line 20 z == 3
FAIL: gcc.dg/guality/pr54200.c   -Os  line 20 z == 3
FAIL: gcc.dg/guality/pr54519-1.c   -O2 -flto -fno-use-linker-plugin -flto-partition=none  line 20 y == 25
FAIL: gcc.dg/guality/pr54519-1.c   -O2 -flto -fno-use-linker-plugin -flto-partition=none  line 20 y == 25
FAIL: gcc.dg/guality/pr54519-1.c   -O2 -flto -fno-use-linker-plugin -flto-partition=none  line 20 z == 6
FAIL: gcc.dg/guality/pr54519-1.c   -O2 -flto -fno-use-linker-plugin -flto-partition=none  line 20 z == 6
FAIL: gcc.dg/guality/pr54519-1.c   -O2 -flto -fno-use-linker-plugin -flto-partition=none  line 23 y == 117
FAIL: gcc.dg/guality/pr54519-1.c   -O2 -flto -fno-use-linker-plugin -flto-partition=none  line 23 y == 117
FAIL: gcc.dg/guality/pr54519-1.c   -O2 -flto -fno-use-linker-plugin -flto-partition=none  line 23 z == 8
FAIL: gcc.dg/guality/pr54519-1.c   -O2 -flto -fno-use-linker-plugin -flto-partition=none  line 23 z == 8
FAIL: gcc.dg/guality/pr54519-2.c   -O2 -flto -fno-use-linker-plugin -flto-partition=none  line 17 y == 25
FAIL: gcc.dg/guality/pr54519-2.c   -O2 -flto -fno-use-linker-plugin -flto-partition=none  line 17 y == 25
FAIL: gcc.dg/guality/pr54519-2.c   -O2 -flto -fuse-linker-plugin -fno-fat-lto-objects  line 17 y == 25
FAIL: gcc.dg/guality/pr54519-2.c   -O2 -flto -fuse-linker-plugin -fno-fat-lto-objects  line 17 y == 25
FAIL: gcc.dg/guality/pr54519-3.c   -O2 -flto -fno-use-linker-plugin -flto-partition=none  line 20 y == 25
FAIL: gcc.dg/guality/pr54519-3.c   -O2 -flto -fno-use-linker-plugin -flto-partition=none  line 20 y == 25
FAIL: gcc.dg/guality/pr54519-3.c   -O2 -flto -fno-use-linker-plugin -flto-partition=none  line 20 z == 6
FAIL: gcc.dg/guality/pr54519-3.c   -O2 -flto -fno-use-linker-plugin -flto-partition=none  line 20 z == 6
FAIL: gcc.dg/guality/pr54519-3.c   -O2 -flto -fno-use-linker-plugin -flto-partition=none  line 23 y == 117
FAIL: gcc.dg/guality/pr54519-3.c   -O2 -flto -fno-use-linker-plugin -flto-partition=none  line 23 y == 117
FAIL: gcc.dg/guality/pr54519-3.c   -O2 -flto -fno-use-linker-plugin -flto-partition=none  line 23 z == 8
FAIL: gcc.dg/guality/pr54519-3.c   -O2 -flto -fno-use-linker-plugin -flto-partition=none  line 23 z == 8
FAIL: gcc.dg/guality/pr54519-3.c   -O2 -flto -fuse-linker-plugin -fno-fat-lto-objects  line 20 y == 25
FAIL: gcc.dg/guality/pr54519-3.c   -O2 -flto -fuse-linker-plugin -fno-fat-lto-objects  line 20 y == 25
FAIL: gcc.dg/guality/pr54519-3.c   -O2 -flto -fuse-linker-plugin -fno-fat-lto-objects  line 20 z == 6
FAIL: gcc.dg/guality/pr54519-3.c   -O2 -flto -fuse-linker-plugin -fno-fat-lto-objects  line 20 z == 6
FAIL: gcc.dg/guality/pr54519-3.c   -O2 -flto -fuse-linker-plugin -fno-fat-lto-objects  line 23 y == 117
FAIL: gcc.dg/guality/pr54519-3.c   -O2 -flto -fuse-linker-plugin -fno-fat-lto-objects  line 23 y == 117
FAIL: gcc.dg/guality/pr54519-3.c   -O2 -flto -fuse-linker-plugin -fno-fat-lto-objects  line 23 z == 8
FAIL: gcc.dg/guality/pr54519-3.c   -O2 -flto -fuse-linker-plugin -fno-fat-lto-objects  line 23 z == 8
FAIL: gcc.dg/guality/pr54519-4.c   -O2 -flto -fno-use-linker-plugin -flto-partition=none  line 17 y == 25
FAIL: gcc.dg/guality/pr54519-4.c   -O2 -flto -fno-use-linker-plugin -flto-partition=none  line 17 y == 25
FAIL: gcc.dg/guality/pr54519-4.c   -O2 -flto -fuse-linker-plugin -fno-fat-lto-objects  line 17 y == 25
FAIL: gcc.dg/guality/pr54519-4.c   -O2 -flto -fuse-linker-plugin -fno-fat-lto-objects  line 17 y == 25
FAIL: gcc.dg/guality/pr54519-5.c   -O2 -flto -fno-use-linker-plugin -flto-partition=none  line 17 y == 25
FAIL: gcc.dg/guality/pr54519-5.c   -O2 -flto -fno-use-linker-plugin -flto-partition=none  line 17 y == 25
FAIL: gcc.dg/guality/pr54519-5.c   -O2 -flto -fuse-linker-plugin -fno-fat-lto-objects  line 17 y == 25
FAIL: gcc.dg/guality/pr54519-5.c   -O2 -flto -fuse-linker-plugin -fno-fat-lto-objects  line 17 y == 25
FAIL: gcc.dg/guality/pr54693-2.c   -Os  line 21 y == 20 - 2 * i
FAIL: gcc.dg/guality/pr54693-2.c   -Os  line 21 y == 20 - 2 * i
FAIL: gcc.dg/guality/pr54693-2.c   -Os  line 21 z == 30 - 3 * i
FAIL: gcc.dg/guality/pr54693-2.c   -Os  line 21 z == 30 - 3 * i
FAIL: gcc.dg/guality/pr54970.c   -O1  line 15 a[0] == 1
FAIL: gcc.dg/guality/pr54970.c   -O1  line 15 a[0] == 1
FAIL: gcc.dg/guality/pr54970.c   -O1  line 20 a[0] == 1
FAIL: gcc.dg/guality/pr54970.c   -O1  line 20 a[0] == 1
FAIL: gcc.dg/guality/pr54970.c   -O1  line 25 a[0] == 1
FAIL: gcc.dg/guality/pr54970.c   -O1  line 25 a[0] == 1
FAIL: gcc.dg/guality/pr54970.c   -O1  line 31 a[0] == 4
FAIL: gcc.dg/guality/pr54970.c   -O1  line 31 a[0] == 4
FAIL: gcc.dg/guality/pr54970.c   -O1  line 36 a[0] == 4
FAIL: gcc.dg/guality/pr54970.c   -O1  line 36 a[0] == 4
FAIL: gcc.dg/guality/pr54970.c   -O1  line 45 a[0] == 4
FAIL: gcc.dg/guality/pr54970.c   -O1  line 45 a[0] == 4
FAIL: gcc.dg/guality/pr54970.c   -O1  line 45 p[-2] == 4
FAIL: gcc.dg/guality/pr54970.c   -O1  line 45 p[-2] == 4
FAIL: gcc.dg/guality/pr54970.c   -O1  line 45 q[-1] == 4
FAIL: gcc.dg/guality/pr54970.c   -O1  line 45 q[-1] == 4
FAIL: gcc.dg/guality/pr54970.c   -O2  line 15 a[0] == 1
FAIL: gcc.dg/guality/pr54970.c   -O2  line 15 a[0] == 1
FAIL: gcc.dg/guality/pr54970.c   -O2  line 20 a[0] == 1
FAIL: gcc.dg/guality/pr54970.c   -O2  line 20 a[0] == 1
FAIL: gcc.dg/guality/pr54970.c   -O2  line 25 a[0] == 1
FAIL: gcc.dg/guality/pr54970.c   -O2  line 25 a[0] == 1
FAIL: gcc.dg/guality/pr54970.c   -O2  line 31 a[0] == 4
FAIL: gcc.dg/guality/pr54970.c   -O2  line 31 a[0] == 4
FAIL: gcc.dg/guality/pr54970.c   -O2  line 36 a[0] == 4
FAIL: gcc.dg/guality/pr54970.c   -O2  line 36 a[0] == 4
FAIL: gcc.dg/guality/pr54970.c   -O2  line 45 a[0] == 4
FAIL: gcc.dg/guality/pr54970.c   -O2  line 45 a[0] == 4
FAIL: gcc.dg/guality/pr54970.c   -O2  line 45 p[-2] == 4
FAIL: gcc.dg/guality/pr54970.c   -O2  line 45 p[-2] == 4
FAIL: gcc.dg/guality/pr54970.c   -O2  line 45 q[-1] == 4
FAIL: gcc.dg/guality/pr54970.c   -O2  line 45 q[-1] == 4
FAIL: gcc.dg/guality/pr54970.c   -O2 -flto -fno-use-linker-plugin -flto-partition=none  line 15 a[0] == 1
FAIL: gcc.dg/guality/pr54970.c   -O2 -flto -fno-use-linker-plugin -flto-partition=none  line 15 a[0] == 1
FAIL: gcc.dg/guality/pr54970.c   -O2 -flto -fno-use-linker-plugin -flto-partition=none  line 20 a[0] == 1
FAIL: gcc.dg/guality/pr54970.c   -O2 -flto -fno-use-linker-plugin -flto-partition=none  line 20 a[0] == 1
FAIL: gcc.dg/guality/pr54970.c   -O2 -flto -fno-use-linker-plugin -flto-partition=none  line 25 a[0] == 1
FAIL: gcc.dg/guality/pr54970.c   -O2 -flto -fno-use-linker-plugin -flto-partition=none  line 25 a[0] == 1
FAIL: gcc.dg/guality/pr54970.c   -O2 -flto -fno-use-linker-plugin -flto-partition=none  line 31 a[0] == 4
FAIL: gcc.dg/guality/pr54970.c   -O2 -flto -fno-use-linker-plugin -flto-partition=none  line 31 a[0] == 4
FAIL: gcc.dg/guality/pr54970.c   -O2 -flto -fno-use-linker-plugin -flto-partition=none  line 36 a[0] == 4
FAIL: gcc.dg/guality/pr54970.c   -O2 -flto -fno-use-linker-plugin -flto-partition=none  line 36 a[0] == 4
FAIL: gcc.dg/guality/pr54970.c   -O2 -flto -fno-use-linker-plugin -flto-partition=none  line 45 a[0] == 4
FAIL: gcc.dg/guality/pr54970.c   -O2 -flto -fno-use-linker-plugin -flto-partition=none  line 45 a[0] == 4
FAIL: gcc.dg/guality/pr54970.c   -O2 -flto -fno-use-linker-plugin -flto-partition=none  line 45 p[-2] == 4
FAIL: gcc.dg/guality/pr54970.c   -O2 -flto -fno-use-linker-plugin -flto-partition=none  line 45 p[-2] == 4
FAIL: gcc.dg/guality/pr54970.c   -O2 -flto -fno-use-linker-plugin -flto-partition=none  line 45 q[-1] == 4
FAIL: gcc.dg/guality/pr54970.c   -O2 -flto -fno-use-linker-plugin -flto-partition=none  line 45 q[-1] == 4
FAIL: gcc.dg/guality/pr54970.c   -O2 -flto -fuse-linker-plugin -fno-fat-lto-objects  line 15 a[0] == 1
FAIL: gcc.dg/guality/pr54970.c   -O2 -flto -fuse-linker-plugin -fno-fat-lto-objects  line 15 a[0] == 1
FAIL: gcc.dg/guality/pr54970.c   -O2 -flto -fuse-linker-plugin -fno-fat-lto-objects  line 20 a[0] == 1
FAIL: gcc.dg/guality/pr54970.c   -O2 -flto -fuse-linker-plugin -fno-fat-lto-objects  line 20 a[0] == 1
FAIL: gcc.dg/guality/pr54970.c   -O2 -flto -fuse-linker-plugin -fno-fat-lto-objects  line 25 a[0] == 1
FAIL: gcc.dg/guality/pr54970.c   -O2 -flto -fuse-linker-plugin -fno-fat-lto-objects  line 25 a[0] == 1
FAIL: gcc.dg/guality/pr54970.c   -O2 -flto -fuse-linker-plugin -fno-fat-lto-objects  line 31 a[0] == 4
FAIL: gcc.dg/guality/pr54970.c   -O2 -flto -fuse-linker-plugin -fno-fat-lto-objects  line 31 a[0] == 4
FAIL: gcc.dg/guality/pr54970.c   -O2 -flto -fuse-linker-plugin -fno-fat-lto-objects  line 36 a[0] == 4
FAIL: gcc.dg/guality/pr54970.c   -O2 -flto -fuse-linker-plugin -fno-fat-lto-objects  line 36 a[0] == 4
FAIL: gcc.dg/guality/pr54970.c   -O2 -flto -fuse-linker-plugin -fno-fat-lto-objects  line 45 a[0] == 4
FAIL: gcc.dg/guality/pr54970.c   -O2 -flto -fuse-linker-plugin -fno-fat-lto-objects  line 45 a[0] == 4
FAIL: gcc.dg/guality/pr54970.c   -O2 -flto -fuse-linker-plugin -fno-fat-lto-objects  line 45 p[-2] == 4
FAIL: gcc.dg/guality/pr54970.c   -O2 -flto -fuse-linker-plugin -fno-fat-lto-objects  line 45 p[-2] == 4
FAIL: gcc.dg/guality/pr54970.c   -O2 -flto -fuse-linker-plugin -fno-fat-lto-objects  line 45 q[-1] == 4
FAIL: gcc.dg/guality/pr54970.c   -O2 -flto -fuse-linker-plugin -fno-fat-lto-objects  line 45 q[-1] == 4
FAIL: gcc.dg/guality/pr54970.c   -O3 -g  line 15 a[0] == 1
FAIL: gcc.dg/guality/pr54970.c   -O3 -g  line 15 a[0] == 1
FAIL: gcc.dg/guality/pr54970.c   -O3 -g  line 20 a[0] == 1
FAIL: gcc.dg/guality/pr54970.c   -O3 -g  line 20 a[0] == 1
FAIL: gcc.dg/guality/pr54970.c   -O3 -g  line 25 a[0] == 1
FAIL: gcc.dg/guality/pr54970.c   -O3 -g  line 25 a[0] == 1
FAIL: gcc.dg/guality/pr54970.c   -O3 -g  line 31 a[0] == 4
FAIL: gcc.dg/guality/pr54970.c   -O3 -g  line 31 a[0] == 4
FAIL: gcc.dg/guality/pr54970.c   -O3 -g  line 36 a[0] == 4
FAIL: gcc.dg/guality/pr54970.c   -O3 -g  line 36 a[0] == 4
FAIL: gcc.dg/guality/pr54970.c   -O3 -g  line 45 a[0] == 4
FAIL: gcc.dg/guality/pr54970.c   -O3 -g  line 45 a[0] == 4
FAIL: gcc.dg/guality/pr54970.c   -O3 -g  line 45 p[-2] == 4
FAIL: gcc.dg/guality/pr54970.c   -O3 -g  line 45 p[-2] == 4
FAIL: gcc.dg/guality/pr54970.c   -O3 -g  line 45 q[-1] == 4
FAIL: gcc.dg/guality/pr54970.c   -O3 -g  line 45 q[-1] == 4
FAIL: gcc.dg/guality/pr54970.c   -Os  line 15 a[0] == 1
FAIL: gcc.dg/guality/pr54970.c   -Os  line 15 a[0] == 1
FAIL: gcc.dg/guality/pr54970.c   -Os  line 20 a[0] == 1
FAIL: gcc.dg/guality/pr54970.c   -Os  line 20 a[0] == 1
FAIL: gcc.dg/guality/pr54970.c   -Os  line 25 a[0] == 1
FAIL: gcc.dg/guality/pr54970.c   -Os  line 25 a[0] == 1
FAIL: gcc.dg/guality/pr54970.c   -Os  line 31 a[0] == 4
FAIL: gcc.dg/guality/pr54970.c   -Os  line 31 a[0] == 4
FAIL: gcc.dg/guality/pr54970.c   -Os  line 36 a[0] == 4
FAIL: gcc.dg/guality/pr54970.c   -Os  line 36 a[0] == 4
FAIL: gcc.dg/guality/pr54970.c   -Os  line 45 a[0] == 4
FAIL: gcc.dg/guality/pr54970.c   -Os  line 45 a[0] == 4
FAIL: gcc.dg/guality/pr54970.c   -Os  line 45 p[-2] == 4
FAIL: gcc.dg/guality/pr54970.c   -Os  line 45 p[-2] == 4
FAIL: gcc.dg/guality/pr54970.c   -Os  line 45 q[-1] == 4
FAIL: gcc.dg/guality/pr54970.c   -Os  line 45 q[-1] == 4
FAIL: gcc.dg/guality/sra-1.c   -O1  line 43 a.j == 14
FAIL: gcc.dg/guality/sra-1.c   -O1  line 43 a.j == 14
FAIL: gcc.dg/guality/sra-1.c   -O2  line 43 a.j == 14
FAIL: gcc.dg/guality/sra-1.c   -O2  line 43 a.j == 14
FAIL: gcc.dg/guality/sra-1.c   -O2 -flto -fno-use-linker-plugin -flto-partition=none  line 43 a.j == 14
FAIL: gcc.dg/guality/sra-1.c   -O2 -flto -fno-use-linker-plugin -flto-partition=none  line 43 a.j == 14
FAIL: gcc.dg/guality/sra-1.c   -O2 -flto -fuse-linker-plugin -fno-fat-lto-objects  line 43 a.j == 14
FAIL: gcc.dg/guality/sra-1.c   -O2 -flto -fuse-linker-plugin -fno-fat-lto-objects  line 43 a.j == 14
FAIL: gcc.dg/guality/sra-1.c   -O3 -g  line 43 a.j == 14
FAIL: gcc.dg/guality/sra-1.c   -O3 -g  line 43 a.j == 14
FAIL: gcc.dg/guality/sra-1.c   -Os  line 43 a.j == 14
FAIL: gcc.dg/guality/sra-1.c   -Os  line 43 a.j == 14
FAIL: gcc.dg/guality/vla-1.c   -O1  line 17 sizeof (a) == 6
FAIL: gcc.dg/guality/vla-1.c   -O1  line 17 sizeof (a) == 6
FAIL: gcc.dg/guality/vla-1.c   -O2  line 17 sizeof (a) == 6
FAIL: gcc.dg/guality/vla-1.c   -O2  line 17 sizeof (a) == 6
FAIL: gcc.dg/guality/vla-1.c   -O2 -flto -fno-use-linker-plugin -flto-partition=none  line 17 sizeof (a) == 6
FAIL: gcc.dg/guality/vla-1.c   -O2 -flto -fno-use-linker-plugin -flto-partition=none  line 17 sizeof (a) == 6
FAIL: gcc.dg/guality/vla-1.c   -O2 -flto -fuse-linker-plugin -fno-fat-lto-objects  line 17 sizeof (a) == 6
FAIL: gcc.dg/guality/vla-1.c   -O2 -flto -fuse-linker-plugin -fno-fat-lto-objects  line 17 sizeof (a) == 6
FAIL: gcc.dg/guality/vla-1.c   -O3 -g  line 17 sizeof (a) == 6
FAIL: gcc.dg/guality/vla-1.c   -O3 -g  line 17 sizeof (a) == 6
FAIL: gcc.dg/guality/vla-1.c   -Os  line 17 sizeof (a) == 6
FAIL: gcc.dg/guality/vla-1.c   -Os  line 17 sizeof (a) == 6
FAIL: gcc.dg/ipa/iinline-attr.c scan-ipa-dump inline "hooray[^\\\\n]*inline copy in test"
FAIL: gcc.dg/ipa/iinline-attr.c scan-ipa-dump inline "hooray[^\\\\n]*inline copy in test"
FAIL: gcc.dg/tree-ssa/ivopts-lt-2.c scan-tree-dump-times ivopts "PHI <p_" 1
FAIL: gcc.dg/tree-ssa/ivopts-lt-2.c scan-tree-dump-times ivopts "PHI <p_" 1
FAIL: gcc.dg/tree-ssa/ivopts-lt-2.c scan-tree-dump-times ivopts "PHI" 1
FAIL: gcc.dg/tree-ssa/ivopts-lt-2.c scan-tree-dump-times ivopts "PHI" 1
FAIL: gcc.dg/tree-ssa/ivopts-lt-2.c scan-tree-dump-times ivopts "p_[0-9]* <" 1
FAIL: gcc.dg/tree-ssa/ivopts-lt-2.c scan-tree-dump-times ivopts "p_[0-9]* <" 1
FAIL: gcc.dg/tree-ssa/sra-12.c scan-tree-dump-times release_ssa "l;" 0
FAIL: gcc.dg/tree-ssa/sra-12.c scan-tree-dump-times release_ssa "l;" 0
FAIL: gcc.dg/vect/costmodel/ppc/costmodel-vect-31a.c scan-tree-dump-times vect "vectorization not profitable" 1
FAIL: gcc.dg/vect/costmodel/ppc/costmodel-vect-31a.c scan-tree-dump-times vect "vectorization not profitable" 1
FAIL: gcc.dg/vect/costmodel/ppc/costmodel-vect-33.c scan-tree-dump-times vect "vectorization not profitable" 1
FAIL: gcc.dg/vect/costmodel/ppc/costmodel-vect-33.c scan-tree-dump-times vect "vectorization not profitable" 1
FAIL: gcc.dg/vect/costmodel/ppc/costmodel-vect-76b.c scan-tree-dump-times vect "vectorized 1 loops" 1
FAIL: gcc.dg/vect/costmodel/ppc/costmodel-vect-76b.c scan-tree-dump-times vect "vectorized 1 loops" 1
XPASS: gcc.dg/vect/slp-24-big-array.c -flto -ffat-lto-objects  scan-tree-dump-times vect "vectorized 1 loops" 1
XPASS: gcc.dg/vect/slp-24-big-array.c -flto -ffat-lto-objects  scan-tree-dump-times vect "vectorized 1 loops" 1
XPASS: gcc.dg/vect/slp-24-big-array.c -flto -ffat-lto-objects  scan-tree-dump-times vect "vectorizing stmts using SLP" 2
XPASS: gcc.dg/vect/slp-24-big-array.c -flto -ffat-lto-objects  scan-tree-dump-times vect "vectorizing stmts using SLP" 2
XPASS: gcc.dg/vect/slp-24-big-array.c scan-tree-dump-times vect "vectorized 1 loops" 1
XPASS: gcc.dg/vect/slp-24-big-array.c scan-tree-dump-times vect "vectorized 1 loops" 1
XPASS: gcc.dg/vect/slp-24-big-array.c scan-tree-dump-times vect "vectorizing stmts using SLP" 2
XPASS: gcc.dg/vect/slp-24-big-array.c scan-tree-dump-times vect "vectorizing stmts using SLP" 2
XPASS: gcc.dg/vect/slp-24.c -flto -ffat-lto-objects  scan-tree-dump-times vect "vectorized 1 loops" 1
XPASS: gcc.dg/vect/slp-24.c -flto -ffat-lto-objects  scan-tree-dump-times vect "vectorized 1 loops" 1
XPASS: gcc.dg/vect/slp-24.c -flto -ffat-lto-objects  scan-tree-dump-times vect "vectorizing stmts using SLP" 2
XPASS: gcc.dg/vect/slp-24.c -flto -ffat-lto-objects  scan-tree-dump-times vect "vectorizing stmts using SLP" 2
XPASS: gcc.dg/vect/slp-24.c scan-tree-dump-times vect "vectorized 1 loops" 1
XPASS: gcc.dg/vect/slp-24.c scan-tree-dump-times vect "vectorized 1 loops" 1
XPASS: gcc.dg/vect/slp-24.c scan-tree-dump-times vect "vectorizing stmts using SLP" 2
XPASS: gcc.dg/vect/slp-24.c scan-tree-dump-times vect "vectorizing stmts using SLP" 2
FAIL: gcc.dg/vect/slp-multitypes-4.c -flto -ffat-lto-objects  scan-tree-dump-times vect "vectorized 1 loops" 1
FAIL: gcc.dg/vect/slp-multitypes-4.c -flto -ffat-lto-objects  scan-tree-dump-times vect "vectorized 1 loops" 1
FAIL: gcc.dg/vect/slp-multitypes-4.c -flto -ffat-lto-objects  scan-tree-dump-times vect "vectorizing stmts using SLP" 1
FAIL: gcc.dg/vect/slp-multitypes-4.c -flto -ffat-lto-objects  scan-tree-dump-times vect "vectorizing stmts using SLP" 1
FAIL: gcc.dg/vect/slp-multitypes-4.c scan-tree-dump-times vect "vectorized 1 loops" 1
FAIL: gcc.dg/vect/slp-multitypes-4.c scan-tree-dump-times vect "vectorized 1 loops" 1
FAIL: gcc.dg/vect/slp-multitypes-4.c scan-tree-dump-times vect "vectorizing stmts using SLP" 1
FAIL: gcc.dg/vect/slp-multitypes-4.c scan-tree-dump-times vect "vectorizing stmts using SLP" 1
FAIL: gcc.dg/vect/slp-multitypes-5.c -flto -ffat-lto-objects  scan-tree-dump-times vect "vectorized 1 loops" 1
FAIL: gcc.dg/vect/slp-multitypes-5.c -flto -ffat-lto-objects  scan-tree-dump-times vect "vectorized 1 loops" 1
FAIL: gcc.dg/vect/slp-multitypes-5.c -flto -ffat-lto-objects  scan-tree-dump-times vect "vectorizing stmts using SLP" 1
FAIL: gcc.dg/vect/slp-multitypes-5.c -flto -ffat-lto-objects  scan-tree-dump-times vect "vectorizing stmts using SLP" 1
FAIL: gcc.dg/vect/slp-multitypes-5.c scan-tree-dump-times vect "vectorized 1 loops" 1
FAIL: gcc.dg/vect/slp-multitypes-5.c scan-tree-dump-times vect "vectorized 1 loops" 1
FAIL: gcc.dg/vect/slp-multitypes-5.c scan-tree-dump-times vect "vectorizing stmts using SLP" 1
FAIL: gcc.dg/vect/slp-multitypes-5.c scan-tree-dump-times vect "vectorizing stmts using SLP" 1
FAIL: gcc.dg/vect/slp-perm-8.c -flto -ffat-lto-objects  scan-tree-dump-times vect "vectorized 1 loops" 1
FAIL: gcc.dg/vect/slp-perm-8.c -flto -ffat-lto-objects  scan-tree-dump-times vect "vectorized 1 loops" 1
FAIL: gcc.dg/vect/slp-perm-8.c scan-tree-dump-times vect "vectorized 1 loops" 1
FAIL: gcc.dg/vect/slp-perm-8.c scan-tree-dump-times vect "vectorized 1 loops" 1
FAIL: gcc.dg/vect/vect-125.c -flto -ffat-lto-objects  scan-tree-dump vect "vectorized 1 loops"
FAIL: gcc.dg/vect/vect-125.c -flto -ffat-lto-objects  scan-tree-dump vect "vectorized 1 loops"
FAIL: gcc.dg/vect/vect-125.c scan-tree-dump vect "vectorized 1 loops"
FAIL: gcc.dg/vect/vect-125.c scan-tree-dump vect "vectorized 1 loops"
FAIL: gcc.target/powerpc/p8vector-builtin-8.c (test for excess errors)
FAIL: gcc.target/powerpc/p8vector-builtin-8.c (test for excess errors)
UNRESOLVED: gcc.target/powerpc/p8vector-builtin-8.c scan-assembler-times vaddcuq 2
UNRESOLVED: gcc.target/powerpc/p8vector-builtin-8.c scan-assembler-times vaddcuq 2
UNRESOLVED: gcc.target/powerpc/p8vector-builtin-8.c scan-assembler-times vaddecuq 2
UNRESOLVED: gcc.target/powerpc/p8vector-builtin-8.c scan-assembler-times vaddecuq 2
UNRESOLVED: gcc.target/powerpc/p8vector-builtin-8.c scan-assembler-times vaddeuqm 2
UNRESOLVED: gcc.target/powerpc/p8vector-builtin-8.c scan-assembler-times vaddeuqm 2
UNRESOLVED: gcc.target/powerpc/p8vector-builtin-8.c scan-assembler-times vbpermq 1
UNRESOLVED: gcc.target/powerpc/p8vector-builtin-8.c scan-assembler-times vbpermq 1
UNRESOLVED: gcc.target/powerpc/p8vector-builtin-8.c scan-assembler-times vgbbd 1
UNRESOLVED: gcc.target/powerpc/p8vector-builtin-8.c scan-assembler-times vgbbd 1
UNRESOLVED: gcc.target/powerpc/p8vector-builtin-8.c scan-assembler-times vperm 1
UNRESOLVED: gcc.target/powerpc/p8vector-builtin-8.c scan-assembler-times vperm 1
UNRESOLVED: gcc.target/powerpc/p8vector-builtin-8.c scan-assembler-times vpmsumb 1
UNRESOLVED: gcc.target/powerpc/p8vector-builtin-8.c scan-assembler-times vpmsumb 1
UNRESOLVED: gcc.target/powerpc/p8vector-builtin-8.c scan-assembler-times vpmsumd 1
UNRESOLVED: gcc.target/powerpc/p8vector-builtin-8.c scan-assembler-times vpmsumd 1
UNRESOLVED: gcc.target/powerpc/p8vector-builtin-8.c scan-assembler-times vpmsumh 1
UNRESOLVED: gcc.target/powerpc/p8vector-builtin-8.c scan-assembler-times vpmsumh 1
UNRESOLVED: gcc.target/powerpc/p8vector-builtin-8.c scan-assembler-times vpmsumw 1
UNRESOLVED: gcc.target/powerpc/p8vector-builtin-8.c scan-assembler-times vpmsumw 1
UNRESOLVED: gcc.target/powerpc/p8vector-builtin-8.c scan-assembler-times vshasigmad 1
UNRESOLVED: gcc.target/powerpc/p8vector-builtin-8.c scan-assembler-times vshasigmad 1
UNRESOLVED: gcc.target/powerpc/p8vector-builtin-8.c scan-assembler-times vshasigmaw 1
UNRESOLVED: gcc.target/powerpc/p8vector-builtin-8.c scan-assembler-times vshasigmaw 1
UNRESOLVED: gcc.target/powerpc/p8vector-builtin-8.c scan-assembler-times xxleqv 4
UNRESOLVED: gcc.target/powerpc/p8vector-builtin-8.c scan-assembler-times xxleqv 4
UNRESOLVED: gcc.target/powerpc/p8vector-builtin-8.c scan-assembler-times xxlnand 4
UNRESOLVED: gcc.target/powerpc/p8vector-builtin-8.c scan-assembler-times xxlnand 4
UNRESOLVED: gcc.target/powerpc/p8vector-builtin-8.c scan-assembler-times xxlorc 4
UNRESOLVED: gcc.target/powerpc/p8vector-builtin-8.c scan-assembler-times xxlorc 4
FAIL: gcc.target/powerpc/pr16458-1.c scan-assembler-not cmpw
FAIL: gcc.target/powerpc/pr16458-1.c scan-assembler-not cmpw
FAIL: gcc.target/powerpc/pr16458-2.c scan-assembler-not cmpw
FAIL: gcc.target/powerpc/pr16458-2.c scan-assembler-not cmpw

		=== gcc Summary ===

# of expected passes		188208
# of unexpected failures	332
# of unexpected successes	48
# of expected failures		564
# of unresolved testcases	30
# of unsupported tests		4192
/build/gcc-snapshot-a6Q5FR/gcc-snapshot-20150913/build/gcc/xgcc  version 6.0.0 20150913 (experimental) [trunk revision 227716] (Debian 20150913-1) 

		=== gfortran tests ===


Running target unix
XPASS: gfortran.dg/nint_2.f90   -O0  execution test
XPASS: gfortran.dg/nint_2.f90   -O0  execution test
XPASS: gfortran.dg/graphite/pr14741.f90   -O   scan-tree-dump-times graphite "number of SCoPs: 1" 1
XPASS: gfortran.dg/graphite/pr14741.f90   -O   scan-tree-dump-times graphite "number of SCoPs: 1" 1
FAIL: gfortran.dg/graphite/vect-pr40979.f90   -O   scan-tree-dump-times vect "vectorized 1 loops" 1
FAIL: gfortran.dg/graphite/vect-pr40979.f90   -O   scan-tree-dump-times vect "vectorized 1 loops" 1
FAIL: gfortran.dg/ieee/ieee_7.f90   -O0  execution test
FAIL: gfortran.dg/ieee/ieee_7.f90   -O0  execution test
FAIL: gfortran.dg/ieee/ieee_7.f90   -O1  execution test
FAIL: gfortran.dg/ieee/ieee_7.f90   -O1  execution test
FAIL: gfortran.dg/ieee/ieee_7.f90   -O2  execution test
FAIL: gfortran.dg/ieee/ieee_7.f90   -O2  execution test
FAIL: gfortran.dg/ieee/ieee_7.f90   -O3 -fomit-frame-pointer -funroll-loops -fpeel-loops -ftracer -finline-functions  execution test
FAIL: gfortran.dg/ieee/ieee_7.f90   -O3 -fomit-frame-pointer -funroll-loops -fpeel-loops -ftracer -finline-functions  execution test
FAIL: gfortran.dg/ieee/ieee_7.f90   -O3 -g  execution test
FAIL: gfortran.dg/ieee/ieee_7.f90   -O3 -g  execution test
FAIL: gfortran.dg/ieee/ieee_7.f90   -Os  execution test
FAIL: gfortran.dg/ieee/ieee_7.f90   -Os  execution test
FAIL: gfortran.dg/ieee/large_2.f90   -O0  execution test
FAIL: gfortran.dg/ieee/large_2.f90   -O0  execution test
FAIL: gfortran.dg/ieee/large_2.f90   -O1  execution test
FAIL: gfortran.dg/ieee/large_2.f90   -O1  execution test
FAIL: gfortran.dg/ieee/large_2.f90   -O2  execution test
FAIL: gfortran.dg/ieee/large_2.f90   -O2  execution test
FAIL: gfortran.dg/ieee/large_2.f90   -O3 -fomit-frame-pointer -funroll-loops -fpeel-loops -ftracer -finline-functions  execution test
FAIL: gfortran.dg/ieee/large_2.f90   -O3 -fomit-frame-pointer -funroll-loops -fpeel-loops -ftracer -finline-functions  execution test
FAIL: gfortran.dg/ieee/large_2.f90   -O3 -g  execution test
FAIL: gfortran.dg/ieee/large_2.f90   -O3 -g  execution test
FAIL: gfortran.dg/ieee/large_2.f90   -Os  execution test
FAIL: gfortran.dg/ieee/large_2.f90   -Os  execution test

		=== gfortran Summary ===

# of expected passes		80926
# of unexpected failures	26
# of unexpected successes	4
# of expected failures		172
# of unsupported tests		384
/build/gcc-snapshot-a6Q5FR/gcc-snapshot-20150913/build/gcc/testsuite/gfortran/../../gfortran  version 6.0.0 20150913 (experimental) [trunk revision 227716] (Debian 20150913-1) 

		=== gnat tests ===


Running target unix

		=== gnat Summary for unix ===

# of expected passes		1369
# of expected failures		21
# of unsupported tests		15

Running target unix

		=== gnat Summary for unix ===

# of expected passes		1369
# of expected failures		21
# of unsupported tests		15

		=== gnat Summary ===

# of expected passes		2738
# of expected failures		42
# of unsupported tests		30
/build/gcc-snapshot-a6Q5FR/gcc-snapshot-20150913/build/gcc/gnatmake version 6.0.0 20150913 (experimental) [trunk revision 227716]

		=== go tests ===


Running target unix
FAIL: go.test/test/ken/cplx2.go execution,  -O2 -g 
FAIL: go.test/test/ken/cplx2.go execution,  -O2 -g 

		=== go Summary ===

# of expected passes		14718
# of unexpected failures	2
# of expected failures		2
# of untested testcases		22
# of unsupported tests		6
/build/gcc-snapshot-a6Q5FR/gcc-snapshot-20150913/build/gcc/testsuite/go/../../gccgo  version 6.0.0 20150913 (experimental) [trunk revision 227716] (Debian 20150913-1) 

		=== obj-c++ tests ===


Running target unix

		=== obj-c++ Summary for unix ===

# of expected passes		1439
# of expected failures		2
# of unsupported tests		77

Running target unix

		=== obj-c++ Summary for unix ===

# of expected passes		1439
# of expected failures		2
# of unsupported tests		77

		=== obj-c++ Summary ===

# of expected passes		2878
# of expected failures		4
# of unsupported tests		154
/build/gcc-snapshot-a6Q5FR/gcc-snapshot-20150913/build/gcc/testsuite/obj-c++/../../xg++  version 6.0.0 20150913 (experimental) [trunk revision 227716] (Debian 20150913-1) 

		=== objc tests ===


Running target unix

		=== objc Summary ===

# of expected passes		5544
# of unsupported tests		136
/build/gcc-snapshot-a6Q5FR/gcc-snapshot-20150913/build/gcc/xgcc  version 6.0.0 20150913 (experimental) [trunk revision 227716] (Debian 20150913-1) 

		=== boehm-gc tests ===


Running target unix

		=== boehm-gc Summary for unix ===

# of expected passes		12
# of unsupported tests		1

Running target unix

		=== boehm-gc Summary for unix ===

# of expected passes		12
# of unsupported tests		1

		=== boehm-gc Summary ===

# of expected passes		24
# of unsupported tests		2
		=== libatomic tests ===


Running target unix

		=== libatomic Summary for unix ===

# of expected passes		44
# of unsupported tests		5

Running target unix

		=== libatomic Summary for unix ===

# of expected passes		44
# of unsupported tests		5

		=== libatomic Summary ===

# of expected passes		88
# of unsupported tests		10
		=== libffi tests ===


Running target unix

		=== libffi Summary for unix ===

# of expected passes		1914
# of unsupported tests		30

Running target unix

		=== libffi Summary for unix ===

# of expected passes		1914
# of unsupported tests		30

		=== libffi Summary ===

# of expected passes		3828
# of unsupported tests		60
		=== libgo tests ===


Running target unix
FAIL: math
FAIL: net
FAIL: runtime
FAIL: sync/atomic

		=== libgo Summary for unix ===

# of expected passes		120
# of unexpected failures	4

Running target unix/-m64
FAIL: math
FAIL: runtime

		=== libgo Summary for unix/-m64 ===

# of expected passes		122
# of unexpected failures	2

		=== libgo Summary ===

# of expected passes		242
# of unexpected failures	6
/build/gcc-snapshot-a6Q5FR/gcc-snapshot-20150913/build/./gcc/gccgo version 6.0.0 20150913 (experimental) [trunk revision 227716] (Debian 20150913-1)

		=== libgomp tests ===


Running target unix

		=== libgomp Summary for unix ===

# of expected passes		4085
# of expected failures		4
# of unsupported tests		239

Running target unix

		=== libgomp Summary for unix ===

# of expected passes		4085
# of expected failures		4
# of unsupported tests		239

		=== libgomp Summary ===

# of expected passes		8170
# of expected failures		8
# of unsupported tests		478
		=== libjava tests ===


Running target unix

		=== libjava Summary for unix ===

# of expected passes		2582
# of expected failures		4

Running target unix

		=== libjava Summary for unix ===

# of expected passes		2582
# of expected failures		4

		=== libjava Summary ===

# of expected passes		5164
# of expected failures		8
		=== libstdc++ tests ===


Running target unix
FAIL: 22_locale/numpunct/members/char/3.cc execution test
FAIL: 22_locale/numpunct/members/char/3.cc execution test
FAIL: 22_locale/time_get/get_date/wchar_t/4.cc execution test
FAIL: 22_locale/time_get/get_date/wchar_t/4.cc execution test
XPASS: 26_numerics/headers/cmath/c_math.cc execution test

		=== libstdc++ Summary ===

# of expected passes		15763
# of unexpected failures	4
# of unexpected successes	1
# of expected failures		128
# of unsupported tests		506

Compiler version: 6.0.0 20150913 (experimental) [trunk revision 227716] (Debian 20150913-1) 
Platform: powerpc-unknown-linux-gnu
configure flags: -v --with-pkgversion='Debian 20150913-1' --with-bugurl=file:///usr/share/doc/gcc-snapshot/README.Bugs --enable-languages=c,ada,c++,java,go,fortran,objc,obj-c++ --prefix=/usr/lib/gcc-snapshot --enable-shared --enable-linker-build-id --disable-nls --with-sysroot=/ --enable-clocale=gnu --enable-libstdcxx-debug --enable-libstdcxx-time=yes --with-default-libstdcxx-abi=new --enable-gnu-unique-object --disable-libitm --disable-libquadmath --enable-plugin --with-system-zlib --disable-browser-plugin --enable-java-awt=gtk --enable-gtk-cairo --with-java-home=/usr/lib/jvm/java-1.5.0-gcj-6-snap-powerpc/jre --enable-java-home --with-jvm-root-dir=/usr/lib/jvm/java-1.5.0-gcj-6-snap-powerpc --with-jvm-jar-dir=/usr/lib/jvm-exports/java-1.5.0-gcj-6-snap-powerpc --with-arch-directory=ppc --with-ecj-jar=/usr/share/java/eclipse-ecj.jar --enable-objc-gc --enable-secureplt --disable-softfloat --with-cpu=default32 --disable-softfloat --enable-targets=powerpc-linux,powerpc64-linux --enable-multiarch --with-long-double-128 --enable-multilib --disable-werror --enable-checking=yes --build=powerpc-linux-gnu --host=powerpc-linux-gnu --target=powerpc-linux-gnu
BOOT_CFLAGS=


Build Dependencies:
Desired=Unknown/Install/Remove/Purge/Hold
| Status=Not/Inst/Conf-files/Unpacked/halF-conf/Half-inst/trig-aWait/Trig-pend
|/ Err?=(none)/Reinst-required (Status,Err: uppercase=bad)
||/ Name                      Version        Architecture Description
+++-=========================-==============-============-===============================================================================
ii  binutils                  2.25.1-1       powerpc      GNU assembler, linker and binary utilities
ii  g++-4.9                   4.9.3-4        powerpc      GNU C++ compiler
ii  g++-5                     5.2.1-17       powerpc      GNU C++ compiler
ii  g++-5-multilib            5.2.1-17       powerpc      GNU C++ compiler (multilib support)
ii  g++-multilib              4:5.2.1-4      powerpc      GNU C++ compiler (multilib files)
ii  libc6:powerpc             2.19-20        powerpc      GNU C Library: Shared libraries
ii  libgmp-dev:powerpc        2:6.0.0+dfsg-7 powerpc      Multiprecision arithmetic library developers tools
ii  libisl-dev:powerpc        0.14-2         powerpc      manipulating sets and relations of integer points bounded by linear constraints
ii  libmpc-dev:powerpc        1.0.3-1        powerpc      multiple precision complex floating-point library development package
ii  libmpfr-dev:powerpc       3.1.3-1        powerpc      multiple precision floating-point computation developers tools


sys-auxv-header:
  Check for the sys/auxv.h header file.

libcilkrts-targets:
  Disable libcilkrts on KFreeBSD and the Hurd. See #734973.

go-use-gold:
  Pass -fuse-ld=gold to gccgo on targets supporting -fsplit-stack

arm-multilib-soft:
  ARM hard/soft float multilib support

arm-multilib-defaults:
  Set MULTILIB_DEFAULTS for ARM multilib builds

gcc-ice-dump:
  For ICEs, dump the preprocessed source file to stderr
  when in a distro build environment.

gcc-ice-apport:
  Report an ICE to apport (if apport is available
  and the environment variable GCC_NOAPPORT is not set)

libjava-fixed-symlinks:
  Remove unneed '..' elements from symlinks in JAVA_HOME

libffi-ro-eh_frame_sect:
  PR libffi/47248, force a read only eh frame section.

gcc-multiarch:
  - Remaining multiarch patches, not yet submitted upstream.
  - Add MULTIARCH_DIRNAME definitions for multilib configurations,
  which are used for the non-multilib builds.

libjava-nobiarch-check:
  For biarch builds, disable the testsuite for the non-default architecture
  for runtime libraries, which are not built by default (libjava).

config-ml:
  - Disable some biarch libraries for biarch builds.
  - Fix multilib builds on kernels which don't support all multilibs.

gcc-multilib-multiarch:
  Don't auto-detect multilib osdirnames.

libgomp-kfreebsd-testsuite:
  Disable lock-2.c test on kfreebsd-*

go-testsuite:
  Skip Go testcase on AArch64 which hangs on the buildds.

ada-749574:

ada-mips:
  Improve support for mips.

ada-ppc64:

ada-mips64:

ada-bootstrap-compare:
  For the bootstrap comparison, ignore gcc/ada/a-except.o on
  mips and mipsel. See PR ada/65618.

Counting all warnings,
there are 0 warnings in stage3 of this bootstrap.

Number of warnings per file:

Number of warning types:


Index Nav: [Date Index] [Subject Index] [Author Index] [Thread Index]
Message Nav: [Date Prev] [Date Next] [Thread Prev] [Thread Next]