This is the mail archive of the gcc-testresults@gcc.gnu.org mailing list for the GCC project.


Index Nav: [Date Index] [Subject Index] [Author Index] [Thread Index]
Message Nav: [Date Prev] [Date Next] [Thread Prev] [Thread Next]
Other format: [Raw text]

Results for 6.0.0 20150911 (experimental) [trunk revision 227682] (GCC) testsuite on x86_64-pc-solaris2.12


LAST_UPDATED: Fri Sep 11 11:52:31 UTC 2015 (revision 227682)

Native configuration is x86_64-pc-solaris2.12

		=== boehm-gc tests ===


Running target unix/-m32

		=== boehm-gc Summary for unix/-m32 ===

# of expected passes		12
# of unsupported tests		1

Running target unix

		=== boehm-gc Summary for unix ===

# of expected passes		12
# of unsupported tests		1

		=== boehm-gc Summary ===

# of expected passes		24
# of unsupported tests		2
		=== libatomic tests ===


Running target unix/-m32

		=== libatomic Summary for unix/-m32 ===

# of expected passes		44
# of unsupported tests		5

Running target unix

		=== libatomic Summary for unix ===

# of expected passes		54

		=== libatomic Summary ===

# of expected passes		98
# of unsupported tests		5
		=== libffi tests ===


Running target unix/-m32

		=== libffi Summary for unix/-m32 ===

# of expected passes		2439
# of unsupported tests		30

Running target unix

		=== libffi Summary for unix ===

# of expected passes		1914
# of unsupported tests		30

		=== libffi Summary ===

# of expected passes		4353
# of unsupported tests		60
		=== libgo tests ===


Running target unix

		=== libgo Summary for unix ===

# of expected passes		124

Running target unix/-m32
FAIL: runtime

		=== libgo Summary for unix/-m32 ===

# of expected passes		123
# of unexpected failures	1

		=== libgo Summary ===

# of expected passes		247
# of unexpected failures	1
		=== libgomp tests ===


Running target unix/-m32
WARNING: program timed out.
FAIL: libgomp.fortran/simd7.f90   -O3 -g  (test for excess errors)
WARNING: libgomp.fortran/simd7.f90   -O3 -g  compilation failed to produce executable
WARNING: program timed out.
FAIL: libgomp.fortran/vla1.f90   -O3 -fomit-frame-pointer -funroll-loops -fpeel-loops -ftracer -finline-functions  (test for excess errors)
WARNING: libgomp.fortran/vla1.f90   -O3 -fomit-frame-pointer -funroll-loops -fpeel-loops -ftracer -finline-functions  compilation failed to produce executable
WARNING: program timed out.
FAIL: libgomp.fortran/vla1.f90   -O3 -g  (test for excess errors)
WARNING: libgomp.fortran/vla1.f90   -O3 -g  compilation failed to produce executable
WARNING: program timed out.
FAIL: libgomp.fortran/vla3.f90   -O3 -fomit-frame-pointer -funroll-loops -fpeel-loops -ftracer -finline-functions  (test for excess errors)
WARNING: libgomp.fortran/vla3.f90   -O3 -fomit-frame-pointer -funroll-loops -fpeel-loops -ftracer -finline-functions  compilation failed to produce executable

		=== libgomp Summary for unix/-m32 ===

# of expected passes		4157
# of unexpected failures	4
# of expected failures		4
# of unsupported tests		199

Running target unix
WARNING: program timed out.
FAIL: libgomp.fortran/alloc-comp-3.f90   -O2  (test for excess errors)
WARNING: libgomp.fortran/alloc-comp-3.f90   -O2  compilation failed to produce executable
WARNING: program timed out.
FAIL: libgomp.fortran/vla5.f90   -O3 -g  (test for excess errors)
WARNING: libgomp.fortran/vla5.f90   -O3 -g  compilation failed to produce executable
WARNING: program timed out.
FAIL: libgomp.fortran/vla6.f90   -O3 -g  (test for excess errors)
WARNING: libgomp.fortran/vla6.f90   -O3 -g  compilation failed to produce executable
WARNING: program timed out.
FAIL: libgomp.fortran/vla8.f90   -O3 -fomit-frame-pointer -funroll-loops -fpeel-loops -ftracer -finline-functions  (test for excess errors)
WARNING: libgomp.fortran/vla8.f90   -O3 -fomit-frame-pointer -funroll-loops -fpeel-loops -ftracer -finline-functions  compilation failed to produce executable
WARNING: program timed out.
FAIL: libgomp.fortran/vla8.f90   -O3 -g  (test for excess errors)
WARNING: libgomp.fortran/vla8.f90   -O3 -g  compilation failed to produce executable

		=== libgomp Summary for unix ===

# of expected passes		4155
# of unexpected failures	5
# of expected failures		4
# of unsupported tests		199

		=== libgomp Summary ===

# of expected passes		8312
# of unexpected failures	9
# of expected failures		8
# of unsupported tests		398
		=== libitm tests ===


Running target unix/-m32

		=== libitm Summary for unix/-m32 ===

# of expected passes		26
# of expected failures		3
# of unsupported tests		1

Running target unix

		=== libitm Summary for unix ===

# of expected passes		26
# of expected failures		3
# of unsupported tests		1

		=== libitm Summary ===

# of expected passes		52
# of expected failures		6
# of unsupported tests		2
		=== libjava tests ===


Running target unix/-m32

		=== libjava Summary for unix/-m32 ===

# of expected passes		2582
# of expected failures		4

Running target unix

		=== libjava Summary for unix ===

# of expected passes		2582
# of expected failures		4

		=== libjava Summary ===

# of expected passes		5164
# of expected failures		8
		=== libstdc++ tests ===


Running target unix
FAIL: libstdc++-abi/abi_check

		=== libstdc++ Summary for unix ===

# of expected passes		9793
# of unexpected failures	1
# of expected failures		67
# of unsupported tests		604

Running target unix/-m32
FAIL: libstdc++-abi/abi_check

		=== libstdc++ Summary for unix/-m32 ===

# of expected passes		9793
# of unexpected failures	1
# of expected failures		67
# of unsupported tests		604

		=== libstdc++ Summary ===

# of expected passes		19586
# of unexpected failures	2
# of expected failures		134
# of unsupported tests		1208
		=== acats tests ===

		=== acats Summary ===
# of expected passes		2320
# of unexpected failures	0

		=== g++ tests ===


Running target unix
WARNING: program timed out.
WARNING: program timed out.
WARNING: program timed out.
WARNING: program timed out.
UNRESOLVED: tmpdir-g++.dg-struct-layout-1/t020 cp_compat_x_tst.o-cp_compat_y_tst.o execute 
UNRESOLVED: tmpdir-g++.dg-struct-layout-1/t020 cp_compat_x_tst.o-cp_compat_y_tst.o link 
FAIL: tmpdir-g++.dg-struct-layout-1/t020 cp_compat_y_tst.o compile
UNRESOLVED: tmpdir-g++.dg-struct-layout-1/t021 cp_compat_x_tst.o-cp_compat_y_tst.o execute 
UNRESOLVED: tmpdir-g++.dg-struct-layout-1/t021 cp_compat_x_tst.o-cp_compat_y_tst.o link 
FAIL: tmpdir-g++.dg-struct-layout-1/t021 cp_compat_y_tst.o compile
UNRESOLVED: tmpdir-g++.dg-struct-layout-1/t027 cp_compat_x_tst.o-cp_compat_y_tst.o execute 
UNRESOLVED: tmpdir-g++.dg-struct-layout-1/t027 cp_compat_x_tst.o-cp_compat_y_tst.o link 
FAIL: tmpdir-g++.dg-struct-layout-1/t027 cp_compat_y_tst.o compile
UNRESOLVED: tmpdir-g++.dg-struct-layout-1/t030 cp_compat_x_tst.o-cp_compat_y_tst.o execute 
UNRESOLVED: tmpdir-g++.dg-struct-layout-1/t030 cp_compat_x_tst.o-cp_compat_y_tst.o link 
FAIL: tmpdir-g++.dg-struct-layout-1/t030 cp_compat_y_tst.o compile
FAIL: g++.dg/eh/cleanup1.C  -std=c++11 (test for excess errors)
FAIL: g++.dg/eh/cleanup1.C  -std=c++14 (test for excess errors)
FAIL: g++.dg/eh/cleanup1.C  -std=c++98 (test for excess errors)
WARNING: program timed out.
WARNING: program timed out.
WARNING: program timed out.

		=== g++ Summary for unix ===

# of expected passes		88007
# of unexpected failures	7
# of expected failures		288
# of unresolved testcases	8
# of unsupported tests		3422

Running target unix/-m32
FAIL: g++.dg/cilk-plus/AN/array_test_ND_tplt.cc  -g -O3 -fcilkplus (test for excess errors)
WARNING: g++.dg/cilk-plus/AN/array_test_ND_tplt.cc  -g -O3 -fcilkplus compilation failed to produce executable
FAIL: g++.dg/cilk-plus/CK/catch_exc.cc  -O1 -fcilkplus execution test
FAIL: g++.dg/cilk-plus/CK/catch_exc.cc  -O3 -fcilkplus execution test
FAIL: g++.dg/cilk-plus/CK/catch_exc.cc  -g -O2 -fcilkplus execution test
FAIL: g++.dg/cilk-plus/CK/catch_exc.cc  -g -fcilkplus execution test
WARNING: program timed out.
WARNING: program timed out.
UNRESOLVED: tmpdir-g++.dg-struct-layout-1/t026 cp_compat_x_tst.o-cp_compat_y_tst.o execute 
UNRESOLVED: tmpdir-g++.dg-struct-layout-1/t026 cp_compat_x_tst.o-cp_compat_y_tst.o link 
FAIL: tmpdir-g++.dg-struct-layout-1/t026 cp_compat_y_tst.o compile
FAIL: g++.dg/opt/pr59470.C  -std=gnu++11 (test for excess errors)
WARNING: g++.dg/opt/pr59470.C  -std=gnu++11 compilation failed to produce executable
FAIL: g++.dg/opt/pr59470.C  -std=gnu++14 (test for excess errors)
WARNING: g++.dg/opt/pr59470.C  -std=gnu++14 compilation failed to produce executable
FAIL: g++.dg/opt/pr59470.C  -std=gnu++98 (test for excess errors)
WARNING: g++.dg/opt/pr59470.C  -std=gnu++98 compilation failed to produce executable

		=== g++ Summary for unix/-m32 ===

# of expected passes		86653
# of unexpected failures	9
# of expected failures		288
# of unresolved testcases	2
# of unsupported tests		3173

		=== g++ Summary ===

# of expected passes		174660
# of unexpected failures	16
# of expected failures		576
# of unresolved testcases	10
# of unsupported tests		6595
/var/gcc/regression/trunk/12-gcc-64/build/gcc/testsuite/g++/../../xg++  version 6.0.0 20150911 (experimental) [trunk revision 227682] (GCC) 

		=== gcc tests ===


Running target unix
FAIL: gcc.dg/atomic/c11-atomic-exec-2.c   -O2  (test for excess errors)
WARNING: gcc.dg/atomic/c11-atomic-exec-2.c   -O2  compilation failed to produce executable
FAIL: gcc.dg/atomic/c11-atomic-exec-2.c   -O2 -flto  (test for excess errors)
WARNING: gcc.dg/atomic/c11-atomic-exec-2.c   -O2 -flto  compilation failed to produce executable
FAIL: gcc.dg/atomic/c11-atomic-exec-2.c   -O2 -flto -flto-partition=none  (test for excess errors)
WARNING: gcc.dg/atomic/c11-atomic-exec-2.c   -O2 -flto -flto-partition=none  compilation failed to produce executable
FAIL: gcc.dg/atomic/c11-atomic-exec-2.c   -O3 -fomit-frame-pointer -funroll-loops -fpeel-loops -ftracer -finline-functions  (test for excess errors)
WARNING: gcc.dg/atomic/c11-atomic-exec-2.c   -O3 -fomit-frame-pointer -funroll-loops -fpeel-loops -ftracer -finline-functions  compilation failed to produce executable
FAIL: gcc.dg/atomic/c11-atomic-exec-2.c   -O3 -g  (test for excess errors)
WARNING: gcc.dg/atomic/c11-atomic-exec-2.c   -O3 -g  compilation failed to produce executable
WARNING: program timed out.
WARNING: program timed out.
WARNING: program timed out.
WARNING: program timed out.
WARNING: program timed out.
WARNING: program timed out.
FAIL: tmpdir-gcc.dg-struct-layout-1/t002 c_compat_y_tst.o compile
FAIL: gcc.dg/debug/dwarf2/stacked-qualified-types-3.c scan-assembler-times DIE \\\\([^\\n]*\\\\) DW_TAG_(?:const|volatile|atomic|restrict)_type 8
FAIL: gcc.dg/c11-atomic-2.c (test for excess errors)
WARNING: program timed out.
FAIL: gcc.target/i386/pr49781-1.c scan-assembler-not lea[lq]?[ \\t]\\\\((%|)r[a-z0-9]*
FAIL: gcc.target/i386/pr58218.c (test for excess errors)
FAIL: gcc.target/i386/pr61403.c scan-assembler blend
FAIL: gcc.target/i386/pr61599-1.c (test for excess errors)
WARNING: gcc.target/i386/pr61599-1.c compilation failed to produce executable

		=== gcc Summary for unix ===

# of expected passes		100022
# of unexpected failures	12
# of expected failures		273
# of unsupported tests		2543

Running target unix/-m32
FAIL: gcc.dg/atomic/c11-atomic-exec-2.c   -O2  (test for excess errors)
WARNING: gcc.dg/atomic/c11-atomic-exec-2.c   -O2  compilation failed to produce executable
FAIL: gcc.dg/atomic/c11-atomic-exec-2.c   -O2 -flto -flto-partition=none  (test for excess errors)
FAIL: gcc.dg/atomic/c11-atomic-exec-2.c   -O3 -fomit-frame-pointer -funroll-loops -fpeel-loops -ftracer -finline-functions  (test for excess errors)
WARNING: gcc.dg/atomic/c11-atomic-exec-2.c   -O3 -fomit-frame-pointer -funroll-loops -fpeel-loops -ftracer -finline-functions  compilation failed to produce executable
FAIL: gcc.dg/atomic/c11-atomic-exec-2.c   -O3 -g  (test for excess errors)
WARNING: gcc.dg/atomic/c11-atomic-exec-2.c   -O3 -g  compilation failed to produce executable
FAIL: gcc.dg/atomic/c11-atomic-exec-2.c   -Os  (test for excess errors)
WARNING: gcc.dg/atomic/c11-atomic-exec-2.c   -Os  compilation failed to produce executable
WARNING: program timed out.
WARNING: program timed out.
WARNING: program timed out.
WARNING: program timed out.
WARNING: program timed out.
FAIL: gcc.dg/debug/dwarf2/stacked-qualified-types-3.c scan-assembler-times DIE \\\\([^\\n]*\\\\) DW_TAG_(?:const|volatile|atomic|restrict)_type 8
FAIL: gcc.dg/c11-atomic-2.c (test for excess errors)
FAIL: gcc.dg/ifcvt-3.c scan-rtl-dump ce1 "3 true changes made"
WARNING: program timed out.
FAIL: gcc.target/i386/pr61403.c scan-assembler blend

		=== gcc Summary for unix/-m32 ===

# of expected passes		99187
# of unexpected failures	9
# of expected failures		276
# of unsupported tests		2338

		=== gcc Summary ===

# of expected passes		199209
# of unexpected failures	21
# of expected failures		549
# of unsupported tests		4881
/var/gcc/regression/trunk/12-gcc-64/build/gcc/xgcc  version 6.0.0 20150911 (experimental) [trunk revision 227682] (GCC) 

		=== gfortran tests ===


Running target unix
FAIL: gfortran.dg/minlocval_3.f90   -O3 -fomit-frame-pointer -funroll-loops -fpeel-loops -ftracer -finline-functions  (test for excess errors)
WARNING: gfortran.dg/minlocval_3.f90   -O3 -fomit-frame-pointer -funroll-loops -fpeel-loops -ftracer -finline-functions  compilation failed to produce executable
WARNING: program timed out.
XPASS: gfortran.dg/graphite/pr14741.f90   -O   scan-tree-dump-times graphite "number of SCoPs: 1" 1

		=== gfortran Summary for unix ===

# of expected passes		40703
# of unexpected failures	1
# of unexpected successes	1
# of expected failures		74
# of unsupported tests		69

Running target unix/-m32
FAIL: gfortran.dg/minlocval_3.f90   -O3 -fomit-frame-pointer -funroll-loops -fpeel-loops -ftracer -finline-functions  (test for excess errors)
WARNING: gfortran.dg/minlocval_3.f90   -O3 -fomit-frame-pointer -funroll-loops -fpeel-loops -ftracer -finline-functions  compilation failed to produce executable
FAIL: gfortran.dg/minlocval_3.f90   -O3 -g  (test for excess errors)
WARNING: gfortran.dg/minlocval_3.f90   -O3 -g  compilation failed to produce executable
WARNING: program timed out.
WARNING: program timed out.
XPASS: gfortran.dg/graphite/pr14741.f90   -O   scan-tree-dump-times graphite "number of SCoPs: 1" 1

		=== gfortran Summary for unix/-m32 ===

# of expected passes		40486
# of unexpected failures	2
# of unexpected successes	1
# of expected failures		74
# of unsupported tests		171

		=== gfortran Summary ===

# of expected passes		81189
# of unexpected failures	3
# of unexpected successes	2
# of expected failures		148
# of unsupported tests		240
/var/gcc/regression/trunk/12-gcc-64/build/gcc/testsuite/gfortran/../../gfortran  version 6.0.0 20150911 (experimental) [trunk revision 227682] (GCC) 

		=== gnat tests ===


Running target unix/-m32
FAIL: gnat.dg/specs/addr1.ads  (test for warnings, line 30)

		=== gnat Summary for unix/-m32 ===

# of expected passes		1391
# of unexpected failures	1
# of expected failures		21
# of unsupported tests		7

Running target unix
FAIL: gnat.dg/specs/addr1.ads  (test for warnings, line 30)

		=== gnat Summary for unix ===

# of expected passes		1391
# of unexpected failures	1
# of expected failures		21
# of unsupported tests		7

		=== gnat Summary ===

# of expected passes		2782
# of unexpected failures	2
# of expected failures		42
# of unsupported tests		14
/var/gcc/regression/trunk/12-gcc-64/build/gcc/gnatmake version 6.0.0 20150911 (experimental) [trunk revision 227682]

		=== go tests ===


Running target unix

		=== go Summary for unix ===

# of expected passes		7244
# of expected failures		1
# of untested testcases		10
# of unsupported tests		1

Running target unix/-m32
FAIL: ./index0-out.go compilation,  -O0 -g -fno-var-tracking-assignments 
WARNING: program timed out.

		=== go Summary for unix/-m32 ===

# of expected passes		7361
# of unexpected failures	1
# of expected failures		1
# of untested testcases		11
# of unsupported tests		2

		=== go Summary ===

# of expected passes		14605
# of unexpected failures	1
# of expected failures		2
# of untested testcases		21
# of unsupported tests		3
		=== obj-c++ tests ===


Running target unix/-m32

		=== obj-c++ Summary for unix/-m32 ===

# of expected passes		1439
# of expected failures		2
# of unsupported tests		77

Running target unix

		=== obj-c++ Summary for unix ===

# of expected passes		1431
# of expected failures		10
# of unsupported tests		77

		=== obj-c++ Summary ===

# of expected passes		2870
# of expected failures		12
# of unsupported tests		154
/var/gcc/regression/trunk/12-gcc-64/build/gcc/testsuite/obj-c++/../../xg++  version 6.0.0 20150911 (experimental) [trunk revision 227682] (GCC) 

		=== objc tests ===


Running target unix

		=== objc Summary for unix ===

# of expected passes		2766
# of expected failures		6
# of unsupported tests		68

Running target unix/-m32

		=== objc Summary for unix/-m32 ===

# of expected passes		2766
# of expected failures		6
# of unsupported tests		68

		=== objc Summary ===

# of expected passes		5532
# of expected failures		12
# of unsupported tests		136
/var/gcc/regression/trunk/12-gcc-64/build/gcc/xgcc  version 6.0.0 20150911 (experimental) [trunk revision 227682] (GCC) 


Compiler version: 6.0.0 20150911 (experimental) [trunk revision 227682] (GCC) 
Platform: x86_64-pc-solaris2.12
configure flags: --prefix=/vol/gcc --target=amd64-pc-solaris2.12 --enable-objc-gc --with-as=/usr/ccs/bin/as --without-gnu-as --with-gmp-include=/vol/gcc/include --with-gmp-lib=/vol/gcc/lib/amd64 --with-mpfr-include=/vol/gcc/include --with-mpfr-lib=/vol/gcc/lib/amd64 --with-mpc-include=/vol/gcc/include --with-mpc-lib=/vol/gcc/lib/amd64 --enable-languages=all,ada,obj-c++,go --with-isl-include=/vol/gcc/include --with-isl-lib=/vol/gcc/lib/amd64 --with-cloog-include=/vol/gcc/include --with-cloog-lib=/vol/gcc/lib/amd64 --enable-cloog-backend=isl --build=amd64-pc-solaris2.12 --host=amd64-pc-solaris2.12
BOOT_CFLAGS=-g -O2


Index Nav: [Date Index] [Subject Index] [Author Index] [Thread Index]
Message Nav: [Date Prev] [Date Next] [Thread Prev] [Thread Next]