This is the mail archive of the gcc-testresults@gcc.gnu.org mailing list for the GCC project.


Index Nav: [Date Index] [Subject Index] [Author Index] [Thread Index]
Message Nav: [Date Prev] [Date Next] [Thread Prev] [Thread Next]
Other format: [Raw text]

Results for 6.0.0 20150913 (experimental) (GCC) testsuite on i686-pc-linux-gnu


LAST_UPDATED: Sun Sep 13 07:10:07 UTC 2015 (/trunk revision 227715)

Native configuration is i686-pc-linux-gnu

		=== g++ tests ===


Running target localhost
FAIL: g++.dg/guality/pr55665.C   -O2  line 23 p == 40
FAIL: g++.dg/guality/pr55665.C   -O3 -g  line 23 p == 40

		=== g++ Summary ===

# of expected passes		90820
# of unexpected failures	2
# of expected failures		334
# of unsupported tests		3212
/scratch/gcc/nightly-2015-09-13-mainline/i686-pc-linux-gnu/obj/test-mainline-0-i686-pc-linux-gnu/host-i686-pc-linux-gnu/fsf-mainline/bin/i686-pc-linux-gnu-g++  version 6.0.0 20150913 (experimental) (GCC) 


		=== Summary adjusted for local xfails ===

# of unexpected failures        2
# of expected passes            90820
# of expected failures          334
# of unsupported tests          3212
		=== gcc tests ===


Running target localhost
FAIL: gcc.dg/debug/dwarf2/stacked-qualified-types-3.c scan-assembler-times DIE \\\\([^\\n]*\\\\) DW_TAG_(?:const|volatile|atomic|restrict)_type 8
XPASS: gcc.dg/guality/example.c   -O0  execution test
XPASS: gcc.dg/guality/example.c   -O1  execution test
XPASS: gcc.dg/guality/guality.c   -O0  execution test
XPASS: gcc.dg/guality/guality.c   -O1  execution test
XPASS: gcc.dg/guality/guality.c   -O2  execution test
XPASS: gcc.dg/guality/guality.c   -O3 -g  execution test
XPASS: gcc.dg/guality/guality.c   -Os  execution test
XPASS: gcc.dg/guality/guality.c   -O2 -flto -fno-use-linker-plugin -flto-partition=none  execution test
XPASS: gcc.dg/guality/guality.c   -O2 -flto -fuse-linker-plugin -fno-fat-lto-objects  execution test
XPASS: gcc.dg/guality/inline-params.c   -O2  execution test
XPASS: gcc.dg/guality/inline-params.c   -O3 -g  execution test
XPASS: gcc.dg/guality/inline-params.c   -Os  execution test
XPASS: gcc.dg/guality/inline-params.c   -O2 -flto -fno-use-linker-plugin -flto-partition=none  execution test
XPASS: gcc.dg/guality/pr41353-1.c   -O0  line 28 j == 28 + 37
XPASS: gcc.dg/guality/pr41353-1.c   -O1  line 28 j == 28 + 37
XPASS: gcc.dg/guality/pr41353-1.c   -O2  line 28 j == 28 + 37
XPASS: gcc.dg/guality/pr41353-1.c   -O3 -g  line 28 j == 28 + 37
XPASS: gcc.dg/guality/pr41353-1.c   -Os  line 28 j == 28 + 37
XPASS: gcc.dg/guality/pr41353-1.c   -O2 -flto -fno-use-linker-plugin -flto-partition=none  line 28 j == 28 + 37
XPASS: gcc.dg/guality/pr41353-1.c   -O2 -flto -fuse-linker-plugin -fno-fat-lto-objects  line 28 j == 28 + 37
FAIL: gcc.dg/guality/pr41447-1.c   -O2  execution test
FAIL: gcc.dg/guality/pr41447-1.c   -O3 -g  execution test
FAIL: gcc.dg/guality/pr41447-1.c   -O2 -flto -fno-use-linker-plugin -flto-partition=none  execution test
FAIL: gcc.dg/guality/pr41616-1.c   -O2 -flto -fuse-linker-plugin -fno-fat-lto-objects  execution test
FAIL: gcc.dg/guality/pr45882.c   -O2 -flto -fuse-linker-plugin -fno-fat-lto-objects  line 16 d == 112
FAIL: gcc.dg/guality/pr45882.c   -O2 -flto -fuse-linker-plugin -fno-fat-lto-objects  line 16 e == 142
FAIL: gcc.dg/guality/pr54200.c   -O2 -flto -fuse-linker-plugin -fno-fat-lto-objects  line 20 z == 3
FAIL: gcc.dg/guality/pr54519-1.c   -O2 -flto -fno-use-linker-plugin -flto-partition=none  line 20 y == 25
FAIL: gcc.dg/guality/pr54519-1.c   -O2 -flto -fno-use-linker-plugin -flto-partition=none  line 20 z == 6
FAIL: gcc.dg/guality/pr54519-1.c   -O2 -flto -fno-use-linker-plugin -flto-partition=none  line 23 y == 117
FAIL: gcc.dg/guality/pr54519-1.c   -O2 -flto -fno-use-linker-plugin -flto-partition=none  line 23 z == 8
FAIL: gcc.dg/guality/pr54519-2.c   -O2 -flto -fno-use-linker-plugin -flto-partition=none  line 17 y == 25
FAIL: gcc.dg/guality/pr54519-2.c   -O2 -flto -fuse-linker-plugin -fno-fat-lto-objects  line 17 y == 25
FAIL: gcc.dg/guality/pr54519-3.c   -O2 -flto -fno-use-linker-plugin -flto-partition=none  line 20 y == 25
FAIL: gcc.dg/guality/pr54519-3.c   -O2 -flto -fno-use-linker-plugin -flto-partition=none  line 20 z == 6
FAIL: gcc.dg/guality/pr54519-3.c   -O2 -flto -fno-use-linker-plugin -flto-partition=none  line 23 y == 117
FAIL: gcc.dg/guality/pr54519-3.c   -O2 -flto -fno-use-linker-plugin -flto-partition=none  line 23 z == 8
FAIL: gcc.dg/guality/pr54519-3.c   -O2 -flto -fuse-linker-plugin -fno-fat-lto-objects  line 20 y == 25
FAIL: gcc.dg/guality/pr54519-3.c   -O2 -flto -fuse-linker-plugin -fno-fat-lto-objects  line 20 z == 6
FAIL: gcc.dg/guality/pr54519-3.c   -O2 -flto -fuse-linker-plugin -fno-fat-lto-objects  line 23 y == 117
FAIL: gcc.dg/guality/pr54519-3.c   -O2 -flto -fuse-linker-plugin -fno-fat-lto-objects  line 23 z == 8
FAIL: gcc.dg/guality/pr54519-4.c   -O2 -flto -fno-use-linker-plugin -flto-partition=none  line 17 y == 25
FAIL: gcc.dg/guality/pr54519-4.c   -O2 -flto -fuse-linker-plugin -fno-fat-lto-objects  line 17 y == 25
FAIL: gcc.dg/guality/pr54519-5.c   -O2 -flto -fno-use-linker-plugin -flto-partition=none  line 17 y == 25
FAIL: gcc.dg/guality/pr54519-5.c   -O2 -flto -fuse-linker-plugin -fno-fat-lto-objects  line 17 y == 25
FAIL: gcc.dg/guality/pr54970.c   -Os  line 15 a[0] == 1
FAIL: gcc.dg/guality/pr54970.c   -Os  line 20 a[0] == 1
FAIL: gcc.dg/guality/pr54970.c   -Os  line 25 a[0] == 1
FAIL: gcc.dg/guality/pr54970.c   -Os  line 31 a[0] == 4
FAIL: gcc.dg/guality/pr54970.c   -Os  line 36 a[0] == 4
FAIL: gcc.dg/guality/pr54970.c   -Os  line 45 a[0] == 4
FAIL: gcc.dg/guality/pr54970.c   -Os  line 45 p[-2] == 4
FAIL: gcc.dg/guality/pr54970.c   -Os  line 45 q[-1] == 4
FAIL: gcc.dg/guality/vla-1.c   -O1  line 17 sizeof (a) == 6
FAIL: gcc.dg/guality/vla-1.c   -O2  line 17 sizeof (a) == 6
FAIL: gcc.dg/guality/vla-1.c   -O3 -g  line 17 sizeof (a) == 6
FAIL: gcc.dg/guality/vla-1.c   -Os  line 17 sizeof (a) == 6
FAIL: gcc.dg/guality/vla-1.c   -O2 -flto -fno-use-linker-plugin -flto-partition=none  line 17 sizeof (a) == 6
FAIL: gcc.dg/guality/vla-1.c   -O2 -flto -fuse-linker-plugin -fno-fat-lto-objects  line 17 sizeof (a) == 6
FAIL: gcc.target/i386/pr61403.c scan-assembler blend

		=== gcc Summary ===

# of expected passes		106011
# of unexpected failures	41
# of unexpected successes	20
# of expected failures		281
# of unsupported tests		1640
/scratch/gcc/nightly-2015-09-13-mainline/i686-pc-linux-gnu/obj/test-mainline-0-i686-pc-linux-gnu/host-i686-pc-linux-gnu/fsf-mainline/bin/i686-pc-linux-gnu-gcc  version 6.0.0 20150913 (experimental) (GCC) 


		=== Summary adjusted for local xfails ===

# of unexpected failures        41
# of expected passes            106011
# of unexpected successes       20
# of expected failures          281
# of unsupported tests          1640
		=== gfortran tests ===


Running target localhost
XPASS: gfortran.dg/graphite/pr14741.f90   -O   scan-tree-dump-times graphite "number of SCoPs: 1" 1

		=== gfortran Summary ===

# of expected passes		40538
# of unexpected successes	1
# of expected failures		74
# of unsupported tests		165
/scratch/gcc/nightly-2015-09-13-mainline/i686-pc-linux-gnu/obj/test-mainline-0-i686-pc-linux-gnu/host-i686-pc-linux-gnu/fsf-mainline/bin/i686-pc-linux-gnu-gfortran  version 6.0.0 20150913 (experimental) (GCC) 


		=== Summary adjusted for local xfails ===

# of expected passes            40538
# of unexpected successes       1
# of expected failures          74
# of unsupported tests          165
		=== libatomic tests ===


Running target localhost

		=== libatomic Summary ===

# of expected passes		44
# of unsupported tests		5

		=== Summary adjusted for local xfails ===

# of expected passes            44
# of unsupported tests          5
		=== libgomp tests ===


Running target localhost

		=== libgomp Summary ===

# of expected passes		4171
# of expected failures		4
# of unsupported tests		196

		=== Summary adjusted for local xfails ===

# of expected passes            4171
# of expected failures          4
# of unsupported tests          196
		=== libitm tests ===


Running target localhost

		=== libitm Summary ===

# of expected passes		26
# of expected failures		3
# of unsupported tests		1

		=== Summary adjusted for local xfails ===

# of expected passes            26
# of expected failures          3
# of unsupported tests          1
		=== libstdc++ tests ===


Running target localhost
FAIL: 25_algorithms/remove/requirements/explicit_instantiation/2.cc (test for excess errors)

		=== libstdc++ Summary ===

# of expected passes		10104
# of unexpected failures	1
# of expected failures		66
# of unsupported tests		551

		=== Summary adjusted for local xfails ===

# of unexpected failures        1
# of expected passes            10104
# of expected failures          66
# of unsupported tests          551
		=== g++ tests ===


Running target localhost/-m64
FAIL: c-c++-common/asan/asan-interface-1.c   -O0  execution test
FAIL: c-c++-common/asan/asan-interface-1.c   -O1  execution test
FAIL: c-c++-common/asan/asan-interface-1.c   -O2  execution test
FAIL: c-c++-common/asan/asan-interface-1.c   -O3 -g  execution test
FAIL: c-c++-common/asan/asan-interface-1.c   -Os  execution test
FAIL: c-c++-common/asan/asan-interface-1.c   -O2 -flto -fno-use-linker-plugin -flto-partition=none  execution test
FAIL: c-c++-common/asan/asan-interface-1.c   -O2 -flto -fuse-linker-plugin -fno-fat-lto-objects  execution test
FAIL: c-c++-common/asan/bitfield-1.c   -O0  output pattern test, is ==31517==ERROR: AddressSanitizer failed to allocate 0xdfff0001000 (15392894357504) bytes at address 2008fff7000 (errno: 12)
FAIL: c-c++-common/asan/bitfield-1.c   -O1  output pattern test, is ==31529==ERROR: AddressSanitizer failed to allocate 0xdfff0001000 (15392894357504) bytes at address 2008fff7000 (errno: 12)
FAIL: c-c++-common/asan/bitfield-1.c   -O2  output pattern test, is ==31550==ERROR: AddressSanitizer failed to allocate 0xdfff0001000 (15392894357504) bytes at address 2008fff7000 (errno: 12)
FAIL: c-c++-common/asan/bitfield-1.c   -O3 -g  output pattern test, is ==31560==ERROR: AddressSanitizer failed to allocate 0xdfff0001000 (15392894357504) bytes at address 2008fff7000 (errno: 12)
FAIL: c-c++-common/asan/bitfield-1.c   -Os  output pattern test, is ==31570==ERROR: AddressSanitizer failed to allocate 0xdfff0001000 (15392894357504) bytes at address 2008fff7000 (errno: 12)
FAIL: c-c++-common/asan/bitfield-1.c   -O2 -flto -fno-use-linker-plugin -flto-partition=none  output pattern test, is ==31592==ERROR: AddressSanitizer failed to allocate 0xdfff0001000 (15392894357504) bytes at address 2008fff7000 (errno: 12)
FAIL: c-c++-common/asan/bitfield-1.c   -O2 -flto -fuse-linker-plugin -fno-fat-lto-objects  output pattern test, is ==31608==ERROR: AddressSanitizer failed to allocate 0xdfff0001000 (15392894357504) bytes at address 2008fff7000 (errno: 12)
FAIL: c-c++-common/asan/bitfield-2.c   -O0  output pattern test, is ==31618==ERROR: AddressSanitizer failed to allocate 0xdfff0001000 (15392894357504) bytes at address 2008fff7000 (errno: 12)
FAIL: c-c++-common/asan/bitfield-2.c   -O1  output pattern test, is ==31628==ERROR: AddressSanitizer failed to allocate 0xdfff0001000 (15392894357504) bytes at address 2008fff7000 (errno: 12)
FAIL: c-c++-common/asan/bitfield-2.c   -O2  output pattern test, is ==31638==ERROR: AddressSanitizer failed to allocate 0xdfff0001000 (15392894357504) bytes at address 2008fff7000 (errno: 12)
FAIL: c-c++-common/asan/bitfield-2.c   -O3 -g  output pattern test, is ==31648==ERROR: AddressSanitizer failed to allocate 0xdfff0001000 (15392894357504) bytes at address 2008fff7000 (errno: 12)
FAIL: c-c++-common/asan/bitfield-2.c   -Os  output pattern test, is ==31658==ERROR: AddressSanitizer failed to allocate 0xdfff0001000 (15392894357504) bytes at address 2008fff7000 (errno: 12)
FAIL: c-c++-common/asan/bitfield-2.c   -O2 -flto -fno-use-linker-plugin -flto-partition=none  output pattern test, is ==31680==ERROR: AddressSanitizer failed to allocate 0xdfff0001000 (15392894357504) bytes at address 2008fff7000 (errno: 12)
FAIL: c-c++-common/asan/bitfield-2.c   -O2 -flto -fuse-linker-plugin -fno-fat-lto-objects  output pattern test, is ==31708==ERROR: AddressSanitizer failed to allocate 0xdfff0001000 (15392894357504) bytes at address 2008fff7000 (errno: 12)
FAIL: c-c++-common/asan/bitfield-3.c   -O0  output pattern test, is ==31718==ERROR: AddressSanitizer failed to allocate 0xdfff0001000 (15392894357504) bytes at address 2008fff7000 (errno: 12)
FAIL: c-c++-common/asan/bitfield-3.c   -O1  output pattern test, is ==31728==ERROR: AddressSanitizer failed to allocate 0xdfff0001000 (15392894357504) bytes at address 2008fff7000 (errno: 12)
FAIL: c-c++-common/asan/bitfield-3.c   -O2  output pattern test, is ==31738==ERROR: AddressSanitizer failed to allocate 0xdfff0001000 (15392894357504) bytes at address 2008fff7000 (errno: 12)
FAIL: c-c++-common/asan/bitfield-3.c   -O3 -g  output pattern test, is ==31748==ERROR: AddressSanitizer failed to allocate 0xdfff0001000 (15392894357504) bytes at address 2008fff7000 (errno: 12)
FAIL: c-c++-common/asan/bitfield-3.c   -Os  output pattern test, is ==31758==ERROR: AddressSanitizer failed to allocate 0xdfff0001000 (15392894357504) bytes at address 2008fff7000 (errno: 12)
FAIL: c-c++-common/asan/bitfield-3.c   -O2 -flto -fno-use-linker-plugin -flto-partition=none  output pattern test, is ==31780==ERROR: AddressSanitizer failed to allocate 0xdfff0001000 (15392894357504) bytes at address 2008fff7000 (errno: 12)
FAIL: c-c++-common/asan/bitfield-3.c   -O2 -flto -fuse-linker-plugin -fno-fat-lto-objects  output pattern test, is ==31796==ERROR: AddressSanitizer failed to allocate 0xdfff0001000 (15392894357504) bytes at address 2008fff7000 (errno: 12)
FAIL: c-c++-common/asan/bitfield-4.c   -O0  output pattern test, is ==31806==ERROR: AddressSanitizer failed to allocate 0xdfff0001000 (15392894357504) bytes at address 2008fff7000 (errno: 12)
FAIL: c-c++-common/asan/bitfield-4.c   -O1  output pattern test, is ==31816==ERROR: AddressSanitizer failed to allocate 0xdfff0001000 (15392894357504) bytes at address 2008fff7000 (errno: 12)
FAIL: c-c++-common/asan/bitfield-4.c   -O2  output pattern test, is ==31826==ERROR: AddressSanitizer failed to allocate 0xdfff0001000 (15392894357504) bytes at address 2008fff7000 (errno: 12)
FAIL: c-c++-common/asan/bitfield-4.c   -O3 -g  output pattern test, is ==31836==ERROR: AddressSanitizer failed to allocate 0xdfff0001000 (15392894357504) bytes at address 2008fff7000 (errno: 12)
FAIL: c-c++-common/asan/bitfield-4.c   -Os  output pattern test, is ==31846==ERROR: AddressSanitizer failed to allocate 0xdfff0001000 (15392894357504) bytes at address 2008fff7000 (errno: 12)
FAIL: c-c++-common/asan/bitfield-4.c   -O2 -flto -fno-use-linker-plugin -flto-partition=none  output pattern test, is ==31868==ERROR: AddressSanitizer failed to allocate 0xdfff0001000 (15392894357504) bytes at address 2008fff7000 (errno: 12)
FAIL: c-c++-common/asan/bitfield-4.c   -O2 -flto -fuse-linker-plugin -fno-fat-lto-objects  output pattern test, is ==31884==ERROR: AddressSanitizer failed to allocate 0xdfff0001000 (15392894357504) bytes at address 2008fff7000 (errno: 12)
FAIL: c-c++-common/asan/bitfield-5.c   -O0  output pattern test, is ==31894==ERROR: AddressSanitizer failed to allocate 0xdfff0001000 (15392894357504) bytes at address 2008fff7000 (errno: 12)
FAIL: c-c++-common/asan/bitfield-5.c   -O1  output pattern test, is ==31909==ERROR: AddressSanitizer failed to allocate 0xdfff0001000 (15392894357504) bytes at address 2008fff7000 (errno: 12)
FAIL: c-c++-common/asan/bitfield-5.c   -O2  output pattern test, is ==31923==ERROR: AddressSanitizer failed to allocate 0xdfff0001000 (15392894357504) bytes at address 2008fff7000 (errno: 12)
FAIL: c-c++-common/asan/bitfield-5.c   -O3 -g  output pattern test, is ==31933==ERROR: AddressSanitizer failed to allocate 0xdfff0001000 (15392894357504) bytes at address 2008fff7000 (errno: 12)
FAIL: c-c++-common/asan/bitfield-5.c   -Os  output pattern test, is ==31943==ERROR: AddressSanitizer failed to allocate 0xdfff0001000 (15392894357504) bytes at address 2008fff7000 (errno: 12)
FAIL: c-c++-common/asan/bitfield-5.c   -O2 -flto -fno-use-linker-plugin -flto-partition=none  output pattern test, is ==31965==ERROR: AddressSanitizer failed to allocate 0xdfff0001000 (15392894357504) bytes at address 2008fff7000 (errno: 12)
FAIL: c-c++-common/asan/bitfield-5.c   -O2 -flto -fuse-linker-plugin -fno-fat-lto-objects  output pattern test, is ==31981==ERROR: AddressSanitizer failed to allocate 0xdfff0001000 (15392894357504) bytes at address 2008fff7000 (errno: 12)
FAIL: c-c++-common/asan/clone-test-1.c   -O0  execution test
FAIL: c-c++-common/asan/clone-test-1.c   -O1  execution test
FAIL: c-c++-common/asan/clone-test-1.c   -O2  execution test
FAIL: c-c++-common/asan/clone-test-1.c   -O3 -fomit-frame-pointer -funroll-loops -fpeel-loops -ftracer -finline-functions  execution test
FAIL: c-c++-common/asan/clone-test-1.c   -O3 -g  execution test
FAIL: c-c++-common/asan/clone-test-1.c   -Os  execution test
FAIL: c-c++-common/asan/clone-test-1.c   -O2 -flto -fno-use-linker-plugin -flto-partition=none  execution test
FAIL: c-c++-common/asan/clone-test-1.c   -O2 -flto -fuse-linker-plugin -fno-fat-lto-objects  execution test
FAIL: c-c++-common/asan/global-overflow-1.c   -O0  output pattern test, is ==32158==ERROR: AddressSanitizer failed to allocate 0xdfff0001000 (15392894357504) bytes at address 2008fff7000 (errno: 12)
FAIL: c-c++-common/asan/global-overflow-1.c   -O1  output pattern test, is ==32168==ERROR: AddressSanitizer failed to allocate 0xdfff0001000 (15392894357504) bytes at address 2008fff7000 (errno: 12)
FAIL: c-c++-common/asan/global-overflow-1.c   -O2  output pattern test, is ==32178==ERROR: AddressSanitizer failed to allocate 0xdfff0001000 (15392894357504) bytes at address 2008fff7000 (errno: 12)
FAIL: c-c++-common/asan/global-overflow-1.c   -O3 -g  output pattern test, is ==32188==ERROR: AddressSanitizer failed to allocate 0xdfff0001000 (15392894357504) bytes at address 2008fff7000 (errno: 12)
FAIL: c-c++-common/asan/global-overflow-1.c   -Os  output pattern test, is ==32198==ERROR: AddressSanitizer failed to allocate 0xdfff0001000 (15392894357504) bytes at address 2008fff7000 (errno: 12)
FAIL: c-c++-common/asan/global-overflow-1.c   -O2 -flto -fno-use-linker-plugin -flto-partition=none  output pattern test, is ==32220==ERROR: AddressSanitizer failed to allocate 0xdfff0001000 (15392894357504) bytes at address 2008fff7000 (errno: 12)
FAIL: c-c++-common/asan/global-overflow-1.c   -O2 -flto -fuse-linker-plugin -fno-fat-lto-objects  output pattern test, is ==32236==ERROR: AddressSanitizer failed to allocate 0xdfff0001000 (15392894357504) bytes at address 2008fff7000 (errno: 12)
FAIL: c-c++-common/asan/heap-overflow-1.c   -O0  output pattern test, is ==32252==ERROR: AddressSanitizer failed to allocate 0xdfff0001000 (15392894357504) bytes at address 2008fff7000 (errno: 12)
FAIL: c-c++-common/asan/heap-overflow-1.c   -O1  output pattern test, is ==32262==ERROR: AddressSanitizer failed to allocate 0xdfff0001000 (15392894357504) bytes at address 2008fff7000 (errno: 12)
FAIL: c-c++-common/asan/heap-overflow-1.c   -O2  output pattern test, is ==32282==ERROR: AddressSanitizer failed to allocate 0xdfff0001000 (15392894357504) bytes at address 2008fff7000 (errno: 12)
FAIL: c-c++-common/asan/heap-overflow-1.c   -O3 -g  output pattern test, is ==32292==ERROR: AddressSanitizer failed to allocate 0xdfff0001000 (15392894357504) bytes at address 2008fff7000 (errno: 12)
FAIL: c-c++-common/asan/heap-overflow-1.c   -Os  output pattern test, is ==32302==ERROR: AddressSanitizer failed to allocate 0xdfff0001000 (15392894357504) bytes at address 2008fff7000 (errno: 12)
FAIL: c-c++-common/asan/heap-overflow-1.c   -O2 -flto -fno-use-linker-plugin -flto-partition=none  output pattern test, is ==32324==ERROR: AddressSanitizer failed to allocate 0xdfff0001000 (15392894357504) bytes at address 2008fff7000 (errno: 12)
FAIL: c-c++-common/asan/heap-overflow-1.c   -O2 -flto -fuse-linker-plugin -fno-fat-lto-objects  output pattern test, is ==32340==ERROR: AddressSanitizer failed to allocate 0xdfff0001000 (15392894357504) bytes at address 2008fff7000 (errno: 12)
FAIL: c-c++-common/asan/memcmp-1.c   -O0  output pattern test, is ==32630==ERROR: AddressSanitizer failed to allocate 0xdfff0001000 (15392894357504) bytes at address 2008fff7000 (errno: 12)
FAIL: c-c++-common/asan/memcmp-1.c   -O1  output pattern test, is ==32650==ERROR: AddressSanitizer failed to allocate 0xdfff0001000 (15392894357504) bytes at address 2008fff7000 (errno: 12)
FAIL: c-c++-common/asan/memcmp-1.c   -O2  output pattern test, is ==32684==ERROR: AddressSanitizer failed to allocate 0xdfff0001000 (15392894357504) bytes at address 2008fff7000 (errno: 12)
FAIL: c-c++-common/asan/memcmp-1.c   -O3 -g  output pattern test, is ==32720==ERROR: AddressSanitizer failed to allocate 0xdfff0001000 (15392894357504) bytes at address 2008fff7000 (errno: 12)
FAIL: c-c++-common/asan/memcmp-1.c   -Os  output pattern test, is ==300==ERROR: AddressSanitizer failed to allocate 0xdfff0001000 (15392894357504) bytes at address 2008fff7000 (errno: 12)
FAIL: c-c++-common/asan/memcmp-1.c   -O2 -flto -fno-use-linker-plugin -flto-partition=none  output pattern test, is ==387==ERROR: AddressSanitizer failed to allocate 0xdfff0001000 (15392894357504) bytes at address 2008fff7000 (errno: 12)
FAIL: c-c++-common/asan/memcmp-1.c   -O2 -flto -fuse-linker-plugin -fno-fat-lto-objects  output pattern test, is ==448==ERROR: AddressSanitizer failed to allocate 0xdfff0001000 (15392894357504) bytes at address 2008fff7000 (errno: 12)
FAIL: c-c++-common/asan/misalign-1.c   -O0  output pattern test, is ==616==ERROR: AddressSanitizer failed to allocate 0xdfff0001000 (15392894357504) bytes at address 2008fff7000 (errno: 12)
FAIL: c-c++-common/asan/misalign-1.c   -O1  output pattern test, is ==651==ERROR: AddressSanitizer failed to allocate 0xdfff0001000 (15392894357504) bytes at address 2008fff7000 (errno: 12)
FAIL: c-c++-common/asan/misalign-1.c   -O2  output pattern test, is ==673==ERROR: AddressSanitizer failed to allocate 0xdfff0001000 (15392894357504) bytes at address 2008fff7000 (errno: 12)
FAIL: c-c++-common/asan/misalign-1.c   -O3 -g  output pattern test, is ==720==ERROR: AddressSanitizer failed to allocate 0xdfff0001000 (15392894357504) bytes at address 2008fff7000 (errno: 12)
FAIL: c-c++-common/asan/misalign-1.c   -Os  output pattern test, is ==788==ERROR: AddressSanitizer failed to allocate 0xdfff0001000 (15392894357504) bytes at address 2008fff7000 (errno: 12)
FAIL: c-c++-common/asan/misalign-1.c   -O2 -flto -fno-use-linker-plugin -flto-partition=none  output pattern test, is ==873==ERROR: AddressSanitizer failed to allocate 0xdfff0001000 (15392894357504) bytes at address 2008fff7000 (errno: 12)
FAIL: c-c++-common/asan/misalign-1.c   -O2 -flto -fuse-linker-plugin -fno-fat-lto-objects  output pattern test, is ==965==ERROR: AddressSanitizer failed to allocate 0xdfff0001000 (15392894357504) bytes at address 2008fff7000 (errno: 12)
FAIL: c-c++-common/asan/misalign-2.c   -O0  output pattern test, is ==999==ERROR: AddressSanitizer failed to allocate 0xdfff0001000 (15392894357504) bytes at address 2008fff7000 (errno: 12)
FAIL: c-c++-common/asan/misalign-2.c   -O1  output pattern test, is ==1134==ERROR: AddressSanitizer failed to allocate 0xdfff0001000 (15392894357504) bytes at address 2008fff7000 (errno: 12)
FAIL: c-c++-common/asan/misalign-2.c   -O2  output pattern test, is ==1197==ERROR: AddressSanitizer failed to allocate 0xdfff0001000 (15392894357504) bytes at address 2008fff7000 (errno: 12)
FAIL: c-c++-common/asan/misalign-2.c   -O3 -g  output pattern test, is ==1261==ERROR: AddressSanitizer failed to allocate 0xdfff0001000 (15392894357504) bytes at address 2008fff7000 (errno: 12)
FAIL: c-c++-common/asan/misalign-2.c   -Os  output pattern test, is ==1306==ERROR: AddressSanitizer failed to allocate 0xdfff0001000 (15392894357504) bytes at address 2008fff7000 (errno: 12)
FAIL: c-c++-common/asan/misalign-2.c   -O2 -flto -fno-use-linker-plugin -flto-partition=none  output pattern test, is ==1435==ERROR: AddressSanitizer failed to allocate 0xdfff0001000 (15392894357504) bytes at address 2008fff7000 (errno: 12)
FAIL: c-c++-common/asan/misalign-2.c   -O2 -flto -fuse-linker-plugin -fno-fat-lto-objects  output pattern test, is ==1475==ERROR: AddressSanitizer failed to allocate 0xdfff0001000 (15392894357504) bytes at address 2008fff7000 (errno: 12)
FAIL: c-c++-common/asan/null-deref-1.c   -O0  output pattern test, is ==2307==ERROR: AddressSanitizer failed to allocate 0xdfff0001000 (15392894357504) bytes at address 2008fff7000 (errno: 12)
FAIL: c-c++-common/asan/null-deref-1.c   -O1  output pattern test, is ==2338==ERROR: AddressSanitizer failed to allocate 0xdfff0001000 (15392894357504) bytes at address 2008fff7000 (errno: 12)
FAIL: c-c++-common/asan/null-deref-1.c   -O2  output pattern test, is ==2385==ERROR: AddressSanitizer failed to allocate 0xdfff0001000 (15392894357504) bytes at address 2008fff7000 (errno: 12)
FAIL: c-c++-common/asan/null-deref-1.c   -O3 -g  output pattern test, is ==2422==ERROR: AddressSanitizer failed to allocate 0xdfff0001000 (15392894357504) bytes at address 2008fff7000 (errno: 12)
FAIL: c-c++-common/asan/null-deref-1.c   -Os  output pattern test, is ==2459==ERROR: AddressSanitizer failed to allocate 0xdfff0001000 (15392894357504) bytes at address 2008fff7000 (errno: 12)
FAIL: c-c++-common/asan/null-deref-1.c   -O2 -flto -fno-use-linker-plugin -flto-partition=none  output pattern test, is ==2517==ERROR: AddressSanitizer failed to allocate 0xdfff0001000 (15392894357504) bytes at address 2008fff7000 (errno: 12)
FAIL: c-c++-common/asan/null-deref-1.c   -O2 -flto -fuse-linker-plugin -fno-fat-lto-objects  output pattern test, is ==2557==ERROR: AddressSanitizer failed to allocate 0xdfff0001000 (15392894357504) bytes at address 2008fff7000 (errno: 12)
FAIL: c-c++-common/asan/pr59063-1.c   -O0  execution test
FAIL: c-c++-common/asan/pr59063-1.c   -O1  execution test
FAIL: c-c++-common/asan/pr59063-1.c   -O2  execution test
FAIL: c-c++-common/asan/pr59063-1.c   -O3 -g  execution test
FAIL: c-c++-common/asan/pr59063-1.c   -Os  execution test
FAIL: c-c++-common/asan/pr59063-1.c   -O2 -flto -fno-use-linker-plugin -flto-partition=none  execution test
FAIL: c-c++-common/asan/pr59063-1.c   -O2 -flto -fuse-linker-plugin -fno-fat-lto-objects  execution test
FAIL: c-c++-common/asan/pr59063-2.c   -O0  execution test
FAIL: c-c++-common/asan/pr59063-2.c   -O1  execution test
FAIL: c-c++-common/asan/pr59063-2.c   -O2  execution test
FAIL: c-c++-common/asan/pr59063-2.c   -O3 -g  execution test
FAIL: c-c++-common/asan/pr59063-2.c   -Os  execution test
FAIL: c-c++-common/asan/pr59063-2.c   -O2 -flto -fno-use-linker-plugin -flto-partition=none  execution test
FAIL: c-c++-common/asan/pr59063-2.c   -O2 -flto -fuse-linker-plugin -fno-fat-lto-objects  execution test
FAIL: c-c++-common/asan/pr61530.c   -O0  output pattern test, is ==4155==ERROR: AddressSanitizer failed to allocate 0xdfff0001000 (15392894357504) bytes at address 2008fff7000 (errno: 12)
FAIL: c-c++-common/asan/pr61530.c   -O1  output pattern test, is ==4183==ERROR: AddressSanitizer failed to allocate 0xdfff0001000 (15392894357504) bytes at address 2008fff7000 (errno: 12)
FAIL: c-c++-common/asan/pr61530.c   -O2  output pattern test, is ==4223==ERROR: AddressSanitizer failed to allocate 0xdfff0001000 (15392894357504) bytes at address 2008fff7000 (errno: 12)
FAIL: c-c++-common/asan/pr61530.c   -O3 -g  output pattern test, is ==4260==ERROR: AddressSanitizer failed to allocate 0xdfff0001000 (15392894357504) bytes at address 2008fff7000 (errno: 12)
FAIL: c-c++-common/asan/pr61530.c   -Os  output pattern test, is ==4295==ERROR: AddressSanitizer failed to allocate 0xdfff0001000 (15392894357504) bytes at address 2008fff7000 (errno: 12)
FAIL: c-c++-common/asan/pr61530.c   -O2 -flto -fno-use-linker-plugin -flto-partition=none  output pattern test, is ==4345==ERROR: AddressSanitizer failed to allocate 0xdfff0001000 (15392894357504) bytes at address 2008fff7000 (errno: 12)
FAIL: c-c++-common/asan/pr61530.c   -O2 -flto -fuse-linker-plugin -fno-fat-lto-objects  output pattern test, is ==4386==ERROR: AddressSanitizer failed to allocate 0xdfff0001000 (15392894357504) bytes at address 2008fff7000 (errno: 12)
FAIL: c-c++-common/asan/pr62089.c   -O0  output pattern test, is ==4432==ERROR: AddressSanitizer failed to allocate 0xdfff0001000 (15392894357504) bytes at address 2008fff7000 (errno: 12)
FAIL: c-c++-common/asan/pr62089.c   -O1  output pattern test, is ==4515==ERROR: AddressSanitizer failed to allocate 0xdfff0001000 (15392894357504) bytes at address 2008fff7000 (errno: 12)
FAIL: c-c++-common/asan/pr62089.c   -O2  output pattern test, is ==4562==ERROR: AddressSanitizer failed to allocate 0xdfff0001000 (15392894357504) bytes at address 2008fff7000 (errno: 12)
FAIL: c-c++-common/asan/pr62089.c   -O3 -g  output pattern test, is ==4598==ERROR: AddressSanitizer failed to allocate 0xdfff0001000 (15392894357504) bytes at address 2008fff7000 (errno: 12)
FAIL: c-c++-common/asan/pr62089.c   -Os  output pattern test, is ==4625==ERROR: AddressSanitizer failed to allocate 0xdfff0001000 (15392894357504) bytes at address 2008fff7000 (errno: 12)
FAIL: c-c++-common/asan/pr62089.c   -O2 -flto -fno-use-linker-plugin -flto-partition=none  output pattern test, is ==4684==ERROR: AddressSanitizer failed to allocate 0xdfff0001000 (15392894357504) bytes at address 2008fff7000 (errno: 12)
FAIL: c-c++-common/asan/pr62089.c   -O2 -flto -fuse-linker-plugin -fno-fat-lto-objects  output pattern test, is ==4728==ERROR: AddressSanitizer failed to allocate 0xdfff0001000 (15392894357504) bytes at address 2008fff7000 (errno: 12)
FAIL: c-c++-common/asan/pr63316.c   -O0  execution test
FAIL: c-c++-common/asan/pr63316.c   -O1  execution test
FAIL: c-c++-common/asan/pr63316.c   -O2  execution test
FAIL: c-c++-common/asan/pr63316.c   -O3 -g  execution test
FAIL: c-c++-common/asan/pr63316.c   -Os  execution test
FAIL: c-c++-common/asan/pr63316.c   -O2 -flto -fno-use-linker-plugin -flto-partition=none  execution test
FAIL: c-c++-common/asan/pr63316.c   -O2 -flto -fuse-linker-plugin -fno-fat-lto-objects  execution test
FAIL: c-c++-common/asan/pr63888.c   -O0  execution test
FAIL: c-c++-common/asan/pr63888.c   -O1  execution test
FAIL: c-c++-common/asan/pr63888.c   -O2  execution test
FAIL: c-c++-common/asan/pr63888.c   -O3 -g  execution test
FAIL: c-c++-common/asan/pr63888.c   -Os  execution test
FAIL: c-c++-common/asan/pr63888.c   -O2 -flto -fno-use-linker-plugin -flto-partition=none  execution test
FAIL: c-c++-common/asan/pr63888.c   -O2 -flto -fuse-linker-plugin -fno-fat-lto-objects  execution test
FAIL: c-c++-common/asan/rlimit-mmap-test-1.c   -O0  output pattern test, is ==5880==ERROR: AddressSanitizer failed to allocate 0xdfff0001000 (15392894357504) bytes at address 2008fff7000 (errno: 12)
FAIL: c-c++-common/asan/sanity-check-pure-c-1.c   -O0  output pattern test, is ==5943==ERROR: AddressSanitizer failed to allocate 0xdfff0001000 (15392894357504) bytes at address 2008fff7000 (errno: 12)
FAIL: c-c++-common/asan/sanity-check-pure-c-1.c   -O1  output pattern test, is ==5959==ERROR: AddressSanitizer failed to allocate 0xdfff0001000 (15392894357504) bytes at address 2008fff7000 (errno: 12)
FAIL: c-c++-common/asan/sanity-check-pure-c-1.c   -O2  output pattern test, is ==5976==ERROR: AddressSanitizer failed to allocate 0xdfff0001000 (15392894357504) bytes at address 2008fff7000 (errno: 12)
FAIL: c-c++-common/asan/sanity-check-pure-c-1.c   -O3 -g  output pattern test, is ==6009==ERROR: AddressSanitizer failed to allocate 0xdfff0001000 (15392894357504) bytes at address 2008fff7000 (errno: 12)
FAIL: c-c++-common/asan/sanity-check-pure-c-1.c   -Os  output pattern test, is ==6037==ERROR: AddressSanitizer failed to allocate 0xdfff0001000 (15392894357504) bytes at address 2008fff7000 (errno: 12)
FAIL: c-c++-common/asan/sanity-check-pure-c-1.c   -O2 -flto -fno-use-linker-plugin -flto-partition=none  output pattern test, is ==6119==ERROR: AddressSanitizer failed to allocate 0xdfff0001000 (15392894357504) bytes at address 2008fff7000 (errno: 12)
FAIL: c-c++-common/asan/sanity-check-pure-c-1.c   -O2 -flto -fuse-linker-plugin -fno-fat-lto-objects  output pattern test, is ==6165==ERROR: AddressSanitizer failed to allocate 0xdfff0001000 (15392894357504) bytes at address 2008fff7000 (errno: 12)
FAIL: c-c++-common/asan/sleep-before-dying-1.c   -O2  output pattern test, is ==6265==ERROR: AddressSanitizer failed to allocate 0xdfff0001000 (15392894357504) bytes at address 2008fff7000 (errno: 12)
FAIL: c-c++-common/asan/sleep-before-dying-1.c   -O2 -flto -fno-use-linker-plugin -flto-partition=none  output pattern test, is ==6341==ERROR: AddressSanitizer failed to allocate 0xdfff0001000 (15392894357504) bytes at address 2008fff7000 (errno: 12)
FAIL: c-c++-common/asan/sleep-before-dying-1.c   -O2 -flto -fuse-linker-plugin -fno-fat-lto-objects  output pattern test, is ==6392==ERROR: AddressSanitizer failed to allocate 0xdfff0001000 (15392894357504) bytes at address 2008fff7000 (errno: 12)
FAIL: c-c++-common/asan/stack-overflow-1.c   -O0  output pattern test, is ==6421==ERROR: AddressSanitizer failed to allocate 0xdfff0001000 (15392894357504) bytes at address 2008fff7000 (errno: 12)
FAIL: c-c++-common/asan/stack-overflow-1.c   -O1  output pattern test, is ==6458==ERROR: AddressSanitizer failed to allocate 0xdfff0001000 (15392894357504) bytes at address 2008fff7000 (errno: 12)
FAIL: c-c++-common/asan/stack-overflow-1.c   -O2  output pattern test, is ==6504==ERROR: AddressSanitizer failed to allocate 0xdfff0001000 (15392894357504) bytes at address 2008fff7000 (errno: 12)
FAIL: c-c++-common/asan/stack-overflow-1.c   -O3 -g  output pattern test, is ==6540==ERROR: AddressSanitizer failed to allocate 0xdfff0001000 (15392894357504) bytes at address 2008fff7000 (errno: 12)
FAIL: c-c++-common/asan/stack-overflow-1.c   -Os  output pattern test, is ==6578==ERROR: AddressSanitizer failed to allocate 0xdfff0001000 (15392894357504) bytes at address 2008fff7000 (errno: 12)
FAIL: c-c++-common/asan/stack-overflow-1.c   -O2 -flto -fno-use-linker-plugin -flto-partition=none  output pattern test, is ==6654==ERROR: AddressSanitizer failed to allocate 0xdfff0001000 (15392894357504) bytes at address 2008fff7000 (errno: 12)
FAIL: c-c++-common/asan/stack-overflow-1.c   -O2 -flto -fuse-linker-plugin -fno-fat-lto-objects  output pattern test, is ==6708==ERROR: AddressSanitizer failed to allocate 0xdfff0001000 (15392894357504) bytes at address 2008fff7000 (errno: 12)
FAIL: c-c++-common/asan/strip-path-prefix-1.c   -O2  output pattern test, is ==6742==ERROR: AddressSanitizer failed to allocate 0xdfff0001000 (15392894357504) bytes at address 2008fff7000 (errno: 12)
FAIL: c-c++-common/asan/strip-path-prefix-1.c   -O2 -flto -fno-use-linker-plugin -flto-partition=none  output pattern test, is ==6811==ERROR: AddressSanitizer failed to allocate 0xdfff0001000 (15392894357504) bytes at address 2008fff7000 (errno: 12)
FAIL: c-c++-common/asan/strip-path-prefix-1.c   -O2 -flto -fuse-linker-plugin -fno-fat-lto-objects  output pattern test, is ==6864==ERROR: AddressSanitizer failed to allocate 0xdfff0001000 (15392894357504) bytes at address 2008fff7000 (errno: 12)
FAIL: c-c++-common/asan/strlen-overflow-1.c   -O0  output pattern test, is ==6896==ERROR: AddressSanitizer failed to allocate 0xdfff0001000 (15392894357504) bytes at address 2008fff7000 (errno: 12)
FAIL: c-c++-common/asan/strlen-overflow-1.c   -O1  output pattern test, is ==6924==ERROR: AddressSanitizer failed to allocate 0xdfff0001000 (15392894357504) bytes at address 2008fff7000 (errno: 12)
FAIL: c-c++-common/asan/strlen-overflow-1.c   -O2  output pattern test, is ==6959==ERROR: AddressSanitizer failed to allocate 0xdfff0001000 (15392894357504) bytes at address 2008fff7000 (errno: 12)
FAIL: c-c++-common/asan/strlen-overflow-1.c   -O3 -g  output pattern test, is ==7008==ERROR: AddressSanitizer failed to allocate 0xdfff0001000 (15392894357504) bytes at address 2008fff7000 (errno: 12)
FAIL: c-c++-common/asan/strlen-overflow-1.c   -Os  output pattern test, is ==7036==ERROR: AddressSanitizer failed to allocate 0xdfff0001000 (15392894357504) bytes at address 2008fff7000 (errno: 12)
FAIL: c-c++-common/asan/strncpy-overflow-1.c   -O0  output pattern test, is ==7061==ERROR: AddressSanitizer failed to allocate 0xdfff0001000 (15392894357504) bytes at address 2008fff7000 (errno: 12)
FAIL: c-c++-common/asan/strncpy-overflow-1.c   -O1  output pattern test, is ==7108==ERROR: AddressSanitizer failed to allocate 0xdfff0001000 (15392894357504) bytes at address 2008fff7000 (errno: 12)
FAIL: c-c++-common/asan/strncpy-overflow-1.c   -O2  output pattern test, is ==7130==ERROR: AddressSanitizer failed to allocate 0xdfff0001000 (15392894357504) bytes at address 2008fff7000 (errno: 12)
FAIL: c-c++-common/asan/strncpy-overflow-1.c   -O3 -g  output pattern test, is ==7171==ERROR: AddressSanitizer failed to allocate 0xdfff0001000 (15392894357504) bytes at address 2008fff7000 (errno: 12)
FAIL: c-c++-common/asan/strncpy-overflow-1.c   -Os  output pattern test, is ==7208==ERROR: AddressSanitizer failed to allocate 0xdfff0001000 (15392894357504) bytes at address 2008fff7000 (errno: 12)
FAIL: c-c++-common/asan/strncpy-overflow-1.c   -O2 -flto -fno-use-linker-plugin -flto-partition=none  output pattern test, is ==7299==ERROR: AddressSanitizer failed to allocate 0xdfff0001000 (15392894357504) bytes at address 2008fff7000 (errno: 12)
FAIL: c-c++-common/asan/strncpy-overflow-1.c   -O2 -flto -fuse-linker-plugin -fno-fat-lto-objects  output pattern test, is ==7337==ERROR: AddressSanitizer failed to allocate 0xdfff0001000 (15392894357504) bytes at address 2008fff7000 (errno: 12)
FAIL: c-c++-common/asan/swapcontext-test-1.c   -O0  execution test
FAIL: c-c++-common/asan/swapcontext-test-1.c   -O1  execution test
FAIL: c-c++-common/asan/swapcontext-test-1.c   -O2  execution test
FAIL: c-c++-common/asan/swapcontext-test-1.c   -O3 -fomit-frame-pointer -funroll-loops -fpeel-loops -ftracer -finline-functions  execution test
FAIL: c-c++-common/asan/swapcontext-test-1.c   -O3 -g  execution test
FAIL: c-c++-common/asan/swapcontext-test-1.c   -Os  execution test
FAIL: c-c++-common/asan/swapcontext-test-1.c   -O2 -flto -fno-use-linker-plugin -flto-partition=none  execution test
FAIL: c-c++-common/asan/swapcontext-test-1.c   -O2 -flto -fuse-linker-plugin -fno-fat-lto-objects  execution test
FAIL: c-c++-common/asan/use-after-free-1.c   -O0  output pattern test, is ==7895==ERROR: AddressSanitizer failed to allocate 0xdfff0001000 (15392894357504) bytes at address 2008fff7000 (errno: 12)
FAIL: c-c++-common/asan/use-after-free-1.c   -O1  output pattern test, is ==7941==ERROR: AddressSanitizer failed to allocate 0xdfff0001000 (15392894357504) bytes at address 2008fff7000 (errno: 12)
FAIL: c-c++-common/asan/use-after-free-1.c   -O2  output pattern test, is ==7969==ERROR: AddressSanitizer failed to allocate 0xdfff0001000 (15392894357504) bytes at address 2008fff7000 (errno: 12)
FAIL: c-c++-common/asan/use-after-free-1.c   -O3 -g  output pattern test, is ==7997==ERROR: AddressSanitizer failed to allocate 0xdfff0001000 (15392894357504) bytes at address 2008fff7000 (errno: 12)
FAIL: c-c++-common/asan/use-after-free-1.c   -Os  output pattern test, is ==8025==ERROR: AddressSanitizer failed to allocate 0xdfff0001000 (15392894357504) bytes at address 2008fff7000 (errno: 12)
FAIL: c-c++-common/asan/use-after-free-1.c   -O2 -flto -fno-use-linker-plugin -flto-partition=none  output pattern test, is ==8095==ERROR: AddressSanitizer failed to allocate 0xdfff0001000 (15392894357504) bytes at address 2008fff7000 (errno: 12)
FAIL: c-c++-common/asan/use-after-free-1.c   -O2 -flto -fuse-linker-plugin -fno-fat-lto-objects  output pattern test, is ==8147==ERROR: AddressSanitizer failed to allocate 0xdfff0001000 (15392894357504) bytes at address 2008fff7000 (errno: 12)
FAIL: c-c++-common/asan/use-after-return-1.c   -O0  output pattern test, is ==8189==ERROR: AddressSanitizer failed to allocate 0xdfff0001000 (15392894357504) bytes at address 2008fff7000 (errno: 12)
FAIL: c-c++-common/asan/use-after-return-1.c   -O1  output pattern test, is ==8236==ERROR: AddressSanitizer failed to allocate 0xdfff0001000 (15392894357504) bytes at address 2008fff7000 (errno: 12)
FAIL: c-c++-common/asan/use-after-return-1.c   -O2  output pattern test, is ==8288==ERROR: AddressSanitizer failed to allocate 0xdfff0001000 (15392894357504) bytes at address 2008fff7000 (errno: 12)
FAIL: c-c++-common/asan/use-after-return-1.c   -O3 -g  output pattern test, is ==8337==ERROR: AddressSanitizer failed to allocate 0xdfff0001000 (15392894357504) bytes at address 2008fff7000 (errno: 12)
FAIL: c-c++-common/asan/use-after-return-1.c   -Os  output pattern test, is ==8400==ERROR: AddressSanitizer failed to allocate 0xdfff0001000 (15392894357504) bytes at address 2008fff7000 (errno: 12)
FAIL: c-c++-common/asan/use-after-return-1.c   -O2 -flto -fno-use-linker-plugin -flto-partition=none  output pattern test, is ==8490==ERROR: AddressSanitizer failed to allocate 0xdfff0001000 (15392894357504) bytes at address 2008fff7000 (errno: 12)
FAIL: c-c++-common/asan/use-after-return-1.c   -O2 -flto -fuse-linker-plugin -fno-fat-lto-objects  output pattern test, is ==8571==ERROR: AddressSanitizer failed to allocate 0xdfff0001000 (15392894357504) bytes at address 2008fff7000 (errno: 12)
FAIL: g++.dg/asan/deep-stack-uaf-1.C   -O0  output pattern test, is ==8927==ERROR: AddressSanitizer failed to allocate 0xdfff0001000 (15392894357504) bytes at address 2008fff7000 (errno: 12)
FAIL: g++.dg/asan/deep-stack-uaf-1.C   -O1  output pattern test, is ==9109==ERROR: AddressSanitizer failed to allocate 0xdfff0001000 (15392894357504) bytes at address 2008fff7000 (errno: 12)
FAIL: g++.dg/asan/deep-stack-uaf-1.C   -O2  output pattern test, is ==9284==ERROR: AddressSanitizer failed to allocate 0xdfff0001000 (15392894357504) bytes at address 2008fff7000 (errno: 12)
FAIL: g++.dg/asan/deep-stack-uaf-1.C   -O3 -g  output pattern test, is ==9404==ERROR: AddressSanitizer failed to allocate 0xdfff0001000 (15392894357504) bytes at address 2008fff7000 (errno: 12)
FAIL: g++.dg/asan/deep-stack-uaf-1.C   -Os  output pattern test, is ==9568==ERROR: AddressSanitizer failed to allocate 0xdfff0001000 (15392894357504) bytes at address 2008fff7000 (errno: 12)
FAIL: g++.dg/asan/deep-tail-call-1.C   -O0  output pattern test, is ==9603==ERROR: AddressSanitizer failed to allocate 0xdfff0001000 (15392894357504) bytes at address 2008fff7000 (errno: 12)
FAIL: g++.dg/asan/deep-tail-call-1.C   -O1  output pattern test, is ==9647==ERROR: AddressSanitizer failed to allocate 0xdfff0001000 (15392894357504) bytes at address 2008fff7000 (errno: 12)
FAIL: g++.dg/asan/deep-tail-call-1.C   -O2  output pattern test, is ==9682==ERROR: AddressSanitizer failed to allocate 0xdfff0001000 (15392894357504) bytes at address 2008fff7000 (errno: 12)
FAIL: g++.dg/asan/deep-tail-call-1.C   -O3 -g  output pattern test, is ==9741==ERROR: AddressSanitizer failed to allocate 0xdfff0001000 (15392894357504) bytes at address 2008fff7000 (errno: 12)
FAIL: g++.dg/asan/deep-tail-call-1.C   -Os  output pattern test, is ==9796==ERROR: AddressSanitizer failed to allocate 0xdfff0001000 (15392894357504) bytes at address 2008fff7000 (errno: 12)
FAIL: g++.dg/asan/deep-tail-call-1.C   -O2 -flto -fno-use-linker-plugin -flto-partition=none  output pattern test, is ==9878==ERROR: AddressSanitizer failed to allocate 0xdfff0001000 (15392894357504) bytes at address 2008fff7000 (errno: 12)
FAIL: g++.dg/asan/deep-tail-call-1.C   -O2 -flto -fuse-linker-plugin -fno-fat-lto-objects  output pattern test, is ==9939==ERROR: AddressSanitizer failed to allocate 0xdfff0001000 (15392894357504) bytes at address 2008fff7000 (errno: 12)
FAIL: g++.dg/asan/deep-thread-stack-1.C   -O0  output pattern test, is ==9985==ERROR: AddressSanitizer failed to allocate 0xdfff0001000 (15392894357504) bytes at address 2008fff7000 (errno: 12)
FAIL: g++.dg/asan/deep-thread-stack-1.C   -O1  output pattern test, is ==10052==ERROR: AddressSanitizer failed to allocate 0xdfff0001000 (15392894357504) bytes at address 2008fff7000 (errno: 12)
FAIL: g++.dg/asan/deep-thread-stack-1.C   -O2  output pattern test, is ==10111==ERROR: AddressSanitizer failed to allocate 0xdfff0001000 (15392894357504) bytes at address 2008fff7000 (errno: 12)
FAIL: g++.dg/asan/deep-thread-stack-1.C   -O3 -g  output pattern test, is ==10155==ERROR: AddressSanitizer failed to allocate 0xdfff0001000 (15392894357504) bytes at address 2008fff7000 (errno: 12)
FAIL: g++.dg/asan/deep-thread-stack-1.C   -Os  output pattern test, is ==10204==ERROR: AddressSanitizer failed to allocate 0xdfff0001000 (15392894357504) bytes at address 2008fff7000 (errno: 12)
FAIL: g++.dg/asan/deep-thread-stack-1.C   -O2 -flto -fno-use-linker-plugin -flto-partition=none  output pattern test, is ==10287==ERROR: AddressSanitizer failed to allocate 0xdfff0001000 (15392894357504) bytes at address 2008fff7000 (errno: 12)
FAIL: g++.dg/asan/deep-thread-stack-1.C   -O2 -flto -fuse-linker-plugin -fno-fat-lto-objects  output pattern test, is ==10350==ERROR: AddressSanitizer failed to allocate 0xdfff0001000 (15392894357504) bytes at address 2008fff7000 (errno: 12)
FAIL: g++.dg/asan/default-options-1.C   -O0  execution test
FAIL: g++.dg/asan/default-options-1.C   -O1  execution test
FAIL: g++.dg/asan/default-options-1.C   -O2  execution test
FAIL: g++.dg/asan/default-options-1.C   -O3 -g  execution test
FAIL: g++.dg/asan/default-options-1.C   -Os  execution test
FAIL: g++.dg/asan/default-options-1.C   -O2 -flto -fno-use-linker-plugin -flto-partition=none  execution test
FAIL: g++.dg/asan/default-options-1.C   -O2 -flto -fuse-linker-plugin -fno-fat-lto-objects  execution test
FAIL: g++.dg/asan/interception-failure-test-1.C   -O0  execution test
FAIL: g++.dg/asan/interception-failure-test-1.C   -O1  execution test
FAIL: g++.dg/asan/interception-failure-test-1.C   -O2  execution test
FAIL: g++.dg/asan/interception-failure-test-1.C   -O3 -g  execution test
FAIL: g++.dg/asan/interception-failure-test-1.C   -Os  execution test
FAIL: g++.dg/asan/interception-failure-test-1.C   -O2 -flto -fno-use-linker-plugin -flto-partition=none  execution test
FAIL: g++.dg/asan/interception-failure-test-1.C   -O2 -flto -fuse-linker-plugin -fno-fat-lto-objects  execution test
FAIL: g++.dg/asan/interception-malloc-test-1.C   -O0  output pattern test, is ==11148==ERROR: AddressSanitizer failed to allocate 0xdfff0001000 (15392894357504) bytes at address 2008fff7000 (errno: 12)
FAIL: g++.dg/asan/interception-malloc-test-1.C   -O1  output pattern test, is ==11193==ERROR: AddressSanitizer failed to allocate 0xdfff0001000 (15392894357504) bytes at address 2008fff7000 (errno: 12)
FAIL: g++.dg/asan/interception-malloc-test-1.C   -O2  output pattern test, is ==11261==ERROR: AddressSanitizer failed to allocate 0xdfff0001000 (15392894357504) bytes at address 2008fff7000 (errno: 12)
FAIL: g++.dg/asan/interception-malloc-test-1.C   -O3 -g  output pattern test, is ==11331==ERROR: AddressSanitizer failed to allocate 0xdfff0001000 (15392894357504) bytes at address 2008fff7000 (errno: 12)
FAIL: g++.dg/asan/interception-malloc-test-1.C   -Os  output pattern test, is ==11371==ERROR: AddressSanitizer failed to allocate 0xdfff0001000 (15392894357504) bytes at address 2008fff7000 (errno: 12)
FAIL: g++.dg/asan/interception-malloc-test-1.C   -O2 -flto -fno-use-linker-plugin -flto-partition=none  output pattern test, is ==11449==ERROR: AddressSanitizer failed to allocate 0xdfff0001000 (15392894357504) bytes at address 2008fff7000 (errno: 12)
FAIL: g++.dg/asan/interception-malloc-test-1.C   -O2 -flto -fuse-linker-plugin -fno-fat-lto-objects  output pattern test, is ==11471==ERROR: AddressSanitizer failed to allocate 0xdfff0001000 (15392894357504) bytes at address 2008fff7000 (errno: 12)
FAIL: g++.dg/asan/interception-test-1.C   -O0  output pattern test, is ==11493==ERROR: AddressSanitizer failed to allocate 0xdfff0001000 (15392894357504) bytes at address 2008fff7000 (errno: 12)
FAIL: g++.dg/asan/interception-test-1.C   -O1  output pattern test, is ==11526==ERROR: AddressSanitizer failed to allocate 0xdfff0001000 (15392894357504) bytes at address 2008fff7000 (errno: 12)
FAIL: g++.dg/asan/interception-test-1.C   -O2  output pattern test, is ==11567==ERROR: AddressSanitizer failed to allocate 0xdfff0001000 (15392894357504) bytes at address 2008fff7000 (errno: 12)
FAIL: g++.dg/asan/interception-test-1.C   -O3 -g  output pattern test, is ==11616==ERROR: AddressSanitizer failed to allocate 0xdfff0001000 (15392894357504) bytes at address 2008fff7000 (errno: 12)
FAIL: g++.dg/asan/interception-test-1.C   -Os  output pattern test, is ==11664==ERROR: AddressSanitizer failed to allocate 0xdfff0001000 (15392894357504) bytes at address 2008fff7000 (errno: 12)
FAIL: g++.dg/asan/interception-test-1.C   -O2 -flto -fno-use-linker-plugin -flto-partition=none  output pattern test, is ==11723==ERROR: AddressSanitizer failed to allocate 0xdfff0001000 (15392894357504) bytes at address 2008fff7000 (errno: 12)
FAIL: g++.dg/asan/interception-test-1.C   -O2 -flto -fuse-linker-plugin -fno-fat-lto-objects  output pattern test, is ==11774==ERROR: AddressSanitizer failed to allocate 0xdfff0001000 (15392894357504) bytes at address 2008fff7000 (errno: 12)
FAIL: g++.dg/asan/large-func-test-1.C   -O0  output pattern test, is ==11814==ERROR: AddressSanitizer failed to allocate 0xdfff0001000 (15392894357504) bytes at address 2008fff7000 (errno: 12)
FAIL: g++.dg/asan/large-func-test-1.C   -O1  output pattern test, is ==11880==ERROR: AddressSanitizer failed to allocate 0xdfff0001000 (15392894357504) bytes at address 2008fff7000 (errno: 12)
FAIL: g++.dg/asan/large-func-test-1.C   -O2  output pattern test, is ==11945==ERROR: AddressSanitizer failed to allocate 0xdfff0001000 (15392894357504) bytes at address 2008fff7000 (errno: 12)
FAIL: g++.dg/asan/large-func-test-1.C   -O3 -g  output pattern test, is ==11981==ERROR: AddressSanitizer failed to allocate 0xdfff0001000 (15392894357504) bytes at address 2008fff7000 (errno: 12)
FAIL: g++.dg/asan/large-func-test-1.C   -Os  output pattern test, is ==12051==ERROR: AddressSanitizer failed to allocate 0xdfff0001000 (15392894357504) bytes at address 2008fff7000 (errno: 12)
FAIL: g++.dg/asan/large-func-test-1.C   -O2 -flto -fno-use-linker-plugin -flto-partition=none  output pattern test, is ==12122==ERROR: AddressSanitizer failed to allocate 0xdfff0001000 (15392894357504) bytes at address 2008fff7000 (errno: 12)
FAIL: g++.dg/asan/large-func-test-1.C   -O2 -flto -fuse-linker-plugin -fno-fat-lto-objects  output pattern test, is ==12164==ERROR: AddressSanitizer failed to allocate 0xdfff0001000 (15392894357504) bytes at address 2008fff7000 (errno: 12)
FAIL: g++.dg/asan/pr55617.C   -O0  execution test
FAIL: g++.dg/asan/pr55617.C   -O1  execution test
FAIL: g++.dg/asan/pr55617.C   -O2  execution test
FAIL: g++.dg/asan/pr55617.C   -O3 -g  execution test
FAIL: g++.dg/asan/pr55617.C   -Os  execution test
FAIL: g++.dg/asan/pr55617.C   -O2 -flto -fno-use-linker-plugin -flto-partition=none  execution test
FAIL: g++.dg/asan/pr55617.C   -O2 -flto -fuse-linker-plugin -fno-fat-lto-objects  execution test
FAIL: g++.dg/asan/pr62017.C   -O0  execution test
FAIL: g++.dg/asan/pr62017.C   -O1  execution test
FAIL: g++.dg/asan/pr62017.C   -O2  execution test
FAIL: g++.dg/asan/pr62017.C   -O3 -g  execution test
FAIL: g++.dg/asan/pr62017.C   -Os  execution test
FAIL: g++.dg/asan/pr62017.C   -O2 -flto -fno-use-linker-plugin -flto-partition=none  execution test
FAIL: g++.dg/asan/pr62017.C   -O2 -flto -fuse-linker-plugin -fno-fat-lto-objects  execution test
FAIL: g++.dg/guality/pr55665.C   -O2  line 23 p == 40
FAIL: g++.dg/guality/pr55665.C   -O3 -g  line 23 p == 40

		=== g++ Summary ===

# of expected passes		90703
# of unexpected failures	259
# of expected failures		334
# of unsupported tests		3462
/scratch/gcc/nightly-2015-09-13-mainline/i686-pc-linux-gnu/obj/test-mainline-0-i686-pc-linux-gnu/host-i686-pc-linux-gnu/fsf-mainline/bin/i686-pc-linux-gnu-g++  version 6.0.0 20150913 (experimental) (GCC) 


		=== Summary adjusted for local xfails ===

# of unexpected failures        259
# of expected passes            90703
# of expected failures          334
# of unsupported tests          3462
		=== gcc tests ===


Running target localhost/-m64
FAIL: c-c++-common/asan/asan-interface-1.c   -O0  execution test
FAIL: c-c++-common/asan/asan-interface-1.c   -O1  execution test
FAIL: c-c++-common/asan/asan-interface-1.c   -O2  execution test
FAIL: c-c++-common/asan/asan-interface-1.c   -O3 -g  execution test
FAIL: c-c++-common/asan/asan-interface-1.c   -Os  execution test
FAIL: c-c++-common/asan/asan-interface-1.c   -O2 -flto -fno-use-linker-plugin -flto-partition=none  execution test
FAIL: c-c++-common/asan/asan-interface-1.c   -O2 -flto -fuse-linker-plugin -fno-fat-lto-objects  execution test
FAIL: c-c++-common/asan/bitfield-1.c   -O0  output pattern test, is ==26303==ERROR: AddressSanitizer failed to allocate 0xdfff0001000 (15392894357504) bytes at address 2008fff7000 (errno: 12)
FAIL: c-c++-common/asan/bitfield-1.c   -O1  output pattern test, is ==26313==ERROR: AddressSanitizer failed to allocate 0xdfff0001000 (15392894357504) bytes at address 2008fff7000 (errno: 12)
FAIL: c-c++-common/asan/bitfield-1.c   -O2  output pattern test, is ==26328==ERROR: AddressSanitizer failed to allocate 0xdfff0001000 (15392894357504) bytes at address 2008fff7000 (errno: 12)
FAIL: c-c++-common/asan/bitfield-1.c   -O3 -g  output pattern test, is ==26339==ERROR: AddressSanitizer failed to allocate 0xdfff0001000 (15392894357504) bytes at address 2008fff7000 (errno: 12)
FAIL: c-c++-common/asan/bitfield-1.c   -Os  output pattern test, is ==26349==ERROR: AddressSanitizer failed to allocate 0xdfff0001000 (15392894357504) bytes at address 2008fff7000 (errno: 12)
FAIL: c-c++-common/asan/bitfield-1.c   -O2 -flto -fno-use-linker-plugin -flto-partition=none  output pattern test, is ==26379==ERROR: AddressSanitizer failed to allocate 0xdfff0001000 (15392894357504) bytes at address 2008fff7000 (errno: 12)
FAIL: c-c++-common/asan/bitfield-1.c   -O2 -flto -fuse-linker-plugin -fno-fat-lto-objects  output pattern test, is ==26409==ERROR: AddressSanitizer failed to allocate 0xdfff0001000 (15392894357504) bytes at address 2008fff7000 (errno: 12)
FAIL: c-c++-common/asan/bitfield-2.c   -O0  output pattern test, is ==26419==ERROR: AddressSanitizer failed to allocate 0xdfff0001000 (15392894357504) bytes at address 2008fff7000 (errno: 12)
FAIL: c-c++-common/asan/bitfield-2.c   -O1  output pattern test, is ==26429==ERROR: AddressSanitizer failed to allocate 0xdfff0001000 (15392894357504) bytes at address 2008fff7000 (errno: 12)
FAIL: c-c++-common/asan/bitfield-2.c   -O2  output pattern test, is ==26439==ERROR: AddressSanitizer failed to allocate 0xdfff0001000 (15392894357504) bytes at address 2008fff7000 (errno: 12)
FAIL: c-c++-common/asan/bitfield-2.c   -O3 -g  output pattern test, is ==26449==ERROR: AddressSanitizer failed to allocate 0xdfff0001000 (15392894357504) bytes at address 2008fff7000 (errno: 12)
FAIL: c-c++-common/asan/bitfield-2.c   -Os  output pattern test, is ==26466==ERROR: AddressSanitizer failed to allocate 0xdfff0001000 (15392894357504) bytes at address 2008fff7000 (errno: 12)
FAIL: c-c++-common/asan/bitfield-2.c   -O2 -flto -fno-use-linker-plugin -flto-partition=none  output pattern test, is ==26519==ERROR: AddressSanitizer failed to allocate 0xdfff0001000 (15392894357504) bytes at address 2008fff7000 (errno: 12)
FAIL: c-c++-common/asan/bitfield-2.c   -O2 -flto -fuse-linker-plugin -fno-fat-lto-objects  output pattern test, is ==26535==ERROR: AddressSanitizer failed to allocate 0xdfff0001000 (15392894357504) bytes at address 2008fff7000 (errno: 12)
FAIL: c-c++-common/asan/bitfield-3.c   -O0  output pattern test, is ==26555==ERROR: AddressSanitizer failed to allocate 0xdfff0001000 (15392894357504) bytes at address 2008fff7000 (errno: 12)
FAIL: c-c++-common/asan/bitfield-3.c   -O1  output pattern test, is ==26565==ERROR: AddressSanitizer failed to allocate 0xdfff0001000 (15392894357504) bytes at address 2008fff7000 (errno: 12)
FAIL: c-c++-common/asan/bitfield-3.c   -O2  output pattern test, is ==26575==ERROR: AddressSanitizer failed to allocate 0xdfff0001000 (15392894357504) bytes at address 2008fff7000 (errno: 12)
FAIL: c-c++-common/asan/bitfield-3.c   -O3 -g  output pattern test, is ==26585==ERROR: AddressSanitizer failed to allocate 0xdfff0001000 (15392894357504) bytes at address 2008fff7000 (errno: 12)
FAIL: c-c++-common/asan/bitfield-3.c   -Os  output pattern test, is ==26601==ERROR: AddressSanitizer failed to allocate 0xdfff0001000 (15392894357504) bytes at address 2008fff7000 (errno: 12)
FAIL: c-c++-common/asan/bitfield-3.c   -O2 -flto -fno-use-linker-plugin -flto-partition=none  output pattern test, is ==26641==ERROR: AddressSanitizer failed to allocate 0xdfff0001000 (15392894357504) bytes at address 2008fff7000 (errno: 12)
FAIL: c-c++-common/asan/bitfield-3.c   -O2 -flto -fuse-linker-plugin -fno-fat-lto-objects  output pattern test, is ==26660==ERROR: AddressSanitizer failed to allocate 0xdfff0001000 (15392894357504) bytes at address 2008fff7000 (errno: 12)
FAIL: c-c++-common/asan/bitfield-4.c   -O0  output pattern test, is ==26678==ERROR: AddressSanitizer failed to allocate 0xdfff0001000 (15392894357504) bytes at address 2008fff7000 (errno: 12)
FAIL: c-c++-common/asan/bitfield-4.c   -O1  output pattern test, is ==26688==ERROR: AddressSanitizer failed to allocate 0xdfff0001000 (15392894357504) bytes at address 2008fff7000 (errno: 12)
FAIL: c-c++-common/asan/bitfield-4.c   -O2  output pattern test, is ==26698==ERROR: AddressSanitizer failed to allocate 0xdfff0001000 (15392894357504) bytes at address 2008fff7000 (errno: 12)
FAIL: c-c++-common/asan/bitfield-4.c   -O3 -g  output pattern test, is ==26708==ERROR: AddressSanitizer failed to allocate 0xdfff0001000 (15392894357504) bytes at address 2008fff7000 (errno: 12)
FAIL: c-c++-common/asan/bitfield-4.c   -Os  output pattern test, is ==26718==ERROR: AddressSanitizer failed to allocate 0xdfff0001000 (15392894357504) bytes at address 2008fff7000 (errno: 12)
FAIL: c-c++-common/asan/bitfield-4.c   -O2 -flto -fno-use-linker-plugin -flto-partition=none  output pattern test, is ==26766==ERROR: AddressSanitizer failed to allocate 0xdfff0001000 (15392894357504) bytes at address 2008fff7000 (errno: 12)
FAIL: c-c++-common/asan/bitfield-4.c   -O2 -flto -fuse-linker-plugin -fno-fat-lto-objects  output pattern test, is ==26782==ERROR: AddressSanitizer failed to allocate 0xdfff0001000 (15392894357504) bytes at address 2008fff7000 (errno: 12)
FAIL: c-c++-common/asan/bitfield-5.c   -O0  output pattern test, is ==26792==ERROR: AddressSanitizer failed to allocate 0xdfff0001000 (15392894357504) bytes at address 2008fff7000 (errno: 12)
FAIL: c-c++-common/asan/bitfield-5.c   -O1  output pattern test, is ==26812==ERROR: AddressSanitizer failed to allocate 0xdfff0001000 (15392894357504) bytes at address 2008fff7000 (errno: 12)
FAIL: c-c++-common/asan/bitfield-5.c   -O2  output pattern test, is ==26822==ERROR: AddressSanitizer failed to allocate 0xdfff0001000 (15392894357504) bytes at address 2008fff7000 (errno: 12)
FAIL: c-c++-common/asan/bitfield-5.c   -O3 -g  output pattern test, is ==26835==ERROR: AddressSanitizer failed to allocate 0xdfff0001000 (15392894357504) bytes at address 2008fff7000 (errno: 12)
FAIL: c-c++-common/asan/bitfield-5.c   -Os  output pattern test, is ==26854==ERROR: AddressSanitizer failed to allocate 0xdfff0001000 (15392894357504) bytes at address 2008fff7000 (errno: 12)
FAIL: c-c++-common/asan/bitfield-5.c   -O2 -flto -fno-use-linker-plugin -flto-partition=none  output pattern test, is ==26877==ERROR: AddressSanitizer failed to allocate 0xdfff0001000 (15392894357504) bytes at address 2008fff7000 (errno: 12)
FAIL: c-c++-common/asan/bitfield-5.c   -O2 -flto -fuse-linker-plugin -fno-fat-lto-objects  output pattern test, is ==26903==ERROR: AddressSanitizer failed to allocate 0xdfff0001000 (15392894357504) bytes at address 2008fff7000 (errno: 12)
FAIL: c-c++-common/asan/clone-test-1.c   -O0  execution test
FAIL: c-c++-common/asan/clone-test-1.c   -O1  execution test
FAIL: c-c++-common/asan/clone-test-1.c   -O2  execution test
FAIL: c-c++-common/asan/clone-test-1.c   -O3 -fomit-frame-pointer -funroll-loops -fpeel-loops -ftracer -finline-functions  execution test
FAIL: c-c++-common/asan/clone-test-1.c   -O3 -g  execution test
FAIL: c-c++-common/asan/clone-test-1.c   -Os  execution test
FAIL: c-c++-common/asan/clone-test-1.c   -O2 -flto -fno-use-linker-plugin -flto-partition=none  execution test
FAIL: c-c++-common/asan/clone-test-1.c   -O2 -flto -fuse-linker-plugin -fno-fat-lto-objects  execution test
FAIL: c-c++-common/asan/global-overflow-1.c   -O0  output pattern test, is ==27096==ERROR: AddressSanitizer failed to allocate 0xdfff0001000 (15392894357504) bytes at address 2008fff7000 (errno: 12)
FAIL: c-c++-common/asan/global-overflow-1.c   -O1  output pattern test, is ==27107==ERROR: AddressSanitizer failed to allocate 0xdfff0001000 (15392894357504) bytes at address 2008fff7000 (errno: 12)
FAIL: c-c++-common/asan/global-overflow-1.c   -O2  output pattern test, is ==27126==ERROR: AddressSanitizer failed to allocate 0xdfff0001000 (15392894357504) bytes at address 2008fff7000 (errno: 12)
FAIL: c-c++-common/asan/global-overflow-1.c   -O3 -g  output pattern test, is ==27136==ERROR: AddressSanitizer failed to allocate 0xdfff0001000 (15392894357504) bytes at address 2008fff7000 (errno: 12)
FAIL: c-c++-common/asan/global-overflow-1.c   -Os  output pattern test, is ==27146==ERROR: AddressSanitizer failed to allocate 0xdfff0001000 (15392894357504) bytes at address 2008fff7000 (errno: 12)
FAIL: c-c++-common/asan/global-overflow-1.c   -O2 -flto -fno-use-linker-plugin -flto-partition=none  output pattern test, is ==27168==ERROR: AddressSanitizer failed to allocate 0xdfff0001000 (15392894357504) bytes at address 2008fff7000 (errno: 12)
FAIL: c-c++-common/asan/global-overflow-1.c   -O2 -flto -fuse-linker-plugin -fno-fat-lto-objects  output pattern test, is ==27187==ERROR: AddressSanitizer failed to allocate 0xdfff0001000 (15392894357504) bytes at address 2008fff7000 (errno: 12)
FAIL: c-c++-common/asan/heap-overflow-1.c   -O0  output pattern test, is ==27204==ERROR: AddressSanitizer failed to allocate 0xdfff0001000 (15392894357504) bytes at address 2008fff7000 (errno: 12)
FAIL: c-c++-common/asan/heap-overflow-1.c   -O1  output pattern test, is ==27214==ERROR: AddressSanitizer failed to allocate 0xdfff0001000 (15392894357504) bytes at address 2008fff7000 (errno: 12)
FAIL: c-c++-common/asan/heap-overflow-1.c   -O2  output pattern test, is ==27224==ERROR: AddressSanitizer failed to allocate 0xdfff0001000 (15392894357504) bytes at address 2008fff7000 (errno: 12)
FAIL: c-c++-common/asan/heap-overflow-1.c   -O3 -g  output pattern test, is ==27244==ERROR: AddressSanitizer failed to allocate 0xdfff0001000 (15392894357504) bytes at address 2008fff7000 (errno: 12)
FAIL: c-c++-common/asan/heap-overflow-1.c   -Os  output pattern test, is ==27254==ERROR: AddressSanitizer failed to allocate 0xdfff0001000 (15392894357504) bytes at address 2008fff7000 (errno: 12)
FAIL: c-c++-common/asan/heap-overflow-1.c   -O2 -flto -fno-use-linker-plugin -flto-partition=none  output pattern test, is ==27286==ERROR: AddressSanitizer failed to allocate 0xdfff0001000 (15392894357504) bytes at address 2008fff7000 (errno: 12)
FAIL: c-c++-common/asan/heap-overflow-1.c   -O2 -flto -fuse-linker-plugin -fno-fat-lto-objects  output pattern test, is ==27312==ERROR: AddressSanitizer failed to allocate 0xdfff0001000 (15392894357504) bytes at address 2008fff7000 (errno: 12)
FAIL: c-c++-common/asan/memcmp-1.c   -O0  output pattern test, is ==27525==ERROR: AddressSanitizer failed to allocate 0xdfff0001000 (15392894357504) bytes at address 2008fff7000 (errno: 12)
FAIL: c-c++-common/asan/memcmp-1.c   -O1  output pattern test, is ==27545==ERROR: AddressSanitizer failed to allocate 0xdfff0001000 (15392894357504) bytes at address 2008fff7000 (errno: 12)
FAIL: c-c++-common/asan/memcmp-1.c   -O2  output pattern test, is ==27556==ERROR: AddressSanitizer failed to allocate 0xdfff0001000 (15392894357504) bytes at address 2008fff7000 (errno: 12)
FAIL: c-c++-common/asan/memcmp-1.c   -O3 -g  output pattern test, is ==27566==ERROR: AddressSanitizer failed to allocate 0xdfff0001000 (15392894357504) bytes at address 2008fff7000 (errno: 12)
FAIL: c-c++-common/asan/memcmp-1.c   -Os  output pattern test, is ==27576==ERROR: AddressSanitizer failed to allocate 0xdfff0001000 (15392894357504) bytes at address 2008fff7000 (errno: 12)
FAIL: c-c++-common/asan/memcmp-1.c   -O2 -flto -fno-use-linker-plugin -flto-partition=none  output pattern test, is ==27608==ERROR: AddressSanitizer failed to allocate 0xdfff0001000 (15392894357504) bytes at address 2008fff7000 (errno: 12)
FAIL: c-c++-common/asan/memcmp-1.c   -O2 -flto -fuse-linker-plugin -fno-fat-lto-objects  output pattern test, is ==27624==ERROR: AddressSanitizer failed to allocate 0xdfff0001000 (15392894357504) bytes at address 2008fff7000 (errno: 12)
FAIL: c-c++-common/asan/misalign-1.c   -O0  output pattern test, is ==27679==ERROR: AddressSanitizer failed to allocate 0xdfff0001000 (15392894357504) bytes at address 2008fff7000 (errno: 12)
FAIL: c-c++-common/asan/misalign-1.c   -O1  output pattern test, is ==27691==ERROR: AddressSanitizer failed to allocate 0xdfff0001000 (15392894357504) bytes at address 2008fff7000 (errno: 12)
FAIL: c-c++-common/asan/misalign-1.c   -O2  output pattern test, is ==27709==ERROR: AddressSanitizer failed to allocate 0xdfff0001000 (15392894357504) bytes at address 2008fff7000 (errno: 12)
FAIL: c-c++-common/asan/misalign-1.c   -O3 -g  output pattern test, is ==27726==ERROR: AddressSanitizer failed to allocate 0xdfff0001000 (15392894357504) bytes at address 2008fff7000 (errno: 12)
FAIL: c-c++-common/asan/misalign-1.c   -Os  output pattern test, is ==27738==ERROR: AddressSanitizer failed to allocate 0xdfff0001000 (15392894357504) bytes at address 2008fff7000 (errno: 12)
FAIL: c-c++-common/asan/misalign-1.c   -O2 -flto -fno-use-linker-plugin -flto-partition=none  output pattern test, is ==27769==ERROR: AddressSanitizer failed to allocate 0xdfff0001000 (15392894357504) bytes at address 2008fff7000 (errno: 12)
FAIL: c-c++-common/asan/misalign-1.c   -O2 -flto -fuse-linker-plugin -fno-fat-lto-objects  output pattern test, is ==27785==ERROR: AddressSanitizer failed to allocate 0xdfff0001000 (15392894357504) bytes at address 2008fff7000 (errno: 12)
FAIL: c-c++-common/asan/misalign-2.c   -O0  output pattern test, is ==27805==ERROR: AddressSanitizer failed to allocate 0xdfff0001000 (15392894357504) bytes at address 2008fff7000 (errno: 12)
FAIL: c-c++-common/asan/misalign-2.c   -O1  output pattern test, is ==27815==ERROR: AddressSanitizer failed to allocate 0xdfff0001000 (15392894357504) bytes at address 2008fff7000 (errno: 12)
FAIL: c-c++-common/asan/misalign-2.c   -O2  output pattern test, is ==27826==ERROR: AddressSanitizer failed to allocate 0xdfff0001000 (15392894357504) bytes at address 2008fff7000 (errno: 12)
FAIL: c-c++-common/asan/misalign-2.c   -O3 -g  output pattern test, is ==27846==ERROR: AddressSanitizer failed to allocate 0xdfff0001000 (15392894357504) bytes at address 2008fff7000 (errno: 12)
FAIL: c-c++-common/asan/misalign-2.c   -Os  output pattern test, is ==27863==ERROR: AddressSanitizer failed to allocate 0xdfff0001000 (15392894357504) bytes at address 2008fff7000 (errno: 12)
FAIL: c-c++-common/asan/misalign-2.c   -O2 -flto -fno-use-linker-plugin -flto-partition=none  output pattern test, is ==27895==ERROR: AddressSanitizer failed to allocate 0xdfff0001000 (15392894357504) bytes at address 2008fff7000 (errno: 12)
FAIL: c-c++-common/asan/misalign-2.c   -O2 -flto -fuse-linker-plugin -fno-fat-lto-objects  output pattern test, is ==27921==ERROR: AddressSanitizer failed to allocate 0xdfff0001000 (15392894357504) bytes at address 2008fff7000 (errno: 12)
FAIL: c-c++-common/asan/null-deref-1.c   -O0  output pattern test, is ==28321==ERROR: AddressSanitizer failed to allocate 0xdfff0001000 (15392894357504) bytes at address 2008fff7000 (errno: 12)
FAIL: c-c++-common/asan/null-deref-1.c   -O1  output pattern test, is ==28331==ERROR: AddressSanitizer failed to allocate 0xdfff0001000 (15392894357504) bytes at address 2008fff7000 (errno: 12)
FAIL: c-c++-common/asan/null-deref-1.c   -O2  output pattern test, is ==28346==ERROR: AddressSanitizer failed to allocate 0xdfff0001000 (15392894357504) bytes at address 2008fff7000 (errno: 12)
FAIL: c-c++-common/asan/null-deref-1.c   -O3 -g  output pattern test, is ==28356==ERROR: AddressSanitizer failed to allocate 0xdfff0001000 (15392894357504) bytes at address 2008fff7000 (errno: 12)
FAIL: c-c++-common/asan/null-deref-1.c   -Os  output pattern test, is ==28366==ERROR: AddressSanitizer failed to allocate 0xdfff0001000 (15392894357504) bytes at address 2008fff7000 (errno: 12)
FAIL: c-c++-common/asan/null-deref-1.c   -O2 -flto -fno-use-linker-plugin -flto-partition=none  output pattern test, is ==28393==ERROR: AddressSanitizer failed to allocate 0xdfff0001000 (15392894357504) bytes at address 2008fff7000 (errno: 12)
FAIL: c-c++-common/asan/null-deref-1.c   -O2 -flto -fuse-linker-plugin -fno-fat-lto-objects  output pattern test, is ==28419==ERROR: AddressSanitizer failed to allocate 0xdfff0001000 (15392894357504) bytes at address 2008fff7000 (errno: 12)
FAIL: c-c++-common/asan/pr59063-1.c   -O0  execution test
FAIL: c-c++-common/asan/pr59063-1.c   -O1  execution test
FAIL: c-c++-common/asan/pr59063-1.c   -O2  execution test
FAIL: c-c++-common/asan/pr59063-1.c   -O3 -g  execution test
FAIL: c-c++-common/asan/pr59063-1.c   -Os  execution test
FAIL: c-c++-common/asan/pr59063-1.c   -O2 -flto -fno-use-linker-plugin -flto-partition=none  execution test
FAIL: c-c++-common/asan/pr59063-1.c   -O2 -flto -fuse-linker-plugin -fno-fat-lto-objects  execution test
FAIL: c-c++-common/asan/pr59063-2.c   -O0  execution test
FAIL: c-c++-common/asan/pr59063-2.c   -O1  execution test
FAIL: c-c++-common/asan/pr59063-2.c   -O2  execution test
FAIL: c-c++-common/asan/pr59063-2.c   -O3 -g  execution test
FAIL: c-c++-common/asan/pr59063-2.c   -Os  execution test
FAIL: c-c++-common/asan/pr59063-2.c   -O2 -flto -fno-use-linker-plugin -flto-partition=none  execution test
FAIL: c-c++-common/asan/pr59063-2.c   -O2 -flto -fuse-linker-plugin -fno-fat-lto-objects  execution test
FAIL: c-c++-common/asan/pr61530.c   -O0  output pattern test, is ==28779==ERROR: AddressSanitizer failed to allocate 0xdfff0001000 (15392894357504) bytes at address 2008fff7000 (errno: 12)
FAIL: c-c++-common/asan/pr61530.c   -O1  output pattern test, is ==28789==ERROR: AddressSanitizer failed to allocate 0xdfff0001000 (15392894357504) bytes at address 2008fff7000 (errno: 12)
FAIL: c-c++-common/asan/pr61530.c   -O2  output pattern test, is ==28804==ERROR: AddressSanitizer failed to allocate 0xdfff0001000 (15392894357504) bytes at address 2008fff7000 (errno: 12)
FAIL: c-c++-common/asan/pr61530.c   -O3 -g  output pattern test, is ==28814==ERROR: AddressSanitizer failed to allocate 0xdfff0001000 (15392894357504) bytes at address 2008fff7000 (errno: 12)
FAIL: c-c++-common/asan/pr61530.c   -Os  output pattern test, is ==28824==ERROR: AddressSanitizer failed to allocate 0xdfff0001000 (15392894357504) bytes at address 2008fff7000 (errno: 12)
FAIL: c-c++-common/asan/pr61530.c   -O2 -flto -fno-use-linker-plugin -flto-partition=none  output pattern test, is ==28856==ERROR: AddressSanitizer failed to allocate 0xdfff0001000 (15392894357504) bytes at address 2008fff7000 (errno: 12)
FAIL: c-c++-common/asan/pr61530.c   -O2 -flto -fuse-linker-plugin -fno-fat-lto-objects  output pattern test, is ==28872==ERROR: AddressSanitizer failed to allocate 0xdfff0001000 (15392894357504) bytes at address 2008fff7000 (errno: 12)
FAIL: c-c++-common/asan/pr62089.c   -O0  output pattern test, is ==28882==ERROR: AddressSanitizer failed to allocate 0xdfff0001000 (15392894357504) bytes at address 2008fff7000 (errno: 12)
FAIL: c-c++-common/asan/pr62089.c   -O1  output pattern test, is ==28892==ERROR: AddressSanitizer failed to allocate 0xdfff0001000 (15392894357504) bytes at address 2008fff7000 (errno: 12)
FAIL: c-c++-common/asan/pr62089.c   -O2  output pattern test, is ==28907==ERROR: AddressSanitizer failed to allocate 0xdfff0001000 (15392894357504) bytes at address 2008fff7000 (errno: 12)
FAIL: c-c++-common/asan/pr62089.c   -O3 -g  output pattern test, is ==28917==ERROR: AddressSanitizer failed to allocate 0xdfff0001000 (15392894357504) bytes at address 2008fff7000 (errno: 12)
FAIL: c-c++-common/asan/pr62089.c   -Os  output pattern test, is ==28927==ERROR: AddressSanitizer failed to allocate 0xdfff0001000 (15392894357504) bytes at address 2008fff7000 (errno: 12)
FAIL: c-c++-common/asan/pr62089.c   -O2 -flto -fno-use-linker-plugin -flto-partition=none  output pattern test, is ==28949==ERROR: AddressSanitizer failed to allocate 0xdfff0001000 (15392894357504) bytes at address 2008fff7000 (errno: 12)
FAIL: c-c++-common/asan/pr62089.c   -O2 -flto -fuse-linker-plugin -fno-fat-lto-objects  output pattern test, is ==28965==ERROR: AddressSanitizer failed to allocate 0xdfff0001000 (15392894357504) bytes at address 2008fff7000 (errno: 12)
FAIL: c-c++-common/asan/pr63316.c   -O0  execution test
FAIL: c-c++-common/asan/pr63316.c   -O1  execution test
FAIL: c-c++-common/asan/pr63316.c   -O2  execution test
FAIL: c-c++-common/asan/pr63316.c   -O3 -g  execution test
FAIL: c-c++-common/asan/pr63316.c   -Os  execution test
FAIL: c-c++-common/asan/pr63316.c   -O2 -flto -fno-use-linker-plugin -flto-partition=none  execution test
FAIL: c-c++-common/asan/pr63316.c   -O2 -flto -fuse-linker-plugin -fno-fat-lto-objects  execution test
FAIL: c-c++-common/asan/pr63888.c   -O0  execution test
FAIL: c-c++-common/asan/pr63888.c   -O1  execution test
FAIL: c-c++-common/asan/pr63888.c   -O2  execution test
FAIL: c-c++-common/asan/pr63888.c   -O3 -g  execution test
FAIL: c-c++-common/asan/pr63888.c   -Os  execution test
FAIL: c-c++-common/asan/pr63888.c   -O2 -flto -fno-use-linker-plugin -flto-partition=none  execution test
FAIL: c-c++-common/asan/pr63888.c   -O2 -flto -fuse-linker-plugin -fno-fat-lto-objects  execution test
FAIL: c-c++-common/asan/rlimit-mmap-test-1.c   -O0  output pattern test, is ==29613==ERROR: AddressSanitizer failed to allocate 0xdfff0001000 (15392894357504) bytes at address 2008fff7000 (errno: 12)
FAIL: c-c++-common/asan/sanity-check-pure-c-1.c   -O0  output pattern test, is ==29675==ERROR: AddressSanitizer failed to allocate 0xdfff0001000 (15392894357504) bytes at address 2008fff7000 (errno: 12)
FAIL: c-c++-common/asan/sanity-check-pure-c-1.c   -O1  output pattern test, is ==29695==ERROR: AddressSanitizer failed to allocate 0xdfff0001000 (15392894357504) bytes at address 2008fff7000 (errno: 12)
FAIL: c-c++-common/asan/sanity-check-pure-c-1.c   -O2  output pattern test, is ==29708==ERROR: AddressSanitizer failed to allocate 0xdfff0001000 (15392894357504) bytes at address 2008fff7000 (errno: 12)
FAIL: c-c++-common/asan/sanity-check-pure-c-1.c   -O3 -g  output pattern test, is ==29725==ERROR: AddressSanitizer failed to allocate 0xdfff0001000 (15392894357504) bytes at address 2008fff7000 (errno: 12)
FAIL: c-c++-common/asan/sanity-check-pure-c-1.c   -Os  output pattern test, is ==29735==ERROR: AddressSanitizer failed to allocate 0xdfff0001000 (15392894357504) bytes at address 2008fff7000 (errno: 12)
FAIL: c-c++-common/asan/sanity-check-pure-c-1.c   -O2 -flto -fno-use-linker-plugin -flto-partition=none  output pattern test, is ==29767==ERROR: AddressSanitizer failed to allocate 0xdfff0001000 (15392894357504) bytes at address 2008fff7000 (errno: 12)
FAIL: c-c++-common/asan/sanity-check-pure-c-1.c   -O2 -flto -fuse-linker-plugin -fno-fat-lto-objects  output pattern test, is ==29804==ERROR: AddressSanitizer failed to allocate 0xdfff0001000 (15392894357504) bytes at address 2008fff7000 (errno: 12)
FAIL: c-c++-common/asan/sleep-before-dying-1.c   -O2  output pattern test, is ==29878==ERROR: AddressSanitizer failed to allocate 0xdfff0001000 (15392894357504) bytes at address 2008fff7000 (errno: 12)
FAIL: c-c++-common/asan/sleep-before-dying-1.c   -O2 -flto -fno-use-linker-plugin -flto-partition=none  output pattern test, is ==29922==ERROR: AddressSanitizer failed to allocate 0xdfff0001000 (15392894357504) bytes at address 2008fff7000 (errno: 12)
FAIL: c-c++-common/asan/sleep-before-dying-1.c   -O2 -flto -fuse-linker-plugin -fno-fat-lto-objects  output pattern test, is ==29949==ERROR: AddressSanitizer failed to allocate 0xdfff0001000 (15392894357504) bytes at address 2008fff7000 (errno: 12)
FAIL: c-c++-common/asan/stack-overflow-1.c   -O0  output pattern test, is ==29973==ERROR: AddressSanitizer failed to allocate 0xdfff0001000 (15392894357504) bytes at address 2008fff7000 (errno: 12)
FAIL: c-c++-common/asan/stack-overflow-1.c   -O1  output pattern test, is ==29993==ERROR: AddressSanitizer failed to allocate 0xdfff0001000 (15392894357504) bytes at address 2008fff7000 (errno: 12)
FAIL: c-c++-common/asan/stack-overflow-1.c   -O2  output pattern test, is ==30019==ERROR: AddressSanitizer failed to allocate 0xdfff0001000 (15392894357504) bytes at address 2008fff7000 (errno: 12)
FAIL: c-c++-common/asan/stack-overflow-1.c   -O3 -g  output pattern test, is ==30040==ERROR: AddressSanitizer failed to allocate 0xdfff0001000 (15392894357504) bytes at address 2008fff7000 (errno: 12)
FAIL: c-c++-common/asan/stack-overflow-1.c   -Os  output pattern test, is ==30071==ERROR: AddressSanitizer failed to allocate 0xdfff0001000 (15392894357504) bytes at address 2008fff7000 (errno: 12)
FAIL: c-c++-common/asan/stack-overflow-1.c   -O2 -flto -fno-use-linker-plugin -flto-partition=none  output pattern test, is ==30122==ERROR: AddressSanitizer failed to allocate 0xdfff0001000 (15392894357504) bytes at address 2008fff7000 (errno: 12)
FAIL: c-c++-common/asan/stack-overflow-1.c   -O2 -flto -fuse-linker-plugin -fno-fat-lto-objects  output pattern test, is ==30148==ERROR: AddressSanitizer failed to allocate 0xdfff0001000 (15392894357504) bytes at address 2008fff7000 (errno: 12)
FAIL: c-c++-common/asan/strip-path-prefix-1.c   -O2  output pattern test, is ==30158==ERROR: AddressSanitizer failed to allocate 0xdfff0001000 (15392894357504) bytes at address 2008fff7000 (errno: 12)
FAIL: c-c++-common/asan/strip-path-prefix-1.c   -O2 -flto -fno-use-linker-plugin -flto-partition=none  output pattern test, is ==30180==ERROR: AddressSanitizer failed to allocate 0xdfff0001000 (15392894357504) bytes at address 2008fff7000 (errno: 12)
FAIL: c-c++-common/asan/strip-path-prefix-1.c   -O2 -flto -fuse-linker-plugin -fno-fat-lto-objects  output pattern test, is ==30204==ERROR: AddressSanitizer failed to allocate 0xdfff0001000 (15392894357504) bytes at address 2008fff7000 (errno: 12)
FAIL: c-c++-common/asan/strlen-overflow-1.c   -O0  output pattern test, is ==30221==ERROR: AddressSanitizer failed to allocate 0xdfff0001000 (15392894357504) bytes at address 2008fff7000 (errno: 12)
FAIL: c-c++-common/asan/strlen-overflow-1.c   -O1  output pattern test, is ==30231==ERROR: AddressSanitizer failed to allocate 0xdfff0001000 (15392894357504) bytes at address 2008fff7000 (errno: 12)
FAIL: c-c++-common/asan/strlen-overflow-1.c   -O2  output pattern test, is ==30242==ERROR: AddressSanitizer failed to allocate 0xdfff0001000 (15392894357504) bytes at address 2008fff7000 (errno: 12)
FAIL: c-c++-common/asan/strlen-overflow-1.c   -O3 -g  output pattern test, is ==30260==ERROR: AddressSanitizer failed to allocate 0xdfff0001000 (15392894357504) bytes at address 2008fff7000 (errno: 12)
FAIL: c-c++-common/asan/strlen-overflow-1.c   -Os  output pattern test, is ==30277==ERROR: AddressSanitizer failed to allocate 0xdfff0001000 (15392894357504) bytes at address 2008fff7000 (errno: 12)
FAIL: c-c++-common/asan/strncpy-overflow-1.c   -O0  output pattern test, is ==30293==ERROR: AddressSanitizer failed to allocate 0xdfff0001000 (15392894357504) bytes at address 2008fff7000 (errno: 12)
FAIL: c-c++-common/asan/strncpy-overflow-1.c   -O1  output pattern test, is ==30303==ERROR: AddressSanitizer failed to allocate 0xdfff0001000 (15392894357504) bytes at address 2008fff7000 (errno: 12)
FAIL: c-c++-common/asan/strncpy-overflow-1.c   -O2  output pattern test, is ==30313==ERROR: AddressSanitizer failed to allocate 0xdfff0001000 (15392894357504) bytes at address 2008fff7000 (errno: 12)
FAIL: c-c++-common/asan/strncpy-overflow-1.c   -O3 -g  output pattern test, is ==30328==ERROR: AddressSanitizer failed to allocate 0xdfff0001000 (15392894357504) bytes at address 2008fff7000 (errno: 12)
FAIL: c-c++-common/asan/strncpy-overflow-1.c   -Os  output pattern test, is ==30338==ERROR: AddressSanitizer failed to allocate 0xdfff0001000 (15392894357504) bytes at address 2008fff7000 (errno: 12)
FAIL: c-c++-common/asan/strncpy-overflow-1.c   -O2 -flto -fno-use-linker-plugin -flto-partition=none  output pattern test, is ==30373==ERROR: AddressSanitizer failed to allocate 0xdfff0001000 (15392894357504) bytes at address 2008fff7000 (errno: 12)
FAIL: c-c++-common/asan/strncpy-overflow-1.c   -O2 -flto -fuse-linker-plugin -fno-fat-lto-objects  output pattern test, is ==30404==ERROR: AddressSanitizer failed to allocate 0xdfff0001000 (15392894357504) bytes at address 2008fff7000 (errno: 12)
FAIL: c-c++-common/asan/swapcontext-test-1.c   -O0  execution test
FAIL: c-c++-common/asan/swapcontext-test-1.c   -O1  execution test
FAIL: c-c++-common/asan/swapcontext-test-1.c   -O2  execution test
FAIL: c-c++-common/asan/swapcontext-test-1.c   -O3 -fomit-frame-pointer -funroll-loops -fpeel-loops -ftracer -finline-functions  execution test
FAIL: c-c++-common/asan/swapcontext-test-1.c   -O3 -g  execution test
FAIL: c-c++-common/asan/swapcontext-test-1.c   -Os  execution test
FAIL: c-c++-common/asan/swapcontext-test-1.c   -O2 -flto -fno-use-linker-plugin -flto-partition=none  execution test
FAIL: c-c++-common/asan/swapcontext-test-1.c   -O2 -flto -fuse-linker-plugin -fno-fat-lto-objects  execution test
FAIL: c-c++-common/asan/use-after-free-1.c   -O0  output pattern test, is ==30598==ERROR: AddressSanitizer failed to allocate 0xdfff0001000 (15392894357504) bytes at address 2008fff7000 (errno: 12)
FAIL: c-c++-common/asan/use-after-free-1.c   -O1  output pattern test, is ==30633==ERROR: AddressSanitizer failed to allocate 0xdfff0001000 (15392894357504) bytes at address 2008fff7000 (errno: 12)
FAIL: c-c++-common/asan/use-after-free-1.c   -O2  output pattern test, is ==30655==ERROR: AddressSanitizer failed to allocate 0xdfff0001000 (15392894357504) bytes at address 2008fff7000 (errno: 12)
FAIL: c-c++-common/asan/use-after-free-1.c   -O3 -g  output pattern test, is ==30690==ERROR: AddressSanitizer failed to allocate 0xdfff0001000 (15392894357504) bytes at address 2008fff7000 (errno: 12)
FAIL: c-c++-common/asan/use-after-free-1.c   -Os  output pattern test, is ==30716==ERROR: AddressSanitizer failed to allocate 0xdfff0001000 (15392894357504) bytes at address 2008fff7000 (errno: 12)
FAIL: c-c++-common/asan/use-after-free-1.c   -O2 -flto -fno-use-linker-plugin -flto-partition=none  output pattern test, is ==30765==ERROR: AddressSanitizer failed to allocate 0xdfff0001000 (15392894357504) bytes at address 2008fff7000 (errno: 12)
FAIL: c-c++-common/asan/use-after-free-1.c   -O2 -flto -fuse-linker-plugin -fno-fat-lto-objects  output pattern test, is ==30796==ERROR: AddressSanitizer failed to allocate 0xdfff0001000 (15392894357504) bytes at address 2008fff7000 (errno: 12)
FAIL: c-c++-common/asan/use-after-return-1.c   -O0  output pattern test, is ==30821==ERROR: AddressSanitizer failed to allocate 0xdfff0001000 (15392894357504) bytes at address 2008fff7000 (errno: 12)
FAIL: c-c++-common/asan/use-after-return-1.c   -O1  output pattern test, is ==30847==ERROR: AddressSanitizer failed to allocate 0xdfff0001000 (15392894357504) bytes at address 2008fff7000 (errno: 12)
FAIL: c-c++-common/asan/use-after-return-1.c   -O2  output pattern test, is ==30869==ERROR: AddressSanitizer failed to allocate 0xdfff0001000 (15392894357504) bytes at address 2008fff7000 (errno: 12)
FAIL: c-c++-common/asan/use-after-return-1.c   -O3 -g  output pattern test, is ==30895==ERROR: AddressSanitizer failed to allocate 0xdfff0001000 (15392894357504) bytes at address 2008fff7000 (errno: 12)
FAIL: c-c++-common/asan/use-after-return-1.c   -Os  output pattern test, is ==30933==ERROR: AddressSanitizer failed to allocate 0xdfff0001000 (15392894357504) bytes at address 2008fff7000 (errno: 12)
FAIL: c-c++-common/asan/use-after-return-1.c   -O2 -flto -fno-use-linker-plugin -flto-partition=none  output pattern test, is ==30997==ERROR: AddressSanitizer failed to allocate 0xdfff0001000 (15392894357504) bytes at address 2008fff7000 (errno: 12)
FAIL: c-c++-common/asan/use-after-return-1.c   -O2 -flto -fuse-linker-plugin -fno-fat-lto-objects  output pattern test, is ==31031==ERROR: AddressSanitizer failed to allocate 0xdfff0001000 (15392894357504) bytes at address 2008fff7000 (errno: 12)
FAIL: gcc.dg/asan/nosanitize-and-inline.c   -O0  execution test
FAIL: gcc.dg/asan/nosanitize-and-inline.c   -O1  execution test
FAIL: gcc.dg/asan/nosanitize-and-inline.c   -O2  execution test
FAIL: gcc.dg/asan/nosanitize-and-inline.c   -O3 -fomit-frame-pointer -funroll-loops -fpeel-loops -ftracer -finline-functions  execution test
FAIL: gcc.dg/asan/nosanitize-and-inline.c   -O3 -g  execution test
FAIL: gcc.dg/asan/nosanitize-and-inline.c   -Os  execution test
FAIL: gcc.dg/asan/nosanitize-and-inline.c   -O2 -flto -fno-use-linker-plugin -flto-partition=none  execution test
FAIL: gcc.dg/asan/nosanitize-and-inline.c   -O2 -flto -fuse-linker-plugin -fno-fat-lto-objects  execution test
FAIL: gcc.dg/debug/dwarf2/stacked-qualified-types-3.c scan-assembler-times DIE \\\\([^\\n]*\\\\) DW_TAG_(?:const|volatile|atomic|restrict)_type 8
XPASS: gcc.dg/guality/example.c   -O0  execution test
XPASS: gcc.dg/guality/example.c   -O1  execution test
XPASS: gcc.dg/guality/example.c   -O2  execution test
XPASS: gcc.dg/guality/example.c   -O2 -flto -fno-use-linker-plugin -flto-partition=none  execution test
XPASS: gcc.dg/guality/guality.c   -O0  execution test
XPASS: gcc.dg/guality/guality.c   -O1  execution test
XPASS: gcc.dg/guality/guality.c   -O2  execution test
XPASS: gcc.dg/guality/guality.c   -O3 -g  execution test
XPASS: gcc.dg/guality/guality.c   -Os  execution test
XPASS: gcc.dg/guality/guality.c   -O2 -flto -fno-use-linker-plugin -flto-partition=none  execution test
XPASS: gcc.dg/guality/guality.c   -O2 -flto -fuse-linker-plugin -fno-fat-lto-objects  execution test
XPASS: gcc.dg/guality/inline-params.c   -O2  execution test
XPASS: gcc.dg/guality/inline-params.c   -O3 -g  execution test
XPASS: gcc.dg/guality/inline-params.c   -Os  execution test
XPASS: gcc.dg/guality/inline-params.c   -O2 -flto -fno-use-linker-plugin -flto-partition=none  execution test
XPASS: gcc.dg/guality/pr41353-1.c   -O0  line 28 j == 28 + 37
XPASS: gcc.dg/guality/pr41353-1.c   -O1  line 28 j == 28 + 37
XPASS: gcc.dg/guality/pr41353-1.c   -O2  line 28 j == 28 + 37
XPASS: gcc.dg/guality/pr41353-1.c   -O3 -g  line 28 j == 28 + 37
XPASS: gcc.dg/guality/pr41353-1.c   -Os  line 28 j == 28 + 37
XPASS: gcc.dg/guality/pr41353-1.c   -O2 -flto -fno-use-linker-plugin -flto-partition=none  line 28 j == 28 + 37
XPASS: gcc.dg/guality/pr41353-1.c   -O2 -flto -fuse-linker-plugin -fno-fat-lto-objects  line 28 j == 28 + 37
FAIL: gcc.dg/guality/pr41616-1.c   -O2 -flto -fuse-linker-plugin -fno-fat-lto-objects  execution test
FAIL: gcc.dg/guality/pr45882.c   -O2 -flto -fuse-linker-plugin -fno-fat-lto-objects  line 16 d == 112
FAIL: gcc.dg/guality/pr45882.c   -O2 -flto -fuse-linker-plugin -fno-fat-lto-objects  line 16 e == 142
FAIL: gcc.dg/guality/pr54200.c   -Os  line 20 z == 3
FAIL: gcc.dg/guality/pr54519-1.c   -O2 -flto -fno-use-linker-plugin -flto-partition=none  line 20 y == 25
FAIL: gcc.dg/guality/pr54519-1.c   -O2 -flto -fno-use-linker-plugin -flto-partition=none  line 20 z == 6
FAIL: gcc.dg/guality/pr54519-1.c   -O2 -flto -fno-use-linker-plugin -flto-partition=none  line 23 y == 117
FAIL: gcc.dg/guality/pr54519-1.c   -O2 -flto -fno-use-linker-plugin -flto-partition=none  line 23 z == 8
FAIL: gcc.dg/guality/pr54519-2.c   -O2 -flto -fno-use-linker-plugin -flto-partition=none  line 17 y == 25
FAIL: gcc.dg/guality/pr54519-2.c   -O2 -flto -fuse-linker-plugin -fno-fat-lto-objects  line 17 y == 25
FAIL: gcc.dg/guality/pr54519-3.c   -O2 -flto -fno-use-linker-plugin -flto-partition=none  line 20 y == 25
FAIL: gcc.dg/guality/pr54519-3.c   -O2 -flto -fno-use-linker-plugin -flto-partition=none  line 20 z == 6
FAIL: gcc.dg/guality/pr54519-3.c   -O2 -flto -fno-use-linker-plugin -flto-partition=none  line 23 y == 117
FAIL: gcc.dg/guality/pr54519-3.c   -O2 -flto -fno-use-linker-plugin -flto-partition=none  line 23 z == 8
FAIL: gcc.dg/guality/pr54519-3.c   -O2 -flto -fuse-linker-plugin -fno-fat-lto-objects  line 20 y == 25
FAIL: gcc.dg/guality/pr54519-3.c   -O2 -flto -fuse-linker-plugin -fno-fat-lto-objects  line 20 z == 6
FAIL: gcc.dg/guality/pr54519-3.c   -O2 -flto -fuse-linker-plugin -fno-fat-lto-objects  line 23 y == 117
FAIL: gcc.dg/guality/pr54519-3.c   -O2 -flto -fuse-linker-plugin -fno-fat-lto-objects  line 23 z == 8
FAIL: gcc.dg/guality/pr54519-4.c   -O2 -flto -fno-use-linker-plugin -flto-partition=none  line 17 y == 25
FAIL: gcc.dg/guality/pr54519-4.c   -O2 -flto -fuse-linker-plugin -fno-fat-lto-objects  line 17 y == 25
FAIL: gcc.dg/guality/pr54519-5.c   -O2 -flto -fno-use-linker-plugin -flto-partition=none  line 17 y == 25
FAIL: gcc.dg/guality/pr54519-5.c   -O2 -flto -fuse-linker-plugin -fno-fat-lto-objects  line 17 y == 25
FAIL: gcc.dg/guality/vla-1.c   -O1  line 17 sizeof (a) == 6
FAIL: gcc.dg/guality/vla-1.c   -O2  line 17 sizeof (a) == 6
FAIL: gcc.dg/guality/vla-1.c   -O3 -g  line 17 sizeof (a) == 6
FAIL: gcc.dg/guality/vla-1.c   -Os  line 17 sizeof (a) == 6
FAIL: gcc.dg/guality/vla-1.c   -O2 -flto -fno-use-linker-plugin -flto-partition=none  line 17 sizeof (a) == 6
FAIL: gcc.dg/guality/vla-1.c   -O2 -flto -fuse-linker-plugin -fno-fat-lto-objects  line 17 sizeof (a) == 6
FAIL: gcc.target/i386/pr49781-1.c scan-assembler-not lea[lq]?[ \\t]\\\\((%|)r[a-z0-9]*
FAIL: gcc.target/i386/pr61403.c scan-assembler blend

		=== gcc Summary ===

# of expected passes		107069
# of unexpected failures	228
# of unexpected successes	22
# of expected failures		278
# of unsupported tests		1766
/scratch/gcc/nightly-2015-09-13-mainline/i686-pc-linux-gnu/obj/test-mainline-0-i686-pc-linux-gnu/host-i686-pc-linux-gnu/fsf-mainline/bin/i686-pc-linux-gnu-gcc  version 6.0.0 20150913 (experimental) (GCC) 


		=== Summary adjusted for local xfails ===

# of unexpected failures        228
# of expected passes            107069
# of unexpected successes       22
# of expected failures          278
# of unsupported tests          1766
		=== gfortran tests ===


Running target localhost/-m64
XPASS: gfortran.dg/graphite/pr14741.f90   -O   scan-tree-dump-times graphite "number of SCoPs: 1" 1

		=== gfortran Summary ===

# of expected passes		40753
# of unexpected successes	1
# of expected failures		74
# of unsupported tests		63
/scratch/gcc/nightly-2015-09-13-mainline/i686-pc-linux-gnu/obj/test-mainline-0-i686-pc-linux-gnu/host-i686-pc-linux-gnu/fsf-mainline/bin/i686-pc-linux-gnu-gfortran  version 6.0.0 20150913 (experimental) (GCC) 


		=== Summary adjusted for local xfails ===

# of expected passes            40753
# of unexpected successes       1
# of expected failures          74
# of unsupported tests          63
		=== libatomic tests ===


Running target localhost/-m64

		=== libatomic Summary ===

# of expected passes		54

		=== Summary adjusted for local xfails ===

# of expected passes            54
		=== libgomp tests ===


Running target localhost/-m64
FAIL: libgomp.fortran/allocatable1.f90   -O0  (test for excess errors)
UNRESOLVED: libgomp.fortran/allocatable1.f90   -O0  compilation failed to produce executable
FAIL: libgomp.fortran/allocatable1.f90   -O1  (test for excess errors)
UNRESOLVED: libgomp.fortran/allocatable1.f90   -O1  compilation failed to produce executable
FAIL: libgomp.fortran/allocatable1.f90   -O2  (test for excess errors)
UNRESOLVED: libgomp.fortran/allocatable1.f90   -O2  compilation failed to produce executable
FAIL: libgomp.fortran/allocatable1.f90   -O3 -fomit-frame-pointer -funroll-loops -fpeel-loops -ftracer -finline-functions  (test for excess errors)
UNRESOLVED: libgomp.fortran/allocatable1.f90   -O3 -fomit-frame-pointer -funroll-loops -fpeel-loops -ftracer -finline-functions  compilation failed to produce executable
FAIL: libgomp.fortran/allocatable1.f90   -O3 -g  (test for excess errors)
UNRESOLVED: libgomp.fortran/allocatable1.f90   -O3 -g  compilation failed to produce executable
FAIL: libgomp.fortran/allocatable1.f90   -Os  (test for excess errors)
UNRESOLVED: libgomp.fortran/allocatable1.f90   -Os  compilation failed to produce executable
FAIL: libgomp.fortran/allocatable11.f90   -O0  (test for excess errors)
UNRESOLVED: libgomp.fortran/allocatable11.f90   -O0  compilation failed to produce executable
FAIL: libgomp.fortran/allocatable11.f90   -O1  (test for excess errors)
UNRESOLVED: libgomp.fortran/allocatable11.f90   -O1  compilation failed to produce executable
FAIL: libgomp.fortran/allocatable11.f90   -O2  (test for excess errors)
UNRESOLVED: libgomp.fortran/allocatable11.f90   -O2  compilation failed to produce executable
FAIL: libgomp.fortran/allocatable11.f90   -O3 -fomit-frame-pointer -funroll-loops -fpeel-loops -ftracer -finline-functions  (test for excess errors)
UNRESOLVED: libgomp.fortran/allocatable11.f90   -O3 -fomit-frame-pointer -funroll-loops -fpeel-loops -ftracer -finline-functions  compilation failed to produce executable
FAIL: libgomp.fortran/allocatable11.f90   -O3 -g  (test for excess errors)
UNRESOLVED: libgomp.fortran/allocatable11.f90   -O3 -g  compilation failed to produce executable
FAIL: libgomp.fortran/allocatable11.f90   -Os  (test for excess errors)
UNRESOLVED: libgomp.fortran/allocatable11.f90   -Os  compilation failed to produce executable
FAIL: libgomp.fortran/allocatable2.f90   -O0  (test for excess errors)
UNRESOLVED: libgomp.fortran/allocatable2.f90   -O0  compilation failed to produce executable
FAIL: libgomp.fortran/allocatable2.f90   -O1  (test for excess errors)
UNRESOLVED: libgomp.fortran/allocatable2.f90   -O1  compilation failed to produce executable
FAIL: libgomp.fortran/allocatable2.f90   -O2  (test for excess errors)
UNRESOLVED: libgomp.fortran/allocatable2.f90   -O2  compilation failed to produce executable
FAIL: libgomp.fortran/allocatable2.f90   -O3 -fomit-frame-pointer -funroll-loops -fpeel-loops -ftracer -finline-functions  (test for excess errors)
UNRESOLVED: libgomp.fortran/allocatable2.f90   -O3 -fomit-frame-pointer -funroll-loops -fpeel-loops -ftracer -finline-functions  compilation failed to produce executable
FAIL: libgomp.fortran/allocatable2.f90   -O3 -g  (test for excess errors)
UNRESOLVED: libgomp.fortran/allocatable2.f90   -O3 -g  compilation failed to produce executable
FAIL: libgomp.fortran/allocatable2.f90   -Os  (test for excess errors)
UNRESOLVED: libgomp.fortran/allocatable2.f90   -Os  compilation failed to produce executable
FAIL: libgomp.fortran/allocatable8.f90   -O0  (test for excess errors)
UNRESOLVED: libgomp.fortran/allocatable8.f90   -O0  compilation failed to produce executable
FAIL: libgomp.fortran/allocatable8.f90   -O1  (test for excess errors)
UNRESOLVED: libgomp.fortran/allocatable8.f90   -O1  compilation failed to produce executable
FAIL: libgomp.fortran/allocatable8.f90   -O2  (test for excess errors)
UNRESOLVED: libgomp.fortran/allocatable8.f90   -O2  compilation failed to produce executable
FAIL: libgomp.fortran/allocatable8.f90   -O3 -fomit-frame-pointer -funroll-loops -fpeel-loops -ftracer -finline-functions  (test for excess errors)
UNRESOLVED: libgomp.fortran/allocatable8.f90   -O3 -fomit-frame-pointer -funroll-loops -fpeel-loops -ftracer -finline-functions  compilation failed to produce executable
FAIL: libgomp.fortran/allocatable8.f90   -O3 -g  (test for excess errors)
UNRESOLVED: libgomp.fortran/allocatable8.f90   -O3 -g  compilation failed to produce executable
FAIL: libgomp.fortran/allocatable8.f90   -Os  (test for excess errors)
UNRESOLVED: libgomp.fortran/allocatable8.f90   -Os  compilation failed to produce executable
FAIL: libgomp.fortran/appendix-a/a.18.1.f90   -O0  (test for excess errors)
UNRESOLVED: libgomp.fortran/appendix-a/a.18.1.f90   -O0  compilation failed to produce executable
FAIL: libgomp.fortran/appendix-a/a.18.1.f90   -O1  (test for excess errors)
UNRESOLVED: libgomp.fortran/appendix-a/a.18.1.f90   -O1  compilation failed to produce executable
FAIL: libgomp.fortran/appendix-a/a.18.1.f90   -O2  (test for excess errors)
UNRESOLVED: libgomp.fortran/appendix-a/a.18.1.f90   -O2  compilation failed to produce executable
FAIL: libgomp.fortran/appendix-a/a.18.1.f90   -O3 -fomit-frame-pointer -funroll-loops -fpeel-loops -ftracer -finline-functions  (test for excess errors)
UNRESOLVED: libgomp.fortran/appendix-a/a.18.1.f90   -O3 -fomit-frame-pointer -funroll-loops -fpeel-loops -ftracer -finline-functions  compilation failed to produce executable
FAIL: libgomp.fortran/appendix-a/a.18.1.f90   -O3 -g  (test for excess errors)
UNRESOLVED: libgomp.fortran/appendix-a/a.18.1.f90   -O3 -g  compilation failed to produce executable
FAIL: libgomp.fortran/appendix-a/a.18.1.f90   -Os  (test for excess errors)
UNRESOLVED: libgomp.fortran/appendix-a/a.18.1.f90   -Os  compilation failed to produce executable
FAIL: libgomp.fortran/appendix-a/a.2.1.f90   -O0  (test for excess errors)
UNRESOLVED: libgomp.fortran/appendix-a/a.2.1.f90   -O0  compilation failed to produce executable
FAIL: libgomp.fortran/appendix-a/a.2.1.f90   -O1  (test for excess errors)
UNRESOLVED: libgomp.fortran/appendix-a/a.2.1.f90   -O1  compilation failed to produce executable
FAIL: libgomp.fortran/appendix-a/a.2.1.f90   -O2  (test for excess errors)
UNRESOLVED: libgomp.fortran/appendix-a/a.2.1.f90   -O2  compilation failed to produce executable
FAIL: libgomp.fortran/appendix-a/a.2.1.f90   -O3 -fomit-frame-pointer -funroll-loops -fpeel-loops -ftracer -finline-functions  (test for excess errors)
UNRESOLVED: libgomp.fortran/appendix-a/a.2.1.f90   -O3 -fomit-frame-pointer -funroll-loops -fpeel-loops -ftracer -finline-functions  compilation failed to produce executable
FAIL: libgomp.fortran/appendix-a/a.2.1.f90   -O3 -g  (test for excess errors)
UNRESOLVED: libgomp.fortran/appendix-a/a.2.1.f90   -O3 -g  compilation failed to produce executable
FAIL: libgomp.fortran/appendix-a/a.2.1.f90   -Os  (test for excess errors)
UNRESOLVED: libgomp.fortran/appendix-a/a.2.1.f90   -Os  compilation failed to produce executable
FAIL: libgomp.fortran/appendix-a/a.33.3.f90   -O  (test for excess errors)
FAIL: libgomp.fortran/appendix-a/a.38.1.f90   -O  (test for excess errors)
FAIL: libgomp.fortran/appendix-a/a.39.1.f90   -O0  (test for excess errors)
UNRESOLVED: libgomp.fortran/appendix-a/a.39.1.f90   -O0  compilation failed to produce executable
FAIL: libgomp.fortran/appendix-a/a.39.1.f90   -O1  (test for excess errors)
UNRESOLVED: libgomp.fortran/appendix-a/a.39.1.f90   -O1  compilation failed to produce executable
FAIL: libgomp.fortran/appendix-a/a.39.1.f90   -O2  (test for excess errors)
UNRESOLVED: libgomp.fortran/appendix-a/a.39.1.f90   -O2  compilation failed to produce executable
FAIL: libgomp.fortran/appendix-a/a.39.1.f90   -O3 -fomit-frame-pointer -funroll-loops -fpeel-loops -ftracer -finline-functions  (test for excess errors)
UNRESOLVED: libgomp.fortran/appendix-a/a.39.1.f90   -O3 -fomit-frame-pointer -funroll-loops -fpeel-loops -ftracer -finline-functions  compilation failed to produce executable
FAIL: libgomp.fortran/appendix-a/a.39.1.f90   -O3 -g  (test for excess errors)
UNRESOLVED: libgomp.fortran/appendix-a/a.39.1.f90   -O3 -g  compilation failed to produce executable
FAIL: libgomp.fortran/appendix-a/a.39.1.f90   -Os  (test for excess errors)
UNRESOLVED: libgomp.fortran/appendix-a/a.39.1.f90   -Os  compilation failed to produce executable
FAIL: libgomp.fortran/appendix-a/a.4.1.f90   -O0  (test for excess errors)
UNRESOLVED: libgomp.fortran/appendix-a/a.4.1.f90   -O0  compilation failed to produce executable
FAIL: libgomp.fortran/appendix-a/a.4.1.f90   -O1  (test for excess errors)
UNRESOLVED: libgomp.fortran/appendix-a/a.4.1.f90   -O1  compilation failed to produce executable
FAIL: libgomp.fortran/appendix-a/a.4.1.f90   -O2  (test for excess errors)
UNRESOLVED: libgomp.fortran/appendix-a/a.4.1.f90   -O2  compilation failed to produce executable
FAIL: libgomp.fortran/appendix-a/a.4.1.f90   -O3 -fomit-frame-pointer -funroll-loops -fpeel-loops -ftracer -finline-functions  (test for excess errors)
UNRESOLVED: libgomp.fortran/appendix-a/a.4.1.f90   -O3 -fomit-frame-pointer -funroll-loops -fpeel-loops -ftracer -finline-functions  compilation failed to produce executable
FAIL: libgomp.fortran/appendix-a/a.4.1.f90   -O3 -g  (test for excess errors)
UNRESOLVED: libgomp.fortran/appendix-a/a.4.1.f90   -O3 -g  compilation failed to produce executable
FAIL: libgomp.fortran/appendix-a/a.4.1.f90   -Os  (test for excess errors)
UNRESOLVED: libgomp.fortran/appendix-a/a.4.1.f90   -Os  compilation failed to produce executable
FAIL: libgomp.fortran/appendix-a/a.40.1.f90   -O  (test for excess errors)
FAIL: libgomp.fortran/appendix-a/a.5.1.f90   -O0  (test for excess errors)
UNRESOLVED: libgomp.fortran/appendix-a/a.5.1.f90   -O0  compilation failed to produce executable
FAIL: libgomp.fortran/appendix-a/a.5.1.f90   -O1  (test for excess errors)
UNRESOLVED: libgomp.fortran/appendix-a/a.5.1.f90   -O1  compilation failed to produce executable
FAIL: libgomp.fortran/appendix-a/a.5.1.f90   -O2  (test for excess errors)
UNRESOLVED: libgomp.fortran/appendix-a/a.5.1.f90   -O2  compilation failed to produce executable
FAIL: libgomp.fortran/appendix-a/a.5.1.f90   -O3 -fomit-frame-pointer -funroll-loops -fpeel-loops -ftracer -finline-functions  (test for excess errors)
UNRESOLVED: libgomp.fortran/appendix-a/a.5.1.f90   -O3 -fomit-frame-pointer -funroll-loops -fpeel-loops -ftracer -finline-functions  compilation failed to produce executable
FAIL: libgomp.fortran/appendix-a/a.5.1.f90   -O3 -g  (test for excess errors)
UNRESOLVED: libgomp.fortran/appendix-a/a.5.1.f90   -O3 -g  compilation failed to produce executable
FAIL: libgomp.fortran/appendix-a/a.5.1.f90   -Os  (test for excess errors)
UNRESOLVED: libgomp.fortran/appendix-a/a.5.1.f90   -Os  compilation failed to produce executable
FAIL: libgomp.fortran/cancel-do-1.f90   -O0  (test for excess errors)
UNRESOLVED: libgomp.fortran/cancel-do-1.f90   -O0  compilation failed to produce executable
FAIL: libgomp.fortran/cancel-do-1.f90   -O1  (test for excess errors)
UNRESOLVED: libgomp.fortran/cancel-do-1.f90   -O1  compilation failed to produce executable
FAIL: libgomp.fortran/cancel-do-1.f90   -O2  (test for excess errors)
UNRESOLVED: libgomp.fortran/cancel-do-1.f90   -O2  compilation failed to produce executable
FAIL: libgomp.fortran/cancel-do-1.f90   -O3 -fomit-frame-pointer -funroll-loops -fpeel-loops -ftracer -finline-functions  (test for excess errors)
UNRESOLVED: libgomp.fortran/cancel-do-1.f90   -O3 -fomit-frame-pointer -funroll-loops -fpeel-loops -ftracer -finline-functions  compilation failed to produce executable
FAIL: libgomp.fortran/cancel-do-1.f90   -O3 -g  (test for excess errors)
UNRESOLVED: libgomp.fortran/cancel-do-1.f90   -O3 -g  compilation failed to produce executable
FAIL: libgomp.fortran/cancel-do-1.f90   -Os  (test for excess errors)
UNRESOLVED: libgomp.fortran/cancel-do-1.f90   -Os  compilation failed to produce executable
FAIL: libgomp.fortran/cancel-do-2.f90   -O0  (test for excess errors)
UNRESOLVED: libgomp.fortran/cancel-do-2.f90   -O0  compilation failed to produce executable
FAIL: libgomp.fortran/cancel-do-2.f90   -O1  (test for excess errors)
UNRESOLVED: libgomp.fortran/cancel-do-2.f90   -O1  compilation failed to produce executable
FAIL: libgomp.fortran/cancel-do-2.f90   -O2  (test for excess errors)
UNRESOLVED: libgomp.fortran/cancel-do-2.f90   -O2  compilation failed to produce executable
FAIL: libgomp.fortran/cancel-do-2.f90   -O3 -fomit-frame-pointer -funroll-loops -fpeel-loops -ftracer -finline-functions  (test for excess errors)
UNRESOLVED: libgomp.fortran/cancel-do-2.f90   -O3 -fomit-frame-pointer -funroll-loops -fpeel-loops -ftracer -finline-functions  compilation failed to produce executable
FAIL: libgomp.fortran/cancel-do-2.f90   -O3 -g  (test for excess errors)
UNRESOLVED: libgomp.fortran/cancel-do-2.f90   -O3 -g  compilation failed to produce executable
FAIL: libgomp.fortran/cancel-do-2.f90   -Os  (test for excess errors)
UNRESOLVED: libgomp.fortran/cancel-do-2.f90   -Os  compilation failed to produce executable
FAIL: libgomp.fortran/cancel-parallel-1.f90   -O0  (test for excess errors)
UNRESOLVED: libgomp.fortran/cancel-parallel-1.f90   -O0  compilation failed to produce executable
FAIL: libgomp.fortran/cancel-parallel-1.f90   -O1  (test for excess errors)
UNRESOLVED: libgomp.fortran/cancel-parallel-1.f90   -O1  compilation failed to produce executable
FAIL: libgomp.fortran/cancel-parallel-1.f90   -O2  (test for excess errors)
UNRESOLVED: libgomp.fortran/cancel-parallel-1.f90   -O2  compilation failed to produce executable
FAIL: libgomp.fortran/cancel-parallel-1.f90   -O3 -fomit-frame-pointer -funroll-loops -fpeel-loops -ftracer -finline-functions  (test for excess errors)
UNRESOLVED: libgomp.fortran/cancel-parallel-1.f90   -O3 -fomit-frame-pointer -funroll-loops -fpeel-loops -ftracer -finline-functions  compilation failed to produce executable
FAIL: libgomp.fortran/cancel-parallel-1.f90   -O3 -g  (test for excess errors)
UNRESOLVED: libgomp.fortran/cancel-parallel-1.f90   -O3 -g  compilation failed to produce executable
FAIL: libgomp.fortran/cancel-parallel-1.f90   -Os  (test for excess errors)
UNRESOLVED: libgomp.fortran/cancel-parallel-1.f90   -Os  compilation failed to produce executable
FAIL: libgomp.fortran/cancel-parallel-3.f90   -O0  (test for excess errors)
UNRESOLVED: libgomp.fortran/cancel-parallel-3.f90   -O0  compilation failed to produce executable
FAIL: libgomp.fortran/cancel-parallel-3.f90   -O1  (test for excess errors)
UNRESOLVED: libgomp.fortran/cancel-parallel-3.f90   -O1  compilation failed to produce executable
FAIL: libgomp.fortran/cancel-parallel-3.f90   -O2  (test for excess errors)
UNRESOLVED: libgomp.fortran/cancel-parallel-3.f90   -O2  compilation failed to produce executable
FAIL: libgomp.fortran/cancel-parallel-3.f90   -O3 -fomit-frame-pointer -funroll-loops -fpeel-loops -ftracer -finline-functions  (test for excess errors)
UNRESOLVED: libgomp.fortran/cancel-parallel-3.f90   -O3 -fomit-frame-pointer -funroll-loops -fpeel-loops -ftracer -finline-functions  compilation failed to produce executable
FAIL: libgomp.fortran/cancel-parallel-3.f90   -O3 -g  (test for excess errors)
UNRESOLVED: libgomp.fortran/cancel-parallel-3.f90   -O3 -g  compilation failed to produce executable
FAIL: libgomp.fortran/cancel-parallel-3.f90   -Os  (test for excess errors)
UNRESOLVED: libgomp.fortran/cancel-parallel-3.f90   -Os  compilation failed to produce executable
FAIL: libgomp.fortran/cancel-sections-1.f90   -O0  (test for excess errors)
UNRESOLVED: libgomp.fortran/cancel-sections-1.f90   -O0  compilation failed to produce executable
FAIL: libgomp.fortran/cancel-sections-1.f90   -O1  (test for excess errors)
UNRESOLVED: libgomp.fortran/cancel-sections-1.f90   -O1  compilation failed to produce executable
FAIL: libgomp.fortran/cancel-sections-1.f90   -O2  (test for excess errors)
UNRESOLVED: libgomp.fortran/cancel-sections-1.f90   -O2  compilation failed to produce executable
FAIL: libgomp.fortran/cancel-sections-1.f90   -O3 -fomit-frame-pointer -funroll-loops -fpeel-loops -ftracer -finline-functions  (test for excess errors)
UNRESOLVED: libgomp.fortran/cancel-sections-1.f90   -O3 -fomit-frame-pointer -funroll-loops -fpeel-loops -ftracer -finline-functions  compilation failed to produce executable
FAIL: libgomp.fortran/cancel-sections-1.f90   -O3 -g  (test for excess errors)
UNRESOLVED: libgomp.fortran/cancel-sections-1.f90   -O3 -g  compilation failed to produce executable
FAIL: libgomp.fortran/cancel-sections-1.f90   -Os  (test for excess errors)
UNRESOLVED: libgomp.fortran/cancel-sections-1.f90   -Os  compilation failed to produce executable
FAIL: libgomp.fortran/cancel-taskgroup-2.f90   -O0  (test for excess errors)
UNRESOLVED: libgomp.fortran/cancel-taskgroup-2.f90   -O0  compilation failed to produce executable
FAIL: libgomp.fortran/cancel-taskgroup-2.f90   -O1  (test for excess errors)
UNRESOLVED: libgomp.fortran/cancel-taskgroup-2.f90   -O1  compilation failed to produce executable
FAIL: libgomp.fortran/cancel-taskgroup-2.f90   -O2  (test for excess errors)
UNRESOLVED: libgomp.fortran/cancel-taskgroup-2.f90   -O2  compilation failed to produce executable
FAIL: libgomp.fortran/cancel-taskgroup-2.f90   -O3 -fomit-frame-pointer -funroll-loops -fpeel-loops -ftracer -finline-functions  (test for excess errors)
UNRESOLVED: libgomp.fortran/cancel-taskgroup-2.f90   -O3 -fomit-frame-pointer -funroll-loops -fpeel-loops -ftracer -finline-functions  compilation failed to produce executable
FAIL: libgomp.fortran/cancel-taskgroup-2.f90   -O3 -g  (test for excess errors)
UNRESOLVED: libgomp.fortran/cancel-taskgroup-2.f90   -O3 -g  compilation failed to produce executable
FAIL: libgomp.fortran/cancel-taskgroup-2.f90   -Os  (test for excess errors)
UNRESOLVED: libgomp.fortran/cancel-taskgroup-2.f90   -Os  compilation failed to produce executable
FAIL: libgomp.fortran/character1.f90   -O0  (test for excess errors)
UNRESOLVED: libgomp.fortran/character1.f90   -O0  compilation failed to produce executable
FAIL: libgomp.fortran/character1.f90   -O1  (test for excess errors)
UNRESOLVED: libgomp.fortran/character1.f90   -O1  compilation failed to produce executable
FAIL: libgomp.fortran/character1.f90   -O2  (test for excess errors)
UNRESOLVED: libgomp.fortran/character1.f90   -O2  compilation failed to produce executable
FAIL: libgomp.fortran/character1.f90   -O3 -fomit-frame-pointer -funroll-loops -fpeel-loops -ftracer -finline-functions  (test for excess errors)
UNRESOLVED: libgomp.fortran/character1.f90   -O3 -fomit-frame-pointer -funroll-loops -fpeel-loops -ftracer -finline-functions  compilation failed to produce executable
FAIL: libgomp.fortran/character1.f90   -O3 -g  (test for excess errors)
UNRESOLVED: libgomp.fortran/character1.f90   -O3 -g  compilation failed to produce executable
FAIL: libgomp.fortran/character1.f90   -Os  (test for excess errors)
UNRESOLVED: libgomp.fortran/character1.f90   -Os  compilation failed to produce executable
FAIL: libgomp.fortran/character2.f90   -O0  (test for excess errors)
UNRESOLVED: libgomp.fortran/character2.f90   -O0  compilation failed to produce executable
FAIL: libgomp.fortran/character2.f90   -O1  (test for excess errors)
UNRESOLVED: libgomp.fortran/character2.f90   -O1  compilation failed to produce executable
FAIL: libgomp.fortran/character2.f90   -O2  (test for excess errors)
UNRESOLVED: libgomp.fortran/character2.f90   -O2  compilation failed to produce executable
FAIL: libgomp.fortran/character2.f90   -O3 -fomit-frame-pointer -funroll-loops -fpeel-loops -ftracer -finline-functions  (test for excess errors)
UNRESOLVED: libgomp.fortran/character2.f90   -O3 -fomit-frame-pointer -funroll-loops -fpeel-loops -ftracer -finline-functions  compilation failed to produce executable
FAIL: libgomp.fortran/character2.f90   -O3 -g  (test for excess errors)
UNRESOLVED: libgomp.fortran/character2.f90   -O3 -g  compilation failed to produce executable
FAIL: libgomp.fortran/character2.f90   -Os  (test for excess errors)
UNRESOLVED: libgomp.fortran/character2.f90   -Os  compilation failed to produce executable
FAIL: libgomp.fortran/crayptr1.f90   -O0  (test for excess errors)
UNRESOLVED: libgomp.fortran/crayptr1.f90   -O0  compilation failed to produce executable
FAIL: libgomp.fortran/crayptr1.f90   -O1  (test for excess errors)
UNRESOLVED: libgomp.fortran/crayptr1.f90   -O1  compilation failed to produce executable
FAIL: libgomp.fortran/crayptr1.f90   -O2  (test for excess errors)
UNRESOLVED: libgomp.fortran/crayptr1.f90   -O2  compilation failed to produce executable
FAIL: libgomp.fortran/crayptr1.f90   -O3 -fomit-frame-pointer -funroll-loops -fpeel-loops -ftracer -finline-functions  (test for excess errors)
UNRESOLVED: libgomp.fortran/crayptr1.f90   -O3 -fomit-frame-pointer -funroll-loops -fpeel-loops -ftracer -finline-functions  compilation failed to produce executable
FAIL: libgomp.fortran/crayptr1.f90   -O3 -g  (test for excess errors)
UNRESOLVED: libgomp.fortran/crayptr1.f90   -O3 -g  compilation failed to produce executable
FAIL: libgomp.fortran/crayptr1.f90   -Os  (test for excess errors)
UNRESOLVED: libgomp.fortran/crayptr1.f90   -Os  compilation failed to produce executable
FAIL: libgomp.fortran/crayptr2.f90   -O0  (test for excess errors)
UNRESOLVED: libgomp.fortran/crayptr2.f90   -O0  compilation failed to produce executable
FAIL: libgomp.fortran/crayptr2.f90   -O1  (test for excess errors)
UNRESOLVED: libgomp.fortran/crayptr2.f90   -O1  compilation failed to produce executable
FAIL: libgomp.fortran/crayptr2.f90   -O2  (test for excess errors)
UNRESOLVED: libgomp.fortran/crayptr2.f90   -O2  compilation failed to produce executable
FAIL: libgomp.fortran/crayptr2.f90   -O3 -fomit-frame-pointer -funroll-loops -fpeel-loops -ftracer -finline-functions  (test for excess errors)
UNRESOLVED: libgomp.fortran/crayptr2.f90   -O3 -fomit-frame-pointer -funroll-loops -fpeel-loops -ftracer -finline-functions  compilation failed to produce executable
FAIL: libgomp.fortran/crayptr2.f90   -O3 -g  (test for excess errors)
UNRESOLVED: libgomp.fortran/crayptr2.f90   -O3 -g  compilation failed to produce executable
FAIL: libgomp.fortran/crayptr2.f90   -Os  (test for excess errors)
UNRESOLVED: libgomp.fortran/crayptr2.f90   -Os  compilation failed to produce executable
FAIL: libgomp.fortran/crayptr3.f90   -O0  (test for excess errors)
UNRESOLVED: libgomp.fortran/crayptr3.f90   -O0  compilation failed to produce executable
FAIL: libgomp.fortran/crayptr3.f90   -O1  (test for excess errors)
UNRESOLVED: libgomp.fortran/crayptr3.f90   -O1  compilation failed to produce executable
FAIL: libgomp.fortran/crayptr3.f90   -O2  (test for excess errors)
UNRESOLVED: libgomp.fortran/crayptr3.f90   -O2  compilation failed to produce executable
FAIL: libgomp.fortran/crayptr3.f90   -O3 -fomit-frame-pointer -funroll-loops -fpeel-loops -ftracer -finline-functions  (test for excess errors)
UNRESOLVED: libgomp.fortran/crayptr3.f90   -O3 -fomit-frame-pointer -funroll-loops -fpeel-loops -ftracer -finline-functions  compilation failed to produce executable
FAIL: libgomp.fortran/crayptr3.f90   -O3 -g  (test for excess errors)
UNRESOLVED: libgomp.fortran/crayptr3.f90   -O3 -g  compilation failed to produce executable
FAIL: libgomp.fortran/crayptr3.f90   -Os  (test for excess errors)
UNRESOLVED: libgomp.fortran/crayptr3.f90   -Os  compilation failed to produce executable
FAIL: libgomp.fortran/jacobi.f   -O0  (test for excess errors)
UNRESOLVED: libgomp.fortran/jacobi.f   -O0  compilation failed to produce executable
FAIL: libgomp.fortran/jacobi.f   -O1  (test for excess errors)
UNRESOLVED: libgomp.fortran/jacobi.f   -O1  compilation failed to produce executable
FAIL: libgomp.fortran/jacobi.f   -O2  (test for excess errors)
UNRESOLVED: libgomp.fortran/jacobi.f   -O2  compilation failed to produce executable
FAIL: libgomp.fortran/jacobi.f   -O3 -fomit-frame-pointer -funroll-loops -fpeel-loops -ftracer -finline-functions  (test for excess errors)
UNRESOLVED: libgomp.fortran/jacobi.f   -O3 -fomit-frame-pointer -funroll-loops -fpeel-loops -ftracer -finline-functions  compilation failed to produce executable
FAIL: libgomp.fortran/jacobi.f   -O3 -g  (test for excess errors)
UNRESOLVED: libgomp.fortran/jacobi.f   -O3 -g  compilation failed to produce executable
FAIL: libgomp.fortran/jacobi.f   -Os  (test for excess errors)
UNRESOLVED: libgomp.fortran/jacobi.f   -Os  compilation failed to produce executable
FAIL: libgomp.fortran/lib1.f90   -O0  (test for excess errors)
UNRESOLVED: libgomp.fortran/lib1.f90   -O0  compilation failed to produce executable
FAIL: libgomp.fortran/lib1.f90   -O1  (test for excess errors)
UNRESOLVED: libgomp.fortran/lib1.f90   -O1  compilation failed to produce executable
FAIL: libgomp.fortran/lib1.f90   -O2  (test for excess errors)
UNRESOLVED: libgomp.fortran/lib1.f90   -O2  compilation failed to produce executable
FAIL: libgomp.fortran/lib1.f90   -O3 -fomit-frame-pointer -funroll-loops -fpeel-loops -ftracer -finline-functions  (test for excess errors)
UNRESOLVED: libgomp.fortran/lib1.f90   -O3 -fomit-frame-pointer -funroll-loops -fpeel-loops -ftracer -finline-functions  compilation failed to produce executable
FAIL: libgomp.fortran/lib1.f90   -O3 -g  (test for excess errors)
UNRESOLVED: libgomp.fortran/lib1.f90   -O3 -g  compilation failed to produce executable
FAIL: libgomp.fortran/lib1.f90   -Os  (test for excess errors)
UNRESOLVED: libgomp.fortran/lib1.f90   -Os  compilation failed to produce executable
FAIL: libgomp.fortran/lib2.f   -O0  (test for excess errors)
UNRESOLVED: libgomp.fortran/lib2.f   -O0  compilation failed to produce executable
FAIL: libgomp.fortran/lib2.f   -O1  (test for excess errors)
UNRESOLVED: libgomp.fortran/lib2.f   -O1  compilation failed to produce executable
FAIL: libgomp.fortran/lib2.f   -O2  (test for excess errors)
UNRESOLVED: libgomp.fortran/lib2.f   -O2  compilation failed to produce executable
FAIL: libgomp.fortran/lib2.f   -O3 -fomit-frame-pointer -funroll-loops -fpeel-loops -ftracer -finline-functions  (test for excess errors)
UNRESOLVED: libgomp.fortran/lib2.f   -O3 -fomit-frame-pointer -funroll-loops -fpeel-loops -ftracer -finline-functions  compilation failed to produce executable
FAIL: libgomp.fortran/lib2.f   -O3 -g  (test for excess errors)
UNRESOLVED: libgomp.fortran/lib2.f   -O3 -g  compilation failed to produce executable
FAIL: libgomp.fortran/lib2.f   -Os  (test for excess errors)
UNRESOLVED: libgomp.fortran/lib2.f   -Os  compilation failed to produce executable
FAIL: libgomp.fortran/lib3.f   -O0  (test for excess errors)
UNRESOLVED: libgomp.fortran/lib3.f   -O0  compilation failed to produce executable
FAIL: libgomp.fortran/lib3.f   -O1  (test for excess errors)
UNRESOLVED: libgomp.fortran/lib3.f   -O1  compilation failed to produce executable
FAIL: libgomp.fortran/lib3.f   -O2  (test for excess errors)
UNRESOLVED: libgomp.fortran/lib3.f   -O2  compilation failed to produce executable
FAIL: libgomp.fortran/lib3.f   -O3 -fomit-frame-pointer -funroll-loops -fpeel-loops -ftracer -finline-functions  (test for excess errors)
UNRESOLVED: libgomp.fortran/lib3.f   -O3 -fomit-frame-pointer -funroll-loops -fpeel-loops -ftracer -finline-functions  compilation failed to produce executable
FAIL: libgomp.fortran/lib3.f   -O3 -g  (test for excess errors)
UNRESOLVED: libgomp.fortran/lib3.f   -O3 -g  compilation failed to produce executable
FAIL: libgomp.fortran/lib3.f   -Os  (test for excess errors)
UNRESOLVED: libgomp.fortran/lib3.f   -Os  compilation failed to produce executable
FAIL: libgomp.fortran/lib4.f90   -O0  (test for excess errors)
UNRESOLVED: libgomp.fortran/lib4.f90   -O0  compilation failed to produce executable
FAIL: libgomp.fortran/lib4.f90   -O1  (test for excess errors)
UNRESOLVED: libgomp.fortran/lib4.f90   -O1  compilation failed to produce executable
FAIL: libgomp.fortran/lib4.f90   -O2  (test for excess errors)
UNRESOLVED: libgomp.fortran/lib4.f90   -O2  compilation failed to produce executable
FAIL: libgomp.fortran/lib4.f90   -O3 -fomit-frame-pointer -funroll-loops -fpeel-loops -ftracer -finline-functions  (test for excess errors)
UNRESOLVED: libgomp.fortran/lib4.f90   -O3 -fomit-frame-pointer -funroll-loops -fpeel-loops -ftracer -finline-functions  compilation failed to produce executable
FAIL: libgomp.fortran/lib4.f90   -O3 -g  (test for excess errors)
UNRESOLVED: libgomp.fortran/lib4.f90   -O3 -g  compilation failed to produce executable
FAIL: libgomp.fortran/lib4.f90   -Os  (test for excess errors)
UNRESOLVED: libgomp.fortran/lib4.f90   -Os  compilation failed to produce executable
FAIL: libgomp.fortran/lock-1.f90   -O0  (test for excess errors)
UNRESOLVED: libgomp.fortran/lock-1.f90   -O0  compilation failed to produce executable
FAIL: libgomp.fortran/lock-1.f90   -O1  (test for excess errors)
UNRESOLVED: libgomp.fortran/lock-1.f90   -O1  compilation failed to produce executable
FAIL: libgomp.fortran/lock-1.f90   -O2  (test for excess errors)
UNRESOLVED: libgomp.fortran/lock-1.f90   -O2  compilation failed to produce executable
FAIL: libgomp.fortran/lock-1.f90   -O3 -fomit-frame-pointer -funroll-loops -fpeel-loops -ftracer -finline-functions  (test for excess errors)
UNRESOLVED: libgomp.fortran/lock-1.f90   -O3 -fomit-frame-pointer -funroll-loops -fpeel-loops -ftracer -finline-functions  compilation failed to produce executable
FAIL: libgomp.fortran/lock-1.f90   -O3 -g  (test for excess errors)
UNRESOLVED: libgomp.fortran/lock-1.f90   -O3 -g  compilation failed to produce executable
FAIL: libgomp.fortran/lock-1.f90   -Os  (test for excess errors)
UNRESOLVED: libgomp.fortran/lock-1.f90   -Os  compilation failed to produce executable
FAIL: libgomp.fortran/lock-2.f90   -O0  (test for excess errors)
UNRESOLVED: libgomp.fortran/lock-2.f90   -O0  compilation failed to produce executable
FAIL: libgomp.fortran/lock-2.f90   -O1  (test for excess errors)
UNRESOLVED: libgomp.fortran/lock-2.f90   -O1  compilation failed to produce executable
FAIL: libgomp.fortran/lock-2.f90   -O2  (test for excess errors)
UNRESOLVED: libgomp.fortran/lock-2.f90   -O2  compilation failed to produce executable
FAIL: libgomp.fortran/lock-2.f90   -O3 -fomit-frame-pointer -funroll-loops -fpeel-loops -ftracer -finline-functions  (test for excess errors)
UNRESOLVED: libgomp.fortran/lock-2.f90   -O3 -fomit-frame-pointer -funroll-loops -fpeel-loops -ftracer -finline-functions  compilation failed to produce executable
FAIL: libgomp.fortran/lock-2.f90   -O3 -g  (test for excess errors)
UNRESOLVED: libgomp.fortran/lock-2.f90   -O3 -g  compilation failed to produce executable
FAIL: libgomp.fortran/lock-2.f90   -Os  (test for excess errors)
UNRESOLVED: libgomp.fortran/lock-2.f90   -Os  compilation failed to produce executable
FAIL: libgomp.fortran/nested1.f90   -O0  (test for excess errors)
UNRESOLVED: libgomp.fortran/nested1.f90   -O0  compilation failed to produce executable
FAIL: libgomp.fortran/nested1.f90   -O1  (test for excess errors)
UNRESOLVED: libgomp.fortran/nested1.f90   -O1  compilation failed to produce executable
FAIL: libgomp.fortran/nested1.f90   -O2  (test for excess errors)
UNRESOLVED: libgomp.fortran/nested1.f90   -O2  compilation failed to produce executable
FAIL: libgomp.fortran/nested1.f90   -O3 -fomit-frame-pointer -funroll-loops -fpeel-loops -ftracer -finline-functions  (test for excess errors)
UNRESOLVED: libgomp.fortran/nested1.f90   -O3 -fomit-frame-pointer -funroll-loops -fpeel-loops -ftracer -finline-functions  compilation failed to produce executable
FAIL: libgomp.fortran/nested1.f90   -O3 -g  (test for excess errors)
UNRESOLVED: libgomp.fortran/nested1.f90   -O3 -g  compilation failed to produce executable
FAIL: libgomp.fortran/nested1.f90   -Os  (test for excess errors)
UNRESOLVED: libgomp.fortran/nested1.f90   -Os  compilation failed to produce executable
FAIL: libgomp.fortran/nestedfn1.f90   -O0  (test for excess errors)
UNRESOLVED: libgomp.fortran/nestedfn1.f90   -O0  compilation failed to produce executable
FAIL: libgomp.fortran/nestedfn1.f90   -O1  (test for excess errors)
UNRESOLVED: libgomp.fortran/nestedfn1.f90   -O1  compilation failed to produce executable
FAIL: libgomp.fortran/nestedfn1.f90   -O2  (test for excess errors)
UNRESOLVED: libgomp.fortran/nestedfn1.f90   -O2  compilation failed to produce executable
FAIL: libgomp.fortran/nestedfn1.f90   -O3 -fomit-frame-pointer -funroll-loops -fpeel-loops -ftracer -finline-functions  (test for excess errors)
UNRESOLVED: libgomp.fortran/nestedfn1.f90   -O3 -fomit-frame-pointer -funroll-loops -fpeel-loops -ftracer -finline-functions  compilation failed to produce executable
FAIL: libgomp.fortran/nestedfn1.f90   -O3 -g  (test for excess errors)
UNRESOLVED: libgomp.fortran/nestedfn1.f90   -O3 -g  compilation failed to produce executable
FAIL: libgomp.fortran/nestedfn1.f90   -Os  (test for excess errors)
UNRESOLVED: libgomp.fortran/nestedfn1.f90   -Os  compilation failed to produce executable
FAIL: libgomp.fortran/nestedfn2.f90   -O0  (test for excess errors)
UNRESOLVED: libgomp.fortran/nestedfn2.f90   -O0  compilation failed to produce executable
FAIL: libgomp.fortran/nestedfn2.f90   -O1  (test for excess errors)
UNRESOLVED: libgomp.fortran/nestedfn2.f90   -O1  compilation failed to produce executable
FAIL: libgomp.fortran/nestedfn2.f90   -O2  (test for excess errors)
UNRESOLVED: libgomp.fortran/nestedfn2.f90   -O2  compilation failed to produce executable
FAIL: libgomp.fortran/nestedfn2.f90   -O3 -fomit-frame-pointer -funroll-loops -fpeel-loops -ftracer -finline-functions  (test for excess errors)
UNRESOLVED: libgomp.fortran/nestedfn2.f90   -O3 -fomit-frame-pointer -funroll-loops -fpeel-loops -ftracer -finline-functions  compilation failed to produce executable
FAIL: libgomp.fortran/nestedfn2.f90   -O3 -g  (test for excess errors)
UNRESOLVED: libgomp.fortran/nestedfn2.f90   -O3 -g  compilation failed to produce executable
FAIL: libgomp.fortran/nestedfn2.f90   -Os  (test for excess errors)
UNRESOLVED: libgomp.fortran/nestedfn2.f90   -Os  compilation failed to produce executable
FAIL: libgomp.fortran/nestedfn3.f90   -O0  (test for excess errors)
UNRESOLVED: libgomp.fortran/nestedfn3.f90   -O0  compilation failed to produce executable
FAIL: libgomp.fortran/nestedfn3.f90   -O1  (test for excess errors)
UNRESOLVED: libgomp.fortran/nestedfn3.f90   -O1  compilation failed to produce executable
FAIL: libgomp.fortran/nestedfn3.f90   -O2  (test for excess errors)
UNRESOLVED: libgomp.fortran/nestedfn3.f90   -O2  compilation failed to produce executable
FAIL: libgomp.fortran/nestedfn3.f90   -O3 -fomit-frame-pointer -funroll-loops -fpeel-loops -ftracer -finline-functions  (test for excess errors)
UNRESOLVED: libgomp.fortran/nestedfn3.f90   -O3 -fomit-frame-pointer -funroll-loops -fpeel-loops -ftracer -finline-functions  compilation failed to produce executable
FAIL: libgomp.fortran/nestedfn3.f90   -O3 -g  (test for excess errors)
UNRESOLVED: libgomp.fortran/nestedfn3.f90   -O3 -g  compilation failed to produce executable
FAIL: libgomp.fortran/nestedfn3.f90   -Os  (test for excess errors)
UNRESOLVED: libgomp.fortran/nestedfn3.f90   -Os  compilation failed to produce executable
FAIL: libgomp.fortran/omp_parse1.f90   -O0  (test for excess errors)
UNRESOLVED: libgomp.fortran/omp_parse1.f90   -O0  compilation failed to produce executable
FAIL: libgomp.fortran/omp_parse1.f90   -O1  (test for excess errors)
UNRESOLVED: libgomp.fortran/omp_parse1.f90   -O1  compilation failed to produce executable
FAIL: libgomp.fortran/omp_parse1.f90   -O2  (test for excess errors)
UNRESOLVED: libgomp.fortran/omp_parse1.f90   -O2  compilation failed to produce executable
FAIL: libgomp.fortran/omp_parse1.f90   -O3 -fomit-frame-pointer -funroll-loops -fpeel-loops -ftracer -finline-functions  (test for excess errors)
UNRESOLVED: libgomp.fortran/omp_parse1.f90   -O3 -fomit-frame-pointer -funroll-loops -fpeel-loops -ftracer -finline-functions  compilation failed to produce executable
FAIL: libgomp.fortran/omp_parse1.f90   -O3 -g  (test for excess errors)
UNRESOLVED: libgomp.fortran/omp_parse1.f90   -O3 -g  compilation failed to produce executable
FAIL: libgomp.fortran/omp_parse1.f90   -Os  (test for excess errors)
UNRESOLVED: libgomp.fortran/omp_parse1.f90   -Os  compilation failed to produce executable
FAIL: libgomp.fortran/omp_parse2.f90   -O0  (test for excess errors)
UNRESOLVED: libgomp.fortran/omp_parse2.f90   -O0  compilation failed to produce executable
FAIL: libgomp.fortran/omp_parse2.f90   -O1  (test for excess errors)
UNRESOLVED: libgomp.fortran/omp_parse2.f90   -O1  compilation failed to produce executable
FAIL: libgomp.fortran/omp_parse2.f90   -O2  (test for excess errors)
UNRESOLVED: libgomp.fortran/omp_parse2.f90   -O2  compilation failed to produce executable
FAIL: libgomp.fortran/omp_parse2.f90   -O3 -fomit-frame-pointer -funroll-loops -fpeel-loops -ftracer -finline-functions  (test for excess errors)
UNRESOLVED: libgomp.fortran/omp_parse2.f90   -O3 -fomit-frame-pointer -funroll-loops -fpeel-loops -ftracer -finline-functions  compilation failed to produce executable
FAIL: libgomp.fortran/omp_parse2.f90   -O3 -g  (test for excess errors)
UNRESOLVED: libgomp.fortran/omp_parse2.f90   -O3 -g  compilation failed to produce executable
FAIL: libgomp.fortran/omp_parse2.f90   -Os  (test for excess errors)
UNRESOLVED: libgomp.fortran/omp_parse2.f90   -Os  compilation failed to produce executable
FAIL: libgomp.fortran/omp_parse3.f90   -O0  (test for excess errors)
UNRESOLVED: libgomp.fortran/omp_parse3.f90   -O0  compilation failed to produce executable
FAIL: libgomp.fortran/omp_parse3.f90   -O1  (test for excess errors)
UNRESOLVED: libgomp.fortran/omp_parse3.f90   -O1  compilation failed to produce executable
FAIL: libgomp.fortran/omp_parse3.f90   -O2  (test for excess errors)
UNRESOLVED: libgomp.fortran/omp_parse3.f90   -O2  compilation failed to produce executable
FAIL: libgomp.fortran/omp_parse3.f90   -O3 -fomit-frame-pointer -funroll-loops -fpeel-loops -ftracer -finline-functions  (test for excess errors)
UNRESOLVED: libgomp.fortran/omp_parse3.f90   -O3 -fomit-frame-pointer -funroll-loops -fpeel-loops -ftracer -finline-functions  compilation failed to produce executable
FAIL: libgomp.fortran/omp_parse3.f90   -O3 -g  (test for excess errors)
UNRESOLVED: libgomp.fortran/omp_parse3.f90   -O3 -g  compilation failed to produce executable
FAIL: libgomp.fortran/omp_parse3.f90   -Os  (test for excess errors)
UNRESOLVED: libgomp.fortran/omp_parse3.f90   -Os  compilation failed to produce executable
FAIL: libgomp.fortran/omp_parse4.f90   -O0  (test for excess errors)
UNRESOLVED: libgomp.fortran/omp_parse4.f90   -O0  compilation failed to produce executable
FAIL: libgomp.fortran/omp_parse4.f90   -O1  (test for excess errors)
UNRESOLVED: libgomp.fortran/omp_parse4.f90   -O1  compilation failed to produce executable
FAIL: libgomp.fortran/omp_parse4.f90   -O2  (test for excess errors)
UNRESOLVED: libgomp.fortran/omp_parse4.f90   -O2  compilation failed to produce executable
FAIL: libgomp.fortran/omp_parse4.f90   -O3 -fomit-frame-pointer -funroll-loops -fpeel-loops -ftracer -finline-functions  (test for excess errors)
UNRESOLVED: libgomp.fortran/omp_parse4.f90   -O3 -fomit-frame-pointer -funroll-loops -fpeel-loops -ftracer -finline-functions  compilation failed to produce executable
FAIL: libgomp.fortran/omp_parse4.f90   -O3 -g  (test for excess errors)
UNRESOLVED: libgomp.fortran/omp_parse4.f90   -O3 -g  compilation failed to produce executable
FAIL: libgomp.fortran/omp_parse4.f90   -Os  (test for excess errors)
UNRESOLVED: libgomp.fortran/omp_parse4.f90   -Os  compilation failed to produce executable
FAIL: libgomp.fortran/openmp_version-1.f   -O0  (test for excess errors)
UNRESOLVED: libgomp.fortran/openmp_version-1.f   -O0  compilation failed to produce executable
FAIL: libgomp.fortran/openmp_version-1.f   -O1  (test for excess errors)
UNRESOLVED: libgomp.fortran/openmp_version-1.f   -O1  compilation failed to produce executable
FAIL: libgomp.fortran/openmp_version-1.f   -O2  (test for excess errors)
UNRESOLVED: libgomp.fortran/openmp_version-1.f   -O2  compilation failed to produce executable
FAIL: libgomp.fortran/openmp_version-1.f   -O3 -fomit-frame-pointer -funroll-loops -fpeel-loops -ftracer -finline-functions  (test for excess errors)
UNRESOLVED: libgomp.fortran/openmp_version-1.f   -O3 -fomit-frame-pointer -funroll-loops -fpeel-loops -ftracer -finline-functions  compilation failed to produce executable
FAIL: libgomp.fortran/openmp_version-1.f   -O3 -g  (test for excess errors)
UNRESOLVED: libgomp.fortran/openmp_version-1.f   -O3 -g  compilation failed to produce executable
FAIL: libgomp.fortran/openmp_version-1.f   -Os  (test for excess errors)
UNRESOLVED: libgomp.fortran/openmp_version-1.f   -Os  compilation failed to produce executable
FAIL: libgomp.fortran/openmp_version-2.f90   -O0  (test for excess errors)
UNRESOLVED: libgomp.fortran/openmp_version-2.f90   -O0  compilation failed to produce executable
FAIL: libgomp.fortran/openmp_version-2.f90   -O1  (test for excess errors)
UNRESOLVED: libgomp.fortran/openmp_version-2.f90   -O1  compilation failed to produce executable
FAIL: libgomp.fortran/openmp_version-2.f90   -O2  (test for excess errors)
UNRESOLVED: libgomp.fortran/openmp_version-2.f90   -O2  compilation failed to produce executable
FAIL: libgomp.fortran/openmp_version-2.f90   -O3 -fomit-frame-pointer -funroll-loops -fpeel-loops -ftracer -finline-functions  (test for excess errors)
UNRESOLVED: libgomp.fortran/openmp_version-2.f90   -O3 -fomit-frame-pointer -funroll-loops -fpeel-loops -ftracer -finline-functions  compilation failed to produce executable
FAIL: libgomp.fortran/openmp_version-2.f90   -O3 -g  (test for excess errors)
UNRESOLVED: libgomp.fortran/openmp_version-2.f90   -O3 -g  compilation failed to produce executable
FAIL: libgomp.fortran/openmp_version-2.f90   -Os  (test for excess errors)
UNRESOLVED: libgomp.fortran/openmp_version-2.f90   -Os  compilation failed to produce executable
FAIL: libgomp.fortran/pr27395-1.f90   -O0  (test for excess errors)
UNRESOLVED: libgomp.fortran/pr27395-1.f90   -O0  compilation failed to produce executable
FAIL: libgomp.fortran/pr27395-1.f90   -O1  (test for excess errors)
UNRESOLVED: libgomp.fortran/pr27395-1.f90   -O1  compilation failed to produce executable
FAIL: libgomp.fortran/pr27395-1.f90   -O2  (test for excess errors)
UNRESOLVED: libgomp.fortran/pr27395-1.f90   -O2  compilation failed to produce executable
FAIL: libgomp.fortran/pr27395-1.f90   -O3 -fomit-frame-pointer -funroll-loops -fpeel-loops -ftracer -finline-functions  (test for excess errors)
UNRESOLVED: libgomp.fortran/pr27395-1.f90   -O3 -fomit-frame-pointer -funroll-loops -fpeel-loops -ftracer -finline-functions  compilation failed to produce executable
FAIL: libgomp.fortran/pr27395-1.f90   -O3 -g  (test for excess errors)
UNRESOLVED: libgomp.fortran/pr27395-1.f90   -O3 -g  compilation failed to produce executable
FAIL: libgomp.fortran/pr27395-1.f90   -Os  (test for excess errors)
UNRESOLVED: libgomp.fortran/pr27395-1.f90   -Os  compilation failed to produce executable
FAIL: libgomp.fortran/pr27395-2.f90   -O0  (test for excess errors)
UNRESOLVED: libgomp.fortran/pr27395-2.f90   -O0  compilation failed to produce executable
FAIL: libgomp.fortran/pr27395-2.f90   -O1  (test for excess errors)
UNRESOLVED: libgomp.fortran/pr27395-2.f90   -O1  compilation failed to produce executable
FAIL: libgomp.fortran/pr27395-2.f90   -O2  (test for excess errors)
UNRESOLVED: libgomp.fortran/pr27395-2.f90   -O2  compilation failed to produce executable
FAIL: libgomp.fortran/pr27395-2.f90   -O3 -fomit-frame-pointer -funroll-loops -fpeel-loops -ftracer -finline-functions  (test for excess errors)
UNRESOLVED: libgomp.fortran/pr27395-2.f90   -O3 -fomit-frame-pointer -funroll-loops -fpeel-loops -ftracer -finline-functions  compilation failed to produce executable
FAIL: libgomp.fortran/pr27395-2.f90   -O3 -g  (test for excess errors)
UNRESOLVED: libgomp.fortran/pr27395-2.f90   -O3 -g  compilation failed to produce executable
FAIL: libgomp.fortran/pr27395-2.f90   -Os  (test for excess errors)
UNRESOLVED: libgomp.fortran/pr27395-2.f90   -Os  compilation failed to produce executable
FAIL: libgomp.fortran/pr32359.f90   -O  (test for excess errors)
FAIL: libgomp.fortran/pr48894.f90   -O0  (test for excess errors)
UNRESOLVED: libgomp.fortran/pr48894.f90   -O0  compilation failed to produce executable
FAIL: libgomp.fortran/pr48894.f90   -O1  (test for excess errors)
UNRESOLVED: libgomp.fortran/pr48894.f90   -O1  compilation failed to produce executable
FAIL: libgomp.fortran/pr48894.f90   -O2  (test for excess errors)
UNRESOLVED: libgomp.fortran/pr48894.f90   -O2  compilation failed to produce executable
FAIL: libgomp.fortran/pr48894.f90   -O3 -fomit-frame-pointer -funroll-loops -fpeel-loops -ftracer -finline-functions  (test for excess errors)
UNRESOLVED: libgomp.fortran/pr48894.f90   -O3 -fomit-frame-pointer -funroll-loops -fpeel-loops -ftracer -finline-functions  compilation failed to produce executable
FAIL: libgomp.fortran/pr48894.f90   -O3 -g  (test for excess errors)
UNRESOLVED: libgomp.fortran/pr48894.f90   -O3 -g  compilation failed to produce executable
FAIL: libgomp.fortran/pr48894.f90   -Os  (test for excess errors)
UNRESOLVED: libgomp.fortran/pr48894.f90   -Os  compilation failed to produce executable
FAIL: libgomp.fortran/reduction1.f90   -O0  (test for excess errors)
UNRESOLVED: libgomp.fortran/reduction1.f90   -O0  compilation failed to produce executable
FAIL: libgomp.fortran/reduction1.f90   -O1  (test for excess errors)
UNRESOLVED: libgomp.fortran/reduction1.f90   -O1  compilation failed to produce executable
FAIL: libgomp.fortran/reduction1.f90   -O2  (test for excess errors)
UNRESOLVED: libgomp.fortran/reduction1.f90   -O2  compilation failed to produce executable
FAIL: libgomp.fortran/reduction1.f90   -O3 -fomit-frame-pointer -funroll-loops -fpeel-loops -ftracer -finline-functions  (test for excess errors)
UNRESOLVED: libgomp.fortran/reduction1.f90   -O3 -fomit-frame-pointer -funroll-loops -fpeel-loops -ftracer -finline-functions  compilation failed to produce executable
FAIL: libgomp.fortran/reduction1.f90   -O3 -g  (test for excess errors)
UNRESOLVED: libgomp.fortran/reduction1.f90   -O3 -g  compilation failed to produce executable
FAIL: libgomp.fortran/reduction1.f90   -Os  (test for excess errors)
UNRESOLVED: libgomp.fortran/reduction1.f90   -Os  compilation failed to produce executable
FAIL: libgomp.fortran/reduction2.f90   -O0  (test for excess errors)
UNRESOLVED: libgomp.fortran/reduction2.f90   -O0  compilation failed to produce executable
FAIL: libgomp.fortran/reduction2.f90   -O1  (test for excess errors)
UNRESOLVED: libgomp.fortran/reduction2.f90   -O1  compilation failed to produce executable
FAIL: libgomp.fortran/reduction2.f90   -O2  (test for excess errors)
UNRESOLVED: libgomp.fortran/reduction2.f90   -O2  compilation failed to produce executable
FAIL: libgomp.fortran/reduction2.f90   -O3 -fomit-frame-pointer -funroll-loops -fpeel-loops -ftracer -finline-functions  (test for excess errors)
UNRESOLVED: libgomp.fortran/reduction2.f90   -O3 -fomit-frame-pointer -funroll-loops -fpeel-loops -ftracer -finline-functions  compilation failed to produce executable
FAIL: libgomp.fortran/reduction2.f90   -O3 -g  (test for excess errors)
UNRESOLVED: libgomp.fortran/reduction2.f90   -O3 -g  compilation failed to produce executable
FAIL: libgomp.fortran/reduction2.f90   -Os  (test for excess errors)
UNRESOLVED: libgomp.fortran/reduction2.f90   -Os  compilation failed to produce executable
FAIL: libgomp.fortran/reduction3.f90   -O0  (test for excess errors)
UNRESOLVED: libgomp.fortran/reduction3.f90   -O0  compilation failed to produce executable
FAIL: libgomp.fortran/reduction3.f90   -O1  (test for excess errors)
UNRESOLVED: libgomp.fortran/reduction3.f90   -O1  compilation failed to produce executable
FAIL: libgomp.fortran/reduction3.f90   -O2  (test for excess errors)
UNRESOLVED: libgomp.fortran/reduction3.f90   -O2  compilation failed to produce executable
FAIL: libgomp.fortran/reduction3.f90   -O3 -fomit-frame-pointer -funroll-loops -fpeel-loops -ftracer -finline-functions  (test for excess errors)
UNRESOLVED: libgomp.fortran/reduction3.f90   -O3 -fomit-frame-pointer -funroll-loops -fpeel-loops -ftracer -finline-functions  compilation failed to produce executable
FAIL: libgomp.fortran/reduction3.f90   -O3 -g  (test for excess errors)
UNRESOLVED: libgomp.fortran/reduction3.f90   -O3 -g  compilation failed to produce executable
FAIL: libgomp.fortran/reduction3.f90   -Os  (test for excess errors)
UNRESOLVED: libgomp.fortran/reduction3.f90   -Os  compilation failed to produce executable
FAIL: libgomp.fortran/reduction4.f90   -O0  (test for excess errors)
UNRESOLVED: libgomp.fortran/reduction4.f90   -O0  compilation failed to produce executable
FAIL: libgomp.fortran/reduction4.f90   -O1  (test for excess errors)
UNRESOLVED: libgomp.fortran/reduction4.f90   -O1  compilation failed to produce executable
FAIL: libgomp.fortran/reduction4.f90   -O2  (test for excess errors)
UNRESOLVED: libgomp.fortran/reduction4.f90   -O2  compilation failed to produce executable
FAIL: libgomp.fortran/reduction4.f90   -O3 -fomit-frame-pointer -funroll-loops -fpeel-loops -ftracer -finline-functions  (test for excess errors)
UNRESOLVED: libgomp.fortran/reduction4.f90   -O3 -fomit-frame-pointer -funroll-loops -fpeel-loops -ftracer -finline-functions  compilation failed to produce executable
FAIL: libgomp.fortran/reduction4.f90   -O3 -g  (test for excess errors)
UNRESOLVED: libgomp.fortran/reduction4.f90   -O3 -g  compilation failed to produce executable
FAIL: libgomp.fortran/reduction4.f90   -Os  (test for excess errors)
UNRESOLVED: libgomp.fortran/reduction4.f90   -Os  compilation failed to produce executable
FAIL: libgomp.fortran/reduction6.f90   -O0  (test for excess errors)
UNRESOLVED: libgomp.fortran/reduction6.f90   -O0  compilation failed to produce executable
FAIL: libgomp.fortran/reduction6.f90   -O1  (test for excess errors)
UNRESOLVED: libgomp.fortran/reduction6.f90   -O1  compilation failed to produce executable
FAIL: libgomp.fortran/reduction6.f90   -O2  (test for excess errors)
UNRESOLVED: libgomp.fortran/reduction6.f90   -O2  compilation failed to produce executable
FAIL: libgomp.fortran/reduction6.f90   -O3 -fomit-frame-pointer -funroll-loops -fpeel-loops -ftracer -finline-functions  (test for excess errors)
UNRESOLVED: libgomp.fortran/reduction6.f90   -O3 -fomit-frame-pointer -funroll-loops -fpeel-loops -ftracer -finline-functions  compilation failed to produce executable
FAIL: libgomp.fortran/reduction6.f90   -O3 -g  (test for excess errors)
UNRESOLVED: libgomp.fortran/reduction6.f90   -O3 -g  compilation failed to produce executable
FAIL: libgomp.fortran/reduction6.f90   -Os  (test for excess errors)
UNRESOLVED: libgomp.fortran/reduction6.f90   -Os  compilation failed to produce executable
FAIL: libgomp.fortran/reference1.f90   -O0  (test for excess errors)
UNRESOLVED: libgomp.fortran/reference1.f90   -O0  compilation failed to produce executable
FAIL: libgomp.fortran/reference1.f90   -O1  (test for excess errors)
UNRESOLVED: libgomp.fortran/reference1.f90   -O1  compilation failed to produce executable
FAIL: libgomp.fortran/reference1.f90   -O2  (test for excess errors)
UNRESOLVED: libgomp.fortran/reference1.f90   -O2  compilation failed to produce executable
FAIL: libgomp.fortran/reference1.f90   -O3 -fomit-frame-pointer -funroll-loops -fpeel-loops -ftracer -finline-functions  (test for excess errors)
UNRESOLVED: libgomp.fortran/reference1.f90   -O3 -fomit-frame-pointer -funroll-loops -fpeel-loops -ftracer -finline-functions  compilation failed to produce executable
FAIL: libgomp.fortran/reference1.f90   -O3 -g  (test for excess errors)
UNRESOLVED: libgomp.fortran/reference1.f90   -O3 -g  compilation failed to produce executable
FAIL: libgomp.fortran/reference1.f90   -Os  (test for excess errors)
UNRESOLVED: libgomp.fortran/reference1.f90   -Os  compilation failed to produce executable
FAIL: libgomp.fortran/retval1.f90   -O0  (test for excess errors)
UNRESOLVED: libgomp.fortran/retval1.f90   -O0  compilation failed to produce executable
FAIL: libgomp.fortran/retval1.f90   -O1  (test for excess errors)
UNRESOLVED: libgomp.fortran/retval1.f90   -O1  compilation failed to produce executable
FAIL: libgomp.fortran/retval1.f90   -O2  (test for excess errors)
UNRESOLVED: libgomp.fortran/retval1.f90   -O2  compilation failed to produce executable
FAIL: libgomp.fortran/retval1.f90   -O3 -fomit-frame-pointer -funroll-loops -fpeel-loops -ftracer -finline-functions  (test for excess errors)
UNRESOLVED: libgomp.fortran/retval1.f90   -O3 -fomit-frame-pointer -funroll-loops -fpeel-loops -ftracer -finline-functions  compilation failed to produce executable
FAIL: libgomp.fortran/retval1.f90   -O3 -g  (test for excess errors)
UNRESOLVED: libgomp.fortran/retval1.f90   -O3 -g  compilation failed to produce executable
FAIL: libgomp.fortran/retval1.f90   -Os  (test for excess errors)
UNRESOLVED: libgomp.fortran/retval1.f90   -Os  compilation failed to produce executable
FAIL: libgomp.fortran/retval2.f90   -O0  (test for excess errors)
UNRESOLVED: libgomp.fortran/retval2.f90   -O0  compilation failed to produce executable
FAIL: libgomp.fortran/retval2.f90   -O1  (test for excess errors)
UNRESOLVED: libgomp.fortran/retval2.f90   -O1  compilation failed to produce executable
FAIL: libgomp.fortran/retval2.f90   -O2  (test for excess errors)
UNRESOLVED: libgomp.fortran/retval2.f90   -O2  compilation failed to produce executable
FAIL: libgomp.fortran/retval2.f90   -O3 -fomit-frame-pointer -funroll-loops -fpeel-loops -ftracer -finline-functions  (test for excess errors)
UNRESOLVED: libgomp.fortran/retval2.f90   -O3 -fomit-frame-pointer -funroll-loops -fpeel-loops -ftracer -finline-functions  compilation failed to produce executable
FAIL: libgomp.fortran/retval2.f90   -O3 -g  (test for excess errors)
UNRESOLVED: libgomp.fortran/retval2.f90   -O3 -g  compilation failed to produce executable
FAIL: libgomp.fortran/retval2.f90   -Os  (test for excess errors)
UNRESOLVED: libgomp.fortran/retval2.f90   -Os  compilation failed to produce executable
FAIL: libgomp.fortran/sharing1.f90   -O0  (test for excess errors)
UNRESOLVED: libgomp.fortran/sharing1.f90   -O0  compilation failed to produce executable
FAIL: libgomp.fortran/sharing1.f90   -O1  (test for excess errors)
UNRESOLVED: libgomp.fortran/sharing1.f90   -O1  compilation failed to produce executable
FAIL: libgomp.fortran/sharing1.f90   -O2  (test for excess errors)
UNRESOLVED: libgomp.fortran/sharing1.f90   -O2  compilation failed to produce executable
FAIL: libgomp.fortran/sharing1.f90   -O3 -fomit-frame-pointer -funroll-loops -fpeel-loops -ftracer -finline-functions  (test for excess errors)
UNRESOLVED: libgomp.fortran/sharing1.f90   -O3 -fomit-frame-pointer -funroll-loops -fpeel-loops -ftracer -finline-functions  compilation failed to produce executable
FAIL: libgomp.fortran/sharing1.f90   -O3 -g  (test for excess errors)
UNRESOLVED: libgomp.fortran/sharing1.f90   -O3 -g  compilation failed to produce executable
FAIL: libgomp.fortran/sharing1.f90   -Os  (test for excess errors)
UNRESOLVED: libgomp.fortran/sharing1.f90   -Os  compilation failed to produce executable
FAIL: libgomp.fortran/sharing2.f90   -O0  (test for excess errors)
UNRESOLVED: libgomp.fortran/sharing2.f90   -O0  compilation failed to produce executable
FAIL: libgomp.fortran/sharing2.f90   -O1  (test for excess errors)
UNRESOLVED: libgomp.fortran/sharing2.f90   -O1  compilation failed to produce executable
FAIL: libgomp.fortran/sharing2.f90   -O2  (test for excess errors)
UNRESOLVED: libgomp.fortran/sharing2.f90   -O2  compilation failed to produce executable
FAIL: libgomp.fortran/sharing2.f90   -O3 -fomit-frame-pointer -funroll-loops -fpeel-loops -ftracer -finline-functions  (test for excess errors)
UNRESOLVED: libgomp.fortran/sharing2.f90   -O3 -fomit-frame-pointer -funroll-loops -fpeel-loops -ftracer -finline-functions  compilation failed to produce executable
FAIL: libgomp.fortran/sharing2.f90   -O3 -g  (test for excess errors)
UNRESOLVED: libgomp.fortran/sharing2.f90   -O3 -g  compilation failed to produce executable
FAIL: libgomp.fortran/sharing2.f90   -Os  (test for excess errors)
UNRESOLVED: libgomp.fortran/sharing2.f90   -Os  compilation failed to produce executable
FAIL: libgomp.fortran/strassen.f90   -O  (test for excess errors)
UNRESOLVED: libgomp.fortran/strassen.f90   -O  compilation failed to produce executable
FAIL: libgomp.fortran/task1.f90   -O0  (test for excess errors)
UNRESOLVED: libgomp.fortran/task1.f90   -O0  compilation failed to produce executable
FAIL: libgomp.fortran/task1.f90   -O1  (test for excess errors)
UNRESOLVED: libgomp.fortran/task1.f90   -O1  compilation failed to produce executable
FAIL: libgomp.fortran/task1.f90   -O2  (test for excess errors)
UNRESOLVED: libgomp.fortran/task1.f90   -O2  compilation failed to produce executable
FAIL: libgomp.fortran/task1.f90   -O3 -fomit-frame-pointer -funroll-loops -fpeel-loops -ftracer -finline-functions  (test for excess errors)
UNRESOLVED: libgomp.fortran/task1.f90   -O3 -fomit-frame-pointer -funroll-loops -fpeel-loops -ftracer -finline-functions  compilation failed to produce executable
FAIL: libgomp.fortran/task1.f90   -O3 -g  (test for excess errors)
UNRESOLVED: libgomp.fortran/task1.f90   -O3 -g  compilation failed to produce executable
FAIL: libgomp.fortran/task1.f90   -Os  (test for excess errors)
UNRESOLVED: libgomp.fortran/task1.f90   -Os  compilation failed to produce executable
FAIL: libgomp.fortran/task2.f90   -O  (test for excess errors)
UNRESOLVED: libgomp.fortran/task2.f90   -O  compilation failed to produce executable
FAIL: libgomp.fortran/task3.f90   -O0  (test for excess errors)
UNRESOLVED: libgomp.fortran/task3.f90   -O0  compilation failed to produce executable
FAIL: libgomp.fortran/task3.f90   -O1  (test for excess errors)
UNRESOLVED: libgomp.fortran/task3.f90   -O1  compilation failed to produce executable
FAIL: libgomp.fortran/task3.f90   -O2  (test for excess errors)
UNRESOLVED: libgomp.fortran/task3.f90   -O2  compilation failed to produce executable
FAIL: libgomp.fortran/task3.f90   -O3 -fomit-frame-pointer -funroll-loops -fpeel-loops -ftracer -finline-functions  (test for excess errors)
UNRESOLVED: libgomp.fortran/task3.f90   -O3 -fomit-frame-pointer -funroll-loops -fpeel-loops -ftracer -finline-functions  compilation failed to produce executable
FAIL: libgomp.fortran/task3.f90   -O3 -g  (test for excess errors)
UNRESOLVED: libgomp.fortran/task3.f90   -O3 -g  compilation failed to produce executable
FAIL: libgomp.fortran/task3.f90   -Os  (test for excess errors)
UNRESOLVED: libgomp.fortran/task3.f90   -Os  compilation failed to produce executable
FAIL: libgomp.fortran/task4.f90   -O0  (test for excess errors)
UNRESOLVED: libgomp.fortran/task4.f90   -O0  compilation failed to produce executable
FAIL: libgomp.fortran/task4.f90   -O1  (test for excess errors)
UNRESOLVED: libgomp.fortran/task4.f90   -O1  compilation failed to produce executable
FAIL: libgomp.fortran/task4.f90   -O2  (test for excess errors)
UNRESOLVED: libgomp.fortran/task4.f90   -O2  compilation failed to produce executable
FAIL: libgomp.fortran/task4.f90   -O3 -fomit-frame-pointer -funroll-loops -fpeel-loops -ftracer -finline-functions  (test for excess errors)
UNRESOLVED: libgomp.fortran/task4.f90   -O3 -fomit-frame-pointer -funroll-loops -fpeel-loops -ftracer -finline-functions  compilation failed to produce executable
FAIL: libgomp.fortran/task4.f90   -O3 -g  (test for excess errors)
UNRESOLVED: libgomp.fortran/task4.f90   -O3 -g  compilation failed to produce executable
FAIL: libgomp.fortran/task4.f90   -Os  (test for excess errors)
UNRESOLVED: libgomp.fortran/task4.f90   -Os  compilation failed to produce executable
FAIL: libgomp.fortran/threadprivate1.f90   -O0  (test for excess errors)
UNRESOLVED: libgomp.fortran/threadprivate1.f90   -O0  compilation failed to produce executable
FAIL: libgomp.fortran/threadprivate1.f90   -O1  (test for excess errors)
UNRESOLVED: libgomp.fortran/threadprivate1.f90   -O1  compilation failed to produce executable
FAIL: libgomp.fortran/threadprivate1.f90   -O2  (test for excess errors)
UNRESOLVED: libgomp.fortran/threadprivate1.f90   -O2  compilation failed to produce executable
FAIL: libgomp.fortran/threadprivate1.f90   -O3 -fomit-frame-pointer -funroll-loops -fpeel-loops -ftracer -finline-functions  (test for excess errors)
UNRESOLVED: libgomp.fortran/threadprivate1.f90   -O3 -fomit-frame-pointer -funroll-loops -fpeel-loops -ftracer -finline-functions  compilation failed to produce executable
FAIL: libgomp.fortran/threadprivate1.f90   -O3 -g  (test for excess errors)
UNRESOLVED: libgomp.fortran/threadprivate1.f90   -O3 -g  compilation failed to produce executable
FAIL: libgomp.fortran/threadprivate1.f90   -Os  (test for excess errors)
UNRESOLVED: libgomp.fortran/threadprivate1.f90   -Os  compilation failed to produce executable
FAIL: libgomp.fortran/threadprivate2.f90   -O0  (test for excess errors)
UNRESOLVED: libgomp.fortran/threadprivate2.f90   -O0  compilation failed to produce executable
FAIL: libgomp.fortran/threadprivate2.f90   -O1  (test for excess errors)
UNRESOLVED: libgomp.fortran/threadprivate2.f90   -O1  compilation failed to produce executable
FAIL: libgomp.fortran/threadprivate2.f90   -O2  (test for excess errors)
UNRESOLVED: libgomp.fortran/threadprivate2.f90   -O2  compilation failed to produce executable
FAIL: libgomp.fortran/threadprivate2.f90   -O3 -fomit-frame-pointer -funroll-loops -fpeel-loops -ftracer -finline-functions  (test for excess errors)
UNRESOLVED: libgomp.fortran/threadprivate2.f90   -O3 -fomit-frame-pointer -funroll-loops -fpeel-loops -ftracer -finline-functions  compilation failed to produce executable
FAIL: libgomp.fortran/threadprivate2.f90   -O3 -g  (test for excess errors)
UNRESOLVED: libgomp.fortran/threadprivate2.f90   -O3 -g  compilation failed to produce executable
FAIL: libgomp.fortran/threadprivate2.f90   -Os  (test for excess errors)
UNRESOLVED: libgomp.fortran/threadprivate2.f90   -Os  compilation failed to produce executable
FAIL: libgomp.fortran/threadprivate3.f90   -O0  (test for excess errors)
UNRESOLVED: libgomp.fortran/threadprivate3.f90   -O0  compilation failed to produce executable
FAIL: libgomp.fortran/threadprivate3.f90   -O1  (test for excess errors)
UNRESOLVED: libgomp.fortran/threadprivate3.f90   -O1  compilation failed to produce executable
FAIL: libgomp.fortran/threadprivate3.f90   -O2  (test for excess errors)
UNRESOLVED: libgomp.fortran/threadprivate3.f90   -O2  compilation failed to produce executable
FAIL: libgomp.fortran/threadprivate3.f90   -O3 -fomit-frame-pointer -funroll-loops -fpeel-loops -ftracer -finline-functions  (test for excess errors)
UNRESOLVED: libgomp.fortran/threadprivate3.f90   -O3 -fomit-frame-pointer -funroll-loops -fpeel-loops -ftracer -finline-functions  compilation failed to produce executable
FAIL: libgomp.fortran/threadprivate3.f90   -O3 -g  (test for excess errors)
UNRESOLVED: libgomp.fortran/threadprivate3.f90   -O3 -g  compilation failed to produce executable
FAIL: libgomp.fortran/threadprivate3.f90   -Os  (test for excess errors)
UNRESOLVED: libgomp.fortran/threadprivate3.f90   -Os  compilation failed to produce executable
FAIL: libgomp.fortran/threadprivate4.f90   -O0  (test for excess errors)
UNRESOLVED: libgomp.fortran/threadprivate4.f90   -O0  compilation failed to produce executable
FAIL: libgomp.fortran/threadprivate4.f90   -O1  (test for excess errors)
UNRESOLVED: libgomp.fortran/threadprivate4.f90   -O1  compilation failed to produce executable
FAIL: libgomp.fortran/threadprivate4.f90   -O2  (test for excess errors)
UNRESOLVED: libgomp.fortran/threadprivate4.f90   -O2  compilation failed to produce executable
FAIL: libgomp.fortran/threadprivate4.f90   -O3 -fomit-frame-pointer -funroll-loops -fpeel-loops -ftracer -finline-functions  (test for excess errors)
UNRESOLVED: libgomp.fortran/threadprivate4.f90   -O3 -fomit-frame-pointer -funroll-loops -fpeel-loops -ftracer -finline-functions  compilation failed to produce executable
FAIL: libgomp.fortran/threadprivate4.f90   -O3 -g  (test for excess errors)
UNRESOLVED: libgomp.fortran/threadprivate4.f90   -O3 -g  compilation failed to produce executable
FAIL: libgomp.fortran/threadprivate4.f90   -Os  (test for excess errors)
UNRESOLVED: libgomp.fortran/threadprivate4.f90   -Os  compilation failed to produce executable
FAIL: libgomp.fortran/use_intrinsic_1.f90   -O  (test for excess errors)
FAIL: libgomp.fortran/vla1.f90   -O0  (test for excess errors)
UNRESOLVED: libgomp.fortran/vla1.f90   -O0  compilation failed to produce executable
FAIL: libgomp.fortran/vla1.f90   -O1  (test for excess errors)
UNRESOLVED: libgomp.fortran/vla1.f90   -O1  compilation failed to produce executable
FAIL: libgomp.fortran/vla1.f90   -O2  (test for excess errors)
UNRESOLVED: libgomp.fortran/vla1.f90   -O2  compilation failed to produce executable
FAIL: libgomp.fortran/vla1.f90   -O3 -fomit-frame-pointer -funroll-loops -fpeel-loops -ftracer -finline-functions  (test for excess errors)
UNRESOLVED: libgomp.fortran/vla1.f90   -O3 -fomit-frame-pointer -funroll-loops -fpeel-loops -ftracer -finline-functions  compilation failed to produce executable
FAIL: libgomp.fortran/vla1.f90   -O3 -g  (test for excess errors)
UNRESOLVED: libgomp.fortran/vla1.f90   -O3 -g  compilation failed to produce executable
FAIL: libgomp.fortran/vla1.f90   -Os  (test for excess errors)
UNRESOLVED: libgomp.fortran/vla1.f90   -Os  compilation failed to produce executable
FAIL: libgomp.fortran/vla2.f90   -O0  (test for excess errors)
UNRESOLVED: libgomp.fortran/vla2.f90   -O0  compilation failed to produce executable
FAIL: libgomp.fortran/vla2.f90   -O1  (test for excess errors)
UNRESOLVED: libgomp.fortran/vla2.f90   -O1  compilation failed to produce executable
FAIL: libgomp.fortran/vla2.f90   -O2  (test for excess errors)
UNRESOLVED: libgomp.fortran/vla2.f90   -O2  compilation failed to produce executable
FAIL: libgomp.fortran/vla2.f90   -O3 -fomit-frame-pointer -funroll-loops -fpeel-loops -ftracer -finline-functions  (test for excess errors)
UNRESOLVED: libgomp.fortran/vla2.f90   -O3 -fomit-frame-pointer -funroll-loops -fpeel-loops -ftracer -finline-functions  compilation failed to produce executable
FAIL: libgomp.fortran/vla2.f90   -O3 -g  (test for excess errors)
UNRESOLVED: libgomp.fortran/vla2.f90   -O3 -g  compilation failed to produce executable
FAIL: libgomp.fortran/vla2.f90   -Os  (test for excess errors)
UNRESOLVED: libgomp.fortran/vla2.f90   -Os  compilation failed to produce executable
FAIL: libgomp.fortran/vla3.f90   -O0  (test for excess errors)
UNRESOLVED: libgomp.fortran/vla3.f90   -O0  compilation failed to produce executable
FAIL: libgomp.fortran/vla3.f90   -O1  (test for excess errors)
UNRESOLVED: libgomp.fortran/vla3.f90   -O1  compilation failed to produce executable
FAIL: libgomp.fortran/vla3.f90   -O2  (test for excess errors)
UNRESOLVED: libgomp.fortran/vla3.f90   -O2  compilation failed to produce executable
FAIL: libgomp.fortran/vla3.f90   -O3 -fomit-frame-pointer -funroll-loops -fpeel-loops -ftracer -finline-functions  (test for excess errors)
UNRESOLVED: libgomp.fortran/vla3.f90   -O3 -fomit-frame-pointer -funroll-loops -fpeel-loops -ftracer -finline-functions  compilation failed to produce executable
FAIL: libgomp.fortran/vla3.f90   -O3 -g  (test for excess errors)
UNRESOLVED: libgomp.fortran/vla3.f90   -O3 -g  compilation failed to produce executable
FAIL: libgomp.fortran/vla3.f90   -Os  (test for excess errors)
UNRESOLVED: libgomp.fortran/vla3.f90   -Os  compilation failed to produce executable
FAIL: libgomp.fortran/vla4.f90   -O0  (test for excess errors)
UNRESOLVED: libgomp.fortran/vla4.f90   -O0  compilation failed to produce executable
FAIL: libgomp.fortran/vla4.f90   -O1  (test for excess errors)
UNRESOLVED: libgomp.fortran/vla4.f90   -O1  compilation failed to produce executable
FAIL: libgomp.fortran/vla4.f90   -O2  (test for excess errors)
UNRESOLVED: libgomp.fortran/vla4.f90   -O2  compilation failed to produce executable
FAIL: libgomp.fortran/vla4.f90   -O3 -fomit-frame-pointer -funroll-loops -fpeel-loops -ftracer -finline-functions  (test for excess errors)
UNRESOLVED: libgomp.fortran/vla4.f90   -O3 -fomit-frame-pointer -funroll-loops -fpeel-loops -ftracer -finline-functions  compilation failed to produce executable
FAIL: libgomp.fortran/vla4.f90   -O3 -g  (test for excess errors)
UNRESOLVED: libgomp.fortran/vla4.f90   -O3 -g  compilation failed to produce executable
FAIL: libgomp.fortran/vla4.f90   -Os  (test for excess errors)
UNRESOLVED: libgomp.fortran/vla4.f90   -Os  compilation failed to produce executable
FAIL: libgomp.fortran/vla5.f90   -O0  (test for excess errors)
UNRESOLVED: libgomp.fortran/vla5.f90   -O0  compilation failed to produce executable
FAIL: libgomp.fortran/vla5.f90   -O1  (test for excess errors)
UNRESOLVED: libgomp.fortran/vla5.f90   -O1  compilation failed to produce executable
FAIL: libgomp.fortran/vla5.f90   -O2  (test for excess errors)
UNRESOLVED: libgomp.fortran/vla5.f90   -O2  compilation failed to produce executable
FAIL: libgomp.fortran/vla5.f90   -O3 -fomit-frame-pointer -funroll-loops -fpeel-loops -ftracer -finline-functions  (test for excess errors)
UNRESOLVED: libgomp.fortran/vla5.f90   -O3 -fomit-frame-pointer -funroll-loops -fpeel-loops -ftracer -finline-functions  compilation failed to produce executable
FAIL: libgomp.fortran/vla5.f90   -O3 -g  (test for excess errors)
UNRESOLVED: libgomp.fortran/vla5.f90   -O3 -g  compilation failed to produce executable
FAIL: libgomp.fortran/vla5.f90   -Os  (test for excess errors)
UNRESOLVED: libgomp.fortran/vla5.f90   -Os  compilation failed to produce executable
FAIL: libgomp.fortran/vla6.f90   -O0  (test for excess errors)
UNRESOLVED: libgomp.fortran/vla6.f90   -O0  compilation failed to produce executable
FAIL: libgomp.fortran/vla6.f90   -O1  (test for excess errors)
UNRESOLVED: libgomp.fortran/vla6.f90   -O1  compilation failed to produce executable
FAIL: libgomp.fortran/vla6.f90   -O2  (test for excess errors)
UNRESOLVED: libgomp.fortran/vla6.f90   -O2  compilation failed to produce executable
FAIL: libgomp.fortran/vla6.f90   -O3 -fomit-frame-pointer -funroll-loops -fpeel-loops -ftracer -finline-functions  (test for excess errors)
UNRESOLVED: libgomp.fortran/vla6.f90   -O3 -fomit-frame-pointer -funroll-loops -fpeel-loops -ftracer -finline-functions  compilation failed to produce executable
FAIL: libgomp.fortran/vla6.f90   -O3 -g  (test for excess errors)
UNRESOLVED: libgomp.fortran/vla6.f90   -O3 -g  compilation failed to produce executable
FAIL: libgomp.fortran/vla6.f90   -Os  (test for excess errors)
UNRESOLVED: libgomp.fortran/vla6.f90   -Os  compilation failed to produce executable
FAIL: libgomp.fortran/vla7.f90   -O0  (test for excess errors)
UNRESOLVED: libgomp.fortran/vla7.f90   -O0  compilation failed to produce executable
FAIL: libgomp.fortran/vla7.f90   -O1  (test for excess errors)
UNRESOLVED: libgomp.fortran/vla7.f90   -O1  compilation failed to produce executable
FAIL: libgomp.fortran/vla7.f90   -O2  (test for excess errors)
UNRESOLVED: libgomp.fortran/vla7.f90   -O2  compilation failed to produce executable
FAIL: libgomp.fortran/vla7.f90   -O3 -fomit-frame-pointer -funroll-loops -fpeel-loops -ftracer -finline-functions  (test for excess errors)
UNRESOLVED: libgomp.fortran/vla7.f90   -O3 -fomit-frame-pointer -funroll-loops -fpeel-loops -ftracer -finline-functions  compilation failed to produce executable
FAIL: libgomp.fortran/vla7.f90   -O3 -g  (test for excess errors)
UNRESOLVED: libgomp.fortran/vla7.f90   -O3 -g  compilation failed to produce executable
FAIL: libgomp.fortran/vla7.f90   -Os  (test for excess errors)
UNRESOLVED: libgomp.fortran/vla7.f90   -Os  compilation failed to produce executable
FAIL: libgomp.fortran/vla8.f90   -O0  (test for excess errors)
UNRESOLVED: libgomp.fortran/vla8.f90   -O0  compilation failed to produce executable
FAIL: libgomp.fortran/vla8.f90   -O1  (test for excess errors)
UNRESOLVED: libgomp.fortran/vla8.f90   -O1  compilation failed to produce executable
FAIL: libgomp.fortran/vla8.f90   -O2  (test for excess errors)
UNRESOLVED: libgomp.fortran/vla8.f90   -O2  compilation failed to produce executable
FAIL: libgomp.fortran/vla8.f90   -O3 -fomit-frame-pointer -funroll-loops -fpeel-loops -ftracer -finline-functions  (test for excess errors)
UNRESOLVED: libgomp.fortran/vla8.f90   -O3 -fomit-frame-pointer -funroll-loops -fpeel-loops -ftracer -finline-functions  compilation failed to produce executable
FAIL: libgomp.fortran/vla8.f90   -O3 -g  (test for excess errors)
UNRESOLVED: libgomp.fortran/vla8.f90   -O3 -g  compilation failed to produce executable
FAIL: libgomp.fortran/vla8.f90   -Os  (test for excess errors)
UNRESOLVED: libgomp.fortran/vla8.f90   -Os  compilation failed to produce executable
FAIL: libgomp.oacc-fortran/acc_on_device-1-1.f90 -DACC_DEVICE_TYPE_host=1 -DACC_MEM_SHARED=1  -O  (test for excess errors)
UNRESOLVED: libgomp.oacc-fortran/acc_on_device-1-1.f90 -DACC_DEVICE_TYPE_host=1 -DACC_MEM_SHARED=1  -O  compilation failed to produce executable
FAIL: libgomp.oacc-fortran/acc_on_device-1-2.f -DACC_DEVICE_TYPE_host=1 -DACC_MEM_SHARED=1  -O  (test for excess errors)
UNRESOLVED: libgomp.oacc-fortran/acc_on_device-1-2.f -DACC_DEVICE_TYPE_host=1 -DACC_MEM_SHARED=1  -O  compilation failed to produce executable
FAIL: libgomp.oacc-fortran/lib-1.f90 -DACC_DEVICE_TYPE_host=1 -DACC_MEM_SHARED=1  -O  (test for excess errors)
UNRESOLVED: libgomp.oacc-fortran/lib-1.f90 -DACC_DEVICE_TYPE_host=1 -DACC_MEM_SHARED=1  -O  compilation failed to produce executable
FAIL: libgomp.oacc-fortran/lib-2.f -DACC_DEVICE_TYPE_host=1 -DACC_MEM_SHARED=1  -O  (test for excess errors)
UNRESOLVED: libgomp.oacc-fortran/lib-2.f -DACC_DEVICE_TYPE_host=1 -DACC_MEM_SHARED=1  -O  compilation failed to produce executable
FAIL: libgomp.oacc-fortran/lib-4.f90 -DACC_DEVICE_TYPE_host=1 -DACC_MEM_SHARED=1  -O0  (test for excess errors)
UNRESOLVED: libgomp.oacc-fortran/lib-4.f90 -DACC_DEVICE_TYPE_host=1 -DACC_MEM_SHARED=1  -O0  compilation failed to produce executable
FAIL: libgomp.oacc-fortran/lib-4.f90 -DACC_DEVICE_TYPE_host=1 -DACC_MEM_SHARED=1  -O1  (test for excess errors)
UNRESOLVED: libgomp.oacc-fortran/lib-4.f90 -DACC_DEVICE_TYPE_host=1 -DACC_MEM_SHARED=1  -O1  compilation failed to produce executable
FAIL: libgomp.oacc-fortran/lib-4.f90 -DACC_DEVICE_TYPE_host=1 -DACC_MEM_SHARED=1  -O2  (test for excess errors)
UNRESOLVED: libgomp.oacc-fortran/lib-4.f90 -DACC_DEVICE_TYPE_host=1 -DACC_MEM_SHARED=1  -O2  compilation failed to produce executable
FAIL: libgomp.oacc-fortran/lib-4.f90 -DACC_DEVICE_TYPE_host=1 -DACC_MEM_SHARED=1  -O3 -fomit-frame-pointer -funroll-loops -fpeel-loops -ftracer -finline-functions  (test for excess errors)
UNRESOLVED: libgomp.oacc-fortran/lib-4.f90 -DACC_DEVICE_TYPE_host=1 -DACC_MEM_SHARED=1  -O3 -fomit-frame-pointer -funroll-loops -fpeel-loops -ftracer -finline-functions  compilation failed to produce executable
FAIL: libgomp.oacc-fortran/lib-4.f90 -DACC_DEVICE_TYPE_host=1 -DACC_MEM_SHARED=1  -O3 -g  (test for excess errors)
UNRESOLVED: libgomp.oacc-fortran/lib-4.f90 -DACC_DEVICE_TYPE_host=1 -DACC_MEM_SHARED=1  -O3 -g  compilation failed to produce executable
FAIL: libgomp.oacc-fortran/lib-4.f90 -DACC_DEVICE_TYPE_host=1 -DACC_MEM_SHARED=1  -Os  (test for excess errors)
UNRESOLVED: libgomp.oacc-fortran/lib-4.f90 -DACC_DEVICE_TYPE_host=1 -DACC_MEM_SHARED=1  -Os  compilation failed to produce executable
FAIL: libgomp.oacc-fortran/lib-5.f90 -DACC_DEVICE_TYPE_host=1 -DACC_MEM_SHARED=1  -O0  (test for excess errors)
UNRESOLVED: libgomp.oacc-fortran/lib-5.f90 -DACC_DEVICE_TYPE_host=1 -DACC_MEM_SHARED=1  -O0  compilation failed to produce executable
FAIL: libgomp.oacc-fortran/lib-5.f90 -DACC_DEVICE_TYPE_host=1 -DACC_MEM_SHARED=1  -O1  (test for excess errors)
UNRESOLVED: libgomp.oacc-fortran/lib-5.f90 -DACC_DEVICE_TYPE_host=1 -DACC_MEM_SHARED=1  -O1  compilation failed to produce executable
FAIL: libgomp.oacc-fortran/lib-5.f90 -DACC_DEVICE_TYPE_host=1 -DACC_MEM_SHARED=1  -O2  (test for excess errors)
UNRESOLVED: libgomp.oacc-fortran/lib-5.f90 -DACC_DEVICE_TYPE_host=1 -DACC_MEM_SHARED=1  -O2  compilation failed to produce executable
FAIL: libgomp.oacc-fortran/lib-5.f90 -DACC_DEVICE_TYPE_host=1 -DACC_MEM_SHARED=1  -O3 -fomit-frame-pointer -funroll-loops -fpeel-loops -ftracer -finline-functions  (test for excess errors)
UNRESOLVED: libgomp.oacc-fortran/lib-5.f90 -DACC_DEVICE_TYPE_host=1 -DACC_MEM_SHARED=1  -O3 -fomit-frame-pointer -funroll-loops -fpeel-loops -ftracer -finline-functions  compilation failed to produce executable
FAIL: libgomp.oacc-fortran/lib-5.f90 -DACC_DEVICE_TYPE_host=1 -DACC_MEM_SHARED=1  -O3 -g  (test for excess errors)
UNRESOLVED: libgomp.oacc-fortran/lib-5.f90 -DACC_DEVICE_TYPE_host=1 -DACC_MEM_SHARED=1  -O3 -g  compilation failed to produce executable
FAIL: libgomp.oacc-fortran/lib-5.f90 -DACC_DEVICE_TYPE_host=1 -DACC_MEM_SHARED=1  -Os  (test for excess errors)
UNRESOLVED: libgomp.oacc-fortran/lib-5.f90 -DACC_DEVICE_TYPE_host=1 -DACC_MEM_SHARED=1  -Os  compilation failed to produce executable
FAIL: libgomp.oacc-fortran/lib-8.f90 -DACC_DEVICE_TYPE_host=1 -DACC_MEM_SHARED=1  -O0  (test for excess errors)
UNRESOLVED: libgomp.oacc-fortran/lib-8.f90 -DACC_DEVICE_TYPE_host=1 -DACC_MEM_SHARED=1  -O0  compilation failed to produce executable
FAIL: libgomp.oacc-fortran/lib-8.f90 -DACC_DEVICE_TYPE_host=1 -DACC_MEM_SHARED=1  -O1  (test for excess errors)
UNRESOLVED: libgomp.oacc-fortran/lib-8.f90 -DACC_DEVICE_TYPE_host=1 -DACC_MEM_SHARED=1  -O1  compilation failed to produce executable
FAIL: libgomp.oacc-fortran/lib-8.f90 -DACC_DEVICE_TYPE_host=1 -DACC_MEM_SHARED=1  -O2  (test for excess errors)
UNRESOLVED: libgomp.oacc-fortran/lib-8.f90 -DACC_DEVICE_TYPE_host=1 -DACC_MEM_SHARED=1  -O2  compilation failed to produce executable
FAIL: libgomp.oacc-fortran/lib-8.f90 -DACC_DEVICE_TYPE_host=1 -DACC_MEM_SHARED=1  -O3 -fomit-frame-pointer -funroll-loops -fpeel-loops -ftracer -finline-functions  (test for excess errors)
UNRESOLVED: libgomp.oacc-fortran/lib-8.f90 -DACC_DEVICE_TYPE_host=1 -DACC_MEM_SHARED=1  -O3 -fomit-frame-pointer -funroll-loops -fpeel-loops -ftracer -finline-functions  compilation failed to produce executable
FAIL: libgomp.oacc-fortran/lib-8.f90 -DACC_DEVICE_TYPE_host=1 -DACC_MEM_SHARED=1  -O3 -g  (test for excess errors)
UNRESOLVED: libgomp.oacc-fortran/lib-8.f90 -DACC_DEVICE_TYPE_host=1 -DACC_MEM_SHARED=1  -O3 -g  compilation failed to produce executable
FAIL: libgomp.oacc-fortran/lib-8.f90 -DACC_DEVICE_TYPE_host=1 -DACC_MEM_SHARED=1  -Os  (test for excess errors)
UNRESOLVED: libgomp.oacc-fortran/lib-8.f90 -DACC_DEVICE_TYPE_host=1 -DACC_MEM_SHARED=1  -Os  compilation failed to produce executable
FAIL: libgomp.oacc-fortran/openacc_version-2.f90 -DACC_DEVICE_TYPE_host=1 -DACC_MEM_SHARED=1  -O0  (test for excess errors)
UNRESOLVED: libgomp.oacc-fortran/openacc_version-2.f90 -DACC_DEVICE_TYPE_host=1 -DACC_MEM_SHARED=1  -O0  compilation failed to produce executable
FAIL: libgomp.oacc-fortran/openacc_version-2.f90 -DACC_DEVICE_TYPE_host=1 -DACC_MEM_SHARED=1  -O1  (test for excess errors)
UNRESOLVED: libgomp.oacc-fortran/openacc_version-2.f90 -DACC_DEVICE_TYPE_host=1 -DACC_MEM_SHARED=1  -O1  compilation failed to produce executable
FAIL: libgomp.oacc-fortran/openacc_version-2.f90 -DACC_DEVICE_TYPE_host=1 -DACC_MEM_SHARED=1  -O2  (test for excess errors)
UNRESOLVED: libgomp.oacc-fortran/openacc_version-2.f90 -DACC_DEVICE_TYPE_host=1 -DACC_MEM_SHARED=1  -O2  compilation failed to produce executable
FAIL: libgomp.oacc-fortran/openacc_version-2.f90 -DACC_DEVICE_TYPE_host=1 -DACC_MEM_SHARED=1  -O3 -fomit-frame-pointer -funroll-loops -fpeel-loops -ftracer -finline-functions  (test for excess errors)
UNRESOLVED: libgomp.oacc-fortran/openacc_version-2.f90 -DACC_DEVICE_TYPE_host=1 -DACC_MEM_SHARED=1  -O3 -fomit-frame-pointer -funroll-loops -fpeel-loops -ftracer -finline-functions  compilation failed to produce executable
FAIL: libgomp.oacc-fortran/openacc_version-2.f90 -DACC_DEVICE_TYPE_host=1 -DACC_MEM_SHARED=1  -O3 -g  (test for excess errors)
UNRESOLVED: libgomp.oacc-fortran/openacc_version-2.f90 -DACC_DEVICE_TYPE_host=1 -DACC_MEM_SHARED=1  -O3 -g  compilation failed to produce executable
FAIL: libgomp.oacc-fortran/openacc_version-2.f90 -DACC_DEVICE_TYPE_host=1 -DACC_MEM_SHARED=1  -Os  (test for excess errors)
UNRESOLVED: libgomp.oacc-fortran/openacc_version-2.f90 -DACC_DEVICE_TYPE_host=1 -DACC_MEM_SHARED=1  -Os  compilation failed to produce executable

		=== libgomp Summary ===

# of expected passes		3326
# of unexpected failures	425
# of expected failures		4
# of unresolved testcases	420
# of unsupported tests		196

		=== Summary adjusted for local xfails ===

# of unexpected failures        425
# of expected passes            3326
# of expected failures          4
# of unresolved testcases       420
# of unsupported tests          196
		=== libitm tests ===


Running target localhost/-m64

		=== libitm Summary ===

# of expected passes		26
# of expected failures		3
# of unsupported tests		1

		=== Summary adjusted for local xfails ===

# of expected passes            26
# of expected failures          3
# of unsupported tests          1
		=== libstdc++ tests ===


Running target localhost/-m64
FAIL: 25_algorithms/remove/requirements/explicit_instantiation/2.cc (test for excess errors)

		=== libstdc++ Summary ===

# of expected passes		10104
# of unexpected failures	1
# of expected failures		66
# of unsupported tests		551

		=== Summary adjusted for local xfails ===

# of unexpected failures        1
# of expected passes            10104
# of expected failures          66
# of unsupported tests          551

Compiler version: 6.0.0 20150913 (experimental) (GCC) 
Platform: i686-pc-linux-gnu
configure flags: --build=i686-pc-linux-gnu --host=i686-pc-linux-gnu --target=i686-pc-linux-gnu --enable-threads --disable-libmudflap --disable-libssp --disable-libstdcxx-pch --enable-targets=all --with-gnu-as --with-gnu-ld --enable-languages=c,c++,fortran --enable-shared --enable-lto --disable-nls --prefix=/scratch/gcc/nightly-2015-09-13-mainline/i686-pc-linux-gnu/install --with-gmp=/scratch/gcc/nightly-2015-09-13-mainline/i686-pc-linux-gnu/obj/pkg-mainline-0-i686-pc-linux-gnu/fsf-mainline-0-i686-pc-linux-gnu.extras/host-libs-i686-pc-linux-gnu/usr --with-mpfr=/scratch/gcc/nightly-2015-09-13-mainline/i686-pc-linux-gnu/obj/pkg-mainline-0-i686-pc-linux-gnu/fsf-mainline-0-i686-pc-linux-gnu.extras/host-libs-i686-pc-linux-gnu/usr --with-mpc=/scratch/gcc/nightly-2015-09-13-mainline/i686-pc-linux-gnu/obj/pkg-mainline-0-i686-pc-linux-gnu/fsf-mainline-0-i686-pc-linux-gnu.extras/host-libs-i686-pc-linux-gnu/usr --with-isl=/scratch/gcc/nightly-2015-09-13-mainline/i686-pc-linux-gnu/obj/pkg
 -mainline-0-i686-pc-linux-gnu/fsf-mainline-0-i686-pc-linux-gnu.extras/host-libs-i686-pc-linux-gnu/usr --enable-libgomp --enable-libitm --enable-libatomic --disable-libssp --disable-libcc1 --with-python-dir=i686-pc-linux-gnu/share/gdb/python --with-build-time-tools=/scratch/gcc/nightly-2015-09-13-mainline/i686-pc-linux-gnu/install/i686-pc-linux-gnu/bin --with-build-time-tools=/scratch/gcc/nightly-2015-09-13-mainline/i686-pc-linux-gnu/install/i686-pc-linux-gnu/bin SED=sed


Index Nav: [Date Index] [Subject Index] [Author Index] [Thread Index]
Message Nav: [Date Prev] [Date Next] [Thread Prev] [Thread Next]