This is the mail archive of the gcc-testresults@gcc.gnu.org mailing list for the GCC project.


Index Nav: [Date Index] [Subject Index] [Author Index] [Thread Index]
Message Nav: [Date Prev] [Date Next] [Thread Prev] [Thread Next]
Other format: [Raw text]

Results for 4.9.3 (tgcware64 4.9.3-1) testsuite on sparc64-sun-solaris2.10


Built with:
GNU as 2.25
Solaris ld 5.10-1.1505 (144500-19)
gmp 6.0.0a
mpfr 3.1.2p11
mpc 1.0.3
isl 0.11.2
cloog 0.18.0

CONFIG_SHELL=/bin/ksh

Bootstrap compiler:
Using built-in specs.
COLLECT_GCC=/usr/tgcware/gcc48/bin/gcc
COLLECT_LTO_WRAPPER=/usr/tgcware/libexec/gcc/sparc-sun-solaris2.9/4.8.5/lto-wrapper
Target: sparc-sun-solaris2.9
Configured with: ../gcc-4.8.5/configure --prefix=/usr/tgcware --with-local-prefix=/usr/tgcware/gcc48 --bindir=/usr/tgcware/gcc48/bin --mandir=/usr/tgcware/gcc48/man --infodir=/usr/tgcware/gcc48/info --disable-nls --enable-shared --enable-threads=posix --with-gmp=/usr/tgcware --with-mpfr=/usr/tgcware --with-mpc=/usr/tgcware --with-cloog=/usr/tgcware --with-isl=/usr/tgcware --with-cloog-backend=isl --without-gnu-ld --with-ld=/usr/ccs/bin/ld --with-gnu-as --with-as=/usr/tgcware/bin/gas --enable-languages=all,ada,obj-c++,go --with-x --enable-java-awt=xlib --with-cpu=v9 --with-pkgversion='tgcware 4.8.5-1' --with-bugurl=http://jupiterrise.com/tgcware
Thread model: posix
gcc version 4.8.5 (tgcware 4.8.5-1) 

LAST_UPDATED: Obtained from SVN: tags/gcc_4_9_3_release revision 225078

		=== acats tests ===

		=== acats Summary ===
# of expected passes		2320
# of unexpected failures	0
Native configuration is sparc64-sun-solaris2.10

		=== g++ tests ===


Running target unix

		=== g++ Summary for unix ===

# of expected passes		81345
# of expected failures		448
# of unsupported tests		3251

Running target unix/-m32

		=== g++ Summary for unix/-m32 ===

# of expected passes		79483
# of expected failures		448
# of unsupported tests		3269

		=== g++ Summary ===

# of expected passes		160828
# of expected failures		896
# of unsupported tests		6520
/export/home/tgc/buildpkg/gcc49/src/all_native/gcc/testsuite/g++/../../xg++  version 4.9.3 (tgcware64 4.9.3-1) 

		=== gcc tests ===


Running target unix

		=== gcc Summary for unix ===

# of expected passes		89125
# of expected failures		314
# of unsupported tests		1790

Running target unix/-m32

		=== gcc Summary for unix/-m32 ===

# of expected passes		88355
# of expected failures		325
# of unsupported tests		1854

		=== gcc Summary ===

# of expected passes		177480
# of expected failures		639
# of unsupported tests		3644
/export/home/tgc/buildpkg/gcc49/src/all_native/gcc/xgcc  version 4.9.3 (tgcware64 4.9.3-1) 

		=== gfortran tests ===


Running target unix

		=== gfortran Summary for unix ===

# of expected passes		46228
# of expected failures		54
# of unsupported tests		121

Running target unix/-m32

		=== gfortran Summary for unix/-m32 ===

# of expected passes		45901
# of expected failures		54
# of unsupported tests		282

		=== gfortran Summary ===

# of expected passes		92129
# of expected failures		108
# of unsupported tests		403
/export/home/tgc/buildpkg/gcc49/src/all_native/gcc/testsuite/gfortran/../../gfortran  version 4.9.3 (tgcware64 4.9.3-1) 

		=== gnat tests ===


Running target unix

		=== gnat Summary for unix ===

# of expected passes		1220
# of expected failures		18
# of unsupported tests		14

Running target unix/-m32

		=== gnat Summary for unix/-m32 ===

# of expected passes		1220
# of expected failures		18
# of unsupported tests		14

		=== gnat Summary ===

# of expected passes		2440
# of expected failures		36
# of unsupported tests		28
/export/home/tgc/buildpkg/gcc49/src/all_native/gcc/gnatmake version 4.9.3

		=== go tests ===


Running target unix
FAIL: go.test/test/recover.go execution,  -O2 -g 

		=== go Summary for unix ===

# of expected passes		7247
# of unexpected failures	1
# of expected failures		1
# of untested testcases		10
# of unsupported tests		3

Running target unix/-m32
FAIL: go.test/test/recover.go execution,  -O2 -g 

		=== go Summary for unix/-m32 ===

# of expected passes		7367
# of unexpected failures	1
# of expected failures		1
# of untested testcases		10
# of unsupported tests		3

		=== go Summary ===

# of expected passes		14614
# of unexpected failures	2
# of expected failures		2
# of untested testcases		20
# of unsupported tests		6
/export/home/tgc/buildpkg/gcc49/src/all_native/gcc/testsuite/go/../../gccgo  version 4.9.3 (tgcware64 4.9.3-1) 

		=== obj-c++ tests ===


Running target unix

		=== obj-c++ Summary for unix ===

# of expected passes		1441
# of expected failures		10
# of unsupported tests		86

Running target unix/-m32

		=== obj-c++ Summary for unix/-m32 ===

# of expected passes		1449
# of expected failures		2
# of unsupported tests		86

		=== obj-c++ Summary ===

# of expected passes		2890
# of expected failures		12
# of unsupported tests		172
/export/home/tgc/buildpkg/gcc49/src/all_native/gcc/testsuite/obj-c++/../../xg++  version 4.9.3 (tgcware64 4.9.3-1) 

		=== objc tests ===


Running target unix

		=== objc Summary for unix ===

# of expected passes		2994
# of unsupported tests		74

Running target unix/-m32

		=== objc Summary for unix/-m32 ===

# of expected passes		2994
# of unsupported tests		74

		=== objc Summary ===

# of expected passes		5988
# of unsupported tests		148
/export/home/tgc/buildpkg/gcc49/src/all_native/gcc/xgcc  version 4.9.3 (tgcware64 4.9.3-1) 

		=== boehm-gc tests ===


Running target unix

		=== boehm-gc Summary for unix ===

# of expected passes		12
# of unsupported tests		1

Running target unix/-m32

		=== boehm-gc Summary for unix/-m32 ===

# of expected passes		12
# of unsupported tests		1

		=== boehm-gc Summary ===

# of expected passes		24
# of unsupported tests		2
		=== libatomic tests ===


Running target unix

		=== libatomic Summary for unix ===

# of expected passes		54

Running target unix/-m32

		=== libatomic Summary for unix/-m32 ===

# of expected passes		44
# of unsupported tests		5

		=== libatomic Summary ===

# of expected passes		98
# of unsupported tests		5
		=== libffi tests ===


Running target unix

		=== libffi Summary for unix ===

# of expected passes		1819
# of unsupported tests		55

Running target unix/-m32

		=== libffi Summary for unix/-m32 ===

# of expected passes		1819
# of unsupported tests		55

		=== libffi Summary ===

# of expected passes		3638
# of unsupported tests		110
		=== libgo tests ===


Running target unix
FAIL: database/sql

		=== libgo Summary for unix ===

# of expected passes		121
# of unexpected failures	1

Running target unix/-m32
FAIL: runtime
FAIL: os/exec
FAIL: text/template
FAIL: testing/quick

		=== libgo Summary for unix/-m32 ===

# of expected passes		118
# of unexpected failures	4

		=== libgo Summary ===

# of expected passes		239
# of unexpected failures	5
/export/home/tgc/buildpkg/gcc49/src/all_native/./gcc/gccgo version 4.9.3 (tgcware64 4.9.3-1)

		=== libgomp tests ===


Running target unix

		=== libgomp Summary for unix ===

# of expected passes		3309
# of unsupported tests		38

Running target unix/-m32

		=== libgomp Summary for unix/-m32 ===

# of expected passes		3309
# of unsupported tests		38

		=== libgomp Summary ===

# of expected passes		6618
# of unsupported tests		76
		=== libitm tests ===


Running target unix

		=== libitm Summary for unix ===

# of expected passes		26
# of expected failures		3
# of unsupported tests		1

Running target unix/-m32

		=== libitm Summary for unix/-m32 ===

# of expected passes		26
# of expected failures		3
# of unsupported tests		1

		=== libitm Summary ===

# of expected passes		52
# of expected failures		6
# of unsupported tests		2
		=== libjava tests ===


Running target unix

		=== libjava Summary for unix ===

# of expected passes		2582
# of expected failures		4

Running target unix/-m32

		=== libjava Summary for unix/-m32 ===

# of expected passes		2582
# of expected failures		4

		=== libjava Summary ===

# of expected passes		5164
# of expected failures		8
		=== libstdc++ tests ===


Running target unix

		=== libstdc++ Summary for unix ===

# of expected passes		9030
# of expected failures		42
# of unsupported tests		605

Running target unix/-m32

		=== libstdc++ Summary for unix/-m32 ===

# of expected passes		9030
# of expected failures		42
# of unsupported tests		605

		=== libstdc++ Summary ===

# of expected passes		18060
# of expected failures		84
# of unsupported tests		1210

Compiler version: 4.9.3 (tgcware64 4.9.3-1) 
Platform: sparc64-sun-solaris2.10
configure flags: --build=sparc64-sun-solaris2.10 CC='gcc -m64' CXX='g++ -m64' --prefix=/usr/tgcware64 --with-local-prefix=/usr/tgcware64/gcc49 --bindir=/usr/tgcware64/gcc49/bin --mandir=/usr/tgcware64/gcc49/man --infodir=/usr/tgcware64/gcc49/info --disable-nls --enable-shared --enable-threads=posix --with-gmp=/usr/tgcware64 --with-mpfr=/usr/tgcware64 --with-mpc=/usr/tgcware64 --with-cloog=/usr/tgcware64 --with-isl=/usr/tgcware64 --with-cloog-backend=isl --without-gnu-ld --with-ld=/usr/ccs/bin/ld --with-gnu-as --with-as=/usr/tgcware/bin/gas --enable-languages=all,ada,obj-c++,go --with-x --enable-java-awt=xlib --with-cpu=v9 --with-pkgversion='tgcware64 4.9.3-1' --with-bugurl=http://jupiterrise.com/tgcware


Index Nav: [Date Index] [Subject Index] [Author Index] [Thread Index]
Message Nav: [Date Prev] [Date Next] [Thread Prev] [Thread Next]