This is the mail archive of the gcc-testresults@gcc.gnu.org mailing list for the GCC project.


Index Nav: [Date Index] [Subject Index] [Author Index] [Thread Index]
Message Nav: [Date Prev] [Date Next] [Thread Prev] [Thread Next]
Other format: [Raw text]

Results for 6.0.0 20150911 (experimental) [trunk revision 227682] (GCC) testsuite on i386-pc-solaris2.12


LAST_UPDATED: Fri Sep 11 11:52:31 UTC 2015 (revision 227682)

		=== acats tests ===

		=== acats Summary ===
# of expected passes		2320
# of unexpected failures	0
Native configuration is i386-pc-solaris2.12

		=== g++ tests ===


Running target unix
ERROR: child killed: hangup
WARNING: program timed out.
ERROR: tcl error sourcing /vol/gcc/src/hg/trunk/local/gcc/testsuite/g++.dg/cilk-plus/cilk-plus.exp.

		=== g++ Summary for unix ===

# of expected passes		82661
# of expected failures		291
# of unsupported tests		3350

Running target unix/-m64

		=== g++ Summary for unix/-m64 ===

# of expected passes		87429
# of expected failures		257
# of unsupported tests		3481

		=== g++ Summary ===

# of expected passes		170090
# of expected failures		548
# of unsupported tests		6831
/var/gcc/regression/trunk/12-gcc-gas/build/gcc/testsuite/g++/../../xg++  version 6.0.0 20150911 (experimental) [trunk revision 227682] (GCC) 

		=== gcc tests ===


Running target unix
ERROR: child killed: hangup
FAIL: gcc.c-torture/compile/20001226-1.c   -O2 -flto  (test for excess errors)
WARNING: program timed out.
WARNING: program timed out.
ERROR: tcl error sourcing /vol/gcc/src/hg/trunk/local/gcc/testsuite/gcc.c-torture/compile/compile.exp.
ERROR: tcl error sourcing /vol/gcc/src/hg/trunk/local/gcc/testsuite/gcc.c-torture/execute/builtins/builtins.exp.
ERROR: torture-init: torture_without_loops is not empty as expected
ERROR: tcl error sourcing /vol/gcc/src/hg/trunk/local/gcc/testsuite/gcc.c-torture/execute/ieee/ieee.exp.
ERROR: torture-init: torture_without_loops is not empty as expected
ERROR: tcl error sourcing /vol/gcc/src/hg/trunk/local/gcc/testsuite/gcc.c-torture/unsorted/unsorted.exp.
ERROR: torture-init: torture_without_loops is not empty as expected
FAIL: gcc.dg/debug/dwarf2/stacked-qualified-types-3.c scan-assembler-times DIE \\\\([^\\n]*\\\\) DW_TAG_(?:const|volatile|atomic|restrict)_type 8
UNRESOLVED: gcc.dg/h8300-div-delay-slot.c scan-assembler-not \\tbra/s\\t.*\\n\\tdiv*
UNRESOLVED: gcc.dg/pr28402.c scan-assembler-not __[a-z]*si3
UNRESOLVED: gcc.dg/pragma-re-1.c scan-assembler bar
UNRESOLVED: gcc.dg/pragma-re-1.c scan-assembler-not foo
ERROR: tcl error sourcing /vol/gcc/src/hg/trunk/local/gcc/testsuite/gcc.dg/format/format.exp.
ERROR: torture-init: torture_without_loops is not empty as expected
ERROR: tcl error sourcing /vol/gcc/src/hg/trunk/local/gcc/testsuite/gcc.dg/pch/pch.exp.
ERROR: torture-init: torture_without_loops is not empty as expected
ERROR: tcl error sourcing /vol/gcc/src/hg/trunk/local/gcc/testsuite/gcc.dg/simulate-thread/simulate-thread.exp.
ERROR: torture-init: torture_without_loops is not empty as expected
ERROR: tcl error sourcing /vol/gcc/src/hg/trunk/local/gcc/testsuite/gcc.dg/torture/stackalign/stackalign.exp.
ERROR: torture-init: torture_without_loops is not empty as expected
ERROR: tcl error sourcing /vol/gcc/src/hg/trunk/local/gcc/testsuite/gcc.dg/torture/tls/tls.exp.
ERROR: torture-init: torture_without_loops is not empty as expected
ERROR: tcl error sourcing /vol/gcc/src/hg/trunk/local/gcc/testsuite/gcc.dg/tsan/tsan.exp.
ERROR: torture-init: torture_without_loops is not empty as expected
ERROR: tcl error sourcing /vol/gcc/src/hg/trunk/local/gcc/testsuite/gcc.misc-tests/i386-prefetch.exp.
ERROR: torture-init: torture_without_loops is not empty as expected
FAIL: gcc.target/i386/pr61403.c scan-assembler blend
FAIL: gcc.target/i386/pr61403.c scan-assembler blend
ERROR: tcl error sourcing /vol/gcc/src/hg/trunk/local/gcc/testsuite/gcc.target/i386/math-torture/math-torture.exp.
ERROR: torture-init: torture_without_loops is not empty as expected

		=== gcc Summary for unix ===

# of expected passes		76251
# of unexpected failures	4
# of expected failures		324
# of unresolved testcases	4
# of unsupported tests		1225

Running target unix/-m64
ERROR: tcl error sourcing /vol/gcc/src/hg/trunk/local/gcc/testsuite/gcc.c-torture/execute/builtins/builtins.exp.
ERROR: torture-init: torture_without_loops is not empty as expected
ERROR: tcl error sourcing /vol/gcc/src/hg/trunk/local/gcc/testsuite/gcc.c-torture/execute/ieee/ieee.exp.
ERROR: torture-init: torture_without_loops is not empty as expected
ERROR: tcl error sourcing /vol/gcc/src/hg/trunk/local/gcc/testsuite/gcc.c-torture/unsorted/unsorted.exp.
ERROR: torture-init: torture_without_loops is not empty as expected
FAIL: gcc.dg/debug/dwarf2/stacked-qualified-types-3.c scan-assembler-times DIE \\\\([^\\n]*\\\\) DW_TAG_(?:const|volatile|atomic|restrict)_type 8
UNRESOLVED: gcc.dg/section1.c scan-assembler-not .bss
ERROR: tcl error sourcing /vol/gcc/src/hg/trunk/local/gcc/testsuite/gcc.dg/format/format.exp.
ERROR: torture-init: torture_without_loops is not empty as expected
ERROR: tcl error sourcing /vol/gcc/src/hg/trunk/local/gcc/testsuite/gcc.dg/pch/pch.exp.
ERROR: torture-init: torture_without_loops is not empty as expected
ERROR: tcl error sourcing /vol/gcc/src/hg/trunk/local/gcc/testsuite/gcc.dg/simulate-thread/simulate-thread.exp.
ERROR: torture-init: torture_without_loops is not empty as expected
ERROR: tcl error sourcing /vol/gcc/src/hg/trunk/local/gcc/testsuite/gcc.dg/torture/stackalign/stackalign.exp.
ERROR: torture-init: torture_without_loops is not empty as expected
ERROR: tcl error sourcing /vol/gcc/src/hg/trunk/local/gcc/testsuite/gcc.dg/torture/tls/tls.exp.
ERROR: torture-init: torture_without_loops is not empty as expected
ERROR: tcl error sourcing /vol/gcc/src/hg/trunk/local/gcc/testsuite/gcc.dg/tsan/tsan.exp.
ERROR: torture-init: torture_without_loops is not empty as expected
ERROR: tcl error sourcing /vol/gcc/src/hg/trunk/local/gcc/testsuite/gcc.misc-tests/i386-prefetch.exp.
ERROR: torture-init: torture_without_loops is not empty as expected
FAIL: gcc.target/i386/pr49781-1.c scan-assembler-not lea[lq]?[ \\t]\\\\((%|)r[a-z0-9]*
FAIL: gcc.target/i386/pr49781-1.c scan-assembler-not lea[lq]?[ \\t]\\\\((%|)r[a-z0-9]*
FAIL: gcc.target/i386/pr61403.c scan-assembler blend
FAIL: gcc.target/i386/pr61403.c scan-assembler blend
ERROR: tcl error sourcing /vol/gcc/src/hg/trunk/local/gcc/testsuite/gcc.target/i386/math-torture/math-torture.exp.
ERROR: torture-init: torture_without_loops is not empty as expected
ERROR: tcl error sourcing /vol/gcc/src/hg/trunk/local/gcc/testsuite/gcc.target/x86_64/abi/abi-x86_64.exp.
ERROR: torture-init: torture_without_loops is not empty as expected
ERROR: tcl error sourcing /vol/gcc/src/hg/trunk/local/gcc/testsuite/gcc.target/x86_64/abi/avx/abi-avx.exp.
ERROR: torture-init: torture_without_loops is not empty as expected
ERROR: tcl error sourcing /vol/gcc/src/hg/trunk/local/gcc/testsuite/gcc.target/x86_64/abi/avx512f/abi-avx512f.exp.
ERROR: torture-init: torture_without_loops is not empty as expected

		=== gcc Summary for unix/-m64 ===

# of expected passes		93479
# of unexpected failures	5
# of expected failures		314
# of unresolved testcases	1
# of unsupported tests		1619

		=== gcc Summary ===

# of expected passes		169730
# of unexpected failures	9
# of expected failures		638
# of unresolved testcases	5
# of unsupported tests		2844
/var/gcc/regression/trunk/12-gcc-gas/build/gcc/xgcc  version 6.0.0 20150911 (experimental) [trunk revision 227682] (GCC) 

		=== gfortran tests ===


Running target unix
ERROR: child killed: hangup
FAIL: gfortran.dg/backspace_11.f90   -Os  execution test
FAIL: gfortran.dg/minlocval_3.f90   -O3 -fomit-frame-pointer -funroll-loops -fpeel-loops -ftracer -finline-functions  (test for excess errors)
WARNING: gfortran.dg/minlocval_3.f90   -O3 -fomit-frame-pointer -funroll-loops -fpeel-loops -ftracer -finline-functions  compilation failed to produce executable
FAIL: gfortran.dg/minlocval_3.f90   -O3 -g  (test for excess errors)
WARNING: gfortran.dg/minlocval_3.f90   -O3 -g  compilation failed to produce executable
WARNING: program timed out.
WARNING: program timed out.
WARNING: program timed out.
ERROR: tcl error sourcing /vol/gcc/src/hg/trunk/local/gcc/testsuite/gfortran.dg/dg.exp.
ERROR: tcl error sourcing /vol/gcc/src/hg/trunk/local/gcc/testsuite/gfortran.dg/goacc/goacc.exp.
ERROR: torture-init: torture_without_loops is not empty as expected
ERROR: tcl error sourcing /vol/gcc/src/hg/trunk/local/gcc/testsuite/gfortran.dg/gomp/gomp.exp.
ERROR: torture-init: torture_without_loops is not empty as expected
XPASS: gfortran.dg/graphite/pr14741.f90   -O   scan-tree-dump-times graphite "number of SCoPs: 1" 1
ERROR: tcl error sourcing /vol/gcc/src/hg/trunk/local/gcc/testsuite/gfortran.dg/graphite/graphite.exp.
ERROR: torture-init: torture_without_loops is not empty as expected
ERROR: tcl error sourcing /vol/gcc/src/hg/trunk/local/gcc/testsuite/gfortran.dg/ieee/ieee.exp.
ERROR: torture-init: torture_without_loops is not empty as expected
ERROR: tcl error sourcing /vol/gcc/src/hg/trunk/local/gcc/testsuite/gfortran.dg/vect/vect.exp.
ERROR: torture-init: torture_without_loops is not empty as expected
ERROR: tcl error sourcing /vol/gcc/src/hg/trunk/local/gcc/testsuite/gfortran.fortran-torture/compile/compile.exp.
ERROR: torture-init: torture_without_loops is not empty as expected
ERROR: tcl error sourcing /vol/gcc/src/hg/trunk/local/gcc/testsuite/gfortran.fortran-torture/execute/execute.exp.
ERROR: torture-init: torture_without_loops is not empty as expected

		=== gfortran Summary for unix ===

# of expected passes		40567
# of unexpected failures	3
# of unexpected successes	1
# of expected failures		74
# of unsupported tests		171

Running target unix/-m64
ERROR: tcl error sourcing /vol/gcc/src/hg/trunk/local/gcc/testsuite/gfortran.dg/coarray/caf.exp.
ERROR: torture-init: torture_without_loops is not empty as expected
ERROR: tcl error sourcing /vol/gcc/src/hg/trunk/local/gcc/testsuite/gfortran.dg/dg.exp.
ERROR: torture-init: torture_without_loops is not empty as expected
ERROR: tcl error sourcing /vol/gcc/src/hg/trunk/local/gcc/testsuite/gfortran.dg/goacc/goacc.exp.
ERROR: torture-init: torture_without_loops is not empty as expected
ERROR: tcl error sourcing /vol/gcc/src/hg/trunk/local/gcc/testsuite/gfortran.dg/gomp/gomp.exp.
ERROR: torture-init: torture_without_loops is not empty as expected
XPASS: gfortran.dg/graphite/pr14741.f90   -O   scan-tree-dump-times graphite "number of SCoPs: 1" 1
ERROR: tcl error sourcing /vol/gcc/src/hg/trunk/local/gcc/testsuite/gfortran.dg/graphite/graphite.exp.
ERROR: torture-init: torture_without_loops is not empty as expected
ERROR: tcl error sourcing /vol/gcc/src/hg/trunk/local/gcc/testsuite/gfortran.dg/ieee/ieee.exp.
ERROR: torture-init: torture_without_loops is not empty as expected
ERROR: tcl error sourcing /vol/gcc/src/hg/trunk/local/gcc/testsuite/gfortran.dg/vect/vect.exp.
ERROR: torture-init: torture_without_loops is not empty as expected
ERROR: tcl error sourcing /vol/gcc/src/hg/trunk/local/gcc/testsuite/gfortran.fortran-torture/compile/compile.exp.
ERROR: torture-init: torture_without_loops is not empty as expected
ERROR: tcl error sourcing /vol/gcc/src/hg/trunk/local/gcc/testsuite/gfortran.fortran-torture/execute/execute.exp.
ERROR: torture-init: torture_without_loops is not empty as expected

		=== gfortran Summary for unix/-m64 ===

# of expected passes		40705
# of unexpected successes	1
# of expected failures		74
# of unsupported tests		69

		=== gfortran Summary ===

# of expected passes		81272
# of unexpected failures	3
# of unexpected successes	2
# of expected failures		148
# of unsupported tests		240
/var/gcc/regression/trunk/12-gcc-gas/build/gcc/testsuite/gfortran/../../gfortran  version 6.0.0 20150911 (experimental) [trunk revision 227682] (GCC) 

		=== gnat tests ===


Running target unix
WARNING: program timed out.
ERROR: tcl error sourcing /vol/gcc/src/hg/trunk/local/gcc/testsuite/gnat.dg/dg.exp.
ERROR: child killed: hangup
FAIL: gnat.dg/specs/addr1.ads  (test for warnings, line 30)

		=== gnat Summary for unix ===

# of expected passes		1001
# of unexpected failures	1
# of expected failures		21
# of unsupported tests		3

Running target unix/-m64
FAIL: gnat.dg/specs/addr1.ads  (test for warnings, line 30)

		=== gnat Summary for unix/-m64 ===

# of expected passes		1391
# of unexpected failures	1
# of expected failures		21
# of unsupported tests		7

		=== gnat Summary ===

# of expected passes		2392
# of unexpected failures	2
# of expected failures		42
# of unsupported tests		10
/var/gcc/regression/trunk/12-gcc-gas/build/gcc/gnatmake version 6.0.0 20150911 (experimental) [trunk revision 227682]

		=== go tests ===


Running target unix
ERROR: child killed: hangup
WARNING: program timed out.
ERROR: tcl error sourcing /vol/gcc/src/hg/trunk/local/gcc/testsuite/go.test/go-test.exp.

		=== go Summary for unix ===

# of expected passes		3651
# of expected failures		1
# of untested testcases		10
# of unsupported tests		1

Running target unix/-m64

		=== go Summary for unix/-m64 ===

# of expected passes		8527
# of expected failures		2
# of untested testcases		18
# of unsupported tests		1

		=== go Summary ===

# of expected passes		12178
# of expected failures		3
# of untested testcases		28
# of unsupported tests		2
		=== obj-c++ tests ===


Running target unix

		=== obj-c++ Summary for unix ===

# of expected passes		1439
# of expected failures		2
# of unsupported tests		77

Running target unix/-m64
WARNING: program timed out.
ERROR: tcl error sourcing /vol/gcc/src/hg/trunk/local/gcc/testsuite/obj-c++.dg/property/property.exp.
ERROR: child killed: hangup

		=== obj-c++ Summary for unix/-m64 ===

# of expected passes		1309
# of expected failures		10
# of unsupported tests		77

		=== obj-c++ Summary ===

# of expected passes		2748
# of expected failures		12
# of unsupported tests		154
/var/gcc/regression/trunk/12-gcc-gas/build/gcc/testsuite/obj-c++/../../xg++  version 6.0.0 20150911 (experimental) [trunk revision 227682] (GCC) 

		=== objc tests ===


Running target unix

		=== objc Summary for unix ===

# of expected passes		2766
# of expected failures		6
# of unsupported tests		68

Running target unix/-m64
ERROR: tcl error sourcing /vol/gcc/src/hg/trunk/local/gcc/testsuite/objc.dg/pch/pch.exp.
ERROR: torture-init: torture_without_loops is not empty as expected
ERROR: child killed: hangup
WARNING: program timed out.
ERROR: tcl error sourcing /vol/gcc/src/hg/trunk/local/gcc/testsuite/objc/execute/execute.exp.

		=== objc Summary for unix/-m64 ===

# of expected passes		2257
# of expected failures		6
# of unsupported tests		85

		=== objc Summary ===

# of expected passes		5023
# of expected failures		12
# of unsupported tests		153
/var/gcc/regression/trunk/12-gcc-gas/build/gcc/xgcc  version 6.0.0 20150911 (experimental) [trunk revision 227682] (GCC) 

		=== boehm-gc tests ===


Running target unix

		=== boehm-gc Summary for unix ===

# of expected passes		12
# of unsupported tests		1

Running target unix/-m64

		=== boehm-gc Summary for unix/-m64 ===

# of expected passes		12
# of unsupported tests		1

		=== boehm-gc Summary ===

# of expected passes		24
# of unsupported tests		2
		=== libatomic tests ===


Running target unix

		=== libatomic Summary for unix ===

# of expected passes		44
# of unsupported tests		5

Running target unix/-m64

		=== libatomic Summary for unix/-m64 ===

# of expected passes		54

		=== libatomic Summary ===

# of expected passes		98
# of unsupported tests		5
		=== libffi tests ===


Running target unix

		=== libffi Summary for unix ===

# of expected passes		2439
# of unsupported tests		30

Running target unix/-m64
WARNING: program timed out.
ERROR: tcl error sourcing /vol/gcc/src/hg/trunk/local/libffi/testsuite/libffi.call/call.exp.
ERROR: child killed: hangup

		=== libffi Summary for unix/-m64 ===

# of expected passes		399
# of unsupported tests		30

		=== libffi Summary ===

# of expected passes		2838
# of unsupported tests		60
		=== libgo tests ===


Running target unix
FAIL: runtime

		=== libgo Summary for unix ===

# of expected passes		123
# of unexpected failures	1

Running target unix/-m64
FAIL: runtime

		=== libgo Summary for unix/-m64 ===

# of expected passes		123
# of unexpected failures	1

		=== libgo Summary ===

# of expected passes		246
# of unexpected failures	2
		=== libgomp tests ===


Running target unix
WARNING: program timed out.
FAIL: libgomp.fortran/alloc-comp-2.f90   -O2  (test for excess errors)
WARNING: libgomp.fortran/alloc-comp-2.f90   -O2  compilation failed to produce executable

		=== libgomp Summary for unix ===

# of expected passes		4163
# of unexpected failures	1
# of expected failures		4
# of unsupported tests		199

Running target unix/-m64

		=== libgomp Summary for unix/-m64 ===

# of expected passes		4165
# of expected failures		4
# of unsupported tests		199

		=== libgomp Summary ===

# of expected passes		8328
# of unexpected failures	1
# of expected failures		8
# of unsupported tests		398
		=== libitm tests ===


Running target unix

		=== libitm Summary for unix ===

# of expected passes		26
# of expected failures		3
# of unsupported tests		1

Running target unix/-m64

		=== libitm Summary for unix/-m64 ===

# of expected passes		26
# of expected failures		3
# of unsupported tests		1

		=== libitm Summary ===

# of expected passes		52
# of expected failures		6
# of unsupported tests		2
		=== libjava tests ===


Running target unix
WARNING: program timed out.
ERROR: tcl error sourcing /vol/gcc/src/hg/trunk/local/libjava/testsuite/libjava.lang/lang.exp.
ERROR: child killed: hangup

		=== libjava Summary for unix ===

# of expected passes		966

Running target unix/-m64

		=== libjava Summary for unix/-m64 ===

# of expected passes		2582
# of expected failures		4

		=== libjava Summary ===

# of expected passes		3548
# of expected failures		4
		=== libstdc++ tests ===


Running target unix
FAIL: libstdc++-abi/abi_check
ERROR: child killed: hangup
WARNING: program timed out.
ERROR: tcl error sourcing /vol/gcc/src/hg/trunk/local/libstdc++-v3/testsuite/libstdc++-dg/conformance.exp.

		=== libstdc++ Summary for unix ===

# of expected passes		6907
# of unexpected failures	1
# of expected failures		45
# of unsupported tests		447

Running target unix/-m64
FAIL: libstdc++-abi/abi_check

		=== libstdc++ Summary for unix/-m64 ===

# of expected passes		12579
# of unexpected failures	1
# of expected failures		93
# of unsupported tests		820

		=== libstdc++ Summary ===

# of expected passes		19486
# of unexpected failures	2
# of expected failures		138
# of unsupported tests		1267

Compiler version: 6.0.0 20150911 (experimental) [trunk revision 227682] (GCC) 
Platform: i386-pc-solaris2.12
configure flags: --prefix=/vol/gcc --target=i386-pc-solaris2.12 --enable-objc-gc --with-as=/vol/gcc/bin/gas-2.25 --with-gnu-as --with-gmp-include=/vol/gcc/include --with-gmp-lib=/vol/gcc/lib --with-mpfr-include=/vol/gcc/include --with-mpfr-lib=/vol/gcc/lib --with-mpc-include=/vol/gcc/include --with-mpc-lib=/vol/gcc/lib --enable-languages=all,ada,obj-c++,go --with-isl-include=/vol/gcc/include --with-isl-lib=/vol/gcc/lib --with-cloog-include=/vol/gcc/include --with-cloog-lib=/vol/gcc/lib --enable-cloog-backend=isl
BOOT_CFLAGS=-g -O2


Index Nav: [Date Index] [Subject Index] [Author Index] [Thread Index]
Message Nav: [Date Prev] [Date Next] [Thread Prev] [Thread Next]