This is the mail archive of the
gcc-testresults@gcc.gnu.org
mailing list for the GCC project.
Results for 6.0.0 20150911 (experimental) [trunk revision 227682] (GCC) testsuite on sparc-sun-solaris2.11
- From: Rainer Orth <ro at CeBiTec dot Uni-Bielefeld dot DE>
- To: gcc-testresults at gcc dot gnu dot org
- Date: Sat, 12 Sep 2015 20:47:07 +0200 (CEST)
- Subject: Results for 6.0.0 20150911 (experimental) [trunk revision 227682] (GCC) testsuite on sparc-sun-solaris2.11
- Authentication-results: sourceware.org; auth=none
LAST_UPDATED: Fri Sep 11 11:52:31 UTC 2015 (revision 227682)
=== acats tests ===
=== acats Summary ===
# of expected passes 2320
# of unexpected failures 0
Native configuration is sparc-sun-solaris2.11
=== g++ tests ===
Running target unix
FAIL: g++.dg/tree-ssa/pr61034.C -std=gnu++11 scan-tree-dump-times fre2 "free" 10
FAIL: g++.dg/tree-ssa/pr61034.C -std=gnu++14 scan-tree-dump-times fre2 "free" 10
FAIL: g++.dg/tree-ssa/pr61034.C -std=gnu++98 scan-tree-dump-times fre2 "free" 10
=== g++ Summary for unix ===
# of expected passes 83319
# of unexpected failures 3
# of expected failures 291
# of unsupported tests 3639
Running target unix/-m64
ERROR: child killed: hangup
ERROR: child killed: hangup
WARNING: program timed out.
WARNING: program timed out.
ERROR: tcl error sourcing /vol/gcc/src/hg/trunk/local/gcc/testsuite/g++.dg/compat/struct-layout-1.exp.
ERROR: tcl error sourcing /vol/gcc/src/hg/trunk/local/gcc/testsuite/g++.dg/compat/struct-layout-1.exp.
=== g++ Summary for unix/-m64 ===
# of expected passes 84480
# of expected failures 332
# of unsupported tests 3497
=== g++ Summary ===
# of expected passes 167799
# of unexpected failures 3
# of expected failures 623
# of unsupported tests 7136
/var/gcc/regression/trunk/11-gcc/build/gcc/testsuite/g++/../../xg++ version 6.0.0 20150911 (experimental) [trunk revision 227682] (GCC)
=== gcc tests ===
Running target unix
FAIL: gcc.c-torture/execute/20071216-1.c -O1 execution test
FAIL: gcc.c-torture/execute/20071216-1.c -Os execution test
FAIL: gcc.dg/debug/dwarf2/stacked-qualified-types-3.c scan-assembler-times DIE \\\\([^\\n]*\\\\) DW_TAG_(?:const|volatile|atomic|restrict)_type 8
FAIL: gcc.dg/unroll-2.c (test for warnings, line 24)
FAIL: gcc.dg/visibility-22.c execution test
FAIL: gcc.dg/simulate-thread/atomic-other-int.c -O2 -g thread simulation test
FAIL: gcc.dg/simulate-thread/atomic-other-int.c -O3 -g thread simulation test
FAIL: gcc.dg/simulate-thread/speculative-store-4.c -O0 -g thread simulation test
FAIL: gcc.dg/simulate-thread/speculative-store-4.c -O2 -g thread simulation test
FAIL: gcc.dg/simulate-thread/speculative-store-4.c -O3 -g thread simulation test
FAIL: gcc.dg/simulate-thread/speculative-store.c -O0 -g thread simulation test
ERROR: child killed: hangup
FAIL: gcc.dg/torture/builtin-attr-1.c -O2 -flto -flto-partition=none (test for excess errors)
WARNING: program timed out.
WARNING: program timed out.
ERROR: tcl error sourcing /vol/gcc/src/hg/trunk/local/gcc/testsuite/gcc.dg/torture/dg-torture.exp.
ERROR: tcl error sourcing /vol/gcc/src/hg/trunk/local/gcc/testsuite/gcc.dg/torture/stackalign/stackalign.exp.
ERROR: torture-init: torture_without_loops is not empty as expected
ERROR: tcl error sourcing /vol/gcc/src/hg/trunk/local/gcc/testsuite/gcc.dg/torture/tls/tls.exp.
ERROR: torture-init: torture_without_loops is not empty as expected
ERROR: tcl error sourcing /vol/gcc/src/hg/trunk/local/gcc/testsuite/gcc.dg/tsan/tsan.exp.
ERROR: torture-init: torture_without_loops is not empty as expected
FAIL: gcc.dg/vect/pr20122.c -flto -ffat-lto-objects scan-tree-dump-times vect "Alignment of access forced using versioning" 2
FAIL: gcc.dg/vect/pr20122.c scan-tree-dump-times vect "Alignment of access forced using versioning" 2
ERROR: tcl error sourcing /vol/gcc/src/hg/trunk/local/gcc/testsuite/gcc.misc-tests/i386-prefetch.exp.
ERROR: torture-init: torture_without_loops is not empty as expected
=== gcc Summary for unix ===
# of expected passes 75660
# of unexpected failures 14
# of expected failures 359
# of unsupported tests 1455
Running target unix/-m64
ERROR: tcl error sourcing /vol/gcc/src/hg/trunk/local/gcc/testsuite/gcc.c-torture/execute/builtins/builtins.exp.
ERROR: torture-init: torture_without_loops is not empty as expected
ERROR: tcl error sourcing /vol/gcc/src/hg/trunk/local/gcc/testsuite/gcc.c-torture/execute/ieee/ieee.exp.
ERROR: torture-init: torture_without_loops is not empty as expected
ERROR: tcl error sourcing /vol/gcc/src/hg/trunk/local/gcc/testsuite/gcc.c-torture/unsorted/unsorted.exp.
ERROR: torture-init: torture_without_loops is not empty as expected
FAIL: gcc.dg/debug/dwarf2/stacked-qualified-types-3.c scan-assembler-times DIE \\\\([^\\n]*\\\\) DW_TAG_(?:const|volatile|atomic|restrict)_type 8
FAIL: gcc.dg/unroll-2.c (test for warnings, line 24)
FAIL: gcc.dg/visibility-22.c execution test
ERROR: tcl error sourcing /vol/gcc/src/hg/trunk/local/gcc/testsuite/gcc.dg/format/format.exp.
ERROR: torture-init: torture_without_loops is not empty as expected
ERROR: tcl error sourcing /vol/gcc/src/hg/trunk/local/gcc/testsuite/gcc.dg/pch/pch.exp.
ERROR: torture-init: torture_without_loops is not empty as expected
ERROR: tcl error sourcing /vol/gcc/src/hg/trunk/local/gcc/testsuite/gcc.dg/simulate-thread/simulate-thread.exp.
ERROR: torture-init: torture_without_loops is not empty as expected
ERROR: tcl error sourcing /vol/gcc/src/hg/trunk/local/gcc/testsuite/gcc.dg/torture/stackalign/stackalign.exp.
ERROR: torture-init: torture_without_loops is not empty as expected
ERROR: tcl error sourcing /vol/gcc/src/hg/trunk/local/gcc/testsuite/gcc.dg/torture/tls/tls.exp.
ERROR: torture-init: torture_without_loops is not empty as expected
ERROR: tcl error sourcing /vol/gcc/src/hg/trunk/local/gcc/testsuite/gcc.dg/tsan/tsan.exp.
ERROR: torture-init: torture_without_loops is not empty as expected
FAIL: gcc.dg/vect/pr20122.c -flto -ffat-lto-objects scan-tree-dump-times vect "Alignment of access forced using versioning" 2
FAIL: gcc.dg/vect/pr20122.c scan-tree-dump-times vect "Alignment of access forced using versioning" 2
ERROR: tcl error sourcing /vol/gcc/src/hg/trunk/local/gcc/testsuite/gcc.misc-tests/i386-prefetch.exp.
ERROR: torture-init: torture_without_loops is not empty as expected
=== gcc Summary for unix/-m64 ===
# of expected passes 82582
# of unexpected failures 5
# of expected failures 319
# of unsupported tests 1739
=== gcc Summary ===
# of expected passes 158242
# of unexpected failures 19
# of expected failures 678
# of unsupported tests 3194
/var/gcc/regression/trunk/11-gcc/build/gcc/xgcc version 6.0.0 20150911 (experimental) [trunk revision 227682] (GCC)
=== gfortran tests ===
Running target unix
ERROR: child killed: hangup
FAIL: gfortran.dg/do_iterator.f90 -O changing do-iterator 3 (test for errors, line 10)
FAIL: gfortran.dg/do_iterator.f90 -O changing do-iterator 3 (test for errors, line 9)
WARNING: program timed out.
ERROR: tcl error sourcing /vol/gcc/src/hg/trunk/local/gcc/testsuite/gfortran.dg/dg.exp.
ERROR: tcl error sourcing /vol/gcc/src/hg/trunk/local/gcc/testsuite/gfortran.dg/goacc/goacc.exp.
ERROR: torture-init: torture_without_loops is not empty as expected
ERROR: tcl error sourcing /vol/gcc/src/hg/trunk/local/gcc/testsuite/gfortran.dg/gomp/gomp.exp.
ERROR: torture-init: torture_without_loops is not empty as expected
ERROR: tcl error sourcing /vol/gcc/src/hg/trunk/local/gcc/testsuite/gfortran.dg/graphite/graphite.exp.
ERROR: torture-init: torture_without_loops is not empty as expected
ERROR: tcl error sourcing /vol/gcc/src/hg/trunk/local/gcc/testsuite/gfortran.dg/ieee/ieee.exp.
ERROR: torture-init: torture_without_loops is not empty as expected
ERROR: tcl error sourcing /vol/gcc/src/hg/trunk/local/gcc/testsuite/gfortran.dg/vect/vect.exp.
ERROR: torture-init: torture_without_loops is not empty as expected
ERROR: tcl error sourcing /vol/gcc/src/hg/trunk/local/gcc/testsuite/gfortran.fortran-torture/compile/compile.exp.
ERROR: torture-init: torture_without_loops is not empty as expected
ERROR: tcl error sourcing /vol/gcc/src/hg/trunk/local/gcc/testsuite/gfortran.fortran-torture/execute/execute.exp.
ERROR: torture-init: torture_without_loops is not empty as expected
=== gfortran Summary for unix ===
# of expected passes 13690
# of unexpected failures 2
# of expected failures 30
# of unsupported tests 68
Running target unix/-m64
ERROR: tcl error sourcing /vol/gcc/src/hg/trunk/local/gcc/testsuite/gfortran.dg/coarray/caf.exp.
ERROR: torture-init: torture_without_loops is not empty as expected
ERROR: tcl error sourcing /vol/gcc/src/hg/trunk/local/gcc/testsuite/gfortran.dg/dg.exp.
ERROR: torture-init: torture_without_loops is not empty as expected
ERROR: tcl error sourcing /vol/gcc/src/hg/trunk/local/gcc/testsuite/gfortran.dg/goacc/goacc.exp.
ERROR: torture-init: torture_without_loops is not empty as expected
ERROR: tcl error sourcing /vol/gcc/src/hg/trunk/local/gcc/testsuite/gfortran.dg/gomp/gomp.exp.
ERROR: torture-init: torture_without_loops is not empty as expected
ERROR: tcl error sourcing /vol/gcc/src/hg/trunk/local/gcc/testsuite/gfortran.dg/graphite/graphite.exp.
ERROR: torture-init: torture_without_loops is not empty as expected
ERROR: tcl error sourcing /vol/gcc/src/hg/trunk/local/gcc/testsuite/gfortran.dg/ieee/ieee.exp.
ERROR: torture-init: torture_without_loops is not empty as expected
ERROR: tcl error sourcing /vol/gcc/src/hg/trunk/local/gcc/testsuite/gfortran.dg/vect/vect.exp.
ERROR: torture-init: torture_without_loops is not empty as expected
ERROR: tcl error sourcing /vol/gcc/src/hg/trunk/local/gcc/testsuite/gfortran.fortran-torture/compile/compile.exp.
ERROR: torture-init: torture_without_loops is not empty as expected
ERROR: tcl error sourcing /vol/gcc/src/hg/trunk/local/gcc/testsuite/gfortran.fortran-torture/execute/execute.exp.
ERROR: torture-init: torture_without_loops is not empty as expected
=== gfortran Summary for unix/-m64 ===
# of expected passes 352
# of unsupported tests 22
=== gfortran Summary ===
# of expected passes 14042
# of unexpected failures 2
# of expected failures 30
# of unsupported tests 90
/var/gcc/regression/trunk/11-gcc/build/gcc/testsuite/gfortran/../../gfortran version 6.0.0 20150911 (experimental) [trunk revision 227682] (GCC)
=== gnat tests ===
Running target unix
=== gnat Summary for unix ===
# of expected passes 1366
# of expected failures 21
# of unsupported tests 19
Running target unix/-m64
=== gnat Summary for unix/-m64 ===
# of expected passes 1366
# of expected failures 21
# of unsupported tests 19
=== gnat Summary ===
# of expected passes 2732
# of expected failures 42
# of unsupported tests 38
/var/gcc/regression/trunk/11-gcc/build/gcc/gnatmake version 6.0.0 20150911 (experimental) [trunk revision 227682]
=== go tests ===
Running target unix
=== go Summary for unix ===
# of expected passes 7360
# of expected failures 1
# of untested testcases 11
# of unsupported tests 3
Running target unix/-m64
=== go Summary for unix/-m64 ===
# of expected passes 7240
# of expected failures 1
# of untested testcases 11
# of unsupported tests 3
=== go Summary ===
# of expected passes 14600
# of expected failures 2
# of untested testcases 22
# of unsupported tests 6
=== obj-c++ tests ===
Running target unix
=== obj-c++ Summary for unix ===
# of expected passes 1439
# of expected failures 2
# of unsupported tests 77
Running target unix/-m64
=== obj-c++ Summary for unix/-m64 ===
# of expected passes 1431
# of expected failures 10
# of unsupported tests 77
=== obj-c++ Summary ===
# of expected passes 2870
# of expected failures 12
# of unsupported tests 154
/var/gcc/regression/trunk/11-gcc/build/gcc/testsuite/obj-c++/../../xg++ version 6.0.0 20150911 (experimental) [trunk revision 227682] (GCC)
=== objc tests ===
Running target unix
=== objc Summary for unix ===
# of expected passes 2772
# of unsupported tests 68
Running target unix/-m64
=== objc Summary for unix/-m64 ===
# of expected passes 2772
# of unsupported tests 68
=== objc Summary ===
# of expected passes 5544
# of unsupported tests 136
/var/gcc/regression/trunk/11-gcc/build/gcc/xgcc version 6.0.0 20150911 (experimental) [trunk revision 227682] (GCC)
=== boehm-gc tests ===
Running target unix
=== boehm-gc Summary for unix ===
# of expected passes 12
# of unsupported tests 1
Running target unix/-m64
=== boehm-gc Summary for unix/-m64 ===
# of expected passes 12
# of unsupported tests 1
=== boehm-gc Summary ===
# of expected passes 24
# of unsupported tests 2
=== libatomic tests ===
Running target unix
=== libatomic Summary for unix ===
# of expected passes 44
# of unsupported tests 5
Running target unix/-m64
=== libatomic Summary for unix/-m64 ===
# of expected passes 54
=== libatomic Summary ===
# of expected passes 98
# of unsupported tests 5
=== libffi tests ===
Running target unix
=== libffi Summary for unix ===
# of expected passes 1914
# of unsupported tests 30
Running target unix/-m64
=== libffi Summary for unix/-m64 ===
# of expected passes 1914
# of unsupported tests 30
=== libffi Summary ===
# of expected passes 3828
# of unsupported tests 60
=== libgo tests ===
Running target unix
FAIL: reflect
=== libgo Summary for unix ===
# of expected passes 123
# of unexpected failures 1
Running target unix/-m64
FAIL: runtime
=== libgo Summary for unix/-m64 ===
# of expected passes 123
# of unexpected failures 1
=== libgo Summary ===
# of expected passes 246
# of unexpected failures 2
/var/gcc/regression/trunk/11-gcc/build/./gcc/gccgo version 6.0.0 20150911 (experimental) [trunk revision 227682] (GCC)
=== libgomp tests ===
Running target unix
=== libgomp Summary for unix ===
# of expected passes 4081
# of expected failures 4
# of unsupported tests 241
Running target unix/-m64
=== libgomp Summary for unix/-m64 ===
# of expected passes 4081
# of expected failures 4
# of unsupported tests 241
=== libgomp Summary ===
# of expected passes 8162
# of expected failures 8
# of unsupported tests 482
=== libitm tests ===
Running target unix
=== libitm Summary for unix ===
# of expected passes 26
# of expected failures 3
# of unsupported tests 1
Running target unix/-m64
=== libitm Summary for unix/-m64 ===
# of expected passes 26
# of expected failures 3
# of unsupported tests 1
=== libitm Summary ===
# of expected passes 52
# of expected failures 6
# of unsupported tests 2
=== libjava tests ===
Running target unix
=== libjava Summary for unix ===
# of expected passes 2582
# of expected failures 4
Running target unix/-m64
=== libjava Summary for unix/-m64 ===
# of expected passes 2582
# of expected failures 4
=== libjava Summary ===
# of expected passes 5164
# of expected failures 8
=== libstdc++ tests ===
Running target unix
FAIL: libstdc++-abi/abi_check
=== libstdc++ Summary for unix ===
# of expected passes 9762
# of unexpected failures 1
# of expected failures 67
# of unsupported tests 619
Running target unix/-m64
FAIL: libstdc++-abi/abi_check
ERROR: child killed: hangup
ERROR: child killed: hangup
ERROR: child killed: hangup
ERROR: child killed: hangup
FAIL: ext/pb_ds/example/tree_order_statistics.cc (test for excess errors)
WARNING: ext/pb_ds/example/tree_order_statistics.cc compilation failed to produce executable
FAIL: ext/pb_ds/regression/hash_map_rand.cc (test for excess errors)
WARNING: ext/pb_ds/regression/hash_map_rand.cc compilation failed to produce executable
FAIL: ext/pb_ds/regression/priority_queue_rand.cc (test for excess errors)
WARNING: ext/pb_ds/regression/priority_queue_rand.cc compilation failed to produce executable
FAIL: ext/random/arcsine_distribution/operators/serialize.cc (test for excess errors)
WARNING: ext/random/arcsine_distribution/operators/serialize.cc compilation failed to produce executable
FAIL: ext/random/hoyt_distribution/cons/default.cc (test for excess errors)
WARNING: ext/random/hoyt_distribution/cons/default.cc compilation failed to produce executable
FAIL: ext/random/nakagami_distribution/cons/default.cc (test for excess errors)
WARNING: ext/random/nakagami_distribution/cons/default.cc compilation failed to produce executable
FAIL: ext/random/pareto_distribution/cons/default.cc (test for excess errors)
WARNING: ext/random/pareto_distribution/cons/default.cc compilation failed to produce executable
WARNING: program timed out.
WARNING: program timed out.
WARNING: program timed out.
WARNING: program timed out.
WARNING: program timed out.
WARNING: program timed out.
WARNING: program timed out.
WARNING: program timed out.
WARNING: program timed out.
WARNING: program timed out.
WARNING: program timed out.
ERROR: tcl error sourcing /vol/gcc/src/hg/trunk/local/libstdc++-v3/testsuite/libstdc++-dg/conformance.exp.
ERROR: tcl error sourcing /vol/gcc/src/hg/trunk/local/libstdc++-v3/testsuite/libstdc++-dg/conformance.exp.
ERROR: tcl error sourcing /vol/gcc/src/hg/trunk/local/libstdc++-v3/testsuite/libstdc++-dg/conformance.exp.
ERROR: tcl error sourcing /vol/gcc/src/hg/trunk/local/libstdc++-v3/testsuite/libstdc++-dg/conformance.exp.
=== libstdc++ Summary for unix/-m64 ===
# of expected passes 9724
# of unexpected failures 8
# of expected failures 67
# of unsupported tests 626
=== libstdc++ Summary ===
# of expected passes 19486
# of unexpected failures 9
# of expected failures 134
# of unsupported tests 1245
Compiler version: 6.0.0 20150911 (experimental) [trunk revision 227682] (GCC)
Platform: sparc-sun-solaris2.11
configure flags: --prefix=/vol/gcc --target=sparc-sun-solaris2.11 --enable-objc-gc --enable-libmudflap --with-as=/usr/ccs/bin/as --without-gnu-as --with-gmp-include=/vol/gcc/include --with-gmp-lib=/vol/gcc/lib --with-mpfr-include=/vol/gcc/include --with-mpfr-lib=/vol/gcc/lib --with-mpc-include=/vol/gcc/include --with-mpc-lib=/vol/gcc/lib --enable-languages=all,ada,obj-c++,go --with-isl-include=/vol/gcc/include --with-isl-lib=/vol/gcc/lib --with-cloog-include=/vol/gcc/include --with-cloog-lib=/vol/gcc/lib --enable-cloog-backend=isl
BOOT_CFLAGS=-g -O2