This is the mail archive of the gcc-testresults@gcc.gnu.org mailing list for the GCC project.


Index Nav: [Date Index] [Subject Index] [Author Index] [Thread Index]
Message Nav: [Date Prev] [Date Next] [Thread Prev] [Thread Next]
Other format: [Raw text]

Results for 6.0.0 20150906 (experimental) [trunk revision 227511] (GCC) testsuite on powerpc64-suse-linux-gnu


LAST_UPDATED: Sun Sep  6 11:55:02 UTC 2015 (revision 227511)

		=== acats tests ===

		=== acats Summary ===
# of expected passes		2320
# of unexpected failures	0
Native configuration is powerpc64-suse-linux-gnu

		=== g++ tests ===


Running target unix/-m32
FAIL: c-c++-common/asan/heap-overflow-1.c   -O1  output pattern test, is =================================================================
FAIL: c-c++-common/asan/heap-overflow-1.c   -O2  output pattern test, is =================================================================
FAIL: c-c++-common/asan/heap-overflow-1.c   -O2 -flto -fno-use-linker-plugin -flto-partition=none  output pattern test, is =================================================================
FAIL: c-c++-common/asan/heap-overflow-1.c   -O2 -flto -fuse-linker-plugin -fno-fat-lto-objects  output pattern test, is =================================================================
FAIL: c-c++-common/asan/heap-overflow-1.c   -O3 -g  output pattern test, is =================================================================
FAIL: c-c++-common/asan/heap-overflow-1.c   -Os  output pattern test, is =================================================================
FAIL: c-c++-common/asan/null-deref-1.c   -O2  output pattern test, is ASAN:SIGSEGV
FAIL: c-c++-common/asan/null-deref-1.c   -O2 -flto -fno-use-linker-plugin -flto-partition=none  output pattern test, is ASAN:SIGSEGV
FAIL: c-c++-common/asan/null-deref-1.c   -O2 -flto -fuse-linker-plugin -fno-fat-lto-objects  output pattern test, is ASAN:SIGSEGV
FAIL: c-c++-common/asan/null-deref-1.c   -O3 -g  output pattern test, is ASAN:SIGSEGV
FAIL: c-c++-common/asan/sanity-check-pure-c-1.c   -O1  output pattern test, is =================================================================
FAIL: c-c++-common/asan/sanity-check-pure-c-1.c   -O2  output pattern test, is =================================================================
FAIL: c-c++-common/asan/sanity-check-pure-c-1.c   -O2 -flto -fno-use-linker-plugin -flto-partition=none  output pattern test, is =================================================================
FAIL: c-c++-common/asan/sanity-check-pure-c-1.c   -O2 -flto -fuse-linker-plugin -fno-fat-lto-objects  output pattern test, is =================================================================
FAIL: c-c++-common/asan/sanity-check-pure-c-1.c   -O3 -g  output pattern test, is =================================================================
FAIL: c-c++-common/asan/sanity-check-pure-c-1.c   -Os  output pattern test, is =================================================================
FAIL: c-c++-common/asan/strncpy-overflow-1.c   -O1  output pattern test, is =================================================================
FAIL: c-c++-common/asan/strncpy-overflow-1.c   -O2  output pattern test, is =================================================================
FAIL: c-c++-common/asan/strncpy-overflow-1.c   -O2 -flto -fno-use-linker-plugin -flto-partition=none  output pattern test, is =================================================================
FAIL: c-c++-common/asan/strncpy-overflow-1.c   -O2 -flto -fuse-linker-plugin -fno-fat-lto-objects  output pattern test, is =================================================================
FAIL: c-c++-common/asan/strncpy-overflow-1.c   -O3 -g  output pattern test, is =================================================================
FAIL: c-c++-common/asan/strncpy-overflow-1.c   -Os  output pattern test, is =================================================================
FAIL: c-c++-common/asan/use-after-free-1.c   -O1  output pattern test, is =================================================================
FAIL: c-c++-common/asan/use-after-free-1.c   -O2  output pattern test, is =================================================================
FAIL: c-c++-common/asan/use-after-free-1.c   -O2 -flto -fno-use-linker-plugin -flto-partition=none  output pattern test, is =================================================================
FAIL: c-c++-common/asan/use-after-free-1.c   -O2 -flto -fuse-linker-plugin -fno-fat-lto-objects  output pattern test, is =================================================================
FAIL: c-c++-common/asan/use-after-free-1.c   -O3 -g  output pattern test, is =================================================================
FAIL: c-c++-common/asan/use-after-free-1.c   -Os  output pattern test, is =================================================================
FAIL: g++.dg/asan/deep-stack-uaf-1.C   -O0  output pattern test, is =================================================================
FAIL: g++.dg/asan/deep-stack-uaf-1.C   -O1  output pattern test, is =================================================================
FAIL: g++.dg/asan/deep-stack-uaf-1.C   -O2  output pattern test, is =================================================================
FAIL: g++.dg/asan/deep-stack-uaf-1.C   -O3 -g  output pattern test, is =================================================================
FAIL: g++.dg/asan/deep-stack-uaf-1.C   -Os  output pattern test, is =================================================================
FAIL: g++.dg/abi/scoped1.C  -std=gnu++11 execution test
FAIL: g++.dg/abi/scoped1.C  -std=gnu++14 execution test
FAIL: g++.dg/cpp0x/nsdmi-template14.C  -std=c++11  (test for errors, line 4)
FAIL: g++.dg/cpp0x/nsdmi-template14.C  -std=c++11  (test for errors, line 6)
FAIL: g++.dg/cpp0x/nsdmi-template14.C  -std=c++14  (test for errors, line 4)
FAIL: g++.dg/cpp0x/nsdmi-template14.C  -std=c++14  (test for errors, line 6)
FAIL: g++.dg/tree-ssa/pr61034.C  -std=gnu++11  scan-tree-dump-times fre2 "free" 10
FAIL: g++.dg/tree-ssa/pr61034.C  -std=gnu++14  scan-tree-dump-times fre2 "free" 10
FAIL: g++.dg/tree-ssa/pr61034.C  -std=gnu++98  scan-tree-dump-times fre2 "free" 10
XPASS: g++.dg/tls/thread_local-order2.C  -std=c++11 execution test
XPASS: g++.dg/tls/thread_local-order2.C  -std=c++14 execution test
FAIL: g++.dg/vect/pr36648.cc  -std=c++11  scan-tree-dump-times vect "vectorized 1 loops" 1
FAIL: g++.dg/vect/pr36648.cc  -std=c++11  scan-tree-dump-times vect "vectorizing stmts using SLP" 1
FAIL: g++.dg/vect/pr36648.cc  -std=c++14  scan-tree-dump-times vect "vectorized 1 loops" 1
FAIL: g++.dg/vect/pr36648.cc  -std=c++14  scan-tree-dump-times vect "vectorizing stmts using SLP" 1
FAIL: g++.dg/vect/pr36648.cc  -std=c++98  scan-tree-dump-times vect "vectorized 1 loops" 1
FAIL: g++.dg/vect/pr36648.cc  -std=c++98  scan-tree-dump-times vect "vectorizing stmts using SLP" 1

		=== g++ Summary for unix/-m32 ===

# of expected passes		88420
# of unexpected failures	48
# of unexpected successes	2
# of expected failures		332
# of unsupported tests		3773

Running target unix/-m64
FAIL: c-c++-common/asan/asan-interface-1.c   -O0  execution test
FAIL: c-c++-common/asan/asan-interface-1.c   -O1  execution test
FAIL: c-c++-common/asan/asan-interface-1.c   -O2  execution test
FAIL: c-c++-common/asan/asan-interface-1.c   -O2 -flto -fno-use-linker-plugin -flto-partition=none  execution test
FAIL: c-c++-common/asan/asan-interface-1.c   -O2 -flto -fuse-linker-plugin -fno-fat-lto-objects  execution test
FAIL: c-c++-common/asan/asan-interface-1.c   -O3 -g  execution test
FAIL: c-c++-common/asan/asan-interface-1.c   -Os  execution test
FAIL: c-c++-common/asan/bitfield-1.c   -O0  output pattern test, is ==9813==ERROR: AddressSanitizer failed to allocate 0x4000001000 (274877911040) bytes at address 1fffffff000 (errno: 12)
FAIL: c-c++-common/asan/bitfield-1.c   -O1  output pattern test, is ==9829==ERROR: AddressSanitizer failed to allocate 0x4000001000 (274877911040) bytes at address 1fffffff000 (errno: 12)
FAIL: c-c++-common/asan/bitfield-1.c   -O2  output pattern test, is ==9845==ERROR: AddressSanitizer failed to allocate 0x4000001000 (274877911040) bytes at address 1fffffff000 (errno: 12)
FAIL: c-c++-common/asan/bitfield-1.c   -O2 -flto -fno-use-linker-plugin -flto-partition=none  output pattern test, is ==9914==ERROR: AddressSanitizer failed to allocate 0x4000001000 (274877911040) bytes at address 1fffffff000 (errno: 12)
FAIL: c-c++-common/asan/bitfield-1.c   -O2 -flto -fuse-linker-plugin -fno-fat-lto-objects  output pattern test, is ==9937==ERROR: AddressSanitizer failed to allocate 0x4000001000 (274877911040) bytes at address 1fffffff000 (errno: 12)
FAIL: c-c++-common/asan/bitfield-1.c   -O3 -g  output pattern test, is ==9861==ERROR: AddressSanitizer failed to allocate 0x4000001000 (274877911040) bytes at address 1fffffff000 (errno: 12)
FAIL: c-c++-common/asan/bitfield-1.c   -Os  output pattern test, is ==9877==ERROR: AddressSanitizer failed to allocate 0x4000001000 (274877911040) bytes at address 1fffffff000 (errno: 12)
FAIL: c-c++-common/asan/bitfield-2.c   -O0  output pattern test, is ==9953==ERROR: AddressSanitizer failed to allocate 0x4000001000 (274877911040) bytes at address 1fffffff000 (errno: 12)
FAIL: c-c++-common/asan/bitfield-2.c   -O1  output pattern test, is ==9969==ERROR: AddressSanitizer failed to allocate 0x4000001000 (274877911040) bytes at address 1fffffff000 (errno: 12)
FAIL: c-c++-common/asan/bitfield-2.c   -O2  output pattern test, is ==9985==ERROR: AddressSanitizer failed to allocate 0x4000001000 (274877911040) bytes at address 1fffffff000 (errno: 12)
FAIL: c-c++-common/asan/bitfield-2.c   -O2 -flto -fno-use-linker-plugin -flto-partition=none  output pattern test, is ==10081==ERROR: AddressSanitizer failed to allocate 0x4000001000 (274877911040) bytes at address 1fffffff000 (errno: 12)
FAIL: c-c++-common/asan/bitfield-2.c   -O2 -flto -fuse-linker-plugin -fno-fat-lto-objects  output pattern test, is ==10104==ERROR: AddressSanitizer failed to allocate 0x4000001000 (274877911040) bytes at address 1fffffff000 (errno: 12)
FAIL: c-c++-common/asan/bitfield-2.c   -O3 -g  output pattern test, is ==10001==ERROR: AddressSanitizer failed to allocate 0x4000001000 (274877911040) bytes at address 1fffffff000 (errno: 12)
FAIL: c-c++-common/asan/bitfield-2.c   -Os  output pattern test, is ==10017==ERROR: AddressSanitizer failed to allocate 0x4000001000 (274877911040) bytes at address 1fffffff000 (errno: 12)
FAIL: c-c++-common/asan/bitfield-3.c   -O0  output pattern test, is ==10120==ERROR: AddressSanitizer failed to allocate 0x4000001000 (274877911040) bytes at address 1fffffff000 (errno: 12)
FAIL: c-c++-common/asan/bitfield-3.c   -O1  output pattern test, is ==10136==ERROR: AddressSanitizer failed to allocate 0x4000001000 (274877911040) bytes at address 1fffffff000 (errno: 12)
FAIL: c-c++-common/asan/bitfield-3.c   -O2  output pattern test, is ==10152==ERROR: AddressSanitizer failed to allocate 0x4000001000 (274877911040) bytes at address 1fffffff000 (errno: 12)
FAIL: c-c++-common/asan/bitfield-3.c   -O2 -flto -fno-use-linker-plugin -flto-partition=none  output pattern test, is ==10221==ERROR: AddressSanitizer failed to allocate 0x4000001000 (274877911040) bytes at address 1fffffff000 (errno: 12)
FAIL: c-c++-common/asan/bitfield-3.c   -O2 -flto -fuse-linker-plugin -fno-fat-lto-objects  output pattern test, is ==10244==ERROR: AddressSanitizer failed to allocate 0x4000001000 (274877911040) bytes at address 1fffffff000 (errno: 12)
FAIL: c-c++-common/asan/bitfield-3.c   -O3 -g  output pattern test, is ==10168==ERROR: AddressSanitizer failed to allocate 0x4000001000 (274877911040) bytes at address 1fffffff000 (errno: 12)
FAIL: c-c++-common/asan/bitfield-3.c   -Os  output pattern test, is ==10184==ERROR: AddressSanitizer failed to allocate 0x4000001000 (274877911040) bytes at address 1fffffff000 (errno: 12)
FAIL: c-c++-common/asan/bitfield-4.c   -O0  output pattern test, is ==10260==ERROR: AddressSanitizer failed to allocate 0x4000001000 (274877911040) bytes at address 1fffffff000 (errno: 12)
FAIL: c-c++-common/asan/bitfield-4.c   -O1  output pattern test, is ==10276==ERROR: AddressSanitizer failed to allocate 0x4000001000 (274877911040) bytes at address 1fffffff000 (errno: 12)
FAIL: c-c++-common/asan/bitfield-4.c   -O2  output pattern test, is ==10292==ERROR: AddressSanitizer failed to allocate 0x4000001000 (274877911040) bytes at address 1fffffff000 (errno: 12)
FAIL: c-c++-common/asan/bitfield-4.c   -O2 -flto -fno-use-linker-plugin -flto-partition=none  output pattern test, is ==10361==ERROR: AddressSanitizer failed to allocate 0x4000001000 (274877911040) bytes at address 1fffffff000 (errno: 12)
FAIL: c-c++-common/asan/bitfield-4.c   -O2 -flto -fuse-linker-plugin -fno-fat-lto-objects  output pattern test, is ==10384==ERROR: AddressSanitizer failed to allocate 0x4000001000 (274877911040) bytes at address 1fffffff000 (errno: 12)
FAIL: c-c++-common/asan/bitfield-4.c   -O3 -g  output pattern test, is ==10308==ERROR: AddressSanitizer failed to allocate 0x4000001000 (274877911040) bytes at address 1fffffff000 (errno: 12)
FAIL: c-c++-common/asan/bitfield-4.c   -Os  output pattern test, is ==10324==ERROR: AddressSanitizer failed to allocate 0x4000001000 (274877911040) bytes at address 1fffffff000 (errno: 12)
FAIL: c-c++-common/asan/bitfield-5.c   -O0  output pattern test, is ==10400==ERROR: AddressSanitizer failed to allocate 0x4000001000 (274877911040) bytes at address 1fffffff000 (errno: 12)
FAIL: c-c++-common/asan/bitfield-5.c   -O1  output pattern test, is ==10416==ERROR: AddressSanitizer failed to allocate 0x4000001000 (274877911040) bytes at address 1fffffff000 (errno: 12)
FAIL: c-c++-common/asan/bitfield-5.c   -O2  output pattern test, is ==10432==ERROR: AddressSanitizer failed to allocate 0x4000001000 (274877911040) bytes at address 1fffffff000 (errno: 12)
FAIL: c-c++-common/asan/bitfield-5.c   -O2 -flto -fno-use-linker-plugin -flto-partition=none  output pattern test, is ==10506==ERROR: AddressSanitizer failed to allocate 0x4000001000 (274877911040) bytes at address 1fffffff000 (errno: 12)
FAIL: c-c++-common/asan/bitfield-5.c   -O2 -flto -fuse-linker-plugin -fno-fat-lto-objects  output pattern test, is ==10540==ERROR: AddressSanitizer failed to allocate 0x4000001000 (274877911040) bytes at address 1fffffff000 (errno: 12)
FAIL: c-c++-common/asan/bitfield-5.c   -O3 -g  output pattern test, is ==10448==ERROR: AddressSanitizer failed to allocate 0x4000001000 (274877911040) bytes at address 1fffffff000 (errno: 12)
FAIL: c-c++-common/asan/bitfield-5.c   -Os  output pattern test, is ==10464==ERROR: AddressSanitizer failed to allocate 0x4000001000 (274877911040) bytes at address 1fffffff000 (errno: 12)
FAIL: c-c++-common/asan/clone-test-1.c   -O0  execution test
FAIL: c-c++-common/asan/clone-test-1.c   -O1  execution test
FAIL: c-c++-common/asan/clone-test-1.c   -O2  execution test
FAIL: c-c++-common/asan/clone-test-1.c   -O2 -flto -fno-use-linker-plugin -flto-partition=none  execution test
FAIL: c-c++-common/asan/clone-test-1.c   -O2 -flto -fuse-linker-plugin -fno-fat-lto-objects  execution test
FAIL: c-c++-common/asan/clone-test-1.c   -O3 -fomit-frame-pointer -funroll-loops -fpeel-loops -ftracer -finline-functions  execution test
FAIL: c-c++-common/asan/clone-test-1.c   -O3 -g  execution test
FAIL: c-c++-common/asan/clone-test-1.c   -Os  execution test
FAIL: c-c++-common/asan/global-overflow-1.c   -O0  output pattern test, is ==10773==ERROR: AddressSanitizer failed to allocate 0x4000001000 (274877911040) bytes at address 1fffffff000 (errno: 12)
FAIL: c-c++-common/asan/global-overflow-1.c   -O1  output pattern test, is ==10789==ERROR: AddressSanitizer failed to allocate 0x4000001000 (274877911040) bytes at address 1fffffff000 (errno: 12)
FAIL: c-c++-common/asan/global-overflow-1.c   -O2  output pattern test, is ==10805==ERROR: AddressSanitizer failed to allocate 0x4000001000 (274877911040) bytes at address 1fffffff000 (errno: 12)
FAIL: c-c++-common/asan/global-overflow-1.c   -O2 -flto -fno-use-linker-plugin -flto-partition=none  output pattern test, is ==10906==ERROR: AddressSanitizer failed to allocate 0x4000001000 (274877911040) bytes at address 1fffffff000 (errno: 12)
FAIL: c-c++-common/asan/global-overflow-1.c   -O2 -flto -fuse-linker-plugin -fno-fat-lto-objects  output pattern test, is ==10929==ERROR: AddressSanitizer failed to allocate 0x4000001000 (274877911040) bytes at address 1fffffff000 (errno: 12)
FAIL: c-c++-common/asan/global-overflow-1.c   -O3 -g  output pattern test, is ==10821==ERROR: AddressSanitizer failed to allocate 0x4000001000 (274877911040) bytes at address 1fffffff000 (errno: 12)
FAIL: c-c++-common/asan/global-overflow-1.c   -Os  output pattern test, is ==10837==ERROR: AddressSanitizer failed to allocate 0x4000001000 (274877911040) bytes at address 1fffffff000 (errno: 12)
FAIL: c-c++-common/asan/heap-overflow-1.c   -O0  output pattern test, is ==10945==ERROR: AddressSanitizer failed to allocate 0x4000001000 (274877911040) bytes at address 1fffffff000 (errno: 12)
FAIL: c-c++-common/asan/heap-overflow-1.c   -O1  output pattern test, is ==10996==ERROR: AddressSanitizer failed to allocate 0x4000001000 (274877911040) bytes at address 1fffffff000 (errno: 12)
FAIL: c-c++-common/asan/heap-overflow-1.c   -O2  output pattern test, is ==11093==ERROR: AddressSanitizer failed to allocate 0x4000001000 (274877911040) bytes at address 1fffffff000 (errno: 12)
FAIL: c-c++-common/asan/heap-overflow-1.c   -O2 -flto -fno-use-linker-plugin -flto-partition=none  output pattern test, is ==11540==ERROR: AddressSanitizer failed to allocate 0x4000001000 (274877911040) bytes at address 1fffffff000 (errno: 12)
FAIL: c-c++-common/asan/heap-overflow-1.c   -O2 -flto -fuse-linker-plugin -fno-fat-lto-objects  output pattern test, is ==11676==ERROR: AddressSanitizer failed to allocate 0x4000001000 (274877911040) bytes at address 1fffffff000 (errno: 12)
FAIL: c-c++-common/asan/heap-overflow-1.c   -O3 -g  output pattern test, is ==11190==ERROR: AddressSanitizer failed to allocate 0x4000001000 (274877911040) bytes at address 1fffffff000 (errno: 12)
FAIL: c-c++-common/asan/heap-overflow-1.c   -Os  output pattern test, is ==11305==ERROR: AddressSanitizer failed to allocate 0x4000001000 (274877911040) bytes at address 1fffffff000 (errno: 12)
FAIL: c-c++-common/asan/memcmp-1.c   -O0  output pattern test, is ==12152==ERROR: AddressSanitizer failed to allocate 0x4000001000 (274877911040) bytes at address 1fffffff000 (errno: 12)
FAIL: c-c++-common/asan/memcmp-1.c   -O1  output pattern test, is ==12179==ERROR: AddressSanitizer failed to allocate 0x4000001000 (274877911040) bytes at address 1fffffff000 (errno: 12)
FAIL: c-c++-common/asan/memcmp-1.c   -O2  output pattern test, is ==12195==ERROR: AddressSanitizer failed to allocate 0x4000001000 (274877911040) bytes at address 1fffffff000 (errno: 12)
FAIL: c-c++-common/asan/memcmp-1.c   -O2 -flto -fno-use-linker-plugin -flto-partition=none  output pattern test, is ==12297==ERROR: AddressSanitizer failed to allocate 0x4000001000 (274877911040) bytes at address 1fffffff000 (errno: 12)
FAIL: c-c++-common/asan/memcmp-1.c   -O2 -flto -fuse-linker-plugin -fno-fat-lto-objects  output pattern test, is ==12351==ERROR: AddressSanitizer failed to allocate 0x4000001000 (274877911040) bytes at address 1fffffff000 (errno: 12)
FAIL: c-c++-common/asan/memcmp-1.c   -O3 -g  output pattern test, is ==12211==ERROR: AddressSanitizer failed to allocate 0x4000001000 (274877911040) bytes at address 1fffffff000 (errno: 12)
FAIL: c-c++-common/asan/memcmp-1.c   -Os  output pattern test, is ==12227==ERROR: AddressSanitizer failed to allocate 0x4000001000 (274877911040) bytes at address 1fffffff000 (errno: 12)
FAIL: c-c++-common/asan/misalign-1.c   -O0  output pattern test, is ==12501==ERROR: AddressSanitizer failed to allocate 0x4000001000 (274877911040) bytes at address 1fffffff000 (errno: 12)
FAIL: c-c++-common/asan/misalign-1.c   -O1  output pattern test, is ==12517==ERROR: AddressSanitizer failed to allocate 0x4000001000 (274877911040) bytes at address 1fffffff000 (errno: 12)
FAIL: c-c++-common/asan/misalign-1.c   -O2  output pattern test, is ==12549==ERROR: AddressSanitizer failed to allocate 0x4000001000 (274877911040) bytes at address 1fffffff000 (errno: 12)
FAIL: c-c++-common/asan/misalign-1.c   -O2 -flto -fno-use-linker-plugin -flto-partition=none  output pattern test, is ==12650==ERROR: AddressSanitizer failed to allocate 0x4000001000 (274877911040) bytes at address 1fffffff000 (errno: 12)
FAIL: c-c++-common/asan/misalign-1.c   -O2 -flto -fuse-linker-plugin -fno-fat-lto-objects  output pattern test, is ==12689==ERROR: AddressSanitizer failed to allocate 0x4000001000 (274877911040) bytes at address 1fffffff000 (errno: 12)
FAIL: c-c++-common/asan/misalign-1.c   -O3 -g  output pattern test, is ==12581==ERROR: AddressSanitizer failed to allocate 0x4000001000 (274877911040) bytes at address 1fffffff000 (errno: 12)
FAIL: c-c++-common/asan/misalign-1.c   -Os  output pattern test, is ==12597==ERROR: AddressSanitizer failed to allocate 0x4000001000 (274877911040) bytes at address 1fffffff000 (errno: 12)
FAIL: c-c++-common/asan/misalign-2.c   -O0  output pattern test, is ==12721==ERROR: AddressSanitizer failed to allocate 0x4000001000 (274877911040) bytes at address 1fffffff000 (errno: 12)
FAIL: c-c++-common/asan/misalign-2.c   -O1  output pattern test, is ==12769==ERROR: AddressSanitizer failed to allocate 0x4000001000 (274877911040) bytes at address 1fffffff000 (errno: 12)
FAIL: c-c++-common/asan/misalign-2.c   -O2  output pattern test, is ==12806==ERROR: AddressSanitizer failed to allocate 0x4000001000 (274877911040) bytes at address 1fffffff000 (errno: 12)
FAIL: c-c++-common/asan/misalign-2.c   -O2 -flto -fno-use-linker-plugin -flto-partition=none  output pattern test, is ==12950==ERROR: AddressSanitizer failed to allocate 0x4000001000 (274877911040) bytes at address 1fffffff000 (errno: 12)
FAIL: c-c++-common/asan/misalign-2.c   -O2 -flto -fuse-linker-plugin -fno-fat-lto-objects  output pattern test, is ==12979==ERROR: AddressSanitizer failed to allocate 0x4000001000 (274877911040) bytes at address 1fffffff000 (errno: 12)
FAIL: c-c++-common/asan/misalign-2.c   -O3 -g  output pattern test, is ==12851==ERROR: AddressSanitizer failed to allocate 0x4000001000 (274877911040) bytes at address 1fffffff000 (errno: 12)
FAIL: c-c++-common/asan/misalign-2.c   -Os  output pattern test, is ==12888==ERROR: AddressSanitizer failed to allocate 0x4000001000 (274877911040) bytes at address 1fffffff000 (errno: 12)
FAIL: c-c++-common/asan/null-deref-1.c   -O0  output pattern test, is ==13844==ERROR: AddressSanitizer failed to allocate 0x4000001000 (274877911040) bytes at address 1fffffff000 (errno: 12)
FAIL: c-c++-common/asan/null-deref-1.c   -O1  output pattern test, is ==13881==ERROR: AddressSanitizer failed to allocate 0x4000001000 (274877911040) bytes at address 1fffffff000 (errno: 12)
FAIL: c-c++-common/asan/null-deref-1.c   -O2  output pattern test, is ==13927==ERROR: AddressSanitizer failed to allocate 0x4000001000 (274877911040) bytes at address 1fffffff000 (errno: 12)
FAIL: c-c++-common/asan/null-deref-1.c   -O2 -flto -fno-use-linker-plugin -flto-partition=none  output pattern test, is ==14124==ERROR: AddressSanitizer failed to allocate 0x4000001000 (274877911040) bytes at address 1fffffff000 (errno: 12)
FAIL: c-c++-common/asan/null-deref-1.c   -O2 -flto -fuse-linker-plugin -fno-fat-lto-objects  output pattern test, is ==14196==ERROR: AddressSanitizer failed to allocate 0x4000001000 (274877911040) bytes at address 1fffffff000 (errno: 12)
FAIL: c-c++-common/asan/null-deref-1.c   -O3 -g  output pattern test, is ==13978==ERROR: AddressSanitizer failed to allocate 0x4000001000 (274877911040) bytes at address 1fffffff000 (errno: 12)
FAIL: c-c++-common/asan/null-deref-1.c   -Os  output pattern test, is ==14026==ERROR: AddressSanitizer failed to allocate 0x4000001000 (274877911040) bytes at address 1fffffff000 (errno: 12)
FAIL: c-c++-common/asan/pr59063-1.c   -O0  execution test
FAIL: c-c++-common/asan/pr59063-1.c   -O1  execution test
FAIL: c-c++-common/asan/pr59063-1.c   -O2  execution test
FAIL: c-c++-common/asan/pr59063-1.c   -O2 -flto -fno-use-linker-plugin -flto-partition=none  execution test
FAIL: c-c++-common/asan/pr59063-1.c   -O2 -flto -fuse-linker-plugin -fno-fat-lto-objects  execution test
FAIL: c-c++-common/asan/pr59063-1.c   -O3 -g  execution test
FAIL: c-c++-common/asan/pr59063-1.c   -Os  execution test
FAIL: c-c++-common/asan/pr59063-2.c   -O0  execution test
FAIL: c-c++-common/asan/pr59063-2.c   -O1  execution test
FAIL: c-c++-common/asan/pr59063-2.c   -O2  execution test
FAIL: c-c++-common/asan/pr59063-2.c   -O2 -flto -fno-use-linker-plugin -flto-partition=none  execution test
FAIL: c-c++-common/asan/pr59063-2.c   -O2 -flto -fuse-linker-plugin -fno-fat-lto-objects  execution test
FAIL: c-c++-common/asan/pr59063-2.c   -O3 -g  execution test
FAIL: c-c++-common/asan/pr59063-2.c   -Os  execution test
FAIL: c-c++-common/asan/pr61530.c   -O0  output pattern test, is ==15552==ERROR: AddressSanitizer failed to allocate 0x4000001000 (274877911040) bytes at address 1fffffff000 (errno: 12)
FAIL: c-c++-common/asan/pr61530.c   -O1  output pattern test, is ==15608==ERROR: AddressSanitizer failed to allocate 0x4000001000 (274877911040) bytes at address 1fffffff000 (errno: 12)
FAIL: c-c++-common/asan/pr61530.c   -O2  output pattern test, is ==15664==ERROR: AddressSanitizer failed to allocate 0x4000001000 (274877911040) bytes at address 1fffffff000 (errno: 12)
FAIL: c-c++-common/asan/pr61530.c   -O2 -flto -fno-use-linker-plugin -flto-partition=none  output pattern test, is ==15873==ERROR: AddressSanitizer failed to allocate 0x4000001000 (274877911040) bytes at address 1fffffff000 (errno: 12)
FAIL: c-c++-common/asan/pr61530.c   -O2 -flto -fuse-linker-plugin -fno-fat-lto-objects  output pattern test, is ==15944==ERROR: AddressSanitizer failed to allocate 0x4000001000 (274877911040) bytes at address 1fffffff000 (errno: 12)
FAIL: c-c++-common/asan/pr61530.c   -O3 -g  output pattern test, is ==15715==ERROR: AddressSanitizer failed to allocate 0x4000001000 (274877911040) bytes at address 1fffffff000 (errno: 12)
FAIL: c-c++-common/asan/pr61530.c   -Os  output pattern test, is ==15771==ERROR: AddressSanitizer failed to allocate 0x4000001000 (274877911040) bytes at address 1fffffff000 (errno: 12)
FAIL: c-c++-common/asan/pr62089.c   -O0  output pattern test, is ==16005==ERROR: AddressSanitizer failed to allocate 0x4000001000 (274877911040) bytes at address 1fffffff000 (errno: 12)
FAIL: c-c++-common/asan/pr62089.c   -O1  output pattern test, is ==16060==ERROR: AddressSanitizer failed to allocate 0x4000001000 (274877911040) bytes at address 1fffffff000 (errno: 12)
FAIL: c-c++-common/asan/pr62089.c   -O2  output pattern test, is ==16108==ERROR: AddressSanitizer failed to allocate 0x4000001000 (274877911040) bytes at address 1fffffff000 (errno: 12)
FAIL: c-c++-common/asan/pr62089.c   -O2 -flto -fno-use-linker-plugin -flto-partition=none  output pattern test, is ==16323==ERROR: AddressSanitizer failed to allocate 0x4000001000 (274877911040) bytes at address 1fffffff000 (errno: 12)
FAIL: c-c++-common/asan/pr62089.c   -O2 -flto -fuse-linker-plugin -fno-fat-lto-objects  output pattern test, is ==16388==ERROR: AddressSanitizer failed to allocate 0x4000001000 (274877911040) bytes at address 1fffffff000 (errno: 12)
FAIL: c-c++-common/asan/pr62089.c   -O3 -g  output pattern test, is ==16164==ERROR: AddressSanitizer failed to allocate 0x4000001000 (274877911040) bytes at address 1fffffff000 (errno: 12)
FAIL: c-c++-common/asan/pr62089.c   -Os  output pattern test, is ==16215==ERROR: AddressSanitizer failed to allocate 0x4000001000 (274877911040) bytes at address 1fffffff000 (errno: 12)
FAIL: c-c++-common/asan/pr63316.c   -O0  execution test
FAIL: c-c++-common/asan/pr63316.c   -O1  execution test
FAIL: c-c++-common/asan/pr63316.c   -O2  execution test
FAIL: c-c++-common/asan/pr63316.c   -O2 -flto -fno-use-linker-plugin -flto-partition=none  execution test
FAIL: c-c++-common/asan/pr63316.c   -O2 -flto -fuse-linker-plugin -fno-fat-lto-objects  execution test
FAIL: c-c++-common/asan/pr63316.c   -O3 -g  execution test
FAIL: c-c++-common/asan/pr63316.c   -Os  execution test
FAIL: c-c++-common/asan/pr63888.c   -O0  execution test
FAIL: c-c++-common/asan/pr63888.c   -O1  execution test
FAIL: c-c++-common/asan/pr63888.c   -O2  execution test
FAIL: c-c++-common/asan/pr63888.c   -O2 -flto -fno-use-linker-plugin -flto-partition=none  execution test
FAIL: c-c++-common/asan/pr63888.c   -O2 -flto -fuse-linker-plugin -fno-fat-lto-objects  execution test
FAIL: c-c++-common/asan/pr63888.c   -O3 -g  execution test
FAIL: c-c++-common/asan/pr63888.c   -Os  execution test
FAIL: c-c++-common/asan/rlimit-mmap-test-1.c   -O0  output pattern test, is ==17974==ERROR: AddressSanitizer failed to allocate 0x4000001000 (274877911040) bytes at address 1fffffff000 (errno: 12)
FAIL: c-c++-common/asan/sanity-check-pure-c-1.c   -O0  output pattern test, is ==18119==ERROR: AddressSanitizer failed to allocate 0x4000001000 (274877911040) bytes at address 1fffffff000 (errno: 12)
FAIL: c-c++-common/asan/sanity-check-pure-c-1.c   -O1  output pattern test, is ==18170==ERROR: AddressSanitizer failed to allocate 0x4000001000 (274877911040) bytes at address 1fffffff000 (errno: 12)
FAIL: c-c++-common/asan/sanity-check-pure-c-1.c   -O2  output pattern test, is ==18219==ERROR: AddressSanitizer failed to allocate 0x4000001000 (274877911040) bytes at address 1fffffff000 (errno: 12)
FAIL: c-c++-common/asan/sanity-check-pure-c-1.c   -O2 -flto -fno-use-linker-plugin -flto-partition=none  output pattern test, is ==18408==ERROR: AddressSanitizer failed to allocate 0x4000001000 (274877911040) bytes at address 1fffffff000 (errno: 12)
FAIL: c-c++-common/asan/sanity-check-pure-c-1.c   -O2 -flto -fuse-linker-plugin -fno-fat-lto-objects  output pattern test, is ==18466==ERROR: AddressSanitizer failed to allocate 0x4000001000 (274877911040) bytes at address 1fffffff000 (errno: 12)
FAIL: c-c++-common/asan/sanity-check-pure-c-1.c   -O3 -g  output pattern test, is ==18267==ERROR: AddressSanitizer failed to allocate 0x4000001000 (274877911040) bytes at address 1fffffff000 (errno: 12)
FAIL: c-c++-common/asan/sanity-check-pure-c-1.c   -Os  output pattern test, is ==18319==ERROR: AddressSanitizer failed to allocate 0x4000001000 (274877911040) bytes at address 1fffffff000 (errno: 12)
FAIL: c-c++-common/asan/sleep-before-dying-1.c   -O2  output pattern test, is ==18611==ERROR: AddressSanitizer failed to allocate 0x4000001000 (274877911040) bytes at address 1fffffff000 (errno: 12)
FAIL: c-c++-common/asan/sleep-before-dying-1.c   -O2 -flto -fno-use-linker-plugin -flto-partition=none  output pattern test, is ==18708==ERROR: AddressSanitizer failed to allocate 0x4000001000 (274877911040) bytes at address 1fffffff000 (errno: 12)
FAIL: c-c++-common/asan/sleep-before-dying-1.c   -O2 -flto -fuse-linker-plugin -fno-fat-lto-objects  output pattern test, is ==18774==ERROR: AddressSanitizer failed to allocate 0x4000001000 (274877911040) bytes at address 1fffffff000 (errno: 12)
FAIL: c-c++-common/asan/stack-overflow-1.c   -O0  output pattern test, is ==18820==ERROR: AddressSanitizer failed to allocate 0x4000001000 (274877911040) bytes at address 1fffffff000 (errno: 12)
FAIL: c-c++-common/asan/stack-overflow-1.c   -O1  output pattern test, is ==18873==ERROR: AddressSanitizer failed to allocate 0x4000001000 (274877911040) bytes at address 1fffffff000 (errno: 12)
FAIL: c-c++-common/asan/stack-overflow-1.c   -O2  output pattern test, is ==18922==ERROR: AddressSanitizer failed to allocate 0x4000001000 (274877911040) bytes at address 1fffffff000 (errno: 12)
FAIL: c-c++-common/asan/stack-overflow-1.c   -O2 -flto -fno-use-linker-plugin -flto-partition=none  output pattern test, is ==19114==ERROR: AddressSanitizer failed to allocate 0x4000001000 (274877911040) bytes at address 1fffffff000 (errno: 12)
FAIL: c-c++-common/asan/stack-overflow-1.c   -O2 -flto -fuse-linker-plugin -fno-fat-lto-objects  output pattern test, is ==19177==ERROR: AddressSanitizer failed to allocate 0x4000001000 (274877911040) bytes at address 1fffffff000 (errno: 12)
FAIL: c-c++-common/asan/stack-overflow-1.c   -O3 -g  output pattern test, is ==18971==ERROR: AddressSanitizer failed to allocate 0x4000001000 (274877911040) bytes at address 1fffffff000 (errno: 12)
FAIL: c-c++-common/asan/stack-overflow-1.c   -Os  output pattern test, is ==19018==ERROR: AddressSanitizer failed to allocate 0x4000001000 (274877911040) bytes at address 1fffffff000 (errno: 12)
FAIL: c-c++-common/asan/strip-path-prefix-1.c   -O2  output pattern test, is ==19227==ERROR: AddressSanitizer failed to allocate 0x4000001000 (274877911040) bytes at address 1fffffff000 (errno: 12)
FAIL: c-c++-common/asan/strip-path-prefix-1.c   -O2 -flto -fno-use-linker-plugin -flto-partition=none  output pattern test, is ==19337==ERROR: AddressSanitizer failed to allocate 0x4000001000 (274877911040) bytes at address 1fffffff000 (errno: 12)
FAIL: c-c++-common/asan/strip-path-prefix-1.c   -O2 -flto -fuse-linker-plugin -fno-fat-lto-objects  output pattern test, is ==19401==ERROR: AddressSanitizer failed to allocate 0x4000001000 (274877911040) bytes at address 1fffffff000 (errno: 12)
FAIL: c-c++-common/asan/strlen-overflow-1.c   -O0  output pattern test, is ==19446==ERROR: AddressSanitizer failed to allocate 0x4000001000 (274877911040) bytes at address 1fffffff000 (errno: 12)
FAIL: c-c++-common/asan/strlen-overflow-1.c   -O1  output pattern test, is ==19494==ERROR: AddressSanitizer failed to allocate 0x4000001000 (274877911040) bytes at address 1fffffff000 (errno: 12)
FAIL: c-c++-common/asan/strlen-overflow-1.c   -O2  output pattern test, is ==19542==ERROR: AddressSanitizer failed to allocate 0x4000001000 (274877911040) bytes at address 1fffffff000 (errno: 12)
FAIL: c-c++-common/asan/strlen-overflow-1.c   -O3 -g  output pattern test, is ==19588==ERROR: AddressSanitizer failed to allocate 0x4000001000 (274877911040) bytes at address 1fffffff000 (errno: 12)
FAIL: c-c++-common/asan/strlen-overflow-1.c   -Os  output pattern test, is ==19638==ERROR: AddressSanitizer failed to allocate 0x4000001000 (274877911040) bytes at address 1fffffff000 (errno: 12)
FAIL: c-c++-common/asan/strncpy-overflow-1.c   -O0  output pattern test, is ==19683==ERROR: AddressSanitizer failed to allocate 0x4000001000 (274877911040) bytes at address 1fffffff000 (errno: 12)
FAIL: c-c++-common/asan/strncpy-overflow-1.c   -O1  output pattern test, is ==19728==ERROR: AddressSanitizer failed to allocate 0x4000001000 (274877911040) bytes at address 1fffffff000 (errno: 12)
FAIL: c-c++-common/asan/strncpy-overflow-1.c   -O2  output pattern test, is ==19776==ERROR: AddressSanitizer failed to allocate 0x4000001000 (274877911040) bytes at address 1fffffff000 (errno: 12)
FAIL: c-c++-common/asan/strncpy-overflow-1.c   -O2 -flto -fno-use-linker-plugin -flto-partition=none  output pattern test, is ==19968==ERROR: AddressSanitizer failed to allocate 0x4000001000 (274877911040) bytes at address 1fffffff000 (errno: 12)
FAIL: c-c++-common/asan/strncpy-overflow-1.c   -O2 -flto -fuse-linker-plugin -fno-fat-lto-objects  output pattern test, is ==20028==ERROR: AddressSanitizer failed to allocate 0x4000001000 (274877911040) bytes at address 1fffffff000 (errno: 12)
FAIL: c-c++-common/asan/strncpy-overflow-1.c   -O3 -g  output pattern test, is ==19824==ERROR: AddressSanitizer failed to allocate 0x4000001000 (274877911040) bytes at address 1fffffff000 (errno: 12)
FAIL: c-c++-common/asan/strncpy-overflow-1.c   -Os  output pattern test, is ==19872==ERROR: AddressSanitizer failed to allocate 0x4000001000 (274877911040) bytes at address 1fffffff000 (errno: 12)
FAIL: c-c++-common/asan/swapcontext-test-1.c   -O0  execution test
FAIL: c-c++-common/asan/swapcontext-test-1.c   -O1  execution test
FAIL: c-c++-common/asan/swapcontext-test-1.c   -O2  execution test
FAIL: c-c++-common/asan/swapcontext-test-1.c   -O2 -flto -fno-use-linker-plugin -flto-partition=none  execution test
FAIL: c-c++-common/asan/swapcontext-test-1.c   -O2 -flto -fuse-linker-plugin -fno-fat-lto-objects  execution test
FAIL: c-c++-common/asan/swapcontext-test-1.c   -O3 -fomit-frame-pointer -funroll-loops -fpeel-loops -ftracer -finline-functions  execution test
FAIL: c-c++-common/asan/swapcontext-test-1.c   -O3 -g  execution test
FAIL: c-c++-common/asan/swapcontext-test-1.c   -Os  execution test
FAIL: c-c++-common/asan/use-after-free-1.c   -O0  output pattern test, is ==20559==ERROR: AddressSanitizer failed to allocate 0x4000001000 (274877911040) bytes at address 1fffffff000 (errno: 12)
FAIL: c-c++-common/asan/use-after-free-1.c   -O1  output pattern test, is ==20602==ERROR: AddressSanitizer failed to allocate 0x4000001000 (274877911040) bytes at address 1fffffff000 (errno: 12)
FAIL: c-c++-common/asan/use-after-free-1.c   -O2  output pattern test, is ==20634==ERROR: AddressSanitizer failed to allocate 0x4000001000 (274877911040) bytes at address 1fffffff000 (errno: 12)
FAIL: c-c++-common/asan/use-after-free-1.c   -O2 -flto -fno-use-linker-plugin -flto-partition=none  output pattern test, is ==20815==ERROR: AddressSanitizer failed to allocate 0x4000001000 (274877911040) bytes at address 1fffffff000 (errno: 12)
FAIL: c-c++-common/asan/use-after-free-1.c   -O2 -flto -fuse-linker-plugin -fno-fat-lto-objects  output pattern test, is ==20884==ERROR: AddressSanitizer failed to allocate 0x4000001000 (274877911040) bytes at address 1fffffff000 (errno: 12)
FAIL: c-c++-common/asan/use-after-free-1.c   -O3 -g  output pattern test, is ==20671==ERROR: AddressSanitizer failed to allocate 0x4000001000 (274877911040) bytes at address 1fffffff000 (errno: 12)
FAIL: c-c++-common/asan/use-after-free-1.c   -Os  output pattern test, is ==20719==ERROR: AddressSanitizer failed to allocate 0x4000001000 (274877911040) bytes at address 1fffffff000 (errno: 12)
FAIL: c-c++-common/asan/use-after-return-1.c   -O0  output pattern test, is ==20927==ERROR: AddressSanitizer failed to allocate 0x4000001000 (274877911040) bytes at address 1fffffff000 (errno: 12)
FAIL: c-c++-common/asan/use-after-return-1.c   -O1  output pattern test, is ==20964==ERROR: AddressSanitizer failed to allocate 0x4000001000 (274877911040) bytes at address 1fffffff000 (errno: 12)
FAIL: c-c++-common/asan/use-after-return-1.c   -O2  output pattern test, is ==21008==ERROR: AddressSanitizer failed to allocate 0x4000001000 (274877911040) bytes at address 1fffffff000 (errno: 12)
FAIL: c-c++-common/asan/use-after-return-1.c   -O2 -flto -fno-use-linker-plugin -flto-partition=none  output pattern test, is ==21189==ERROR: AddressSanitizer failed to allocate 0x4000001000 (274877911040) bytes at address 1fffffff000 (errno: 12)
FAIL: c-c++-common/asan/use-after-return-1.c   -O2 -flto -fuse-linker-plugin -fno-fat-lto-objects  output pattern test, is ==21249==ERROR: AddressSanitizer failed to allocate 0x4000001000 (274877911040) bytes at address 1fffffff000 (errno: 12)
FAIL: c-c++-common/asan/use-after-return-1.c   -O3 -g  output pattern test, is ==21056==ERROR: AddressSanitizer failed to allocate 0x4000001000 (274877911040) bytes at address 1fffffff000 (errno: 12)
FAIL: c-c++-common/asan/use-after-return-1.c   -Os  output pattern test, is ==21104==ERROR: AddressSanitizer failed to allocate 0x4000001000 (274877911040) bytes at address 1fffffff000 (errno: 12)
FAIL: g++.dg/asan/deep-stack-uaf-1.C   -O0  output pattern test, is ==21559==ERROR: AddressSanitizer failed to allocate 0x4000001000 (274877911040) bytes at address 1fffffff000 (errno: 12)
FAIL: g++.dg/asan/deep-stack-uaf-1.C   -O1  output pattern test, is ==21635==ERROR: AddressSanitizer failed to allocate 0x4000001000 (274877911040) bytes at address 1fffffff000 (errno: 12)
FAIL: g++.dg/asan/deep-stack-uaf-1.C   -O2  output pattern test, is ==21720==ERROR: AddressSanitizer failed to allocate 0x4000001000 (274877911040) bytes at address 1fffffff000 (errno: 12)
FAIL: g++.dg/asan/deep-stack-uaf-1.C   -O3 -g  output pattern test, is ==21827==ERROR: AddressSanitizer failed to allocate 0x4000001000 (274877911040) bytes at address 1fffffff000 (errno: 12)
FAIL: g++.dg/asan/deep-stack-uaf-1.C   -Os  output pattern test, is ==21923==ERROR: AddressSanitizer failed to allocate 0x4000001000 (274877911040) bytes at address 1fffffff000 (errno: 12)
FAIL: g++.dg/asan/deep-tail-call-1.C   -O0  output pattern test, is ==21969==ERROR: AddressSanitizer failed to allocate 0x4000001000 (274877911040) bytes at address 1fffffff000 (errno: 12)
FAIL: g++.dg/asan/deep-tail-call-1.C   -O1  output pattern test, is ==22012==ERROR: AddressSanitizer failed to allocate 0x4000001000 (274877911040) bytes at address 1fffffff000 (errno: 12)
FAIL: g++.dg/asan/deep-tail-call-1.C   -O2  output pattern test, is ==22055==ERROR: AddressSanitizer failed to allocate 0x4000001000 (274877911040) bytes at address 1fffffff000 (errno: 12)
FAIL: g++.dg/asan/deep-tail-call-1.C   -O2 -flto -fno-use-linker-plugin -flto-partition=none  output pattern test, is ==22216==ERROR: AddressSanitizer failed to allocate 0x4000001000 (274877911040) bytes at address 1fffffff000 (errno: 12)
FAIL: g++.dg/asan/deep-tail-call-1.C   -O2 -flto -fuse-linker-plugin -fno-fat-lto-objects  output pattern test, is ==22260==ERROR: AddressSanitizer failed to allocate 0x4000001000 (274877911040) bytes at address 1fffffff000 (errno: 12)
FAIL: g++.dg/asan/deep-tail-call-1.C   -O3 -g  output pattern test, is ==22099==ERROR: AddressSanitizer failed to allocate 0x4000001000 (274877911040) bytes at address 1fffffff000 (errno: 12)
FAIL: g++.dg/asan/deep-tail-call-1.C   -Os  output pattern test, is ==22138==ERROR: AddressSanitizer failed to allocate 0x4000001000 (274877911040) bytes at address 1fffffff000 (errno: 12)
FAIL: g++.dg/asan/deep-thread-stack-1.C   -O0  output pattern test, is ==22324==ERROR: AddressSanitizer failed to allocate 0x4000001000 (274877911040) bytes at address 1fffffff000 (errno: 12)
FAIL: g++.dg/asan/deep-thread-stack-1.C   -O1  output pattern test, is ==22372==ERROR: AddressSanitizer failed to allocate 0x4000001000 (274877911040) bytes at address 1fffffff000 (errno: 12)
FAIL: g++.dg/asan/deep-thread-stack-1.C   -O2  output pattern test, is ==22420==ERROR: AddressSanitizer failed to allocate 0x4000001000 (274877911040) bytes at address 1fffffff000 (errno: 12)
FAIL: g++.dg/asan/deep-thread-stack-1.C   -O2 -flto -fno-use-linker-plugin -flto-partition=none  output pattern test, is ==22601==ERROR: AddressSanitizer failed to allocate 0x4000001000 (274877911040) bytes at address 1fffffff000 (errno: 12)
FAIL: g++.dg/asan/deep-thread-stack-1.C   -O2 -flto -fuse-linker-plugin -fno-fat-lto-objects  output pattern test, is ==22666==ERROR: AddressSanitizer failed to allocate 0x4000001000 (274877911040) bytes at address 1fffffff000 (errno: 12)
FAIL: g++.dg/asan/deep-thread-stack-1.C   -O3 -g  output pattern test, is ==22468==ERROR: AddressSanitizer failed to allocate 0x4000001000 (274877911040) bytes at address 1fffffff000 (errno: 12)
FAIL: g++.dg/asan/deep-thread-stack-1.C   -Os  output pattern test, is ==22513==ERROR: AddressSanitizer failed to allocate 0x4000001000 (274877911040) bytes at address 1fffffff000 (errno: 12)
FAIL: g++.dg/asan/default-options-1.C   -O0  execution test
FAIL: g++.dg/asan/default-options-1.C   -O1  execution test
FAIL: g++.dg/asan/default-options-1.C   -O2  execution test
FAIL: g++.dg/asan/default-options-1.C   -O2 -flto -fno-use-linker-plugin -flto-partition=none  execution test
FAIL: g++.dg/asan/default-options-1.C   -O2 -flto -fuse-linker-plugin -fno-fat-lto-objects  execution test
FAIL: g++.dg/asan/default-options-1.C   -O3 -g  execution test
FAIL: g++.dg/asan/default-options-1.C   -Os  execution test
FAIL: g++.dg/asan/interception-failure-test-1.C   -O0  execution test
FAIL: g++.dg/asan/interception-failure-test-1.C   -O1  execution test
FAIL: g++.dg/asan/interception-failure-test-1.C   -O2  execution test
FAIL: g++.dg/asan/interception-failure-test-1.C   -O2 -flto -fno-use-linker-plugin -flto-partition=none  execution test
FAIL: g++.dg/asan/interception-failure-test-1.C   -O2 -flto -fuse-linker-plugin -fno-fat-lto-objects  execution test
FAIL: g++.dg/asan/interception-failure-test-1.C   -O3 -g  execution test
FAIL: g++.dg/asan/interception-failure-test-1.C   -Os  execution test
FAIL: g++.dg/asan/interception-malloc-test-1.C   -O0  output pattern test, is ==23376==ERROR: AddressSanitizer failed to allocate 0x4000001000 (274877911040) bytes at address 1fffffff000 (errno: 12)
FAIL: g++.dg/asan/interception-malloc-test-1.C   -O1  output pattern test, is ==23418==ERROR: AddressSanitizer failed to allocate 0x4000001000 (274877911040) bytes at address 1fffffff000 (errno: 12)
FAIL: g++.dg/asan/interception-malloc-test-1.C   -O2  output pattern test, is ==23466==ERROR: AddressSanitizer failed to allocate 0x4000001000 (274877911040) bytes at address 1fffffff000 (errno: 12)
FAIL: g++.dg/asan/interception-malloc-test-1.C   -O2 -flto -fno-use-linker-plugin -flto-partition=none  output pattern test, is ==23640==ERROR: AddressSanitizer failed to allocate 0x4000001000 (274877911040) bytes at address 1fffffff000 (errno: 12)
FAIL: g++.dg/asan/interception-malloc-test-1.C   -O2 -flto -fuse-linker-plugin -fno-fat-lto-objects  output pattern test, is ==23703==ERROR: AddressSanitizer failed to allocate 0x4000001000 (274877911040) bytes at address 1fffffff000 (errno: 12)
FAIL: g++.dg/asan/interception-malloc-test-1.C   -O3 -g  output pattern test, is ==23503==ERROR: AddressSanitizer failed to allocate 0x4000001000 (274877911040) bytes at address 1fffffff000 (errno: 12)
FAIL: g++.dg/asan/interception-malloc-test-1.C   -Os  output pattern test, is ==23546==ERROR: AddressSanitizer failed to allocate 0x4000001000 (274877911040) bytes at address 1fffffff000 (errno: 12)
FAIL: g++.dg/asan/interception-test-1.C   -O0  output pattern test, is ==23754==ERROR: AddressSanitizer failed to allocate 0x4000001000 (274877911040) bytes at address 1fffffff000 (errno: 12)
FAIL: g++.dg/asan/interception-test-1.C   -O1  output pattern test, is ==23816==ERROR: AddressSanitizer failed to allocate 0x4000001000 (274877911040) bytes at address 1fffffff000 (errno: 12)
FAIL: g++.dg/asan/interception-test-1.C   -O2  output pattern test, is ==23871==ERROR: AddressSanitizer failed to allocate 0x4000001000 (274877911040) bytes at address 1fffffff000 (errno: 12)
FAIL: g++.dg/asan/interception-test-1.C   -O2 -flto -fno-use-linker-plugin -flto-partition=none  output pattern test, is ==24047==ERROR: AddressSanitizer failed to allocate 0x4000001000 (274877911040) bytes at address 1fffffff000 (errno: 12)
FAIL: g++.dg/asan/interception-test-1.C   -O2 -flto -fuse-linker-plugin -fno-fat-lto-objects  output pattern test, is ==24104==ERROR: AddressSanitizer failed to allocate 0x4000001000 (274877911040) bytes at address 1fffffff000 (errno: 12)
FAIL: g++.dg/asan/interception-test-1.C   -O3 -g  output pattern test, is ==23914==ERROR: AddressSanitizer failed to allocate 0x4000001000 (274877911040) bytes at address 1fffffff000 (errno: 12)
FAIL: g++.dg/asan/interception-test-1.C   -Os  output pattern test, is ==23951==ERROR: AddressSanitizer failed to allocate 0x4000001000 (274877911040) bytes at address 1fffffff000 (errno: 12)
FAIL: g++.dg/asan/large-func-test-1.C   -O0  output pattern test, is ==24150==ERROR: AddressSanitizer failed to allocate 0x4000001000 (274877911040) bytes at address 1fffffff000 (errno: 12)
FAIL: g++.dg/asan/large-func-test-1.C   -O1  output pattern test, is ==24203==ERROR: AddressSanitizer failed to allocate 0x4000001000 (274877911040) bytes at address 1fffffff000 (errno: 12)
FAIL: g++.dg/asan/large-func-test-1.C   -O2  output pattern test, is ==24251==ERROR: AddressSanitizer failed to allocate 0x4000001000 (274877911040) bytes at address 1fffffff000 (errno: 12)
FAIL: g++.dg/asan/large-func-test-1.C   -O2 -flto -fno-use-linker-plugin -flto-partition=none  output pattern test, is ==24472==ERROR: AddressSanitizer failed to allocate 0x4000001000 (274877911040) bytes at address 1fffffff000 (errno: 12)
FAIL: g++.dg/asan/large-func-test-1.C   -O2 -flto -fuse-linker-plugin -fno-fat-lto-objects  output pattern test, is ==24534==ERROR: AddressSanitizer failed to allocate 0x4000001000 (274877911040) bytes at address 1fffffff000 (errno: 12)
FAIL: g++.dg/asan/large-func-test-1.C   -O3 -g  output pattern test, is ==24306==ERROR: AddressSanitizer failed to allocate 0x4000001000 (274877911040) bytes at address 1fffffff000 (errno: 12)
FAIL: g++.dg/asan/large-func-test-1.C   -Os  output pattern test, is ==24362==ERROR: AddressSanitizer failed to allocate 0x4000001000 (274877911040) bytes at address 1fffffff000 (errno: 12)
FAIL: g++.dg/asan/pr55617.C   -O0  execution test
FAIL: g++.dg/asan/pr55617.C   -O1  execution test
FAIL: g++.dg/asan/pr55617.C   -O2  execution test
FAIL: g++.dg/asan/pr55617.C   -O2 -flto -fno-use-linker-plugin -flto-partition=none  execution test
FAIL: g++.dg/asan/pr55617.C   -O2 -flto -fuse-linker-plugin -fno-fat-lto-objects  execution test
FAIL: g++.dg/asan/pr55617.C   -O3 -g  execution test
FAIL: g++.dg/asan/pr55617.C   -Os  execution test
FAIL: g++.dg/asan/pr62017.C   -O0  execution test
FAIL: g++.dg/asan/pr62017.C   -O1  execution test
FAIL: g++.dg/asan/pr62017.C   -O2  execution test
FAIL: g++.dg/asan/pr62017.C   -O2 -flto -fno-use-linker-plugin -flto-partition=none  execution test
FAIL: g++.dg/asan/pr62017.C   -O2 -flto -fuse-linker-plugin -fno-fat-lto-objects  execution test
FAIL: g++.dg/asan/pr62017.C   -O3 -g  execution test
FAIL: g++.dg/asan/pr62017.C   -Os  execution test
FAIL: g++.dg/cpp0x/nsdmi-template14.C  -std=c++11  (test for errors, line 4)
FAIL: g++.dg/cpp0x/nsdmi-template14.C  -std=c++11  (test for errors, line 6)
FAIL: g++.dg/cpp0x/nsdmi-template14.C  -std=c++14  (test for errors, line 4)
FAIL: g++.dg/cpp0x/nsdmi-template14.C  -std=c++14  (test for errors, line 6)
FAIL: g++.dg/tree-ssa/pr61034.C  -std=gnu++11  scan-tree-dump-times fre2 "free" 10
FAIL: g++.dg/tree-ssa/pr61034.C  -std=gnu++14  scan-tree-dump-times fre2 "free" 10
FAIL: g++.dg/tree-ssa/pr61034.C  -std=gnu++98  scan-tree-dump-times fre2 "free" 10
XPASS: g++.dg/tls/thread_local-order2.C  -std=c++11 execution test
XPASS: g++.dg/tls/thread_local-order2.C  -std=c++14 execution test
FAIL: c-c++-common/ubsan/float-cast-overflow-8.c   -O2  output pattern test, is ../../../../libsanitizer/ubsan/ubsan_handlers.cc:300: runtime error: value 0 is outside the range of representable values of type 'signed char'
FAIL: c-c++-common/ubsan/float-cast-overflow-8.c   -O2 -flto -fno-use-linker-plugin -flto-partition=none  output pattern test, is ../../../../libsanitizer/ubsan/ubsan_handlers.cc:300: runtime error: value 0 is outside the range of representable values of type 'signed char'
FAIL: c-c++-common/ubsan/float-cast-overflow-8.c   -O2 -flto -fuse-linker-plugin -fno-fat-lto-objects  output pattern test, is ../../../../libsanitizer/ubsan/ubsan_handlers.cc:300: runtime error: value 0 is outside the range of representable values of type 'signed char'
FAIL: g++.dg/vect/pr36648.cc  -std=c++11  scan-tree-dump-times vect "vectorized 1 loops" 1
FAIL: g++.dg/vect/pr36648.cc  -std=c++11  scan-tree-dump-times vect "vectorizing stmts using SLP" 1
FAIL: g++.dg/vect/pr36648.cc  -std=c++14  scan-tree-dump-times vect "vectorized 1 loops" 1
FAIL: g++.dg/vect/pr36648.cc  -std=c++14  scan-tree-dump-times vect "vectorizing stmts using SLP" 1
FAIL: g++.dg/vect/pr36648.cc  -std=c++98  scan-tree-dump-times vect "vectorized 1 loops" 1
FAIL: g++.dg/vect/pr36648.cc  -std=c++98  scan-tree-dump-times vect "vectorizing stmts using SLP" 1

		=== g++ Summary for unix/-m64 ===

# of expected passes		90108
# of unexpected failures	273
# of unexpected successes	2
# of expected failures		332
# of unsupported tests		3718

		=== g++ Summary ===

# of expected passes		178528
# of unexpected failures	321
# of unexpected successes	4
# of expected failures		664
# of unsupported tests		7491
/daten/gcc/gcc-20150906/Build/gcc/testsuite/g++/../../xg++  version 6.0.0 20150906 (experimental) [trunk revision 227511] (GCC) 

		=== gcc tests ===


Running target unix/-m32
FAIL: c-c++-common/asan/heap-overflow-1.c   -O1  output pattern test, is =================================================================
FAIL: c-c++-common/asan/heap-overflow-1.c   -O2  output pattern test, is =================================================================
FAIL: c-c++-common/asan/heap-overflow-1.c   -O2 -flto -fno-use-linker-plugin -flto-partition=none  output pattern test, is =================================================================
FAIL: c-c++-common/asan/heap-overflow-1.c   -O2 -flto -fuse-linker-plugin -fno-fat-lto-objects  output pattern test, is =================================================================
FAIL: c-c++-common/asan/heap-overflow-1.c   -O3 -g  output pattern test, is =================================================================
FAIL: c-c++-common/asan/heap-overflow-1.c   -Os  output pattern test, is =================================================================
FAIL: c-c++-common/asan/misalign-1.c   -O0  output pattern test, is =================================================================
FAIL: c-c++-common/asan/misalign-1.c   -O1  output pattern test, is =================================================================
FAIL: c-c++-common/asan/misalign-1.c   -O2  output pattern test, is =================================================================
FAIL: c-c++-common/asan/misalign-1.c   -O2 -flto -fno-use-linker-plugin -flto-partition=none  output pattern test, is =================================================================
FAIL: c-c++-common/asan/misalign-1.c   -O2 -flto -fuse-linker-plugin -fno-fat-lto-objects  output pattern test, is =================================================================
FAIL: c-c++-common/asan/misalign-1.c   -O3 -g  output pattern test, is =================================================================
FAIL: c-c++-common/asan/misalign-1.c   -Os  output pattern test, is =================================================================
FAIL: c-c++-common/asan/misalign-2.c   -O0  output pattern test, is =================================================================
FAIL: c-c++-common/asan/misalign-2.c   -O1  output pattern test, is =================================================================
FAIL: c-c++-common/asan/misalign-2.c   -O2  output pattern test, is =================================================================
FAIL: c-c++-common/asan/misalign-2.c   -O2 -flto -fno-use-linker-plugin -flto-partition=none  output pattern test, is =================================================================
FAIL: c-c++-common/asan/misalign-2.c   -O2 -flto -fuse-linker-plugin -fno-fat-lto-objects  output pattern test, is =================================================================
FAIL: c-c++-common/asan/misalign-2.c   -O3 -g  output pattern test, is =================================================================
FAIL: c-c++-common/asan/misalign-2.c   -Os  output pattern test, is =================================================================
FAIL: c-c++-common/asan/null-deref-1.c   -O0  output pattern test, is ASAN:SIGSEGV
FAIL: c-c++-common/asan/null-deref-1.c   -O1  output pattern test, is ASAN:SIGSEGV
FAIL: c-c++-common/asan/null-deref-1.c   -O2  output pattern test, is ASAN:SIGSEGV
FAIL: c-c++-common/asan/null-deref-1.c   -O2 -flto -fno-use-linker-plugin -flto-partition=none  output pattern test, is ASAN:SIGSEGV
FAIL: c-c++-common/asan/null-deref-1.c   -O2 -flto -fuse-linker-plugin -fno-fat-lto-objects  output pattern test, is ASAN:SIGSEGV
FAIL: c-c++-common/asan/null-deref-1.c   -O3 -g  output pattern test, is ASAN:SIGSEGV
FAIL: c-c++-common/asan/null-deref-1.c   -Os  output pattern test, is ASAN:SIGSEGV
FAIL: c-c++-common/asan/sanity-check-pure-c-1.c   -O1  output pattern test, is =================================================================
FAIL: c-c++-common/asan/sanity-check-pure-c-1.c   -O2  output pattern test, is =================================================================
FAIL: c-c++-common/asan/sanity-check-pure-c-1.c   -O2 -flto -fno-use-linker-plugin -flto-partition=none  output pattern test, is =================================================================
FAIL: c-c++-common/asan/sanity-check-pure-c-1.c   -O2 -flto -fuse-linker-plugin -fno-fat-lto-objects  output pattern test, is =================================================================
FAIL: c-c++-common/asan/sanity-check-pure-c-1.c   -O3 -g  output pattern test, is =================================================================
FAIL: c-c++-common/asan/sanity-check-pure-c-1.c   -Os  output pattern test, is =================================================================
FAIL: c-c++-common/asan/strncpy-overflow-1.c   -O1  output pattern test, is =================================================================
FAIL: c-c++-common/asan/strncpy-overflow-1.c   -O2  output pattern test, is =================================================================
FAIL: c-c++-common/asan/strncpy-overflow-1.c   -O2 -flto -fno-use-linker-plugin -flto-partition=none  output pattern test, is =================================================================
FAIL: c-c++-common/asan/strncpy-overflow-1.c   -O2 -flto -fuse-linker-plugin -fno-fat-lto-objects  output pattern test, is =================================================================
FAIL: c-c++-common/asan/strncpy-overflow-1.c   -O3 -g  output pattern test, is =================================================================
FAIL: c-c++-common/asan/strncpy-overflow-1.c   -Os  output pattern test, is =================================================================
FAIL: c-c++-common/asan/use-after-free-1.c   -O1  output pattern test, is =================================================================
FAIL: c-c++-common/asan/use-after-free-1.c   -O2  output pattern test, is =================================================================
FAIL: c-c++-common/asan/use-after-free-1.c   -O2 -flto -fno-use-linker-plugin -flto-partition=none  output pattern test, is =================================================================
FAIL: c-c++-common/asan/use-after-free-1.c   -O2 -flto -fuse-linker-plugin -fno-fat-lto-objects  output pattern test, is =================================================================
FAIL: c-c++-common/asan/use-after-free-1.c   -O3 -g  output pattern test, is =================================================================
FAIL: c-c++-common/asan/use-after-free-1.c   -Os  output pattern test, is =================================================================
FAIL: gcc.dg/debug/dwarf2/stacked-qualified-types-3.c scan-assembler-times DIE \\\\([^\\n]*\\\\) DW_TAG_(?:const|volatile|atomic|restrict)_type 8
FAIL: gcc.dg/sms-8.c scan-rtl-dump-times sms "SMS succeeded" 0
XPASS: gcc.dg/graphite/vect-pr43423.c scan-tree-dump-times vect "vectorized 2 loops" 1
XPASS: gcc.dg/guality/example.c   -O0  execution test
XPASS: gcc.dg/guality/example.c   -O1  execution test
XPASS: gcc.dg/guality/example.c   -O2  execution test
XPASS: gcc.dg/guality/example.c   -O2 -flto -fno-use-linker-plugin -flto-partition=none  execution test
XPASS: gcc.dg/guality/guality.c   -O0  execution test
XPASS: gcc.dg/guality/guality.c   -O1  execution test
XPASS: gcc.dg/guality/guality.c   -O2  execution test
XPASS: gcc.dg/guality/guality.c   -O2 -flto -fno-use-linker-plugin -flto-partition=none  execution test
XPASS: gcc.dg/guality/guality.c   -O2 -flto -fuse-linker-plugin -fno-fat-lto-objects  execution test
XPASS: gcc.dg/guality/guality.c   -O3 -g  execution test
XPASS: gcc.dg/guality/guality.c   -Os  execution test
XPASS: gcc.dg/guality/inline-params.c   -O2  execution test
XPASS: gcc.dg/guality/inline-params.c   -O2 -flto -fno-use-linker-plugin -flto-partition=none  execution test
XPASS: gcc.dg/guality/inline-params.c   -O3 -g  execution test
XPASS: gcc.dg/guality/inline-params.c   -Os  execution test
FAIL: gcc.dg/guality/pr36728-2.c   -Os  line 18 y == 2
XPASS: gcc.dg/guality/pr41353-1.c   -O0  line 28 j == 28 + 37
FAIL: gcc.dg/guality/pr41404-1.c   -O2 -flto -fuse-linker-plugin -fno-fat-lto-objects  line 10 *foo == 'f'
FAIL: gcc.dg/guality/pr41404-1.c   -O2 -flto -fuse-linker-plugin -fno-fat-lto-objects  line 14 *foo == 'b'
FAIL: gcc.dg/guality/pr41404-1.c   -O2 -flto -fuse-linker-plugin -fno-fat-lto-objects  line 24 *foo == 'f'
FAIL: gcc.dg/guality/pr41616-1.c   -O2 -flto -fuse-linker-plugin -fno-fat-lto-objects  execution test
FAIL: gcc.dg/guality/pr43051-1.c   -O1  line 34 c == &a[0]
FAIL: gcc.dg/guality/pr43051-1.c   -O3 -fomit-frame-pointer -funroll-loops -fpeel-loops -ftracer -finline-functions  line 34 c == &a[0]
FAIL: gcc.dg/guality/pr45882.c   -O2 -flto -fuse-linker-plugin -fno-fat-lto-objects  line 16 d == 112
FAIL: gcc.dg/guality/pr45882.c   -O2 -flto -fuse-linker-plugin -fno-fat-lto-objects  line 16 e == 142
FAIL: gcc.dg/guality/pr54200.c   -O1  line 20 z == 3
FAIL: gcc.dg/guality/pr54200.c   -O2  line 20 z == 3
FAIL: gcc.dg/guality/pr54200.c   -O2 -flto -fno-use-linker-plugin -flto-partition=none  line 20 z == 3
FAIL: gcc.dg/guality/pr54200.c   -O2 -flto -fuse-linker-plugin -fno-fat-lto-objects  line 20 z == 3
FAIL: gcc.dg/guality/pr54200.c   -O3 -g  line 20 z == 3
FAIL: gcc.dg/guality/pr54200.c   -Os  line 20 z == 3
FAIL: gcc.dg/guality/pr54519-1.c   -O2 -flto -fno-use-linker-plugin -flto-partition=none  line 20 y == 25
FAIL: gcc.dg/guality/pr54519-1.c   -O2 -flto -fno-use-linker-plugin -flto-partition=none  line 20 z == 6
FAIL: gcc.dg/guality/pr54519-1.c   -O2 -flto -fno-use-linker-plugin -flto-partition=none  line 23 y == 117
FAIL: gcc.dg/guality/pr54519-1.c   -O2 -flto -fno-use-linker-plugin -flto-partition=none  line 23 z == 8
FAIL: gcc.dg/guality/pr54519-2.c   -O2 -flto -fno-use-linker-plugin -flto-partition=none  line 17 y == 25
FAIL: gcc.dg/guality/pr54519-2.c   -O2 -flto -fuse-linker-plugin -fno-fat-lto-objects  line 17 y == 25
FAIL: gcc.dg/guality/pr54519-3.c   -O2 -flto -fno-use-linker-plugin -flto-partition=none  line 20 y == 25
FAIL: gcc.dg/guality/pr54519-3.c   -O2 -flto -fno-use-linker-plugin -flto-partition=none  line 20 z == 6
FAIL: gcc.dg/guality/pr54519-3.c   -O2 -flto -fno-use-linker-plugin -flto-partition=none  line 23 y == 117
FAIL: gcc.dg/guality/pr54519-3.c   -O2 -flto -fno-use-linker-plugin -flto-partition=none  line 23 z == 8
FAIL: gcc.dg/guality/pr54519-3.c   -O2 -flto -fuse-linker-plugin -fno-fat-lto-objects  line 20 y == 25
FAIL: gcc.dg/guality/pr54519-3.c   -O2 -flto -fuse-linker-plugin -fno-fat-lto-objects  line 20 z == 6
FAIL: gcc.dg/guality/pr54519-3.c   -O2 -flto -fuse-linker-plugin -fno-fat-lto-objects  line 23 y == 117
FAIL: gcc.dg/guality/pr54519-3.c   -O2 -flto -fuse-linker-plugin -fno-fat-lto-objects  line 23 z == 8
FAIL: gcc.dg/guality/pr54519-4.c   -O2 -flto -fno-use-linker-plugin -flto-partition=none  line 17 y == 25
FAIL: gcc.dg/guality/pr54519-4.c   -O2 -flto -fuse-linker-plugin -fno-fat-lto-objects  line 17 y == 25
FAIL: gcc.dg/guality/pr54519-5.c   -O2 -flto -fno-use-linker-plugin -flto-partition=none  line 17 y == 25
FAIL: gcc.dg/guality/pr54519-5.c   -O2 -flto -fuse-linker-plugin -fno-fat-lto-objects  line 17 y == 25
FAIL: gcc.dg/guality/pr54693-2.c   -Os  line 21 y == 20 - 2 * i
FAIL: gcc.dg/guality/pr54693-2.c   -Os  line 21 z == 30 - 3 * i
FAIL: gcc.dg/guality/pr54970.c   -O1  line 15 a[0] == 1
FAIL: gcc.dg/guality/pr54970.c   -O1  line 20 a[0] == 1
FAIL: gcc.dg/guality/pr54970.c   -O1  line 25 a[0] == 1
FAIL: gcc.dg/guality/pr54970.c   -O1  line 31 a[0] == 4
FAIL: gcc.dg/guality/pr54970.c   -O1  line 36 a[0] == 4
FAIL: gcc.dg/guality/pr54970.c   -O1  line 45 a[0] == 4
FAIL: gcc.dg/guality/pr54970.c   -O1  line 45 p[-2] == 4
FAIL: gcc.dg/guality/pr54970.c   -O1  line 45 q[-1] == 4
FAIL: gcc.dg/guality/pr54970.c   -O2  line 15 a[0] == 1
FAIL: gcc.dg/guality/pr54970.c   -O2  line 20 a[0] == 1
FAIL: gcc.dg/guality/pr54970.c   -O2  line 25 a[0] == 1
FAIL: gcc.dg/guality/pr54970.c   -O2  line 31 a[0] == 4
FAIL: gcc.dg/guality/pr54970.c   -O2  line 36 a[0] == 4
FAIL: gcc.dg/guality/pr54970.c   -O2  line 45 a[0] == 4
FAIL: gcc.dg/guality/pr54970.c   -O2  line 45 p[-2] == 4
FAIL: gcc.dg/guality/pr54970.c   -O2  line 45 q[-1] == 4
FAIL: gcc.dg/guality/pr54970.c   -O2 -flto -fno-use-linker-plugin -flto-partition=none  line 15 a[0] == 1
FAIL: gcc.dg/guality/pr54970.c   -O2 -flto -fno-use-linker-plugin -flto-partition=none  line 20 a[0] == 1
FAIL: gcc.dg/guality/pr54970.c   -O2 -flto -fno-use-linker-plugin -flto-partition=none  line 25 a[0] == 1
FAIL: gcc.dg/guality/pr54970.c   -O2 -flto -fno-use-linker-plugin -flto-partition=none  line 31 a[0] == 4
FAIL: gcc.dg/guality/pr54970.c   -O2 -flto -fno-use-linker-plugin -flto-partition=none  line 36 a[0] == 4
FAIL: gcc.dg/guality/pr54970.c   -O2 -flto -fno-use-linker-plugin -flto-partition=none  line 45 a[0] == 4
FAIL: gcc.dg/guality/pr54970.c   -O2 -flto -fno-use-linker-plugin -flto-partition=none  line 45 p[-2] == 4
FAIL: gcc.dg/guality/pr54970.c   -O2 -flto -fno-use-linker-plugin -flto-partition=none  line 45 q[-1] == 4
FAIL: gcc.dg/guality/pr54970.c   -O2 -flto -fuse-linker-plugin -fno-fat-lto-objects  line 15 a[0] == 1
FAIL: gcc.dg/guality/pr54970.c   -O2 -flto -fuse-linker-plugin -fno-fat-lto-objects  line 20 a[0] == 1
FAIL: gcc.dg/guality/pr54970.c   -O2 -flto -fuse-linker-plugin -fno-fat-lto-objects  line 25 a[0] == 1
FAIL: gcc.dg/guality/pr54970.c   -O2 -flto -fuse-linker-plugin -fno-fat-lto-objects  line 31 a[0] == 4
FAIL: gcc.dg/guality/pr54970.c   -O2 -flto -fuse-linker-plugin -fno-fat-lto-objects  line 36 a[0] == 4
FAIL: gcc.dg/guality/pr54970.c   -O2 -flto -fuse-linker-plugin -fno-fat-lto-objects  line 45 a[0] == 4
FAIL: gcc.dg/guality/pr54970.c   -O2 -flto -fuse-linker-plugin -fno-fat-lto-objects  line 45 p[-2] == 4
FAIL: gcc.dg/guality/pr54970.c   -O2 -flto -fuse-linker-plugin -fno-fat-lto-objects  line 45 q[-1] == 4
FAIL: gcc.dg/guality/pr54970.c   -O3 -g  line 15 a[0] == 1
FAIL: gcc.dg/guality/pr54970.c   -O3 -g  line 20 a[0] == 1
FAIL: gcc.dg/guality/pr54970.c   -O3 -g  line 25 a[0] == 1
FAIL: gcc.dg/guality/pr54970.c   -O3 -g  line 31 a[0] == 4
FAIL: gcc.dg/guality/pr54970.c   -O3 -g  line 36 a[0] == 4
FAIL: gcc.dg/guality/pr54970.c   -O3 -g  line 45 a[0] == 4
FAIL: gcc.dg/guality/pr54970.c   -O3 -g  line 45 p[-2] == 4
FAIL: gcc.dg/guality/pr54970.c   -O3 -g  line 45 q[-1] == 4
FAIL: gcc.dg/guality/pr54970.c   -Os  line 15 a[0] == 1
FAIL: gcc.dg/guality/pr54970.c   -Os  line 20 a[0] == 1
FAIL: gcc.dg/guality/pr54970.c   -Os  line 25 a[0] == 1
FAIL: gcc.dg/guality/pr54970.c   -Os  line 31 a[0] == 4
FAIL: gcc.dg/guality/pr54970.c   -Os  line 36 a[0] == 4
FAIL: gcc.dg/guality/pr54970.c   -Os  line 45 a[0] == 4
FAIL: gcc.dg/guality/pr54970.c   -Os  line 45 p[-2] == 4
FAIL: gcc.dg/guality/pr54970.c   -Os  line 45 q[-1] == 4
FAIL: gcc.dg/guality/sra-1.c   -O1  line 43 a.j == 14
FAIL: gcc.dg/guality/sra-1.c   -O2  line 43 a.j == 14
FAIL: gcc.dg/guality/sra-1.c   -O2 -flto -fno-use-linker-plugin -flto-partition=none  line 43 a.j == 14
FAIL: gcc.dg/guality/sra-1.c   -O2 -flto -fuse-linker-plugin -fno-fat-lto-objects  line 43 a.j == 14
FAIL: gcc.dg/guality/sra-1.c   -O3 -g  line 43 a.j == 14
FAIL: gcc.dg/guality/sra-1.c   -Os  line 43 a.j == 14
FAIL: gcc.dg/guality/vla-1.c   -O1  line 17 sizeof (a) == 6
FAIL: gcc.dg/guality/vla-1.c   -O2  line 17 sizeof (a) == 6
FAIL: gcc.dg/guality/vla-1.c   -O2 -flto -fno-use-linker-plugin -flto-partition=none  line 17 sizeof (a) == 6
FAIL: gcc.dg/guality/vla-1.c   -O2 -flto -fuse-linker-plugin -fno-fat-lto-objects  line 17 sizeof (a) == 6
FAIL: gcc.dg/guality/vla-1.c   -O3 -g  line 17 sizeof (a) == 6
FAIL: gcc.dg/guality/vla-1.c   -Os  line 17 sizeof (a) == 6
FAIL: gcc.dg/ipa/iinline-attr.c scan-ipa-dump inline "hooray[^\\\\n]*inline copy in test"
FAIL: gcc.dg/tree-ssa/ivopts-lt-2.c scan-tree-dump-times ivopts "PHI <p_" 1
FAIL: gcc.dg/tree-ssa/ivopts-lt-2.c scan-tree-dump-times ivopts "PHI" 1
FAIL: gcc.dg/tree-ssa/ivopts-lt-2.c scan-tree-dump-times ivopts "p_[0-9]* <" 1
FAIL: gcc.dg/tree-ssa/sra-12.c scan-tree-dump-times release_ssa "l;" 0
FAIL: gcc.dg/vect/costmodel/ppc/costmodel-vect-31a.c scan-tree-dump-times vect "vectorization not profitable" 1
FAIL: gcc.dg/vect/costmodel/ppc/costmodel-vect-33.c scan-tree-dump-times vect "vectorization not profitable" 1
FAIL: gcc.dg/vect/no-vfa-vect-depend-2.c scan-tree-dump-times vect "vectorized 1 loops" 1
FAIL: gcc.dg/vect/no-vfa-vect-depend-3.c scan-tree-dump-times vect "vectorized 1 loops" 4
FAIL: gcc.dg/vect/slp-multitypes-4.c -flto -ffat-lto-objects  scan-tree-dump-times vect "vectorized 1 loops" 1
FAIL: gcc.dg/vect/slp-multitypes-4.c -flto -ffat-lto-objects  scan-tree-dump-times vect "vectorizing stmts using SLP" 1
FAIL: gcc.dg/vect/slp-multitypes-4.c scan-tree-dump-times vect "vectorized 1 loops" 1
FAIL: gcc.dg/vect/slp-multitypes-4.c scan-tree-dump-times vect "vectorizing stmts using SLP" 1
FAIL: gcc.dg/vect/slp-multitypes-5.c -flto -ffat-lto-objects  scan-tree-dump-times vect "vectorized 1 loops" 1
FAIL: gcc.dg/vect/slp-multitypes-5.c -flto -ffat-lto-objects  scan-tree-dump-times vect "vectorizing stmts using SLP" 1
FAIL: gcc.dg/vect/slp-multitypes-5.c scan-tree-dump-times vect "vectorized 1 loops" 1
FAIL: gcc.dg/vect/slp-multitypes-5.c scan-tree-dump-times vect "vectorizing stmts using SLP" 1
FAIL: gcc.dg/vect/slp-perm-8.c -flto -ffat-lto-objects  scan-tree-dump-times vect "vectorized 1 loops" 1
FAIL: gcc.dg/vect/slp-perm-8.c scan-tree-dump-times vect "vectorized 1 loops" 1
FAIL: gcc.dg/vect/vect-125.c -flto -ffat-lto-objects  scan-tree-dump vect "vectorized 1 loops"
FAIL: gcc.dg/vect/vect-125.c scan-tree-dump vect "vectorized 1 loops"
FAIL: gcc.dg/vect/vect-31.c -flto -ffat-lto-objects  scan-tree-dump-times vect "vectorized 4 loops" 1
FAIL: gcc.dg/vect/vect-31.c scan-tree-dump-times vect "vectorized 4 loops" 1
FAIL: gcc.dg/vmx/extract-vsx-be-order.c   -O0  execution test
FAIL: gcc.dg/vmx/extract-vsx.c   -O0  execution test
FAIL: gcc.dg/vmx/insert-vsx-be-order.c   -O0  execution test
FAIL: gcc.dg/vmx/insert-vsx-be-order.c   -O1  execution test
FAIL: gcc.dg/vmx/insert-vsx-be-order.c   -O2  execution test
FAIL: gcc.dg/vmx/insert-vsx-be-order.c   -O2 -flto -fno-use-linker-plugin -flto-partition=none  execution test
FAIL: gcc.dg/vmx/insert-vsx-be-order.c   -O2 -flto -fuse-linker-plugin -fno-fat-lto-objects  execution test
FAIL: gcc.dg/vmx/insert-vsx-be-order.c   -O3 -g  execution test
FAIL: gcc.dg/vmx/insert-vsx-be-order.c   -Os  execution test
FAIL: gcc.dg/vmx/insert-vsx.c   -O0  execution test
FAIL: gcc.dg/vmx/insert-vsx.c   -O1  execution test
FAIL: gcc.dg/vmx/insert-vsx.c   -O2  execution test
FAIL: gcc.dg/vmx/insert-vsx.c   -O2 -flto -fno-use-linker-plugin -flto-partition=none  execution test
FAIL: gcc.dg/vmx/insert-vsx.c   -O2 -flto -fuse-linker-plugin -fno-fat-lto-objects  execution test
FAIL: gcc.dg/vmx/insert-vsx.c   -O3 -g  execution test
FAIL: gcc.dg/vmx/insert-vsx.c   -Os  execution test
FAIL: gcc.dg/vmx/ld-vsx-be-order.c   -O0  execution test
FAIL: gcc.dg/vmx/ld-vsx-be-order.c   -O1  execution test
FAIL: gcc.dg/vmx/ld-vsx-be-order.c   -O2  execution test
FAIL: gcc.dg/vmx/ld-vsx-be-order.c   -O2 -flto -fno-use-linker-plugin -flto-partition=none  execution test
FAIL: gcc.dg/vmx/ld-vsx-be-order.c   -O2 -flto -fuse-linker-plugin -fno-fat-lto-objects  execution test
FAIL: gcc.dg/vmx/ld-vsx-be-order.c   -O3 -fomit-frame-pointer -funroll-loops -fpeel-loops -ftracer -finline-functions  execution test
FAIL: gcc.dg/vmx/ld-vsx-be-order.c   -O3 -g  execution test
FAIL: gcc.dg/vmx/ld-vsx-be-order.c   -Os  execution test
FAIL: gcc.dg/vmx/ld-vsx.c   -O0  execution test
FAIL: gcc.dg/vmx/ld-vsx.c   -O1  execution test
FAIL: gcc.dg/vmx/ld-vsx.c   -O2  execution test
FAIL: gcc.dg/vmx/ld-vsx.c   -O2 -flto -fno-use-linker-plugin -flto-partition=none  execution test
FAIL: gcc.dg/vmx/ld-vsx.c   -O2 -flto -fuse-linker-plugin -fno-fat-lto-objects  execution test
FAIL: gcc.dg/vmx/ld-vsx.c   -O3 -fomit-frame-pointer -funroll-loops -fpeel-loops -ftracer -finline-functions  execution test
FAIL: gcc.dg/vmx/ld-vsx.c   -O3 -g  execution test
FAIL: gcc.dg/vmx/ld-vsx.c   -Os  execution test
FAIL: gcc.dg/vmx/ldl-vsx-be-order.c   -O0  execution test
FAIL: gcc.dg/vmx/ldl-vsx-be-order.c   -O1  execution test
FAIL: gcc.dg/vmx/ldl-vsx-be-order.c   -O2  execution test
FAIL: gcc.dg/vmx/ldl-vsx-be-order.c   -O2 -flto -fno-use-linker-plugin -flto-partition=none  execution test
FAIL: gcc.dg/vmx/ldl-vsx-be-order.c   -O2 -flto -fuse-linker-plugin -fno-fat-lto-objects  execution test
FAIL: gcc.dg/vmx/ldl-vsx-be-order.c   -O3 -fomit-frame-pointer -funroll-loops -fpeel-loops -ftracer -finline-functions  execution test
FAIL: gcc.dg/vmx/ldl-vsx-be-order.c   -O3 -g  execution test
FAIL: gcc.dg/vmx/ldl-vsx-be-order.c   -Os  execution test
FAIL: gcc.dg/vmx/ldl-vsx.c   -O0  execution test
FAIL: gcc.dg/vmx/ldl-vsx.c   -O1  execution test
FAIL: gcc.dg/vmx/ldl-vsx.c   -O2  execution test
FAIL: gcc.dg/vmx/ldl-vsx.c   -O2 -flto -fno-use-linker-plugin -flto-partition=none  execution test
FAIL: gcc.dg/vmx/ldl-vsx.c   -O2 -flto -fuse-linker-plugin -fno-fat-lto-objects  execution test
FAIL: gcc.dg/vmx/ldl-vsx.c   -O3 -fomit-frame-pointer -funroll-loops -fpeel-loops -ftracer -finline-functions  execution test
FAIL: gcc.dg/vmx/ldl-vsx.c   -O3 -g  execution test
FAIL: gcc.dg/vmx/ldl-vsx.c   -Os  execution test
FAIL: gcc.dg/vmx/merge-vsx-be-order.c   -O0  execution test
FAIL: gcc.dg/vmx/merge-vsx-be-order.c   -O1  execution test
FAIL: gcc.dg/vmx/merge-vsx-be-order.c   -O2  execution test
FAIL: gcc.dg/vmx/merge-vsx-be-order.c   -O2 -flto -fno-use-linker-plugin -flto-partition=none  execution test
FAIL: gcc.dg/vmx/merge-vsx-be-order.c   -O2 -flto -fuse-linker-plugin -fno-fat-lto-objects  execution test
FAIL: gcc.dg/vmx/merge-vsx-be-order.c   -O3 -g  execution test
FAIL: gcc.dg/vmx/merge-vsx-be-order.c   -Os  execution test
FAIL: gcc.dg/vmx/merge-vsx.c   -O0  execution test
FAIL: gcc.dg/vmx/merge-vsx.c   -O1  execution test
FAIL: gcc.dg/vmx/merge-vsx.c   -O2  execution test
FAIL: gcc.dg/vmx/merge-vsx.c   -O2 -flto -fno-use-linker-plugin -flto-partition=none  execution test
FAIL: gcc.dg/vmx/merge-vsx.c   -O2 -flto -fuse-linker-plugin -fno-fat-lto-objects  execution test
FAIL: gcc.dg/vmx/merge-vsx.c   -O3 -g  execution test
FAIL: gcc.dg/vmx/merge-vsx.c   -Os  execution test
FAIL: gcc.dg/vmx/splat-vsx-be-order.c   -O0  execution test
FAIL: gcc.dg/vmx/splat-vsx-be-order.c   -O1  execution test
FAIL: gcc.dg/vmx/splat-vsx-be-order.c   -O2  execution test
FAIL: gcc.dg/vmx/splat-vsx-be-order.c   -O2 -flto -fno-use-linker-plugin -flto-partition=none  execution test
FAIL: gcc.dg/vmx/splat-vsx-be-order.c   -O2 -flto -fuse-linker-plugin -fno-fat-lto-objects  execution test
FAIL: gcc.dg/vmx/splat-vsx-be-order.c   -O3 -g  execution test
FAIL: gcc.dg/vmx/splat-vsx-be-order.c   -Os  execution test
FAIL: gcc.dg/vmx/splat-vsx.c   -O0  execution test
FAIL: gcc.dg/vmx/splat-vsx.c   -O1  execution test
FAIL: gcc.dg/vmx/splat-vsx.c   -O2  execution test
FAIL: gcc.dg/vmx/splat-vsx.c   -O2 -flto -fno-use-linker-plugin -flto-partition=none  execution test
FAIL: gcc.dg/vmx/splat-vsx.c   -O2 -flto -fuse-linker-plugin -fno-fat-lto-objects  execution test
FAIL: gcc.dg/vmx/splat-vsx.c   -O3 -g  execution test
FAIL: gcc.dg/vmx/splat-vsx.c   -Os  execution test
FAIL: gcc.dg/vmx/st-vsx-be-order.c   -O0  execution test
FAIL: gcc.dg/vmx/st-vsx-be-order.c   -O1  execution test
FAIL: gcc.dg/vmx/st-vsx-be-order.c   -O2  execution test
FAIL: gcc.dg/vmx/st-vsx-be-order.c   -O2 -flto -fno-use-linker-plugin -flto-partition=none  execution test
FAIL: gcc.dg/vmx/st-vsx-be-order.c   -O2 -flto -fuse-linker-plugin -fno-fat-lto-objects  execution test
FAIL: gcc.dg/vmx/st-vsx-be-order.c   -O3 -fomit-frame-pointer -funroll-loops -fpeel-loops -ftracer -finline-functions  execution test
FAIL: gcc.dg/vmx/st-vsx-be-order.c   -O3 -g  execution test
FAIL: gcc.dg/vmx/st-vsx-be-order.c   -Os  execution test
FAIL: gcc.dg/vmx/st-vsx.c   -O0  execution test
FAIL: gcc.dg/vmx/st-vsx.c   -O1  execution test
FAIL: gcc.dg/vmx/st-vsx.c   -O2  execution test
FAIL: gcc.dg/vmx/st-vsx.c   -O2 -flto -fno-use-linker-plugin -flto-partition=none  execution test
FAIL: gcc.dg/vmx/st-vsx.c   -O2 -flto -fuse-linker-plugin -fno-fat-lto-objects  execution test
FAIL: gcc.dg/vmx/st-vsx.c   -O3 -fomit-frame-pointer -funroll-loops -fpeel-loops -ftracer -finline-functions  execution test
FAIL: gcc.dg/vmx/st-vsx.c   -O3 -g  execution test
FAIL: gcc.dg/vmx/st-vsx.c   -Os  execution test
FAIL: gcc.dg/vmx/stl-vsx-be-order.c   -O0  execution test
FAIL: gcc.dg/vmx/stl-vsx-be-order.c   -O1  execution test
FAIL: gcc.dg/vmx/stl-vsx-be-order.c   -O2  execution test
FAIL: gcc.dg/vmx/stl-vsx-be-order.c   -O2 -flto -fno-use-linker-plugin -flto-partition=none  execution test
FAIL: gcc.dg/vmx/stl-vsx-be-order.c   -O2 -flto -fuse-linker-plugin -fno-fat-lto-objects  execution test
FAIL: gcc.dg/vmx/stl-vsx-be-order.c   -O3 -fomit-frame-pointer -funroll-loops -fpeel-loops -ftracer -finline-functions  execution test
FAIL: gcc.dg/vmx/stl-vsx-be-order.c   -O3 -g  execution test
FAIL: gcc.dg/vmx/stl-vsx-be-order.c   -Os  execution test
FAIL: gcc.dg/vmx/stl-vsx.c   -O0  execution test
FAIL: gcc.dg/vmx/stl-vsx.c   -O1  execution test
FAIL: gcc.dg/vmx/stl-vsx.c   -O2  execution test
FAIL: gcc.dg/vmx/stl-vsx.c   -O2 -flto -fno-use-linker-plugin -flto-partition=none  execution test
FAIL: gcc.dg/vmx/stl-vsx.c   -O2 -flto -fuse-linker-plugin -fno-fat-lto-objects  execution test
FAIL: gcc.dg/vmx/stl-vsx.c   -O3 -fomit-frame-pointer -funroll-loops -fpeel-loops -ftracer -finline-functions  execution test
FAIL: gcc.dg/vmx/stl-vsx.c   -O3 -g  execution test
FAIL: gcc.dg/vmx/stl-vsx.c   -Os  execution test
FAIL: gcc.target/powerpc/p8vector-builtin-8.c (test for excess errors)
UNRESOLVED: gcc.target/powerpc/p8vector-builtin-8.c scan-assembler-times vaddcuq 2
UNRESOLVED: gcc.target/powerpc/p8vector-builtin-8.c scan-assembler-times vaddecuq 2
UNRESOLVED: gcc.target/powerpc/p8vector-builtin-8.c scan-assembler-times vaddeuqm 2
UNRESOLVED: gcc.target/powerpc/p8vector-builtin-8.c scan-assembler-times vbpermq 1
UNRESOLVED: gcc.target/powerpc/p8vector-builtin-8.c scan-assembler-times vgbbd 1
UNRESOLVED: gcc.target/powerpc/p8vector-builtin-8.c scan-assembler-times vperm 1
UNRESOLVED: gcc.target/powerpc/p8vector-builtin-8.c scan-assembler-times vpmsumb 1
UNRESOLVED: gcc.target/powerpc/p8vector-builtin-8.c scan-assembler-times vpmsumd 1
UNRESOLVED: gcc.target/powerpc/p8vector-builtin-8.c scan-assembler-times vpmsumh 1
UNRESOLVED: gcc.target/powerpc/p8vector-builtin-8.c scan-assembler-times vpmsumw 1
UNRESOLVED: gcc.target/powerpc/p8vector-builtin-8.c scan-assembler-times vshasigmad 1
UNRESOLVED: gcc.target/powerpc/p8vector-builtin-8.c scan-assembler-times vshasigmaw 1
UNRESOLVED: gcc.target/powerpc/p8vector-builtin-8.c scan-assembler-times xxleqv 4
UNRESOLVED: gcc.target/powerpc/p8vector-builtin-8.c scan-assembler-times xxlnand 4
UNRESOLVED: gcc.target/powerpc/p8vector-builtin-8.c scan-assembler-times xxlorc 4
FAIL: gcc.target/powerpc/pr16458-1.c scan-assembler-not cmpw
FAIL: gcc.target/powerpc/pr16458-2.c scan-assembler-not cmpw

		=== gcc Summary for unix/-m32 ===

# of expected passes		93850
# of unexpected failures	276
# of unexpected successes	17
# of expected failures		250
# of unresolved testcases	15
# of unsupported tests		2135

Running target unix/-m64
FAIL: c-c++-common/asan/asan-interface-1.c   -O0  execution test
FAIL: c-c++-common/asan/asan-interface-1.c   -O1  execution test
FAIL: c-c++-common/asan/asan-interface-1.c   -O2  execution test
FAIL: c-c++-common/asan/asan-interface-1.c   -O2 -flto -fno-use-linker-plugin -flto-partition=none  execution test
FAIL: c-c++-common/asan/asan-interface-1.c   -O2 -flto -fuse-linker-plugin -fno-fat-lto-objects  execution test
FAIL: c-c++-common/asan/asan-interface-1.c   -O3 -g  execution test
FAIL: c-c++-common/asan/asan-interface-1.c   -Os  execution test
FAIL: c-c++-common/asan/bitfield-1.c   -O0  output pattern test, is ==27987==ERROR: AddressSanitizer failed to allocate 0x4000001000 (274877911040) bytes at address 1fffffff000 (errno: 12)
FAIL: c-c++-common/asan/bitfield-1.c   -O1  output pattern test, is ==28015==ERROR: AddressSanitizer failed to allocate 0x4000001000 (274877911040) bytes at address 1fffffff000 (errno: 12)
FAIL: c-c++-common/asan/bitfield-1.c   -O2  output pattern test, is ==28033==ERROR: AddressSanitizer failed to allocate 0x4000001000 (274877911040) bytes at address 1fffffff000 (errno: 12)
FAIL: c-c++-common/asan/bitfield-1.c   -O2 -flto -fno-use-linker-plugin -flto-partition=none  output pattern test, is ==28116==ERROR: AddressSanitizer failed to allocate 0x4000001000 (274877911040) bytes at address 1fffffff000 (errno: 12)
FAIL: c-c++-common/asan/bitfield-1.c   -O2 -flto -fuse-linker-plugin -fno-fat-lto-objects  output pattern test, is ==28139==ERROR: AddressSanitizer failed to allocate 0x4000001000 (274877911040) bytes at address 1fffffff000 (errno: 12)
FAIL: c-c++-common/asan/bitfield-1.c   -O3 -g  output pattern test, is ==28049==ERROR: AddressSanitizer failed to allocate 0x4000001000 (274877911040) bytes at address 1fffffff000 (errno: 12)
FAIL: c-c++-common/asan/bitfield-1.c   -Os  output pattern test, is ==28070==ERROR: AddressSanitizer failed to allocate 0x4000001000 (274877911040) bytes at address 1fffffff000 (errno: 12)
FAIL: c-c++-common/asan/bitfield-2.c   -O0  output pattern test, is ==28160==ERROR: AddressSanitizer failed to allocate 0x4000001000 (274877911040) bytes at address 1fffffff000 (errno: 12)
FAIL: c-c++-common/asan/bitfield-2.c   -O1  output pattern test, is ==28187==ERROR: AddressSanitizer failed to allocate 0x4000001000 (274877911040) bytes at address 1fffffff000 (errno: 12)
FAIL: c-c++-common/asan/bitfield-2.c   -O2  output pattern test, is ==28203==ERROR: AddressSanitizer failed to allocate 0x4000001000 (274877911040) bytes at address 1fffffff000 (errno: 12)
FAIL: c-c++-common/asan/bitfield-2.c   -O2 -flto -fno-use-linker-plugin -flto-partition=none  output pattern test, is ==28288==ERROR: AddressSanitizer failed to allocate 0x4000001000 (274877911040) bytes at address 1fffffff000 (errno: 12)
FAIL: c-c++-common/asan/bitfield-2.c   -O2 -flto -fuse-linker-plugin -fno-fat-lto-objects  output pattern test, is ==28311==ERROR: AddressSanitizer failed to allocate 0x4000001000 (274877911040) bytes at address 1fffffff000 (errno: 12)
FAIL: c-c++-common/asan/bitfield-2.c   -O3 -g  output pattern test, is ==28219==ERROR: AddressSanitizer failed to allocate 0x4000001000 (274877911040) bytes at address 1fffffff000 (errno: 12)
FAIL: c-c++-common/asan/bitfield-2.c   -Os  output pattern test, is ==28248==ERROR: AddressSanitizer failed to allocate 0x4000001000 (274877911040) bytes at address 1fffffff000 (errno: 12)
FAIL: c-c++-common/asan/bitfield-3.c   -O0  output pattern test, is ==28332==ERROR: AddressSanitizer failed to allocate 0x4000001000 (274877911040) bytes at address 1fffffff000 (errno: 12)
FAIL: c-c++-common/asan/bitfield-3.c   -O1  output pattern test, is ==28359==ERROR: AddressSanitizer failed to allocate 0x4000001000 (274877911040) bytes at address 1fffffff000 (errno: 12)
FAIL: c-c++-common/asan/bitfield-3.c   -O2  output pattern test, is ==28375==ERROR: AddressSanitizer failed to allocate 0x4000001000 (274877911040) bytes at address 1fffffff000 (errno: 12)
FAIL: c-c++-common/asan/bitfield-3.c   -O2 -flto -fno-use-linker-plugin -flto-partition=none  output pattern test, is ==28460==ERROR: AddressSanitizer failed to allocate 0x4000001000 (274877911040) bytes at address 1fffffff000 (errno: 12)
FAIL: c-c++-common/asan/bitfield-3.c   -O2 -flto -fuse-linker-plugin -fno-fat-lto-objects  output pattern test, is ==28485==ERROR: AddressSanitizer failed to allocate 0x4000001000 (274877911040) bytes at address 1fffffff000 (errno: 12)
FAIL: c-c++-common/asan/bitfield-3.c   -O3 -g  output pattern test, is ==28391==ERROR: AddressSanitizer failed to allocate 0x4000001000 (274877911040) bytes at address 1fffffff000 (errno: 12)
FAIL: c-c++-common/asan/bitfield-3.c   -Os  output pattern test, is ==28422==ERROR: AddressSanitizer failed to allocate 0x4000001000 (274877911040) bytes at address 1fffffff000 (errno: 12)
FAIL: c-c++-common/asan/bitfield-4.c   -O0  output pattern test, is ==28516==ERROR: AddressSanitizer failed to allocate 0x4000001000 (274877911040) bytes at address 1fffffff000 (errno: 12)
FAIL: c-c++-common/asan/bitfield-4.c   -O1  output pattern test, is ==28532==ERROR: AddressSanitizer failed to allocate 0x4000001000 (274877911040) bytes at address 1fffffff000 (errno: 12)
FAIL: c-c++-common/asan/bitfield-4.c   -O2  output pattern test, is ==28549==ERROR: AddressSanitizer failed to allocate 0x4000001000 (274877911040) bytes at address 1fffffff000 (errno: 12)
FAIL: c-c++-common/asan/bitfield-4.c   -O2 -flto -fno-use-linker-plugin -flto-partition=none  output pattern test, is ==28635==ERROR: AddressSanitizer failed to allocate 0x4000001000 (274877911040) bytes at address 1fffffff000 (errno: 12)
FAIL: c-c++-common/asan/bitfield-4.c   -O2 -flto -fuse-linker-plugin -fno-fat-lto-objects  output pattern test, is ==28663==ERROR: AddressSanitizer failed to allocate 0x4000001000 (274877911040) bytes at address 1fffffff000 (errno: 12)
FAIL: c-c++-common/asan/bitfield-4.c   -O3 -g  output pattern test, is ==28571==ERROR: AddressSanitizer failed to allocate 0x4000001000 (274877911040) bytes at address 1fffffff000 (errno: 12)
FAIL: c-c++-common/asan/bitfield-4.c   -Os  output pattern test, is ==28598==ERROR: AddressSanitizer failed to allocate 0x4000001000 (274877911040) bytes at address 1fffffff000 (errno: 12)
FAIL: c-c++-common/asan/bitfield-5.c   -O0  output pattern test, is ==28690==ERROR: AddressSanitizer failed to allocate 0x4000001000 (274877911040) bytes at address 1fffffff000 (errno: 12)
FAIL: c-c++-common/asan/bitfield-5.c   -O1  output pattern test, is ==28706==ERROR: AddressSanitizer failed to allocate 0x4000001000 (274877911040) bytes at address 1fffffff000 (errno: 12)
FAIL: c-c++-common/asan/bitfield-5.c   -O2  output pattern test, is ==28722==ERROR: AddressSanitizer failed to allocate 0x4000001000 (274877911040) bytes at address 1fffffff000 (errno: 12)
FAIL: c-c++-common/asan/bitfield-5.c   -O2 -flto -fno-use-linker-plugin -flto-partition=none  output pattern test, is ==28809==ERROR: AddressSanitizer failed to allocate 0x4000001000 (274877911040) bytes at address 1fffffff000 (errno: 12)
FAIL: c-c++-common/asan/bitfield-5.c   -O2 -flto -fuse-linker-plugin -fno-fat-lto-objects  output pattern test, is ==28844==ERROR: AddressSanitizer failed to allocate 0x4000001000 (274877911040) bytes at address 1fffffff000 (errno: 12)
FAIL: c-c++-common/asan/bitfield-5.c   -O3 -g  output pattern test, is ==28743==ERROR: AddressSanitizer failed to allocate 0x4000001000 (274877911040) bytes at address 1fffffff000 (errno: 12)
FAIL: c-c++-common/asan/bitfield-5.c   -Os  output pattern test, is ==28768==ERROR: AddressSanitizer failed to allocate 0x4000001000 (274877911040) bytes at address 1fffffff000 (errno: 12)
FAIL: c-c++-common/asan/clone-test-1.c   -O0  execution test
FAIL: c-c++-common/asan/clone-test-1.c   -O1  execution test
FAIL: c-c++-common/asan/clone-test-1.c   -O2  execution test
FAIL: c-c++-common/asan/clone-test-1.c   -O2 -flto -fno-use-linker-plugin -flto-partition=none  execution test
FAIL: c-c++-common/asan/clone-test-1.c   -O2 -flto -fuse-linker-plugin -fno-fat-lto-objects  execution test
FAIL: c-c++-common/asan/clone-test-1.c   -O3 -fomit-frame-pointer -funroll-loops -fpeel-loops -ftracer -finline-functions  execution test
FAIL: c-c++-common/asan/clone-test-1.c   -O3 -g  execution test
FAIL: c-c++-common/asan/clone-test-1.c   -Os  execution test
FAIL: c-c++-common/asan/global-overflow-1.c   -O0  output pattern test, is ==29141==ERROR: AddressSanitizer failed to allocate 0x4000001000 (274877911040) bytes at address 1fffffff000 (errno: 12)
FAIL: c-c++-common/asan/global-overflow-1.c   -O1  output pattern test, is ==29157==ERROR: AddressSanitizer failed to allocate 0x4000001000 (274877911040) bytes at address 1fffffff000 (errno: 12)
FAIL: c-c++-common/asan/global-overflow-1.c   -O2  output pattern test, is ==29173==ERROR: AddressSanitizer failed to allocate 0x4000001000 (274877911040) bytes at address 1fffffff000 (errno: 12)
FAIL: c-c++-common/asan/global-overflow-1.c   -O2 -flto -fno-use-linker-plugin -flto-partition=none  output pattern test, is ==29258==ERROR: AddressSanitizer failed to allocate 0x4000001000 (274877911040) bytes at address 1fffffff000 (errno: 12)
FAIL: c-c++-common/asan/global-overflow-1.c   -O2 -flto -fuse-linker-plugin -fno-fat-lto-objects  output pattern test, is ==29297==ERROR: AddressSanitizer failed to allocate 0x4000001000 (274877911040) bytes at address 1fffffff000 (errno: 12)
FAIL: c-c++-common/asan/global-overflow-1.c   -O3 -g  output pattern test, is ==29205==ERROR: AddressSanitizer failed to allocate 0x4000001000 (274877911040) bytes at address 1fffffff000 (errno: 12)
FAIL: c-c++-common/asan/global-overflow-1.c   -Os  output pattern test, is ==29221==ERROR: AddressSanitizer failed to allocate 0x4000001000 (274877911040) bytes at address 1fffffff000 (errno: 12)
FAIL: c-c++-common/asan/heap-overflow-1.c   -O0  output pattern test, is ==29313==ERROR: AddressSanitizer failed to allocate 0x4000001000 (274877911040) bytes at address 1fffffff000 (errno: 12)
FAIL: c-c++-common/asan/heap-overflow-1.c   -O1  output pattern test, is ==29329==ERROR: AddressSanitizer failed to allocate 0x4000001000 (274877911040) bytes at address 1fffffff000 (errno: 12)
FAIL: c-c++-common/asan/heap-overflow-1.c   -O2  output pattern test, is ==29354==ERROR: AddressSanitizer failed to allocate 0x4000001000 (274877911040) bytes at address 1fffffff000 (errno: 12)
FAIL: c-c++-common/asan/heap-overflow-1.c   -O2 -flto -fno-use-linker-plugin -flto-partition=none  output pattern test, is ==29446==ERROR: AddressSanitizer failed to allocate 0x4000001000 (274877911040) bytes at address 1fffffff000 (errno: 12)
FAIL: c-c++-common/asan/heap-overflow-1.c   -O2 -flto -fuse-linker-plugin -fno-fat-lto-objects  output pattern test, is ==29469==ERROR: AddressSanitizer failed to allocate 0x4000001000 (274877911040) bytes at address 1fffffff000 (errno: 12)
FAIL: c-c++-common/asan/heap-overflow-1.c   -O3 -g  output pattern test, is ==29377==ERROR: AddressSanitizer failed to allocate 0x4000001000 (274877911040) bytes at address 1fffffff000 (errno: 12)
FAIL: c-c++-common/asan/heap-overflow-1.c   -Os  output pattern test, is ==29393==ERROR: AddressSanitizer failed to allocate 0x4000001000 (274877911040) bytes at address 1fffffff000 (errno: 12)
FAIL: c-c++-common/asan/memcmp-1.c   -O0  output pattern test, is ==29788==ERROR: AddressSanitizer failed to allocate 0x4000001000 (274877911040) bytes at address 1fffffff000 (errno: 12)
FAIL: c-c++-common/asan/memcmp-1.c   -O1  output pattern test, is ==29819==ERROR: AddressSanitizer failed to allocate 0x4000001000 (274877911040) bytes at address 1fffffff000 (errno: 12)
FAIL: c-c++-common/asan/memcmp-1.c   -O2  output pattern test, is ==29836==ERROR: AddressSanitizer failed to allocate 0x4000001000 (274877911040) bytes at address 1fffffff000 (errno: 12)
FAIL: c-c++-common/asan/memcmp-1.c   -O2 -flto -fno-use-linker-plugin -flto-partition=none  output pattern test, is ==29921==ERROR: AddressSanitizer failed to allocate 0x4000001000 (274877911040) bytes at address 1fffffff000 (errno: 12)
FAIL: c-c++-common/asan/memcmp-1.c   -O2 -flto -fuse-linker-plugin -fno-fat-lto-objects  output pattern test, is ==29944==ERROR: AddressSanitizer failed to allocate 0x4000001000 (274877911040) bytes at address 1fffffff000 (errno: 12)
FAIL: c-c++-common/asan/memcmp-1.c   -O3 -g  output pattern test, is ==29852==ERROR: AddressSanitizer failed to allocate 0x4000001000 (274877911040) bytes at address 1fffffff000 (errno: 12)
FAIL: c-c++-common/asan/memcmp-1.c   -Os  output pattern test, is ==29873==ERROR: AddressSanitizer failed to allocate 0x4000001000 (274877911040) bytes at address 1fffffff000 (errno: 12)
FAIL: c-c++-common/asan/misalign-1.c   -O0  output pattern test, is ==30030==ERROR: AddressSanitizer failed to allocate 0x4000001000 (274877911040) bytes at address 1fffffff000 (errno: 12)
FAIL: c-c++-common/asan/misalign-1.c   -O1  output pattern test, is ==30052==ERROR: AddressSanitizer failed to allocate 0x4000001000 (274877911040) bytes at address 1fffffff000 (errno: 12)
FAIL: c-c++-common/asan/misalign-1.c   -O2  output pattern test, is ==30078==ERROR: AddressSanitizer failed to allocate 0x4000001000 (274877911040) bytes at address 1fffffff000 (errno: 12)
FAIL: c-c++-common/asan/misalign-1.c   -O2 -flto -fno-use-linker-plugin -flto-partition=none  output pattern test, is ==30163==ERROR: AddressSanitizer failed to allocate 0x4000001000 (274877911040) bytes at address 1fffffff000 (errno: 12)
FAIL: c-c++-common/asan/misalign-1.c   -O2 -flto -fuse-linker-plugin -fno-fat-lto-objects  output pattern test, is ==30186==ERROR: AddressSanitizer failed to allocate 0x4000001000 (274877911040) bytes at address 1fffffff000 (errno: 12)
FAIL: c-c++-common/asan/misalign-1.c   -O3 -g  output pattern test, is ==30094==ERROR: AddressSanitizer failed to allocate 0x4000001000 (274877911040) bytes at address 1fffffff000 (errno: 12)
FAIL: c-c++-common/asan/misalign-1.c   -Os  output pattern test, is ==30110==ERROR: AddressSanitizer failed to allocate 0x4000001000 (274877911040) bytes at address 1fffffff000 (errno: 12)
FAIL: c-c++-common/asan/misalign-2.c   -O0  output pattern test, is ==30207==ERROR: AddressSanitizer failed to allocate 0x4000001000 (274877911040) bytes at address 1fffffff000 (errno: 12)
FAIL: c-c++-common/asan/misalign-2.c   -O1  output pattern test, is ==30234==ERROR: AddressSanitizer failed to allocate 0x4000001000 (274877911040) bytes at address 1fffffff000 (errno: 12)
FAIL: c-c++-common/asan/misalign-2.c   -O2  output pattern test, is ==30250==ERROR: AddressSanitizer failed to allocate 0x4000001000 (274877911040) bytes at address 1fffffff000 (errno: 12)
FAIL: c-c++-common/asan/misalign-2.c   -O2 -flto -fno-use-linker-plugin -flto-partition=none  output pattern test, is ==30335==ERROR: AddressSanitizer failed to allocate 0x4000001000 (274877911040) bytes at address 1fffffff000 (errno: 12)
FAIL: c-c++-common/asan/misalign-2.c   -O2 -flto -fuse-linker-plugin -fno-fat-lto-objects  output pattern test, is ==30363==ERROR: AddressSanitizer failed to allocate 0x4000001000 (274877911040) bytes at address 1fffffff000 (errno: 12)
FAIL: c-c++-common/asan/misalign-2.c   -O3 -g  output pattern test, is ==30266==ERROR: AddressSanitizer failed to allocate 0x4000001000 (274877911040) bytes at address 1fffffff000 (errno: 12)
FAIL: c-c++-common/asan/misalign-2.c   -Os  output pattern test, is ==30293==ERROR: AddressSanitizer failed to allocate 0x4000001000 (274877911040) bytes at address 1fffffff000 (errno: 12)
FAIL: c-c++-common/asan/null-deref-1.c   -O0  output pattern test, is ==30921==ERROR: AddressSanitizer failed to allocate 0x4000001000 (274877911040) bytes at address 1fffffff000 (errno: 12)
FAIL: c-c++-common/asan/null-deref-1.c   -O1  output pattern test, is ==30937==ERROR: AddressSanitizer failed to allocate 0x4000001000 (274877911040) bytes at address 1fffffff000 (errno: 12)
FAIL: c-c++-common/asan/null-deref-1.c   -O2  output pattern test, is ==30958==ERROR: AddressSanitizer failed to allocate 0x4000001000 (274877911040) bytes at address 1fffffff000 (errno: 12)
FAIL: c-c++-common/asan/null-deref-1.c   -O2 -flto -fno-use-linker-plugin -flto-partition=none  output pattern test, is ==31043==ERROR: AddressSanitizer failed to allocate 0x4000001000 (274877911040) bytes at address 1fffffff000 (errno: 12)
FAIL: c-c++-common/asan/null-deref-1.c   -O2 -flto -fuse-linker-plugin -fno-fat-lto-objects  output pattern test, is ==31075==ERROR: AddressSanitizer failed to allocate 0x4000001000 (274877911040) bytes at address 1fffffff000 (errno: 12)
FAIL: c-c++-common/asan/null-deref-1.c   -O3 -g  output pattern test, is ==30985==ERROR: AddressSanitizer failed to allocate 0x4000001000 (274877911040) bytes at address 1fffffff000 (errno: 12)
FAIL: c-c++-common/asan/null-deref-1.c   -Os  output pattern test, is ==31001==ERROR: AddressSanitizer failed to allocate 0x4000001000 (274877911040) bytes at address 1fffffff000 (errno: 12)
FAIL: c-c++-common/asan/pr59063-1.c   -O0  execution test
FAIL: c-c++-common/asan/pr59063-1.c   -O1  execution test
FAIL: c-c++-common/asan/pr59063-1.c   -O2  execution test
FAIL: c-c++-common/asan/pr59063-1.c   -O2 -flto -fno-use-linker-plugin -flto-partition=none  execution test
FAIL: c-c++-common/asan/pr59063-1.c   -O2 -flto -fuse-linker-plugin -fno-fat-lto-objects  execution test
FAIL: c-c++-common/asan/pr59063-1.c   -O3 -g  execution test
FAIL: c-c++-common/asan/pr59063-1.c   -Os  execution test
FAIL: c-c++-common/asan/pr59063-2.c   -O0  execution test
FAIL: c-c++-common/asan/pr59063-2.c   -O1  execution test
FAIL: c-c++-common/asan/pr59063-2.c   -O2  execution test
FAIL: c-c++-common/asan/pr59063-2.c   -O2 -flto -fno-use-linker-plugin -flto-partition=none  execution test
FAIL: c-c++-common/asan/pr59063-2.c   -O2 -flto -fuse-linker-plugin -fno-fat-lto-objects  execution test
FAIL: c-c++-common/asan/pr59063-2.c   -O3 -g  execution test
FAIL: c-c++-common/asan/pr59063-2.c   -Os  execution test
FAIL: c-c++-common/asan/pr61530.c   -O0  output pattern test, is ==31579==ERROR: AddressSanitizer failed to allocate 0x4000001000 (274877911040) bytes at address 1fffffff000 (errno: 12)
FAIL: c-c++-common/asan/pr61530.c   -O1  output pattern test, is ==31595==ERROR: AddressSanitizer failed to allocate 0x4000001000 (274877911040) bytes at address 1fffffff000 (errno: 12)
FAIL: c-c++-common/asan/pr61530.c   -O2  output pattern test, is ==31611==ERROR: AddressSanitizer failed to allocate 0x4000001000 (274877911040) bytes at address 1fffffff000 (errno: 12)
FAIL: c-c++-common/asan/pr61530.c   -O2 -flto -fno-use-linker-plugin -flto-partition=none  output pattern test, is ==31698==ERROR: AddressSanitizer failed to allocate 0x4000001000 (274877911040) bytes at address 1fffffff000 (errno: 12)
FAIL: c-c++-common/asan/pr61530.c   -O2 -flto -fuse-linker-plugin -fno-fat-lto-objects  output pattern test, is ==31736==ERROR: AddressSanitizer failed to allocate 0x4000001000 (274877911040) bytes at address 1fffffff000 (errno: 12)
FAIL: c-c++-common/asan/pr61530.c   -O3 -g  output pattern test, is ==31632==ERROR: AddressSanitizer failed to allocate 0x4000001000 (274877911040) bytes at address 1fffffff000 (errno: 12)
FAIL: c-c++-common/asan/pr61530.c   -Os  output pattern test, is ==31659==ERROR: AddressSanitizer failed to allocate 0x4000001000 (274877911040) bytes at address 1fffffff000 (errno: 12)
FAIL: c-c++-common/asan/pr62089.c   -O0  output pattern test, is ==31752==ERROR: AddressSanitizer failed to allocate 0x4000001000 (274877911040) bytes at address 1fffffff000 (errno: 12)
FAIL: c-c++-common/asan/pr62089.c   -O1  output pattern test, is ==31768==ERROR: AddressSanitizer failed to allocate 0x4000001000 (274877911040) bytes at address 1fffffff000 (errno: 12)
FAIL: c-c++-common/asan/pr62089.c   -O2  output pattern test, is ==31791==ERROR: AddressSanitizer failed to allocate 0x4000001000 (274877911040) bytes at address 1fffffff000 (errno: 12)
FAIL: c-c++-common/asan/pr62089.c   -O2 -flto -fno-use-linker-plugin -flto-partition=none  output pattern test, is ==32128==ERROR: AddressSanitizer failed to allocate 0x4000001000 (274877911040) bytes at address 1fffffff000 (errno: 12)
FAIL: c-c++-common/asan/pr62089.c   -O2 -flto -fuse-linker-plugin -fno-fat-lto-objects  output pattern test, is ==32259==ERROR: AddressSanitizer failed to allocate 0x4000001000 (274877911040) bytes at address 1fffffff000 (errno: 12)
FAIL: c-c++-common/asan/pr62089.c   -O3 -g  output pattern test, is ==31818==ERROR: AddressSanitizer failed to allocate 0x4000001000 (274877911040) bytes at address 1fffffff000 (errno: 12)
FAIL: c-c++-common/asan/pr62089.c   -Os  output pattern test, is ==31907==ERROR: AddressSanitizer failed to allocate 0x4000001000 (274877911040) bytes at address 1fffffff000 (errno: 12)
FAIL: c-c++-common/asan/pr63316.c   -O0  execution test
FAIL: c-c++-common/asan/pr63316.c   -O1  execution test
FAIL: c-c++-common/asan/pr63316.c   -O2  execution test
FAIL: c-c++-common/asan/pr63316.c   -O2 -flto -fno-use-linker-plugin -flto-partition=none  execution test
FAIL: c-c++-common/asan/pr63316.c   -O2 -flto -fuse-linker-plugin -fno-fat-lto-objects  execution test
FAIL: c-c++-common/asan/pr63316.c   -O3 -g  execution test
FAIL: c-c++-common/asan/pr63316.c   -Os  execution test
FAIL: c-c++-common/asan/pr63888.c   -O0  execution test
FAIL: c-c++-common/asan/pr63888.c   -O1  execution test
FAIL: c-c++-common/asan/pr63888.c   -O2  execution test
FAIL: c-c++-common/asan/pr63888.c   -O2 -flto -fno-use-linker-plugin -flto-partition=none  execution test
FAIL: c-c++-common/asan/pr63888.c   -O2 -flto -fuse-linker-plugin -fno-fat-lto-objects  execution test
FAIL: c-c++-common/asan/pr63888.c   -O3 -g  execution test
FAIL: c-c++-common/asan/pr63888.c   -Os  execution test
FAIL: c-c++-common/asan/rlimit-mmap-test-1.c   -O0  output pattern test, is ==892==ERROR: AddressSanitizer failed to allocate 0x4000001000 (274877911040) bytes at address 1fffffff000 (errno: 12)
FAIL: c-c++-common/asan/sanity-check-pure-c-1.c   -O0  output pattern test, is ==961==ERROR: AddressSanitizer failed to allocate 0x4000001000 (274877911040) bytes at address 1fffffff000 (errno: 12)
FAIL: c-c++-common/asan/sanity-check-pure-c-1.c   -O1  output pattern test, is ==984==ERROR: AddressSanitizer failed to allocate 0x4000001000 (274877911040) bytes at address 1fffffff000 (errno: 12)
FAIL: c-c++-common/asan/sanity-check-pure-c-1.c   -O2  output pattern test, is ==1011==ERROR: AddressSanitizer failed to allocate 0x4000001000 (274877911040) bytes at address 1fffffff000 (errno: 12)
FAIL: c-c++-common/asan/sanity-check-pure-c-1.c   -O2 -flto -fno-use-linker-plugin -flto-partition=none  output pattern test, is ==1085==ERROR: AddressSanitizer failed to allocate 0x4000001000 (274877911040) bytes at address 1fffffff000 (errno: 12)
FAIL: c-c++-common/asan/sanity-check-pure-c-1.c   -O2 -flto -fuse-linker-plugin -fno-fat-lto-objects  output pattern test, is ==1113==ERROR: AddressSanitizer failed to allocate 0x4000001000 (274877911040) bytes at address 1fffffff000 (errno: 12)
FAIL: c-c++-common/asan/sanity-check-pure-c-1.c   -O3 -g  output pattern test, is ==1027==ERROR: AddressSanitizer failed to allocate 0x4000001000 (274877911040) bytes at address 1fffffff000 (errno: 12)
FAIL: c-c++-common/asan/sanity-check-pure-c-1.c   -Os  output pattern test, is ==1048==ERROR: AddressSanitizer failed to allocate 0x4000001000 (274877911040) bytes at address 1fffffff000 (errno: 12)
FAIL: c-c++-common/asan/sleep-before-dying-1.c   -O2  output pattern test, is ==1185==ERROR: AddressSanitizer failed to allocate 0x4000001000 (274877911040) bytes at address 1fffffff000 (errno: 12)
FAIL: c-c++-common/asan/sleep-before-dying-1.c   -O2 -flto -fno-use-linker-plugin -flto-partition=none  output pattern test, is ==1238==ERROR: AddressSanitizer failed to allocate 0x4000001000 (274877911040) bytes at address 1fffffff000 (errno: 12)
FAIL: c-c++-common/asan/sleep-before-dying-1.c   -O2 -flto -fuse-linker-plugin -fno-fat-lto-objects  output pattern test, is ==1261==ERROR: AddressSanitizer failed to allocate 0x4000001000 (274877911040) bytes at address 1fffffff000 (errno: 12)
FAIL: c-c++-common/asan/stack-overflow-1.c   -O0  output pattern test, is ==1277==ERROR: AddressSanitizer failed to allocate 0x4000001000 (274877911040) bytes at address 1fffffff000 (errno: 12)
FAIL: c-c++-common/asan/stack-overflow-1.c   -O1  output pattern test, is ==1293==ERROR: AddressSanitizer failed to allocate 0x4000001000 (274877911040) bytes at address 1fffffff000 (errno: 12)
FAIL: c-c++-common/asan/stack-overflow-1.c   -O2  output pattern test, is ==1325==ERROR: AddressSanitizer failed to allocate 0x4000001000 (274877911040) bytes at address 1fffffff000 (errno: 12)
FAIL: c-c++-common/asan/stack-overflow-1.c   -O2 -flto -fno-use-linker-plugin -flto-partition=none  output pattern test, is ==1395==ERROR: AddressSanitizer failed to allocate 0x4000001000 (274877911040) bytes at address 1fffffff000 (errno: 12)
FAIL: c-c++-common/asan/stack-overflow-1.c   -O2 -flto -fuse-linker-plugin -fno-fat-lto-objects  output pattern test, is ==1418==ERROR: AddressSanitizer failed to allocate 0x4000001000 (274877911040) bytes at address 1fffffff000 (errno: 12)
FAIL: c-c++-common/asan/stack-overflow-1.c   -O3 -g  output pattern test, is ==1341==ERROR: AddressSanitizer failed to allocate 0x4000001000 (274877911040) bytes at address 1fffffff000 (errno: 12)
FAIL: c-c++-common/asan/stack-overflow-1.c   -Os  output pattern test, is ==1357==ERROR: AddressSanitizer failed to allocate 0x4000001000 (274877911040) bytes at address 1fffffff000 (errno: 12)
FAIL: c-c++-common/asan/strip-path-prefix-1.c   -O2  output pattern test, is ==1449==ERROR: AddressSanitizer failed to allocate 0x4000001000 (274877911040) bytes at address 1fffffff000 (errno: 12)
FAIL: c-c++-common/asan/strip-path-prefix-1.c   -O2 -flto -fno-use-linker-plugin -flto-partition=none  output pattern test, is ==1487==ERROR: AddressSanitizer failed to allocate 0x4000001000 (274877911040) bytes at address 1fffffff000 (errno: 12)
FAIL: c-c++-common/asan/strip-path-prefix-1.c   -O2 -flto -fuse-linker-plugin -fno-fat-lto-objects  output pattern test, is ==1510==ERROR: AddressSanitizer failed to allocate 0x4000001000 (274877911040) bytes at address 1fffffff000 (errno: 12)
FAIL: c-c++-common/asan/strlen-overflow-1.c   -O0  output pattern test, is ==1526==ERROR: AddressSanitizer failed to allocate 0x4000001000 (274877911040) bytes at address 1fffffff000 (errno: 12)
FAIL: c-c++-common/asan/strlen-overflow-1.c   -O1  output pattern test, is ==1547==ERROR: AddressSanitizer failed to allocate 0x4000001000 (274877911040) bytes at address 1fffffff000 (errno: 12)
FAIL: c-c++-common/asan/strlen-overflow-1.c   -O2  output pattern test, is ==1574==ERROR: AddressSanitizer failed to allocate 0x4000001000 (274877911040) bytes at address 1fffffff000 (errno: 12)
FAIL: c-c++-common/asan/strlen-overflow-1.c   -O3 -g  output pattern test, is ==1590==ERROR: AddressSanitizer failed to allocate 0x4000001000 (274877911040) bytes at address 1fffffff000 (errno: 12)
FAIL: c-c++-common/asan/strlen-overflow-1.c   -Os  output pattern test, is ==1606==ERROR: AddressSanitizer failed to allocate 0x4000001000 (274877911040) bytes at address 1fffffff000 (errno: 12)
FAIL: c-c++-common/asan/strncpy-overflow-1.c   -O0  output pattern test, is ==1622==ERROR: AddressSanitizer failed to allocate 0x4000001000 (274877911040) bytes at address 1fffffff000 (errno: 12)
FAIL: c-c++-common/asan/strncpy-overflow-1.c   -O1  output pattern test, is ==1640==ERROR: AddressSanitizer failed to allocate 0x4000001000 (274877911040) bytes at address 1fffffff000 (errno: 12)
FAIL: c-c++-common/asan/strncpy-overflow-1.c   -O2  output pattern test, is ==1670==ERROR: AddressSanitizer failed to allocate 0x4000001000 (274877911040) bytes at address 1fffffff000 (errno: 12)
FAIL: c-c++-common/asan/strncpy-overflow-1.c   -O2 -flto -fno-use-linker-plugin -flto-partition=none  output pattern test, is ==1755==ERROR: AddressSanitizer failed to allocate 0x4000001000 (274877911040) bytes at address 1fffffff000 (errno: 12)
FAIL: c-c++-common/asan/strncpy-overflow-1.c   -O2 -flto -fuse-linker-plugin -fno-fat-lto-objects  output pattern test, is ==1778==ERROR: AddressSanitizer failed to allocate 0x4000001000 (274877911040) bytes at address 1fffffff000 (errno: 12)
FAIL: c-c++-common/asan/strncpy-overflow-1.c   -O3 -g  output pattern test, is ==1686==ERROR: AddressSanitizer failed to allocate 0x4000001000 (274877911040) bytes at address 1fffffff000 (errno: 12)
FAIL: c-c++-common/asan/strncpy-overflow-1.c   -Os  output pattern test, is ==1702==ERROR: AddressSanitizer failed to allocate 0x4000001000 (274877911040) bytes at address 1fffffff000 (errno: 12)
FAIL: c-c++-common/asan/swapcontext-test-1.c   -O0  execution test
FAIL: c-c++-common/asan/swapcontext-test-1.c   -O1  execution test
FAIL: c-c++-common/asan/swapcontext-test-1.c   -O2  execution test
FAIL: c-c++-common/asan/swapcontext-test-1.c   -O2 -flto -fno-use-linker-plugin -flto-partition=none  execution test
FAIL: c-c++-common/asan/swapcontext-test-1.c   -O2 -flto -fuse-linker-plugin -fno-fat-lto-objects  execution test
FAIL: c-c++-common/asan/swapcontext-test-1.c   -O3 -fomit-frame-pointer -funroll-loops -fpeel-loops -ftracer -finline-functions  execution test
FAIL: c-c++-common/asan/swapcontext-test-1.c   -O3 -g  execution test
FAIL: c-c++-common/asan/swapcontext-test-1.c   -Os  execution test
FAIL: c-c++-common/asan/use-after-free-1.c   -O0  output pattern test, is ==1981==ERROR: AddressSanitizer failed to allocate 0x4000001000 (274877911040) bytes at address 1fffffff000 (errno: 12)
FAIL: c-c++-common/asan/use-after-free-1.c   -O1  output pattern test, is ==1997==ERROR: AddressSanitizer failed to allocate 0x4000001000 (274877911040) bytes at address 1fffffff000 (errno: 12)
FAIL: c-c++-common/asan/use-after-free-1.c   -O2  output pattern test, is ==2018==ERROR: AddressSanitizer failed to allocate 0x4000001000 (274877911040) bytes at address 1fffffff000 (errno: 12)
FAIL: c-c++-common/asan/use-after-free-1.c   -O2 -flto -fno-use-linker-plugin -flto-partition=none  output pattern test, is ==2094==ERROR: AddressSanitizer failed to allocate 0x4000001000 (274877911040) bytes at address 1fffffff000 (errno: 12)
FAIL: c-c++-common/asan/use-after-free-1.c   -O2 -flto -fuse-linker-plugin -fno-fat-lto-objects  output pattern test, is ==2117==ERROR: AddressSanitizer failed to allocate 0x4000001000 (274877911040) bytes at address 1fffffff000 (errno: 12)
FAIL: c-c++-common/asan/use-after-free-1.c   -O3 -g  output pattern test, is ==2034==ERROR: AddressSanitizer failed to allocate 0x4000001000 (274877911040) bytes at address 1fffffff000 (errno: 12)
FAIL: c-c++-common/asan/use-after-free-1.c   -Os  output pattern test, is ==2057==ERROR: AddressSanitizer failed to allocate 0x4000001000 (274877911040) bytes at address 1fffffff000 (errno: 12)
FAIL: c-c++-common/asan/use-after-return-1.c   -O0  output pattern test, is ==2149==ERROR: AddressSanitizer failed to allocate 0x4000001000 (274877911040) bytes at address 1fffffff000 (errno: 12)
FAIL: c-c++-common/asan/use-after-return-1.c   -O1  output pattern test, is ==2165==ERROR: AddressSanitizer failed to allocate 0x4000001000 (274877911040) bytes at address 1fffffff000 (errno: 12)
FAIL: c-c++-common/asan/use-after-return-1.c   -O2  output pattern test, is ==2181==ERROR: AddressSanitizer failed to allocate 0x4000001000 (274877911040) bytes at address 1fffffff000 (errno: 12)
FAIL: c-c++-common/asan/use-after-return-1.c   -O2 -flto -fno-use-linker-plugin -flto-partition=none  output pattern test, is ==2266==ERROR: AddressSanitizer failed to allocate 0x4000001000 (274877911040) bytes at address 1fffffff000 (errno: 12)
FAIL: c-c++-common/asan/use-after-return-1.c   -O2 -flto -fuse-linker-plugin -fno-fat-lto-objects  output pattern test, is ==2294==ERROR: AddressSanitizer failed to allocate 0x4000001000 (274877911040) bytes at address 1fffffff000 (errno: 12)
FAIL: c-c++-common/asan/use-after-return-1.c   -O3 -g  output pattern test, is ==2197==ERROR: AddressSanitizer failed to allocate 0x4000001000 (274877911040) bytes at address 1fffffff000 (errno: 12)
FAIL: c-c++-common/asan/use-after-return-1.c   -Os  output pattern test, is ==2229==ERROR: AddressSanitizer failed to allocate 0x4000001000 (274877911040) bytes at address 1fffffff000 (errno: 12)
FAIL: gcc.dg/asan/nosanitize-and-inline.c   -O0  execution test
FAIL: gcc.dg/asan/nosanitize-and-inline.c   -O1  execution test
FAIL: gcc.dg/asan/nosanitize-and-inline.c   -O2  execution test
FAIL: gcc.dg/asan/nosanitize-and-inline.c   -O2 -flto -fno-use-linker-plugin -flto-partition=none  execution test
FAIL: gcc.dg/asan/nosanitize-and-inline.c   -O2 -flto -fuse-linker-plugin -fno-fat-lto-objects  execution test
FAIL: gcc.dg/asan/nosanitize-and-inline.c   -O3 -fomit-frame-pointer -funroll-loops -fpeel-loops -ftracer -finline-functions  execution test
FAIL: gcc.dg/asan/nosanitize-and-inline.c   -O3 -g  execution test
FAIL: gcc.dg/asan/nosanitize-and-inline.c   -Os  execution test
FAIL: gcc.dg/debug/dwarf2/stacked-qualified-types-3.c scan-assembler-times DIE \\\\([^\\n]*\\\\) DW_TAG_(?:const|volatile|atomic|restrict)_type 8
FAIL: gcc.dg/loop-8.c scan-rtl-dump-times loop2_invariant "Decided" 1
FAIL: gcc.dg/sms-4.c scan-rtl-dump-times sms "SMS succeeded" 1
XPASS: gcc.dg/guality/example.c   -O0  execution test
XPASS: gcc.dg/guality/example.c   -O1  execution test
XPASS: gcc.dg/guality/guality.c   -O0  execution test
XPASS: gcc.dg/guality/guality.c   -O1  execution test
XPASS: gcc.dg/guality/guality.c   -O2  execution test
XPASS: gcc.dg/guality/guality.c   -O2 -flto -fno-use-linker-plugin -flto-partition=none  execution test
XPASS: gcc.dg/guality/guality.c   -O2 -flto -fuse-linker-plugin -fno-fat-lto-objects  execution test
XPASS: gcc.dg/guality/guality.c   -O3 -g  execution test
XPASS: gcc.dg/guality/guality.c   -Os  execution test
XPASS: gcc.dg/guality/inline-params.c   -O2  execution test
XPASS: gcc.dg/guality/inline-params.c   -O2 -flto -fno-use-linker-plugin -flto-partition=none  execution test
XPASS: gcc.dg/guality/inline-params.c   -O3 -g  execution test
XPASS: gcc.dg/guality/inline-params.c   -Os  execution test
FAIL: gcc.dg/guality/param-3.c   -O1  line 20 str.pa == 31415927
FAIL: gcc.dg/guality/param-3.c   -O1  line 20 str.pb == 27182818
FAIL: gcc.dg/guality/pr36728-1.c   -O2  line 16 y == 2
FAIL: gcc.dg/guality/pr36728-1.c   -O2  line 18 y == 2
FAIL: gcc.dg/guality/pr36728-1.c   -O2 -flto -fno-use-linker-plugin -flto-partition=none  line 16 y == 2
FAIL: gcc.dg/guality/pr36728-1.c   -O2 -flto -fno-use-linker-plugin -flto-partition=none  line 18 y == 2
FAIL: gcc.dg/guality/pr36728-1.c   -O2 -flto -fuse-linker-plugin -fno-fat-lto-objects  line 16 y == 2
FAIL: gcc.dg/guality/pr36728-1.c   -O3 -g  line 16 y == 2
FAIL: gcc.dg/guality/pr36728-1.c   -O3 -g  line 18 y == 2
XPASS: gcc.dg/guality/pr41353-1.c   -O0  line 28 j == 28 + 37
FAIL: gcc.dg/guality/pr41353-1.c   -O1  line 28 i == 37
FAIL: gcc.dg/guality/pr41353-1.c   -O1  line 28 i1 == 2 * 37
FAIL: gcc.dg/guality/pr41353-1.c   -O1  line 28 i2 == 3 * 37
XPASS: gcc.dg/guality/pr41353-1.c   -O1  line 28 j == 28 + 37
FAIL: gcc.dg/guality/pr41353-1.c   -O2  line 28 i == 37
FAIL: gcc.dg/guality/pr41353-1.c   -O2  line 28 i1 == 2 * 37
FAIL: gcc.dg/guality/pr41353-1.c   -O2  line 28 i2 == 3 * 37
XPASS: gcc.dg/guality/pr41353-1.c   -O2  line 28 j == 28 + 37
FAIL: gcc.dg/guality/pr41353-1.c   -O2 -flto -fno-use-linker-plugin -flto-partition=none  line 28 i == 37
FAIL: gcc.dg/guality/pr41353-1.c   -O2 -flto -fno-use-linker-plugin -flto-partition=none  line 28 i1 == 2 * 37
FAIL: gcc.dg/guality/pr41353-1.c   -O2 -flto -fno-use-linker-plugin -flto-partition=none  line 28 i2 == 3 * 37
XPASS: gcc.dg/guality/pr41353-1.c   -O2 -flto -fno-use-linker-plugin -flto-partition=none  line 28 j == 28 + 37
FAIL: gcc.dg/guality/pr41353-1.c   -O2 -flto -fuse-linker-plugin -fno-fat-lto-objects  line 28 i == 37
FAIL: gcc.dg/guality/pr41353-1.c   -O2 -flto -fuse-linker-plugin -fno-fat-lto-objects  line 28 i1 == 2 * 37
FAIL: gcc.dg/guality/pr41353-1.c   -O2 -flto -fuse-linker-plugin -fno-fat-lto-objects  line 28 i2 == 3 * 37
XPASS: gcc.dg/guality/pr41353-1.c   -O2 -flto -fuse-linker-plugin -fno-fat-lto-objects  line 28 j == 28 + 37
FAIL: gcc.dg/guality/pr41353-1.c   -O3 -g  line 28 i == 37
FAIL: gcc.dg/guality/pr41353-1.c   -O3 -g  line 28 i1 == 2 * 37
FAIL: gcc.dg/guality/pr41353-1.c   -O3 -g  line 28 i2 == 3 * 37
XPASS: gcc.dg/guality/pr41353-1.c   -O3 -g  line 28 j == 28 + 37
FAIL: gcc.dg/guality/pr41353-1.c   -Os  line 28 i == 37
FAIL: gcc.dg/guality/pr41353-1.c   -Os  line 28 i1 == 2 * 37
FAIL: gcc.dg/guality/pr41353-1.c   -Os  line 28 i2 == 3 * 37
XPASS: gcc.dg/guality/pr41353-1.c   -Os  line 28 j == 28 + 37
FAIL: gcc.dg/guality/pr41404-1.c   -O2 -flto -fuse-linker-plugin -fno-fat-lto-objects  line 10 *foo == 'f'
FAIL: gcc.dg/guality/pr41404-1.c   -O2 -flto -fuse-linker-plugin -fno-fat-lto-objects  line 14 *foo == 'b'
FAIL: gcc.dg/guality/pr41404-1.c   -O2 -flto -fuse-linker-plugin -fno-fat-lto-objects  line 24 *foo == 'f'
FAIL: gcc.dg/guality/pr41616-1.c   -O2 -flto -fuse-linker-plugin -fno-fat-lto-objects  execution test
FAIL: gcc.dg/guality/pr43051-1.c   -O1  line 34 c == &a[0]
FAIL: gcc.dg/guality/pr43051-1.c   -O1  line 40 v == 1
FAIL: gcc.dg/guality/pr43051-1.c   -O2  line 35 v == 1
FAIL: gcc.dg/guality/pr43051-1.c   -O2  line 40 v == 1
FAIL: gcc.dg/guality/pr43051-1.c   -O2 -flto -fno-use-linker-plugin -flto-partition=none  line 35 v == 1
FAIL: gcc.dg/guality/pr43051-1.c   -O2 -flto -fno-use-linker-plugin -flto-partition=none  line 40 v == 1
FAIL: gcc.dg/guality/pr43051-1.c   -O2 -flto -fuse-linker-plugin -fno-fat-lto-objects  line 35 v == 1
FAIL: gcc.dg/guality/pr43051-1.c   -O2 -flto -fuse-linker-plugin -fno-fat-lto-objects  line 40 v == 1
FAIL: gcc.dg/guality/pr43051-1.c   -O3 -fomit-frame-pointer -funroll-loops -fpeel-loops -ftracer -finline-functions  line 34 c == &a[0]
FAIL: gcc.dg/guality/pr43051-1.c   -O3 -fomit-frame-pointer -funroll-loops -fpeel-loops -ftracer -finline-functions  line 35 v == 1
FAIL: gcc.dg/guality/pr43051-1.c   -O3 -fomit-frame-pointer -funroll-loops -fpeel-loops -ftracer -finline-functions  line 40 v == 1
FAIL: gcc.dg/guality/pr43051-1.c   -O3 -g  line 35 v == 1
FAIL: gcc.dg/guality/pr43051-1.c   -O3 -g  line 40 v == 1
FAIL: gcc.dg/guality/pr43051-1.c   -Os  line 40 v == 1
FAIL: gcc.dg/guality/pr45882.c   -O2 -flto -fuse-linker-plugin -fno-fat-lto-objects  line 16 d == 112
FAIL: gcc.dg/guality/pr45882.c   -O2 -flto -fuse-linker-plugin -fno-fat-lto-objects  line 16 e == 142
FAIL: gcc.dg/guality/pr54200.c   -O1  line 20 z == 3
FAIL: gcc.dg/guality/pr54200.c   -O2  line 20 z == 3
FAIL: gcc.dg/guality/pr54200.c   -O2 -flto -fno-use-linker-plugin -flto-partition=none  line 20 z == 3
FAIL: gcc.dg/guality/pr54200.c   -O2 -flto -fuse-linker-plugin -fno-fat-lto-objects  line 20 z == 3
FAIL: gcc.dg/guality/pr54200.c   -O3 -g  line 20 z == 3
FAIL: gcc.dg/guality/pr54200.c   -Os  line 20 z == 3
FAIL: gcc.dg/guality/pr54519-1.c   -O1  line 20 x == 36
FAIL: gcc.dg/guality/pr54519-1.c   -O1  line 20 y == 25
FAIL: gcc.dg/guality/pr54519-1.c   -O1  line 23 x == 98
FAIL: gcc.dg/guality/pr54519-1.c   -O1  line 23 y == 117
FAIL: gcc.dg/guality/pr54519-1.c   -O2  line 20 x == 36
FAIL: gcc.dg/guality/pr54519-1.c   -O2  line 23 x == 98
FAIL: gcc.dg/guality/pr54519-1.c   -O2 -flto -fno-use-linker-plugin -flto-partition=none  line 20 x == 36
FAIL: gcc.dg/guality/pr54519-1.c   -O2 -flto -fno-use-linker-plugin -flto-partition=none  line 20 y == 25
FAIL: gcc.dg/guality/pr54519-1.c   -O2 -flto -fno-use-linker-plugin -flto-partition=none  line 20 z == 6
FAIL: gcc.dg/guality/pr54519-1.c   -O2 -flto -fno-use-linker-plugin -flto-partition=none  line 23 x == 98
FAIL: gcc.dg/guality/pr54519-1.c   -O2 -flto -fno-use-linker-plugin -flto-partition=none  line 23 y == 117
FAIL: gcc.dg/guality/pr54519-1.c   -O2 -flto -fno-use-linker-plugin -flto-partition=none  line 23 z == 8
FAIL: gcc.dg/guality/pr54519-1.c   -Os  line 20 x == 36
FAIL: gcc.dg/guality/pr54519-1.c   -Os  line 23 x == 98
FAIL: gcc.dg/guality/pr54519-2.c   -O1  line 17 x == 6
FAIL: gcc.dg/guality/pr54519-2.c   -O2 -flto -fno-use-linker-plugin -flto-partition=none  line 17 y == 25
FAIL: gcc.dg/guality/pr54519-2.c   -O2 -flto -fuse-linker-plugin -fno-fat-lto-objects  line 17 y == 25
FAIL: gcc.dg/guality/pr54519-3.c   -O1  line 20 x == 36
FAIL: gcc.dg/guality/pr54519-3.c   -O1  line 20 y == 25
FAIL: gcc.dg/guality/pr54519-3.c   -O1  line 20 z == 6
FAIL: gcc.dg/guality/pr54519-3.c   -O1  line 23 x == 98
FAIL: gcc.dg/guality/pr54519-3.c   -O1  line 23 y == 117
FAIL: gcc.dg/guality/pr54519-3.c   -O1  line 23 z == 8
FAIL: gcc.dg/guality/pr54519-3.c   -O2  line 20 z == 6
FAIL: gcc.dg/guality/pr54519-3.c   -O2  line 23 z == 8
FAIL: gcc.dg/guality/pr54519-3.c   -O2 -flto -fno-use-linker-plugin -flto-partition=none  line 20 y == 25
FAIL: gcc.dg/guality/pr54519-3.c   -O2 -flto -fno-use-linker-plugin -flto-partition=none  line 20 z == 6
FAIL: gcc.dg/guality/pr54519-3.c   -O2 -flto -fno-use-linker-plugin -flto-partition=none  line 23 y == 117
FAIL: gcc.dg/guality/pr54519-3.c   -O2 -flto -fno-use-linker-plugin -flto-partition=none  line 23 z == 8
FAIL: gcc.dg/guality/pr54519-3.c   -O2 -flto -fuse-linker-plugin -fno-fat-lto-objects  line 20 y == 25
FAIL: gcc.dg/guality/pr54519-3.c   -O2 -flto -fuse-linker-plugin -fno-fat-lto-objects  line 20 z == 6
FAIL: gcc.dg/guality/pr54519-3.c   -O2 -flto -fuse-linker-plugin -fno-fat-lto-objects  line 23 y == 117
FAIL: gcc.dg/guality/pr54519-3.c   -O2 -flto -fuse-linker-plugin -fno-fat-lto-objects  line 23 z == 8
FAIL: gcc.dg/guality/pr54519-3.c   -O3 -g  line 20 z == 6
FAIL: gcc.dg/guality/pr54519-3.c   -O3 -g  line 23 z == 8
FAIL: gcc.dg/guality/pr54519-3.c   -Os  line 20 z == 6
FAIL: gcc.dg/guality/pr54519-3.c   -Os  line 23 z == 8
FAIL: gcc.dg/guality/pr54519-4.c   -O1  line 17 x == 6
FAIL: gcc.dg/guality/pr54519-4.c   -O1  line 17 y == 25
FAIL: gcc.dg/guality/pr54519-4.c   -O2  line 17 y == 25
FAIL: gcc.dg/guality/pr54519-4.c   -O2 -flto -fno-use-linker-plugin -flto-partition=none  line 17 y == 25
FAIL: gcc.dg/guality/pr54519-4.c   -O2 -flto -fuse-linker-plugin -fno-fat-lto-objects  line 17 y == 25
FAIL: gcc.dg/guality/pr54519-4.c   -O3 -g  line 17 y == 25
FAIL: gcc.dg/guality/pr54519-4.c   -Os  line 17 y == 25
FAIL: gcc.dg/guality/pr54519-5.c   -O1  line 17 x == 6
FAIL: gcc.dg/guality/pr54519-5.c   -O1  line 17 y == 25
FAIL: gcc.dg/guality/pr54519-5.c   -O2  line 17 y == 25
FAIL: gcc.dg/guality/pr54519-5.c   -O2 -flto -fno-use-linker-plugin -flto-partition=none  line 17 y == 25
FAIL: gcc.dg/guality/pr54519-5.c   -O2 -flto -fuse-linker-plugin -fno-fat-lto-objects  line 17 y == 25
FAIL: gcc.dg/guality/pr54519-5.c   -O3 -g  line 17 y == 25
FAIL: gcc.dg/guality/pr54519-5.c   -Os  line 17 y == 25
FAIL: gcc.dg/guality/pr54551.c   -O1  line 18 a == 4
FAIL: gcc.dg/guality/pr54551.c   -O2  line 18 a == 4
FAIL: gcc.dg/guality/pr54551.c   -O2 -flto -fno-use-linker-plugin -flto-partition=none  line 18 a == 4
FAIL: gcc.dg/guality/pr54551.c   -O3 -g  line 18 a == 4
FAIL: gcc.dg/guality/pr54551.c   -Os  line 18 a == 4
FAIL: gcc.dg/guality/pr54693-2.c   -O1  line 21 x == 10 - i
FAIL: gcc.dg/guality/pr54693-2.c   -O2  line 21 x == 10 - i
FAIL: gcc.dg/guality/pr54693-2.c   -O2 -flto -fno-use-linker-plugin -flto-partition=none  line 21 x == 10 - i
FAIL: gcc.dg/guality/pr54693-2.c   -O2 -flto -fuse-linker-plugin -fno-fat-lto-objects  line 21 x == 10 - i
FAIL: gcc.dg/guality/pr54693-2.c   -O3 -fomit-frame-pointer -funroll-loops -fpeel-loops -ftracer -finline-functions  line 21 x == 10 - i
FAIL: gcc.dg/guality/pr54693-2.c   -O3 -g  line 21 x == 10 - i
FAIL: gcc.dg/guality/pr54693-2.c   -Os  line 21 y == 20 - 2 * i
FAIL: gcc.dg/guality/pr54693-2.c   -Os  line 21 z == 30 - 3 * i
FAIL: gcc.dg/guality/pr54693.c   -O1  line 22 i == c - 48
FAIL: gcc.dg/guality/pr54693.c   -O2  line 22 i == c - 48
FAIL: gcc.dg/guality/pr54693.c   -O2 -flto -fno-use-linker-plugin -flto-partition=none  line 22 i == c - 48
FAIL: gcc.dg/guality/pr54693.c   -O2 -flto -fuse-linker-plugin -fno-fat-lto-objects  line 22 i == c - 48
FAIL: gcc.dg/guality/pr54693.c   -O3 -fomit-frame-pointer -funroll-loops -fpeel-loops -ftracer -finline-functions  line 22 i == c - 48
FAIL: gcc.dg/guality/pr54693.c   -O3 -g  line 22 i == c - 48
FAIL: gcc.dg/guality/pr54693.c   -Os  line 22 i == c - 48
FAIL: gcc.dg/guality/pr54970.c   -O1  line 15 *p == 3
FAIL: gcc.dg/guality/pr54970.c   -O1  line 15 *q == 2
FAIL: gcc.dg/guality/pr54970.c   -O1  line 15 a[0] == 1
FAIL: gcc.dg/guality/pr54970.c   -O1  line 15 a[1] == 2
FAIL: gcc.dg/guality/pr54970.c   -O1  line 15 a[2] == 3
FAIL: gcc.dg/guality/pr54970.c   -O1  line 20 *p == 13
FAIL: gcc.dg/guality/pr54970.c   -O1  line 20 *q == 2
FAIL: gcc.dg/guality/pr54970.c   -O1  line 20 a[0] == 1
FAIL: gcc.dg/guality/pr54970.c   -O1  line 20 a[1] == 2
FAIL: gcc.dg/guality/pr54970.c   -O1  line 20 a[2] == 13
FAIL: gcc.dg/guality/pr54970.c   -O1  line 25 *p == 13
FAIL: gcc.dg/guality/pr54970.c   -O1  line 25 *q == 12
FAIL: gcc.dg/guality/pr54970.c   -O1  line 25 a[0] == 1
FAIL: gcc.dg/guality/pr54970.c   -O1  line 25 a[1] == 12
FAIL: gcc.dg/guality/pr54970.c   -O1  line 25 a[2] == 13
FAIL: gcc.dg/guality/pr54970.c   -O1  line 31 *p == 6
FAIL: gcc.dg/guality/pr54970.c   -O1  line 31 *q == 5
FAIL: gcc.dg/guality/pr54970.c   -O1  line 31 a[0] == 4
FAIL: gcc.dg/guality/pr54970.c   -O1  line 31 a[1] == 5
FAIL: gcc.dg/guality/pr54970.c   -O1  line 31 a[2] == 6
FAIL: gcc.dg/guality/pr54970.c   -O1  line 36 *p == 26
FAIL: gcc.dg/guality/pr54970.c   -O1  line 36 *q == 5
FAIL: gcc.dg/guality/pr54970.c   -O1  line 36 a[0] == 4
FAIL: gcc.dg/guality/pr54970.c   -O1  line 36 a[1] == 5
FAIL: gcc.dg/guality/pr54970.c   -O1  line 36 a[2] == 26
FAIL: gcc.dg/guality/pr54970.c   -O1  line 45 *p == 26
FAIL: gcc.dg/guality/pr54970.c   -O1  line 45 *q == 25
FAIL: gcc.dg/guality/pr54970.c   -O1  line 45 a[0] == 4
FAIL: gcc.dg/guality/pr54970.c   -O1  line 45 a[1] == 25
FAIL: gcc.dg/guality/pr54970.c   -O1  line 45 a[2] == 26
FAIL: gcc.dg/guality/pr54970.c   -O1  line 45 p[-1] == 25
FAIL: gcc.dg/guality/pr54970.c   -O1  line 45 p[-2] == 4
FAIL: gcc.dg/guality/pr54970.c   -O1  line 45 q[-1] == 4
FAIL: gcc.dg/guality/pr54970.c   -O1  line 45 q[1] == 26
FAIL: gcc.dg/guality/pr54970.c   -O2  line 15 *p == 3
FAIL: gcc.dg/guality/pr54970.c   -O2  line 15 *q == 2
FAIL: gcc.dg/guality/pr54970.c   -O2  line 15 a[0] == 1
FAIL: gcc.dg/guality/pr54970.c   -O2  line 15 a[1] == 2
FAIL: gcc.dg/guality/pr54970.c   -O2  line 15 a[2] == 3
FAIL: gcc.dg/guality/pr54970.c   -O2  line 20 *p == 13
FAIL: gcc.dg/guality/pr54970.c   -O2  line 20 *q == 2
FAIL: gcc.dg/guality/pr54970.c   -O2  line 20 a[0] == 1
FAIL: gcc.dg/guality/pr54970.c   -O2  line 20 a[1] == 2
FAIL: gcc.dg/guality/pr54970.c   -O2  line 20 a[2] == 13
FAIL: gcc.dg/guality/pr54970.c   -O2  line 25 *p == 13
FAIL: gcc.dg/guality/pr54970.c   -O2  line 25 *q == 12
FAIL: gcc.dg/guality/pr54970.c   -O2  line 25 a[0] == 1
FAIL: gcc.dg/guality/pr54970.c   -O2  line 25 a[1] == 12
FAIL: gcc.dg/guality/pr54970.c   -O2  line 25 a[2] == 13
FAIL: gcc.dg/guality/pr54970.c   -O2  line 31 *p == 6
FAIL: gcc.dg/guality/pr54970.c   -O2  line 31 *q == 5
FAIL: gcc.dg/guality/pr54970.c   -O2  line 31 a[0] == 4
FAIL: gcc.dg/guality/pr54970.c   -O2  line 31 a[1] == 5
FAIL: gcc.dg/guality/pr54970.c   -O2  line 31 a[2] == 6
FAIL: gcc.dg/guality/pr54970.c   -O2  line 36 *p == 26
FAIL: gcc.dg/guality/pr54970.c   -O2  line 36 *q == 5
FAIL: gcc.dg/guality/pr54970.c   -O2  line 36 a[0] == 4
FAIL: gcc.dg/guality/pr54970.c   -O2  line 36 a[1] == 5
FAIL: gcc.dg/guality/pr54970.c   -O2  line 36 a[2] == 26
FAIL: gcc.dg/guality/pr54970.c   -O2  line 45 *p == 26
FAIL: gcc.dg/guality/pr54970.c   -O2  line 45 *q == 25
FAIL: gcc.dg/guality/pr54970.c   -O2  line 45 a[0] == 4
FAIL: gcc.dg/guality/pr54970.c   -O2  line 45 a[1] == 25
FAIL: gcc.dg/guality/pr54970.c   -O2  line 45 a[2] == 26
FAIL: gcc.dg/guality/pr54970.c   -O2  line 45 p[-1] == 25
FAIL: gcc.dg/guality/pr54970.c   -O2  line 45 p[-2] == 4
FAIL: gcc.dg/guality/pr54970.c   -O2  line 45 q[-1] == 4
FAIL: gcc.dg/guality/pr54970.c   -O2  line 45 q[1] == 26
FAIL: gcc.dg/guality/pr54970.c   -O2 -flto -fno-use-linker-plugin -flto-partition=none  line 15 *p == 3
FAIL: gcc.dg/guality/pr54970.c   -O2 -flto -fno-use-linker-plugin -flto-partition=none  line 15 *q == 2
FAIL: gcc.dg/guality/pr54970.c   -O2 -flto -fno-use-linker-plugin -flto-partition=none  line 15 a[0] == 1
FAIL: gcc.dg/guality/pr54970.c   -O2 -flto -fno-use-linker-plugin -flto-partition=none  line 15 a[1] == 2
FAIL: gcc.dg/guality/pr54970.c   -O2 -flto -fno-use-linker-plugin -flto-partition=none  line 15 a[2] == 3
FAIL: gcc.dg/guality/pr54970.c   -O2 -flto -fno-use-linker-plugin -flto-partition=none  line 20 *p == 13
FAIL: gcc.dg/guality/pr54970.c   -O2 -flto -fno-use-linker-plugin -flto-partition=none  line 20 *q == 2
FAIL: gcc.dg/guality/pr54970.c   -O2 -flto -fno-use-linker-plugin -flto-partition=none  line 20 a[0] == 1
FAIL: gcc.dg/guality/pr54970.c   -O2 -flto -fno-use-linker-plugin -flto-partition=none  line 20 a[1] == 2
FAIL: gcc.dg/guality/pr54970.c   -O2 -flto -fno-use-linker-plugin -flto-partition=none  line 20 a[2] == 13
FAIL: gcc.dg/guality/pr54970.c   -O2 -flto -fno-use-linker-plugin -flto-partition=none  line 25 *p == 13
FAIL: gcc.dg/guality/pr54970.c   -O2 -flto -fno-use-linker-plugin -flto-partition=none  line 25 *q == 12
FAIL: gcc.dg/guality/pr54970.c   -O2 -flto -fno-use-linker-plugin -flto-partition=none  line 25 a[0] == 1
FAIL: gcc.dg/guality/pr54970.c   -O2 -flto -fno-use-linker-plugin -flto-partition=none  line 25 a[1] == 12
FAIL: gcc.dg/guality/pr54970.c   -O2 -flto -fno-use-linker-plugin -flto-partition=none  line 25 a[2] == 13
FAIL: gcc.dg/guality/pr54970.c   -O2 -flto -fno-use-linker-plugin -flto-partition=none  line 31 *p == 6
FAIL: gcc.dg/guality/pr54970.c   -O2 -flto -fno-use-linker-plugin -flto-partition=none  line 31 *q == 5
FAIL: gcc.dg/guality/pr54970.c   -O2 -flto -fno-use-linker-plugin -flto-partition=none  line 31 a[0] == 4
FAIL: gcc.dg/guality/pr54970.c   -O2 -flto -fno-use-linker-plugin -flto-partition=none  line 31 a[1] == 5
FAIL: gcc.dg/guality/pr54970.c   -O2 -flto -fno-use-linker-plugin -flto-partition=none  line 31 a[2] == 6
FAIL: gcc.dg/guality/pr54970.c   -O2 -flto -fno-use-linker-plugin -flto-partition=none  line 36 *p == 26
FAIL: gcc.dg/guality/pr54970.c   -O2 -flto -fno-use-linker-plugin -flto-partition=none  line 36 *q == 5
FAIL: gcc.dg/guality/pr54970.c   -O2 -flto -fno-use-linker-plugin -flto-partition=none  line 36 a[0] == 4
FAIL: gcc.dg/guality/pr54970.c   -O2 -flto -fno-use-linker-plugin -flto-partition=none  line 36 a[1] == 5
FAIL: gcc.dg/guality/pr54970.c   -O2 -flto -fno-use-linker-plugin -flto-partition=none  line 36 a[2] == 26
FAIL: gcc.dg/guality/pr54970.c   -O2 -flto -fno-use-linker-plugin -flto-partition=none  line 45 *p == 26
FAIL: gcc.dg/guality/pr54970.c   -O2 -flto -fno-use-linker-plugin -flto-partition=none  line 45 *q == 25
FAIL: gcc.dg/guality/pr54970.c   -O2 -flto -fno-use-linker-plugin -flto-partition=none  line 45 a[0] == 4
FAIL: gcc.dg/guality/pr54970.c   -O2 -flto -fno-use-linker-plugin -flto-partition=none  line 45 a[1] == 25
FAIL: gcc.dg/guality/pr54970.c   -O2 -flto -fno-use-linker-plugin -flto-partition=none  line 45 a[2] == 26
FAIL: gcc.dg/guality/pr54970.c   -O2 -flto -fno-use-linker-plugin -flto-partition=none  line 45 p[-1] == 25
FAIL: gcc.dg/guality/pr54970.c   -O2 -flto -fno-use-linker-plugin -flto-partition=none  line 45 p[-2] == 4
FAIL: gcc.dg/guality/pr54970.c   -O2 -flto -fno-use-linker-plugin -flto-partition=none  line 45 q[-1] == 4
FAIL: gcc.dg/guality/pr54970.c   -O2 -flto -fno-use-linker-plugin -flto-partition=none  line 45 q[1] == 26
FAIL: gcc.dg/guality/pr54970.c   -O2 -flto -fuse-linker-plugin -fno-fat-lto-objects  line 15 *p == 3
FAIL: gcc.dg/guality/pr54970.c   -O2 -flto -fuse-linker-plugin -fno-fat-lto-objects  line 15 *q == 2
FAIL: gcc.dg/guality/pr54970.c   -O2 -flto -fuse-linker-plugin -fno-fat-lto-objects  line 15 a[0] == 1
FAIL: gcc.dg/guality/pr54970.c   -O2 -flto -fuse-linker-plugin -fno-fat-lto-objects  line 15 a[1] == 2
FAIL: gcc.dg/guality/pr54970.c   -O2 -flto -fuse-linker-plugin -fno-fat-lto-objects  line 15 a[2] == 3
FAIL: gcc.dg/guality/pr54970.c   -O2 -flto -fuse-linker-plugin -fno-fat-lto-objects  line 20 *p == 13
FAIL: gcc.dg/guality/pr54970.c   -O2 -flto -fuse-linker-plugin -fno-fat-lto-objects  line 20 *q == 2
FAIL: gcc.dg/guality/pr54970.c   -O2 -flto -fuse-linker-plugin -fno-fat-lto-objects  line 20 a[0] == 1
FAIL: gcc.dg/guality/pr54970.c   -O2 -flto -fuse-linker-plugin -fno-fat-lto-objects  line 20 a[1] == 2
FAIL: gcc.dg/guality/pr54970.c   -O2 -flto -fuse-linker-plugin -fno-fat-lto-objects  line 20 a[2] == 13
FAIL: gcc.dg/guality/pr54970.c   -O2 -flto -fuse-linker-plugin -fno-fat-lto-objects  line 25 *p == 13
FAIL: gcc.dg/guality/pr54970.c   -O2 -flto -fuse-linker-plugin -fno-fat-lto-objects  line 25 *q == 12
FAIL: gcc.dg/guality/pr54970.c   -O2 -flto -fuse-linker-plugin -fno-fat-lto-objects  line 25 a[0] == 1
FAIL: gcc.dg/guality/pr54970.c   -O2 -flto -fuse-linker-plugin -fno-fat-lto-objects  line 25 a[1] == 12
FAIL: gcc.dg/guality/pr54970.c   -O2 -flto -fuse-linker-plugin -fno-fat-lto-objects  line 25 a[2] == 13
FAIL: gcc.dg/guality/pr54970.c   -O2 -flto -fuse-linker-plugin -fno-fat-lto-objects  line 31 *p == 6
FAIL: gcc.dg/guality/pr54970.c   -O2 -flto -fuse-linker-plugin -fno-fat-lto-objects  line 31 *q == 5
FAIL: gcc.dg/guality/pr54970.c   -O2 -flto -fuse-linker-plugin -fno-fat-lto-objects  line 31 a[0] == 4
FAIL: gcc.dg/guality/pr54970.c   -O2 -flto -fuse-linker-plugin -fno-fat-lto-objects  line 31 a[1] == 5
FAIL: gcc.dg/guality/pr54970.c   -O2 -flto -fuse-linker-plugin -fno-fat-lto-objects  line 31 a[2] == 6
FAIL: gcc.dg/guality/pr54970.c   -O2 -flto -fuse-linker-plugin -fno-fat-lto-objects  line 36 *p == 26
FAIL: gcc.dg/guality/pr54970.c   -O2 -flto -fuse-linker-plugin -fno-fat-lto-objects  line 36 *q == 5
FAIL: gcc.dg/guality/pr54970.c   -O2 -flto -fuse-linker-plugin -fno-fat-lto-objects  line 36 a[0] == 4
FAIL: gcc.dg/guality/pr54970.c   -O2 -flto -fuse-linker-plugin -fno-fat-lto-objects  line 36 a[1] == 5
FAIL: gcc.dg/guality/pr54970.c   -O2 -flto -fuse-linker-plugin -fno-fat-lto-objects  line 36 a[2] == 26
FAIL: gcc.dg/guality/pr54970.c   -O2 -flto -fuse-linker-plugin -fno-fat-lto-objects  line 45 *p == 26
FAIL: gcc.dg/guality/pr54970.c   -O2 -flto -fuse-linker-plugin -fno-fat-lto-objects  line 45 *q == 25
FAIL: gcc.dg/guality/pr54970.c   -O2 -flto -fuse-linker-plugin -fno-fat-lto-objects  line 45 a[0] == 4
FAIL: gcc.dg/guality/pr54970.c   -O2 -flto -fuse-linker-plugin -fno-fat-lto-objects  line 45 a[1] == 25
FAIL: gcc.dg/guality/pr54970.c   -O2 -flto -fuse-linker-plugin -fno-fat-lto-objects  line 45 a[2] == 26
FAIL: gcc.dg/guality/pr54970.c   -O2 -flto -fuse-linker-plugin -fno-fat-lto-objects  line 45 p[-1] == 25
FAIL: gcc.dg/guality/pr54970.c   -O2 -flto -fuse-linker-plugin -fno-fat-lto-objects  line 45 p[-2] == 4
FAIL: gcc.dg/guality/pr54970.c   -O2 -flto -fuse-linker-plugin -fno-fat-lto-objects  line 45 q[-1] == 4
FAIL: gcc.dg/guality/pr54970.c   -O2 -flto -fuse-linker-plugin -fno-fat-lto-objects  line 45 q[1] == 26
FAIL: gcc.dg/guality/pr54970.c   -O3 -g  line 15 *p == 3
FAIL: gcc.dg/guality/pr54970.c   -O3 -g  line 15 *q == 2
FAIL: gcc.dg/guality/pr54970.c   -O3 -g  line 15 a[0] == 1
FAIL: gcc.dg/guality/pr54970.c   -O3 -g  line 15 a[1] == 2
FAIL: gcc.dg/guality/pr54970.c   -O3 -g  line 15 a[2] == 3
FAIL: gcc.dg/guality/pr54970.c   -O3 -g  line 20 *p == 13
FAIL: gcc.dg/guality/pr54970.c   -O3 -g  line 20 *q == 2
FAIL: gcc.dg/guality/pr54970.c   -O3 -g  line 20 a[0] == 1
FAIL: gcc.dg/guality/pr54970.c   -O3 -g  line 20 a[1] == 2
FAIL: gcc.dg/guality/pr54970.c   -O3 -g  line 20 a[2] == 13
FAIL: gcc.dg/guality/pr54970.c   -O3 -g  line 25 *p == 13
FAIL: gcc.dg/guality/pr54970.c   -O3 -g  line 25 *q == 12
FAIL: gcc.dg/guality/pr54970.c   -O3 -g  line 25 a[0] == 1
FAIL: gcc.dg/guality/pr54970.c   -O3 -g  line 25 a[1] == 12
FAIL: gcc.dg/guality/pr54970.c   -O3 -g  line 25 a[2] == 13
FAIL: gcc.dg/guality/pr54970.c   -O3 -g  line 31 *p == 6
FAIL: gcc.dg/guality/pr54970.c   -O3 -g  line 31 *q == 5
FAIL: gcc.dg/guality/pr54970.c   -O3 -g  line 31 a[0] == 4
FAIL: gcc.dg/guality/pr54970.c   -O3 -g  line 31 a[1] == 5
FAIL: gcc.dg/guality/pr54970.c   -O3 -g  line 31 a[2] == 6
FAIL: gcc.dg/guality/pr54970.c   -O3 -g  line 36 *p == 26
FAIL: gcc.dg/guality/pr54970.c   -O3 -g  line 36 *q == 5
FAIL: gcc.dg/guality/pr54970.c   -O3 -g  line 36 a[0] == 4
FAIL: gcc.dg/guality/pr54970.c   -O3 -g  line 36 a[1] == 5
FAIL: gcc.dg/guality/pr54970.c   -O3 -g  line 36 a[2] == 26
FAIL: gcc.dg/guality/pr54970.c   -O3 -g  line 45 *p == 26
FAIL: gcc.dg/guality/pr54970.c   -O3 -g  line 45 *q == 25
FAIL: gcc.dg/guality/pr54970.c   -O3 -g  line 45 a[0] == 4
FAIL: gcc.dg/guality/pr54970.c   -O3 -g  line 45 a[1] == 25
FAIL: gcc.dg/guality/pr54970.c   -O3 -g  line 45 a[2] == 26
FAIL: gcc.dg/guality/pr54970.c   -O3 -g  line 45 p[-1] == 25
FAIL: gcc.dg/guality/pr54970.c   -O3 -g  line 45 p[-2] == 4
FAIL: gcc.dg/guality/pr54970.c   -O3 -g  line 45 q[-1] == 4
FAIL: gcc.dg/guality/pr54970.c   -O3 -g  line 45 q[1] == 26
FAIL: gcc.dg/guality/pr54970.c   -Os  line 15 *p == 3
FAIL: gcc.dg/guality/pr54970.c   -Os  line 15 *q == 2
FAIL: gcc.dg/guality/pr54970.c   -Os  line 15 a[0] == 1
FAIL: gcc.dg/guality/pr54970.c   -Os  line 15 a[1] == 2
FAIL: gcc.dg/guality/pr54970.c   -Os  line 15 a[2] == 3
FAIL: gcc.dg/guality/pr54970.c   -Os  line 20 *p == 13
FAIL: gcc.dg/guality/pr54970.c   -Os  line 20 *q == 2
FAIL: gcc.dg/guality/pr54970.c   -Os  line 20 a[0] == 1
FAIL: gcc.dg/guality/pr54970.c   -Os  line 20 a[1] == 2
FAIL: gcc.dg/guality/pr54970.c   -Os  line 20 a[2] == 13
FAIL: gcc.dg/guality/pr54970.c   -Os  line 25 *p == 13
FAIL: gcc.dg/guality/pr54970.c   -Os  line 25 *q == 12
FAIL: gcc.dg/guality/pr54970.c   -Os  line 25 a[0] == 1
FAIL: gcc.dg/guality/pr54970.c   -Os  line 25 a[1] == 12
FAIL: gcc.dg/guality/pr54970.c   -Os  line 25 a[2] == 13
FAIL: gcc.dg/guality/pr54970.c   -Os  line 31 *p == 6
FAIL: gcc.dg/guality/pr54970.c   -Os  line 31 *q == 5
FAIL: gcc.dg/guality/pr54970.c   -Os  line 31 a[0] == 4
FAIL: gcc.dg/guality/pr54970.c   -Os  line 31 a[1] == 5
FAIL: gcc.dg/guality/pr54970.c   -Os  line 31 a[2] == 6
FAIL: gcc.dg/guality/pr54970.c   -Os  line 36 *p == 26
FAIL: gcc.dg/guality/pr54970.c   -Os  line 36 *q == 5
FAIL: gcc.dg/guality/pr54970.c   -Os  line 36 a[0] == 4
FAIL: gcc.dg/guality/pr54970.c   -Os  line 36 a[1] == 5
FAIL: gcc.dg/guality/pr54970.c   -Os  line 36 a[2] == 26
FAIL: gcc.dg/guality/pr54970.c   -Os  line 45 *p == 26
FAIL: gcc.dg/guality/pr54970.c   -Os  line 45 *q == 25
FAIL: gcc.dg/guality/pr54970.c   -Os  line 45 a[0] == 4
FAIL: gcc.dg/guality/pr54970.c   -Os  line 45 a[1] == 25
FAIL: gcc.dg/guality/pr54970.c   -Os  line 45 a[2] == 26
FAIL: gcc.dg/guality/pr54970.c   -Os  line 45 p[-1] == 25
FAIL: gcc.dg/guality/pr54970.c   -Os  line 45 p[-2] == 4
FAIL: gcc.dg/guality/pr54970.c   -Os  line 45 q[-1] == 4
FAIL: gcc.dg/guality/pr54970.c   -Os  line 45 q[1] == 26
FAIL: gcc.dg/guality/pr56154-1.c   -O1  line pr56154-1.c:20 x.a == 6
FAIL: gcc.dg/guality/pr56154-1.c   -O2  line pr56154-1.c:20 x.a == 6
FAIL: gcc.dg/guality/pr56154-1.c   -O2 -flto -fno-use-linker-plugin -flto-partition=none  line pr56154-1.c:20 x.a == 6
FAIL: gcc.dg/guality/pr56154-1.c   -O2 -flto -fuse-linker-plugin -fno-fat-lto-objects  line pr56154-1.c:20 x.a == 6
FAIL: gcc.dg/guality/pr56154-1.c   -O3 -g  line pr56154-1.c:20 x.a == 6
FAIL: gcc.dg/guality/pr56154-1.c   -Os  line pr56154-1.c:20 x.a == 6
FAIL: gcc.dg/guality/sra-1.c   -O1  line 43 a.j == 14
FAIL: gcc.dg/guality/sra-1.c   -O2  line 43 a.j == 14
FAIL: gcc.dg/guality/sra-1.c   -O2 -flto -fno-use-linker-plugin -flto-partition=none  line 43 a.j == 14
FAIL: gcc.dg/guality/sra-1.c   -O2 -flto -fuse-linker-plugin -fno-fat-lto-objects  line 43 a.j == 14
FAIL: gcc.dg/guality/sra-1.c   -O3 -g  line 43 a.j == 14
FAIL: gcc.dg/guality/sra-1.c   -Os  line 43 a.j == 14
FAIL: gcc.dg/guality/vla-1.c   -O1  line 17 sizeof (a) == 6
FAIL: gcc.dg/guality/vla-1.c   -O2  line 17 sizeof (a) == 6
FAIL: gcc.dg/guality/vla-1.c   -O2 -flto -fno-use-linker-plugin -flto-partition=none  line 17 sizeof (a) == 6
FAIL: gcc.dg/guality/vla-1.c   -O2 -flto -fuse-linker-plugin -fno-fat-lto-objects  line 17 sizeof (a) == 6
FAIL: gcc.dg/guality/vla-1.c   -O3 -g  line 17 sizeof (a) == 6
FAIL: gcc.dg/guality/vla-1.c   -Os  line 17 sizeof (a) == 6
FAIL: gcc.dg/ipa/iinline-attr.c scan-ipa-dump inline "hooray[^\\\\n]*inline copy in test"
FAIL: gcc.dg/tree-ssa/ivopts-lt-2.c scan-tree-dump-times ivopts "PHI <p_" 1
FAIL: gcc.dg/tree-ssa/ivopts-lt-2.c scan-tree-dump-times ivopts "PHI" 1
FAIL: gcc.dg/tree-ssa/ivopts-lt-2.c scan-tree-dump-times ivopts "p_[0-9]* <" 1
FAIL: c-c++-common/ubsan/float-cast-overflow-8.c   -O2  output pattern test, is ../../../../libsanitizer/ubsan/ubsan_handlers.cc:300: runtime error: value 0 is outside the range of representable values of type 'signed char'
FAIL: c-c++-common/ubsan/float-cast-overflow-8.c   -O2 -flto -fno-use-linker-plugin -flto-partition=none  output pattern test, is ../../../../libsanitizer/ubsan/ubsan_handlers.cc:300: runtime error: value 0 is outside the range of representable values of type 'signed char'
FAIL: c-c++-common/ubsan/float-cast-overflow-8.c   -O2 -flto -fuse-linker-plugin -fno-fat-lto-objects  output pattern test, is ../../../../libsanitizer/ubsan/ubsan_handlers.cc:300: runtime error: value 0 is outside the range of representable values of type 'signed char'
FAIL: gcc.dg/vect/costmodel/ppc/costmodel-vect-31a.c scan-tree-dump-times vect "vectorization not profitable" 1
FAIL: gcc.dg/vect/costmodel/ppc/costmodel-vect-33.c scan-tree-dump-times vect "vectorization not profitable" 1
FAIL: gcc.dg/vect/no-vfa-vect-depend-2.c scan-tree-dump-times vect "vectorized 1 loops" 1
FAIL: gcc.dg/vect/no-vfa-vect-depend-3.c scan-tree-dump-times vect "vectorized 1 loops" 4
FAIL: gcc.dg/vect/slp-multitypes-4.c -flto -ffat-lto-objects  scan-tree-dump-times vect "vectorized 1 loops" 1
FAIL: gcc.dg/vect/slp-multitypes-4.c -flto -ffat-lto-objects  scan-tree-dump-times vect "vectorizing stmts using SLP" 1
FAIL: gcc.dg/vect/slp-multitypes-4.c scan-tree-dump-times vect "vectorized 1 loops" 1
FAIL: gcc.dg/vect/slp-multitypes-4.c scan-tree-dump-times vect "vectorizing stmts using SLP" 1
FAIL: gcc.dg/vect/slp-multitypes-5.c -flto -ffat-lto-objects  scan-tree-dump-times vect "vectorized 1 loops" 1
FAIL: gcc.dg/vect/slp-multitypes-5.c -flto -ffat-lto-objects  scan-tree-dump-times vect "vectorizing stmts using SLP" 1
FAIL: gcc.dg/vect/slp-multitypes-5.c scan-tree-dump-times vect "vectorized 1 loops" 1
FAIL: gcc.dg/vect/slp-multitypes-5.c scan-tree-dump-times vect "vectorizing stmts using SLP" 1
FAIL: gcc.dg/vect/slp-perm-8.c -flto -ffat-lto-objects  scan-tree-dump-times vect "vectorized 1 loops" 1
FAIL: gcc.dg/vect/slp-perm-8.c scan-tree-dump-times vect "vectorized 1 loops" 1
FAIL: gcc.dg/vect/vect-125.c -flto -ffat-lto-objects  scan-tree-dump vect "vectorized 1 loops"
FAIL: gcc.dg/vect/vect-125.c scan-tree-dump vect "vectorized 1 loops"
FAIL: gcc.dg/vect/vect-31.c -flto -ffat-lto-objects  scan-tree-dump-times vect "vectorized 4 loops" 1
FAIL: gcc.dg/vect/vect-31.c scan-tree-dump-times vect "vectorized 4 loops" 1
FAIL: gcc.dg/vmx/extract-vsx-be-order.c   -O0  execution test
FAIL: gcc.dg/vmx/extract-vsx.c   -O0  execution test
FAIL: gcc.dg/vmx/insert-vsx-be-order.c   -O0  execution test
FAIL: gcc.dg/vmx/insert-vsx-be-order.c   -O1  execution test
FAIL: gcc.dg/vmx/insert-vsx-be-order.c   -O2  execution test
FAIL: gcc.dg/vmx/insert-vsx-be-order.c   -O2 -flto -fno-use-linker-plugin -flto-partition=none  execution test
FAIL: gcc.dg/vmx/insert-vsx-be-order.c   -O2 -flto -fuse-linker-plugin -fno-fat-lto-objects  execution test
FAIL: gcc.dg/vmx/insert-vsx-be-order.c   -O3 -g  execution test
FAIL: gcc.dg/vmx/insert-vsx-be-order.c   -Os  execution test
FAIL: gcc.dg/vmx/insert-vsx.c   -O0  execution test
FAIL: gcc.dg/vmx/insert-vsx.c   -O1  execution test
FAIL: gcc.dg/vmx/insert-vsx.c   -O2  execution test
FAIL: gcc.dg/vmx/insert-vsx.c   -O2 -flto -fno-use-linker-plugin -flto-partition=none  execution test
FAIL: gcc.dg/vmx/insert-vsx.c   -O2 -flto -fuse-linker-plugin -fno-fat-lto-objects  execution test
FAIL: gcc.dg/vmx/insert-vsx.c   -O3 -g  execution test
FAIL: gcc.dg/vmx/insert-vsx.c   -Os  execution test
FAIL: gcc.dg/vmx/ld-vsx-be-order.c   -O0  execution test
FAIL: gcc.dg/vmx/ld-vsx-be-order.c   -O1  execution test
FAIL: gcc.dg/vmx/ld-vsx-be-order.c   -O2  execution test
FAIL: gcc.dg/vmx/ld-vsx-be-order.c   -O2 -flto -fno-use-linker-plugin -flto-partition=none  execution test
FAIL: gcc.dg/vmx/ld-vsx-be-order.c   -O2 -flto -fuse-linker-plugin -fno-fat-lto-objects  execution test
FAIL: gcc.dg/vmx/ld-vsx-be-order.c   -O3 -fomit-frame-pointer -funroll-loops -fpeel-loops -ftracer -finline-functions  execution test
FAIL: gcc.dg/vmx/ld-vsx-be-order.c   -O3 -g  execution test
FAIL: gcc.dg/vmx/ld-vsx-be-order.c   -Os  execution test
FAIL: gcc.dg/vmx/ld-vsx.c   -O0  execution test
FAIL: gcc.dg/vmx/ld-vsx.c   -O1  execution test
FAIL: gcc.dg/vmx/ld-vsx.c   -O2  execution test
FAIL: gcc.dg/vmx/ld-vsx.c   -O2 -flto -fno-use-linker-plugin -flto-partition=none  execution test
FAIL: gcc.dg/vmx/ld-vsx.c   -O2 -flto -fuse-linker-plugin -fno-fat-lto-objects  execution test
FAIL: gcc.dg/vmx/ld-vsx.c   -O3 -fomit-frame-pointer -funroll-loops -fpeel-loops -ftracer -finline-functions  execution test
FAIL: gcc.dg/vmx/ld-vsx.c   -O3 -g  execution test
FAIL: gcc.dg/vmx/ld-vsx.c   -Os  execution test
FAIL: gcc.dg/vmx/ldl-vsx-be-order.c   -O0  execution test
FAIL: gcc.dg/vmx/ldl-vsx-be-order.c   -O1  execution test
FAIL: gcc.dg/vmx/ldl-vsx-be-order.c   -O2  execution test
FAIL: gcc.dg/vmx/ldl-vsx-be-order.c   -O2 -flto -fno-use-linker-plugin -flto-partition=none  execution test
FAIL: gcc.dg/vmx/ldl-vsx-be-order.c   -O2 -flto -fuse-linker-plugin -fno-fat-lto-objects  execution test
FAIL: gcc.dg/vmx/ldl-vsx-be-order.c   -O3 -fomit-frame-pointer -funroll-loops -fpeel-loops -ftracer -finline-functions  execution test
FAIL: gcc.dg/vmx/ldl-vsx-be-order.c   -O3 -g  execution test
FAIL: gcc.dg/vmx/ldl-vsx-be-order.c   -Os  execution test
FAIL: gcc.dg/vmx/ldl-vsx.c   -O0  execution test
FAIL: gcc.dg/vmx/ldl-vsx.c   -O1  execution test
FAIL: gcc.dg/vmx/ldl-vsx.c   -O2  execution test
FAIL: gcc.dg/vmx/ldl-vsx.c   -O2 -flto -fno-use-linker-plugin -flto-partition=none  execution test
FAIL: gcc.dg/vmx/ldl-vsx.c   -O2 -flto -fuse-linker-plugin -fno-fat-lto-objects  execution test
FAIL: gcc.dg/vmx/ldl-vsx.c   -O3 -fomit-frame-pointer -funroll-loops -fpeel-loops -ftracer -finline-functions  execution test
FAIL: gcc.dg/vmx/ldl-vsx.c   -O3 -g  execution test
FAIL: gcc.dg/vmx/ldl-vsx.c   -Os  execution test
FAIL: gcc.dg/vmx/merge-vsx-be-order.c   -O0  execution test
FAIL: gcc.dg/vmx/merge-vsx-be-order.c   -O1  execution test
FAIL: gcc.dg/vmx/merge-vsx-be-order.c   -O2  execution test
FAIL: gcc.dg/vmx/merge-vsx-be-order.c   -O2 -flto -fno-use-linker-plugin -flto-partition=none  execution test
FAIL: gcc.dg/vmx/merge-vsx-be-order.c   -O2 -flto -fuse-linker-plugin -fno-fat-lto-objects  execution test
FAIL: gcc.dg/vmx/merge-vsx-be-order.c   -O3 -g  execution test
FAIL: gcc.dg/vmx/merge-vsx-be-order.c   -Os  execution test
FAIL: gcc.dg/vmx/merge-vsx.c   -O0  execution test
FAIL: gcc.dg/vmx/merge-vsx.c   -O1  execution test
FAIL: gcc.dg/vmx/merge-vsx.c   -O2  execution test
FAIL: gcc.dg/vmx/merge-vsx.c   -O2 -flto -fno-use-linker-plugin -flto-partition=none  execution test
FAIL: gcc.dg/vmx/merge-vsx.c   -O2 -flto -fuse-linker-plugin -fno-fat-lto-objects  execution test
FAIL: gcc.dg/vmx/merge-vsx.c   -O3 -g  execution test
FAIL: gcc.dg/vmx/merge-vsx.c   -Os  execution test
FAIL: gcc.dg/vmx/splat-vsx-be-order.c   -O0  execution test
FAIL: gcc.dg/vmx/splat-vsx-be-order.c   -O1  execution test
FAIL: gcc.dg/vmx/splat-vsx-be-order.c   -O2  execution test
FAIL: gcc.dg/vmx/splat-vsx-be-order.c   -O2 -flto -fno-use-linker-plugin -flto-partition=none  execution test
FAIL: gcc.dg/vmx/splat-vsx-be-order.c   -O2 -flto -fuse-linker-plugin -fno-fat-lto-objects  execution test
FAIL: gcc.dg/vmx/splat-vsx-be-order.c   -O3 -g  execution test
FAIL: gcc.dg/vmx/splat-vsx-be-order.c   -Os  execution test
FAIL: gcc.dg/vmx/splat-vsx.c   -O0  execution test
FAIL: gcc.dg/vmx/splat-vsx.c   -O1  execution test
FAIL: gcc.dg/vmx/splat-vsx.c   -O2  execution test
FAIL: gcc.dg/vmx/splat-vsx.c   -O2 -flto -fno-use-linker-plugin -flto-partition=none  execution test
FAIL: gcc.dg/vmx/splat-vsx.c   -O2 -flto -fuse-linker-plugin -fno-fat-lto-objects  execution test
FAIL: gcc.dg/vmx/splat-vsx.c   -O3 -g  execution test
FAIL: gcc.dg/vmx/splat-vsx.c   -Os  execution test
FAIL: gcc.dg/vmx/st-vsx-be-order.c   -O0  execution test
FAIL: gcc.dg/vmx/st-vsx-be-order.c   -O1  execution test
FAIL: gcc.dg/vmx/st-vsx-be-order.c   -O2  execution test
FAIL: gcc.dg/vmx/st-vsx-be-order.c   -O2 -flto -fno-use-linker-plugin -flto-partition=none  execution test
FAIL: gcc.dg/vmx/st-vsx-be-order.c   -O2 -flto -fuse-linker-plugin -fno-fat-lto-objects  execution test
FAIL: gcc.dg/vmx/st-vsx-be-order.c   -O3 -fomit-frame-pointer -funroll-loops -fpeel-loops -ftracer -finline-functions  execution test
FAIL: gcc.dg/vmx/st-vsx-be-order.c   -O3 -g  execution test
FAIL: gcc.dg/vmx/st-vsx-be-order.c   -Os  execution test
FAIL: gcc.dg/vmx/st-vsx.c   -O0  execution test
FAIL: gcc.dg/vmx/st-vsx.c   -O1  execution test
FAIL: gcc.dg/vmx/st-vsx.c   -O2  execution test
FAIL: gcc.dg/vmx/st-vsx.c   -O2 -flto -fno-use-linker-plugin -flto-partition=none  execution test
FAIL: gcc.dg/vmx/st-vsx.c   -O2 -flto -fuse-linker-plugin -fno-fat-lto-objects  execution test
FAIL: gcc.dg/vmx/st-vsx.c   -O3 -fomit-frame-pointer -funroll-loops -fpeel-loops -ftracer -finline-functions  execution test
FAIL: gcc.dg/vmx/st-vsx.c   -O3 -g  execution test
FAIL: gcc.dg/vmx/st-vsx.c   -Os  execution test
FAIL: gcc.dg/vmx/stl-vsx-be-order.c   -O0  execution test
FAIL: gcc.dg/vmx/stl-vsx-be-order.c   -O1  execution test
FAIL: gcc.dg/vmx/stl-vsx-be-order.c   -O2  execution test
FAIL: gcc.dg/vmx/stl-vsx-be-order.c   -O2 -flto -fno-use-linker-plugin -flto-partition=none  execution test
FAIL: gcc.dg/vmx/stl-vsx-be-order.c   -O2 -flto -fuse-linker-plugin -fno-fat-lto-objects  execution test
FAIL: gcc.dg/vmx/stl-vsx-be-order.c   -O3 -fomit-frame-pointer -funroll-loops -fpeel-loops -ftracer -finline-functions  execution test
FAIL: gcc.dg/vmx/stl-vsx-be-order.c   -O3 -g  execution test
FAIL: gcc.dg/vmx/stl-vsx-be-order.c   -Os  execution test
FAIL: gcc.dg/vmx/stl-vsx.c   -O0  execution test
FAIL: gcc.dg/vmx/stl-vsx.c   -O1  execution test
FAIL: gcc.dg/vmx/stl-vsx.c   -O2  execution test
FAIL: gcc.dg/vmx/stl-vsx.c   -O2 -flto -fno-use-linker-plugin -flto-partition=none  execution test
FAIL: gcc.dg/vmx/stl-vsx.c   -O2 -flto -fuse-linker-plugin -fno-fat-lto-objects  execution test
FAIL: gcc.dg/vmx/stl-vsx.c   -O3 -fomit-frame-pointer -funroll-loops -fpeel-loops -ftracer -finline-functions  execution test
FAIL: gcc.dg/vmx/stl-vsx.c   -O3 -g  execution test
FAIL: gcc.dg/vmx/stl-vsx.c   -Os  execution test
FAIL: gcc.target/powerpc/20050830-1.c scan-assembler bdn

		=== gcc Summary for unix/-m64 ===

# of expected passes		94743
# of unexpected failures	680
# of unexpected successes	20
# of expected failures		258
# of unsupported tests		2046

		=== gcc Summary ===

# of expected passes		188593
# of unexpected failures	956
# of unexpected successes	37
# of expected failures		508
# of unresolved testcases	15
# of unsupported tests		4181
/daten/gcc/gcc-20150906/Build/gcc/xgcc  version 6.0.0 20150906 (experimental) [trunk revision 227511] (GCC) 

		=== gfortran tests ===


Running target unix/-m32
FAIL: gfortran.dg/bessel_6.f90   -O0  execution test
FAIL: gfortran.dg/bessel_6.f90   -O1  execution test
FAIL: gfortran.dg/bessel_6.f90   -O2  execution test
FAIL: gfortran.dg/bessel_6.f90   -O3 -fomit-frame-pointer -funroll-loops -fpeel-loops -ftracer -finline-functions  execution test
FAIL: gfortran.dg/bessel_6.f90   -O3 -g  execution test
FAIL: gfortran.dg/bessel_6.f90   -Os  execution test
FAIL: gfortran.dg/default_format_denormal_2.f90   -O0  execution test
FAIL: gfortran.dg/default_format_denormal_2.f90   -O1  execution test
FAIL: gfortran.dg/default_format_denormal_2.f90   -O2  execution test
FAIL: gfortran.dg/default_format_denormal_2.f90   -O3 -fomit-frame-pointer -funroll-loops -fpeel-loops -ftracer -finline-functions  execution test
FAIL: gfortran.dg/default_format_denormal_2.f90   -O3 -g  execution test
FAIL: gfortran.dg/default_format_denormal_2.f90   -Os  execution test
FAIL: gfortran.dg/erf_3.F90   -O0  execution test
FAIL: gfortran.dg/erf_3.F90   -O1  execution test
FAIL: gfortran.dg/erf_3.F90   -O2  execution test
FAIL: gfortran.dg/erf_3.F90   -O3 -fomit-frame-pointer -funroll-loops -fpeel-loops -ftracer -finline-functions  execution test
FAIL: gfortran.dg/erf_3.F90   -O3 -g  execution test
FAIL: gfortran.dg/erf_3.F90   -Os  execution test
XPASS: gfortran.dg/nint_2.f90   -O0  execution test
FAIL: gfortran.dg/ieee/ieee_7.f90   -O0  execution test
FAIL: gfortran.dg/ieee/ieee_7.f90   -O1  execution test
FAIL: gfortran.dg/ieee/ieee_7.f90   -O2  execution test
FAIL: gfortran.dg/ieee/ieee_7.f90   -O3 -fomit-frame-pointer -funroll-loops -fpeel-loops -ftracer -finline-functions  execution test
FAIL: gfortran.dg/ieee/ieee_7.f90   -O3 -g  execution test
FAIL: gfortran.dg/ieee/ieee_7.f90   -Os  execution test
FAIL: gfortran.dg/ieee/large_2.f90   -O0  execution test
FAIL: gfortran.dg/ieee/large_2.f90   -O1  execution test
FAIL: gfortran.dg/ieee/large_2.f90   -O2  execution test
FAIL: gfortran.dg/ieee/large_2.f90   -O3 -fomit-frame-pointer -funroll-loops -fpeel-loops -ftracer -finline-functions  execution test
FAIL: gfortran.dg/ieee/large_2.f90   -O3 -g  execution test
FAIL: gfortran.dg/ieee/large_2.f90   -Os  execution test
FAIL: gfortran.dg/vect/pr48329.f90   -O   scan-tree-dump-times vect "vectorized 1 loops" 1
FAIL: gfortran.dg/vect/pr62283-2.f   -O   scan-tree-dump slp2 "basic block vectorized"

		=== gfortran Summary for unix/-m32 ===

# of expected passes		40408
# of unexpected failures	32
# of unexpected successes	1
# of expected failures		87
# of unsupported tests		201

Running target unix/-m64
FAIL: gfortran.dg/bessel_6.f90   -O0  execution test
FAIL: gfortran.dg/bessel_6.f90   -O1  execution test
FAIL: gfortran.dg/bessel_6.f90   -O2  execution test
FAIL: gfortran.dg/bessel_6.f90   -O3 -fomit-frame-pointer -funroll-loops -fpeel-loops -ftracer -finline-functions  execution test
FAIL: gfortran.dg/bessel_6.f90   -O3 -g  execution test
FAIL: gfortran.dg/bessel_6.f90   -Os  execution test
FAIL: gfortran.dg/default_format_denormal_2.f90   -O0  execution test
FAIL: gfortran.dg/default_format_denormal_2.f90   -O1  execution test
FAIL: gfortran.dg/default_format_denormal_2.f90   -O2  execution test
FAIL: gfortran.dg/default_format_denormal_2.f90   -O3 -fomit-frame-pointer -funroll-loops -fpeel-loops -ftracer -finline-functions  execution test
FAIL: gfortran.dg/default_format_denormal_2.f90   -O3 -g  execution test
FAIL: gfortran.dg/default_format_denormal_2.f90   -Os  execution test
FAIL: gfortran.dg/erf_3.F90   -O0  execution test
FAIL: gfortran.dg/erf_3.F90   -O1  execution test
FAIL: gfortran.dg/erf_3.F90   -O2  execution test
FAIL: gfortran.dg/erf_3.F90   -O3 -fomit-frame-pointer -funroll-loops -fpeel-loops -ftracer -finline-functions  execution test
FAIL: gfortran.dg/erf_3.F90   -O3 -g  execution test
FAIL: gfortran.dg/erf_3.F90   -Os  execution test
XPASS: gfortran.dg/nint_2.f90   -O0  execution test
FAIL: gfortran.dg/ieee/ieee_7.f90   -O0  execution test
FAIL: gfortran.dg/ieee/ieee_7.f90   -O1  execution test
FAIL: gfortran.dg/ieee/ieee_7.f90   -O2  execution test
FAIL: gfortran.dg/ieee/ieee_7.f90   -O3 -fomit-frame-pointer -funroll-loops -fpeel-loops -ftracer -finline-functions  execution test
FAIL: gfortran.dg/ieee/ieee_7.f90   -O3 -g  execution test
FAIL: gfortran.dg/ieee/ieee_7.f90   -Os  execution test
FAIL: gfortran.dg/ieee/large_2.f90   -O0  execution test
FAIL: gfortran.dg/ieee/large_2.f90   -O1  execution test
FAIL: gfortran.dg/ieee/large_2.f90   -O2  execution test
FAIL: gfortran.dg/ieee/large_2.f90   -O3 -fomit-frame-pointer -funroll-loops -fpeel-loops -ftracer -finline-functions  execution test
FAIL: gfortran.dg/ieee/large_2.f90   -O3 -g  execution test
FAIL: gfortran.dg/ieee/large_2.f90   -Os  execution test
FAIL: gfortran.dg/vect/pr48329.f90   -O   scan-tree-dump-times vect "vectorized 1 loops" 1
FAIL: gfortran.dg/vect/pr62283-2.f   -O   scan-tree-dump slp2 "basic block vectorized"

		=== gfortran Summary for unix/-m64 ===

# of expected passes		40655
# of unexpected failures	32
# of unexpected successes	1
# of expected failures		87
# of unsupported tests		80

		=== gfortran Summary ===

# of expected passes		81063
# of unexpected failures	64
# of unexpected successes	2
# of expected failures		174
# of unsupported tests		281
/daten/gcc/gcc-20150906/Build/gcc/testsuite/gfortran/../../gfortran  version 6.0.0 20150906 (experimental) [trunk revision 227511] (GCC) 

		=== gnat tests ===


Running target unix/-m32
FAIL: gnat.dg/specs/addr1.ads  (test for warnings, line 30)

		=== gnat Summary for unix/-m32 ===

# of expected passes		1374
# of unexpected failures	1
# of expected failures		21
# of unsupported tests		15

Running target unix/-m64
FAIL: gnat.dg/opt37.adb scan-tree-dump-not optimized "alloca"
FAIL: gnat.dg/specs/addr1.ads  (test for warnings, line 30)
FAIL: gnat.dg/specs/debug1.ads scan-assembler-times DW_AT_artificial 15

		=== gnat Summary for unix/-m64 ===

# of expected passes		1372
# of unexpected failures	3
# of expected failures		21
# of unsupported tests		15

		=== gnat Summary ===

# of expected passes		2746
# of unexpected failures	4
# of expected failures		42
# of unsupported tests		30
/daten/gcc/gcc-20150906/Build/gcc/gnatmake version 6.0.0 20150906 (experimental) [trunk revision 227511]

		=== go tests ===


Running target unix/-m32
FAIL: go.test/test/ken/cplx2.go execution,  -O2 -g 

		=== go Summary for unix/-m32 ===

# of expected passes		7359
# of unexpected failures	1
# of expected failures		1
# of untested testcases		11
# of unsupported tests		3

Running target unix/-m64
FAIL: go.test/test/ken/cplx2.go execution,  -O2 -g 
FAIL: go.test/test/nilptr2.go execution,  -O2 -g 
FAIL: go.test/test/peano.go execution,  -O2 -g 

		=== go Summary for unix/-m64 ===

# of expected passes		7245
# of unexpected failures	3
# of expected failures		1
# of untested testcases		7
# of unsupported tests		3

		=== go Summary ===

# of expected passes		14604
# of unexpected failures	4
# of expected failures		2
# of untested testcases		18
# of unsupported tests		6
/daten/gcc/gcc-20150906/Build/gcc/testsuite/go/../../gccgo  version 6.0.0 20150906 (experimental) [trunk revision 227511] (GCC) 

		=== objc tests ===


Running target unix/-m32

		=== objc Summary for unix/-m32 ===

# of expected passes		2772
# of unsupported tests		68

Running target unix/-m64

		=== objc Summary for unix/-m64 ===

# of expected passes		2772
# of unsupported tests		68

		=== objc Summary ===

# of expected passes		5544
# of unsupported tests		136
/daten/gcc/gcc-20150906/Build/gcc/xgcc  version 6.0.0 20150906 (experimental) [trunk revision 227511] (GCC) 

		=== boehm-gc tests ===


Running target unix/-m32

		=== boehm-gc Summary for unix/-m32 ===

# of expected passes		12
# of unsupported tests		1

Running target unix/-m64

		=== boehm-gc Summary for unix/-m64 ===

# of expected passes		12
# of unsupported tests		1

		=== boehm-gc Summary ===

# of expected passes		24
# of unsupported tests		2
		=== libatomic tests ===


Running target unix/-m32

		=== libatomic Summary for unix/-m32 ===

# of expected passes		44
# of unsupported tests		5

Running target unix/-m64

		=== libatomic Summary for unix/-m64 ===

# of expected passes		54

		=== libatomic Summary ===

# of expected passes		98
# of unsupported tests		5
		=== libffi tests ===


Running target unix/-m32

		=== libffi Summary for unix/-m32 ===

# of expected passes		1914
# of unsupported tests		30

Running target unix/-m64

		=== libffi Summary for unix/-m64 ===

# of expected passes		1914
# of unsupported tests		30

		=== libffi Summary ===

# of expected passes		3828
# of unsupported tests		60
		=== libgo tests ===


Running target unix
FAIL: math
FAIL: runtime/pprof

		=== libgo Summary for unix ===

# of expected passes		122
# of unexpected failures	2

Running target unix/-m32
FAIL: math
FAIL: sync/atomic

		=== libgo Summary for unix/-m32 ===

# of expected passes		122
# of unexpected failures	2

		=== libgo Summary ===

# of expected passes		244
# of unexpected failures	4
/daten/gcc/gcc-20150906/Build/./gcc/gccgo version 6.0.0 20150906 (experimental) [trunk revision 227511] (GCC)

		=== libgomp tests ===


Running target unix/-m32

		=== libgomp Summary for unix/-m32 ===

# of expected passes		4088
# of expected failures		4
# of unsupported tests		239

Running target unix/-m64

		=== libgomp Summary for unix/-m64 ===

# of expected passes		4088
# of expected failures		4
# of unsupported tests		239

		=== libgomp Summary ===

# of expected passes		8176
# of expected failures		8
# of unsupported tests		478
		=== libitm tests ===


Running target unix/-m32

		=== libitm Summary for unix/-m32 ===

# of expected passes		26
# of expected failures		3
# of unsupported tests		1

Running target unix/-m64

		=== libitm Summary for unix/-m64 ===

# of expected passes		26
# of expected failures		3
# of unsupported tests		1

		=== libitm Summary ===

# of expected passes		52
# of expected failures		6
# of unsupported tests		2
		=== libjava tests ===


Running target unix/-m32

		=== libjava Summary for unix/-m32 ===

# of expected passes		2582
# of expected failures		4

Running target unix/-m64
FAIL: getlocalvartable output

		=== libjava Summary for unix/-m64 ===

# of expected passes		2581
# of unexpected failures	1
# of expected failures		4

		=== libjava Summary ===

# of expected passes		5163
# of unexpected failures	1
# of expected failures		8
		=== libstdc++ tests ===


Running target unix/-m32

		=== libstdc++ Summary for unix/-m32 ===

# of expected passes		10979
# of expected failures		66
# of unsupported tests		240

Running target unix/-m64
XPASS: 26_numerics/complex/13450.cc execution test
XPASS: 26_numerics/complex/pow.cc execution test
XPASS: 26_numerics/complex/value_operations/1.cc execution test
XPASS: 26_numerics/headers/cmath/c_math.cc execution test
FAIL: libstdc++-prettyprinters/libfundts.cc print ab
FAIL: libstdc++-prettyprinters/libfundts.cc print ai
FAIL: libstdc++-prettyprinters/libfundts.cc print am
FAIL: libstdc++-prettyprinters/libfundts.cc print ap
FAIL: libstdc++-prettyprinters/libfundts.cc print as
FAIL: libstdc++-prettyprinters/libfundts.cc print as2

		=== libstdc++ Summary for unix/-m64 ===

# of expected passes		4888
# of unexpected failures	6
# of unexpected successes	4
# of expected failures		62
# of unsupported tests		240

		=== libstdc++ Summary ===

# of expected passes		15867
# of unexpected failures	6
# of unexpected successes	4
# of expected failures		128
# of unsupported tests		480

Compiler version: 6.0.0 20150906 (experimental) [trunk revision 227511] (GCC) 
Platform: powerpc64-suse-linux-gnu
configure flags: --prefix=/usr --build=powerpc64-suse-linux --enable-checking=release --enable-shared --with-system-zlib CFLAGS='-O2 -g' CXXFLAGS='-O2 -g' --with-cpu-64=power4 --enable-secureplt --with-long-double-128


Index Nav: [Date Index] [Subject Index] [Author Index] [Thread Index]
Message Nav: [Date Prev] [Date Next] [Thread Prev] [Thread Next]