This is the mail archive of the gcc-testresults@gcc.gnu.org mailing list for the GCC project.


Index Nav: [Date Index] [Subject Index] [Author Index] [Thread Index]
Message Nav: [Date Prev] [Date Next] [Thread Prev] [Thread Next]
Other format: [Raw text]

Results for 6.0.0 20150904 (experimental) [trunk revision 227489] (GCC) testsuite on sparcv9-sun-solaris2.12


LAST_UPDATED: Fri Sep  4 11:29:07 UTC 2015 (revision 227489)

		=== acats tests ===

		=== acats Summary ===
# of expected passes		2320
# of unexpected failures	0
Native configuration is sparcv9-sun-solaris2.12

		=== g++ tests ===


Running target unix
FAIL: g++.dg/tree-ssa/pr61034.C  -std=gnu++11  scan-tree-dump-times fre2 "free" 10
FAIL: g++.dg/tree-ssa/pr61034.C  -std=gnu++14  scan-tree-dump-times fre2 "free" 10
FAIL: g++.dg/tree-ssa/pr61034.C  -std=gnu++98  scan-tree-dump-times fre2 "free" 10

		=== g++ Summary for unix ===

# of expected passes		85118
# of unexpected failures	3
# of expected failures		285
# of unsupported tests		3592

Running target unix/-m32
FAIL: g++.dg/tree-ssa/pr61034.C  -std=gnu++11  scan-tree-dump-times fre2 "free" 10
FAIL: g++.dg/tree-ssa/pr61034.C  -std=gnu++14  scan-tree-dump-times fre2 "free" 10
FAIL: g++.dg/tree-ssa/pr61034.C  -std=gnu++98  scan-tree-dump-times fre2 "free" 10

		=== g++ Summary for unix/-m32 ===

# of expected passes		83246
# of unexpected failures	3
# of expected failures		285
# of unsupported tests		3615

		=== g++ Summary ===

# of expected passes		168364
# of unexpected failures	6
# of expected failures		570
# of unsupported tests		7207
/var/gcc/regression/trunk/12-gcc-gas-64/build/gcc/testsuite/g++/../../xg++  version 6.0.0 20150904 (experimental) [trunk revision 227489] (GCC) 

		=== gcc tests ===


Running target unix
FAIL: gcc.dg/debug/dwarf2/stacked-qualified-types-3.c scan-assembler-times DIE \\\\([^\\n]*\\\\) DW_TAG_(?:const|volatile|atomic|restrict)_type 8
FAIL: gcc.dg/vect/pr20122.c -flto -ffat-lto-objects  scan-tree-dump-times vect "Alignment of access forced using versioning" 2
FAIL: gcc.dg/vect/pr20122.c scan-tree-dump-times vect "Alignment of access forced using versioning" 2

		=== gcc Summary for unix ===

# of expected passes		83067
# of unexpected failures	3
# of expected failures		325
# of unsupported tests		1910

Running target unix/-m32
FAIL: gcc.c-torture/execute/20071216-1.c   -O1  execution test
FAIL: gcc.c-torture/execute/20071216-1.c   -Os  execution test
FAIL: gcc.dg/atomic/c11-atomic-exec-2.c   -O2 -flto  (test for excess errors)
FAIL: gcc.dg/atomic/c11-atomic-exec-2.c   -O2 -flto -flto-partition=none  (test for excess errors)
FAIL: gcc.dg/atomic/c11-atomic-exec-2.c   -O3 -fomit-frame-pointer -funroll-loops -fpeel-loops -ftracer -finline-functions  (test for excess errors)
WARNING: gcc.dg/atomic/c11-atomic-exec-2.c   -O3 -fomit-frame-pointer -funroll-loops -fpeel-loops -ftracer -finline-functions  compilation failed to produce executable
FAIL: gcc.dg/atomic/c11-atomic-exec-2.c   -O3 -g  (test for excess errors)
WARNING: gcc.dg/atomic/c11-atomic-exec-2.c   -O3 -g  compilation failed to produce executable
FAIL: gcc.dg/atomic/c11-atomic-exec-3.c   -O3 -fomit-frame-pointer -funroll-loops -fpeel-loops -ftracer -finline-functions  (test for excess errors)
FAIL: gcc.dg/atomic/c11-atomic-exec-3.c   -O3 -g  (test for excess errors)
WARNING: gcc.dg/atomic/c11-atomic-exec-3.c   -O3 -g  compilation failed to produce executable
WARNING: program timed out.
WARNING: program timed out.
WARNING: program timed out.
WARNING: program timed out.
WARNING: program timed out.
WARNING: program timed out.
FAIL: gcc.dg/debug/dwarf2/stacked-qualified-types-3.c scan-assembler-times DIE \\\\([^\\n]*\\\\) DW_TAG_(?:const|volatile|atomic|restrict)_type 8
FAIL: gcc.dg/c11-atomic-2.c (test for excess errors)
WARNING: program timed out.
XPASS: gcc.dg/graphite/vect-pr43423.c scan-tree-dump-times vect "vectorized 2 loops" 1
FAIL: gcc.dg/simulate-thread/atomic-other-int.c   -O2 -g  thread simulation test
FAIL: gcc.dg/simulate-thread/atomic-other-int.c   -O3 -g  thread simulation test
FAIL: gcc.dg/simulate-thread/atomic-other-short.c   -O0 -g  thread simulation test
FAIL: gcc.dg/simulate-thread/speculative-store-4.c   -O0 -g  thread simulation test
FAIL: gcc.dg/simulate-thread/speculative-store-4.c   -O2 -g  thread simulation test
FAIL: gcc.dg/simulate-thread/speculative-store-4.c   -O3 -g  thread simulation test
FAIL: gcc.dg/simulate-thread/speculative-store.c   -O0 -g  thread simulation test
FAIL: gcc.dg/vect/pr20122.c -flto -ffat-lto-objects  scan-tree-dump-times vect "Alignment of access forced using versioning" 2
FAIL: gcc.dg/vect/pr20122.c scan-tree-dump-times vect "Alignment of access forced using versioning" 2

		=== gcc Summary for unix/-m32 ===

# of expected passes		82253
# of unexpected failures	19
# of unexpected successes	1
# of expected failures		337
# of unsupported tests		1983

		=== gcc Summary ===

# of expected passes		165320
# of unexpected failures	22
# of unexpected successes	1
# of expected failures		662
# of unsupported tests		3893
/var/gcc/regression/trunk/12-gcc-gas-64/build/gcc/xgcc  version 6.0.0 20150904 (experimental) [trunk revision 227489] (GCC) 

		=== gfortran tests ===


Running target unix
FAIL: gfortran.dg/large_real_kind_2.F90   -O0  execution test
FAIL: gfortran.dg/norm2_3.f90   -O0  execution test
FAIL: gfortran.dg/norm2_3.f90   -O1  execution test
FAIL: gfortran.dg/norm2_3.f90   -O2  execution test
FAIL: gfortran.dg/norm2_3.f90   -O3 -fomit-frame-pointer -funroll-loops -fpeel-loops -ftracer -finline-functions  execution test
FAIL: gfortran.dg/norm2_3.f90   -O3 -g  execution test
FAIL: gfortran.dg/norm2_3.f90   -Os  execution test

		=== gfortran Summary for unix ===

# of expected passes		40603
# of unexpected failures	7
# of expected failures		77
# of unsupported tests		104

Running target unix/-m32
FAIL: gfortran.dg/large_real_kind_2.F90   -O0  execution test
FAIL: gfortran.dg/minlocval_3.f90   -O3 -fomit-frame-pointer -funroll-loops -fpeel-loops -ftracer -finline-functions  (test for excess errors)
WARNING: gfortran.dg/minlocval_3.f90   -O3 -fomit-frame-pointer -funroll-loops -fpeel-loops -ftracer -finline-functions  compilation failed to produce executable
FAIL: gfortran.dg/minlocval_3.f90   -O3 -g  (test for excess errors)
WARNING: gfortran.dg/minlocval_3.f90   -O3 -g  compilation failed to produce executable
FAIL: gfortran.dg/norm2_3.f90   -O0  execution test
FAIL: gfortran.dg/norm2_3.f90   -O1  execution test
FAIL: gfortran.dg/norm2_3.f90   -O2  execution test
FAIL: gfortran.dg/norm2_3.f90   -O3 -fomit-frame-pointer -funroll-loops -fpeel-loops -ftracer -finline-functions  execution test
FAIL: gfortran.dg/norm2_3.f90   -O3 -g  execution test
FAIL: gfortran.dg/norm2_3.f90   -Os  execution test
WARNING: program timed out.
WARNING: program timed out.

		=== gfortran Summary for unix/-m32 ===

# of expected passes		40352
# of unexpected failures	9
# of expected failures		77
# of unsupported tests		225

		=== gfortran Summary ===

# of expected passes		80955
# of unexpected failures	16
# of expected failures		154
# of unsupported tests		329
/var/gcc/regression/trunk/12-gcc-gas-64/build/gcc/testsuite/gfortran/../../gfortran  version 6.0.0 20150904 (experimental) [trunk revision 227489] (GCC) 

		=== gnat tests ===


Running target unix/-m32
WARNING: program timed out.
FAIL: gnat.dg/test_nested_subtype_byref.adb (test for excess errors)
WARNING: gnat.dg/test_nested_subtype_byref.adb compilation failed to produce executable

		=== gnat Summary for unix/-m32 ===

# of expected passes		1364
# of unexpected failures	1
# of expected failures		21
# of unsupported tests		19

Running target unix

		=== gnat Summary for unix ===

# of expected passes		1366
# of expected failures		21
# of unsupported tests		19

		=== gnat Summary ===

# of expected passes		2730
# of unexpected failures	1
# of expected failures		42
# of unsupported tests		38
/var/gcc/regression/trunk/12-gcc-gas-64/build/gcc/gnatmake version 6.0.0 20150904 (experimental) [trunk revision 227489]

		=== go tests ===


Running target unix

		=== go Summary for unix ===

# of expected passes		7240
# of expected failures		1
# of untested testcases		11
# of unsupported tests		3

Running target unix/-m32
FAIL: ./64bit-out.go compilation,  -O0 -g -fno-var-tracking-assignments 
FAIL: ./index0-out.go compilation,  -O0 -g -fno-var-tracking-assignments 
FAIL: ./slice3-out.go compilation,  -O0 -g -fno-var-tracking-assignments 
FAIL: go.test/test/cmplxdivide.go
WARNING: program timed out.
WARNING: program timed out.
WARNING: program timed out.
WARNING: program timed out.

		=== go Summary for unix/-m32 ===

# of expected passes		7353
# of unexpected failures	4
# of expected failures		1
# of untested testcases		14
# of unsupported tests		3

		=== go Summary ===

# of expected passes		14593
# of unexpected failures	4
# of expected failures		2
# of untested testcases		25
# of unsupported tests		6
		=== obj-c++ tests ===


Running target unix/-m32

		=== obj-c++ Summary for unix/-m32 ===

# of expected passes		1439
# of expected failures		2
# of unsupported tests		77

Running target unix

		=== obj-c++ Summary for unix ===

# of expected passes		1431
# of expected failures		10
# of unsupported tests		77

		=== obj-c++ Summary ===

# of expected passes		2870
# of expected failures		12
# of unsupported tests		154
/var/gcc/regression/trunk/12-gcc-gas-64/build/gcc/testsuite/obj-c++/../../xg++  version 6.0.0 20150904 (experimental) [trunk revision 227489] (GCC) 

		=== objc tests ===


Running target unix

		=== objc Summary for unix ===

# of expected passes		2772
# of unsupported tests		68

Running target unix/-m32

		=== objc Summary for unix/-m32 ===

# of expected passes		2772
# of unsupported tests		68

		=== objc Summary ===

# of expected passes		5544
# of unsupported tests		136
/var/gcc/regression/trunk/12-gcc-gas-64/build/gcc/xgcc  version 6.0.0 20150904 (experimental) [trunk revision 227489] (GCC) 

		=== boehm-gc tests ===


Running target unix/-m32

		=== boehm-gc Summary for unix/-m32 ===

# of expected passes		12
# of unsupported tests		1

Running target unix

		=== boehm-gc Summary for unix ===

# of expected passes		12
# of unsupported tests		1

		=== boehm-gc Summary ===

# of expected passes		24
# of unsupported tests		2
		=== libatomic tests ===


Running target unix/-m32

		=== libatomic Summary for unix/-m32 ===

# of expected passes		44
# of unsupported tests		5

Running target unix

		=== libatomic Summary for unix ===

# of expected passes		54

		=== libatomic Summary ===

# of expected passes		98
# of unsupported tests		5
		=== libffi tests ===


Running target unix/-m32
WARNING: program timed out.
FAIL: libffi.call/cls_longdouble_va.c -W -Wall -Wno-psabi -O3 (test for excess errors)

		=== libffi Summary for unix/-m32 ===

# of expected passes		1913
# of unexpected failures	1
# of unsupported tests		30

Running target unix
WARNING: program timed out.
FAIL: libffi.call/cls_align_longdouble_split2.c -W -Wall -Wno-psabi -O2 -fomit-frame-pointer (test for excess errors)
WARNING: libffi.call/cls_align_longdouble_split2.c -W -Wall -Wno-psabi -O2 -fomit-frame-pointer compilation failed to produce executable

		=== libffi Summary for unix ===

# of expected passes		1911
# of unexpected failures	1
# of unsupported tests		30

		=== libffi Summary ===

# of expected passes		3824
# of unexpected failures	2
# of unsupported tests		60
		=== libgo tests ===


Running target unix
FAIL: runtime/pprof

		=== libgo Summary for unix ===

# of expected passes		123
# of unexpected failures	1

Running target unix/-m32
FAIL: reflect

		=== libgo Summary for unix/-m32 ===

# of expected passes		123
# of unexpected failures	1

		=== libgo Summary ===

# of expected passes		246
# of unexpected failures	2
/var/gcc/regression/trunk/12-gcc-gas-64/build/./gcc/gccgo version 6.0.0 20150904 (experimental) [trunk revision 227489] (GCC)

		=== libgomp tests ===


Running target unix/-m32
WARNING: program timed out.
FAIL: libgomp.c/for-3.c (test for excess errors)
WARNING: libgomp.c/for-3.c compilation failed to produce executable
WARNING: program timed out.
FAIL: libgomp.c++/for-11.C (test for excess errors)
WARNING: libgomp.c++/for-11.C compilation failed to produce executable

		=== libgomp Summary for unix/-m32 ===

# of expected passes		4080
# of unexpected failures	2
# of expected failures		4
# of unsupported tests		241

Running target unix

		=== libgomp Summary for unix ===

# of expected passes		4084
# of expected failures		4
# of unsupported tests		241

		=== libgomp Summary ===

# of expected passes		8164
# of unexpected failures	2
# of expected failures		8
# of unsupported tests		482
		=== libitm tests ===


Running target unix/-m32

		=== libitm Summary for unix/-m32 ===

# of expected passes		26
# of expected failures		3
# of unsupported tests		1

Running target unix

		=== libitm Summary for unix ===

# of expected passes		26
# of expected failures		3
# of unsupported tests		1

		=== libitm Summary ===

# of expected passes		52
# of expected failures		6
# of unsupported tests		2
		=== libjava tests ===


Running target unix/-m32
WARNING: program timed out.
FAIL: FileHandleGcTest -O3 compilation from source
WARNING: program timed out.
FAIL: PR25535 -O3 -findirect-dispatch compilation from source
WARNING: program timed out.
FAIL: WalkerTest compilation from source
WARNING: program timed out.
FAIL: pr179 compilation from source
WARNING: program timed out.
FAIL: pr21844 -O3 compilation from source

		=== libjava Summary for unix/-m32 ===

# of expected passes		2567
# of unexpected failures	5
# of expected failures		4
# of untested testcases		10

Running target unix

		=== libjava Summary for unix ===

# of expected passes		2582
# of expected failures		4

		=== libjava Summary ===

# of expected passes		5149
# of unexpected failures	5
# of expected failures		8
# of untested testcases		10
		=== libstdc++ tests ===


Running target unix
FAIL: libstdc++-abi/abi_check
FAIL: 23_containers/list/requirements/exception/propagation_consistent.cc (test for excess errors)
FAIL: 23_containers/multiset/requirements/exception/basic.cc (test for excess errors)
WARNING: 23_containers/multiset/requirements/exception/basic.cc compilation failed to produce executable
FAIL: 23_containers/unordered_multiset/debug/move_assign_neg.cc (test for excess errors)
WARNING: 23_containers/unordered_multiset/debug/move_assign_neg.cc compilation failed to produce executable
FAIL: 25_algorithms/partial_sort/random_test.cc (test for excess errors)
FAIL: 26_numerics/random/piecewise_constant_distribution/cons/initlist_fun.cc (test for excess errors)
WARNING: 26_numerics/random/piecewise_constant_distribution/cons/initlist_fun.cc compilation failed to produce executable
FAIL: 28_regex/algorithms/regex_match/ecma/char/61601.cc (test for excess errors)
WARNING: 28_regex/algorithms/regex_match/ecma/char/61601.cc compilation failed to produce executable
FAIL: 28_regex/algorithms/regex_match/ecma/wchar_t/anymatcher.cc (test for excess errors)
WARNING: 28_regex/algorithms/regex_match/ecma/wchar_t/anymatcher.cc compilation failed to produce executable
FAIL: 28_regex/algorithms/regex_match/ecma/wchar_t/cjk_match.cc (test for excess errors)
WARNING: 28_regex/algorithms/regex_match/ecma/wchar_t/cjk_match.cc compilation failed to produce executable
FAIL: 28_regex/algorithms/regex_replace/char/basic_replace.cc (test for excess errors)
WARNING: 28_regex/algorithms/regex_replace/char/basic_replace.cc compilation failed to produce executable
FAIL: 28_regex/algorithms/regex_replace/char/dr2213.cc (test for excess errors)
WARNING: 28_regex/algorithms/regex_replace/char/dr2213.cc compilation failed to produce executable
FAIL: 28_regex/algorithms/regex_search/ecma/flags.cc (test for excess errors)
WARNING: 28_regex/algorithms/regex_search/ecma/flags.cc compilation failed to produce executable
FAIL: 28_regex/algorithms/regex_search/ecma/greedy.cc (test for excess errors)
WARNING: 28_regex/algorithms/regex_search/ecma/greedy.cc compilation failed to produce executable
FAIL: 28_regex/basic_regex/ctors/basic/pstring_wchar_t.cc (test for excess errors)
WARNING: 28_regex/basic_regex/ctors/basic/pstring_wchar_t.cc compilation failed to produce executable
FAIL: 28_regex/basic_regex/ctors/move_char.cc (test for excess errors)
WARNING: 28_regex/basic_regex/ctors/move_char.cc compilation failed to produce executable
FAIL: 28_regex/constants/syntax_option_type.cc (test for excess errors)
WARNING: 28_regex/constants/syntax_option_type.cc compilation failed to produce executable
FAIL: 28_regex/iterators/regex_token_iterator/wchar_t/string_01.cc (test for excess errors)
WARNING: 28_regex/iterators/regex_token_iterator/wchar_t/string_01.cc compilation failed to produce executable
FAIL: 28_regex/traits/char/translate.cc (test for excess errors)
WARNING: 28_regex/traits/char/translate.cc compilation failed to produce executable
FAIL: 28_regex/traits/char/user_defined.cc (test for excess errors)
WARNING: 28_regex/traits/char/user_defined.cc compilation failed to produce executable
FAIL: 30_threads/packaged_task/cons/2.cc (test for excess errors)
WARNING: 30_threads/packaged_task/cons/2.cc compilation failed to produce executable
FAIL: 30_threads/packaged_task/members/at_thread_exit.cc (test for excess errors)
WARNING: 30_threads/packaged_task/members/at_thread_exit.cc compilation failed to produce executable
FAIL: 30_threads/shared_future/cons/move.cc (test for excess errors)
WARNING: 30_threads/shared_future/cons/move.cc compilation failed to produce executable
FAIL: abi/demangle/regression/cw-10.cc (test for excess errors)
WARNING: abi/demangle/regression/cw-10.cc compilation failed to produce executable
FAIL: ext/pb_ds/regression/tree_map_rand.cc (test for excess errors)
WARNING: ext/pb_ds/regression/tree_map_rand.cc compilation failed to produce executable
FAIL: ext/pb_ds/regression/tree_set_rand.cc (test for excess errors)
WARNING: ext/pb_ds/regression/tree_set_rand.cc compilation failed to produce executable
WARNING: program timed out.
WARNING: program timed out.
WARNING: program timed out.
WARNING: program timed out.
WARNING: program timed out.
WARNING: program timed out.
WARNING: program timed out.
WARNING: program timed out.
WARNING: program timed out.
WARNING: program timed out.
WARNING: program timed out.
WARNING: program timed out.
WARNING: program timed out.
WARNING: program timed out.
WARNING: program timed out.
WARNING: program timed out.
WARNING: program timed out.
WARNING: program timed out.
WARNING: program timed out.
WARNING: program timed out.
WARNING: program timed out.
WARNING: program timed out.
WARNING: program timed out.
WARNING: program timed out.

		=== libstdc++ Summary for unix ===

# of expected passes		9841
# of unexpected failures	25
# of expected failures		69
# of unsupported tests		621

Running target unix/-m32
FAIL: libstdc++-abi/abi_check
FAIL: 23_containers/deque/allocator/swap.cc (test for excess errors)
WARNING: 23_containers/deque/allocator/swap.cc compilation failed to produce executable
FAIL: 25_algorithms/partial_sort_copy/random_test.cc (test for excess errors)
WARNING: 25_algorithms/partial_sort_copy/random_test.cc compilation failed to produce executable
FAIL: 28_regex/algorithms/regex_match/ecma/char/58576.cc (test for excess errors)
WARNING: 28_regex/algorithms/regex_match/ecma/char/58576.cc compilation failed to produce executable
FAIL: 28_regex/algorithms/regex_match/ecma/wchar_t/63199.cc (test for excess errors)
WARNING: 28_regex/algorithms/regex_match/ecma/wchar_t/63199.cc compilation failed to produce executable
FAIL: 28_regex/algorithms/regex_match/ecma/wchar_t/anymatcher.cc (test for excess errors)
WARNING: 28_regex/algorithms/regex_match/ecma/wchar_t/anymatcher.cc compilation failed to produce executable
FAIL: 28_regex/algorithms/regex_match/extended/cstring_plus.cc (test for excess errors)
WARNING: 28_regex/algorithms/regex_match/extended/cstring_plus.cc compilation failed to produce executable
FAIL: 28_regex/algorithms/regex_match/extended/cstring_questionmark.cc (test for excess errors)
FAIL: 28_regex/algorithms/regex_match/extended/string_range_01_03.cc (test for excess errors)
WARNING: 28_regex/algorithms/regex_match/extended/string_range_01_03.cc compilation failed to produce executable
FAIL: 28_regex/algorithms/regex_search/61720.cc (test for excess errors)
WARNING: 28_regex/algorithms/regex_search/61720.cc compilation failed to produce executable
FAIL: 28_regex/algorithms/regex_search/ecma/assertion.cc (test for excess errors)
WARNING: 28_regex/algorithms/regex_search/ecma/assertion.cc compilation failed to produce executable
FAIL: 28_regex/basic_regex/ctors/basic/pstring_char.cc (test for excess errors)
WARNING: 28_regex/basic_regex/ctors/basic/pstring_char.cc compilation failed to produce executable
FAIL: 28_regex/init-list.cc (test for excess errors)
WARNING: 28_regex/init-list.cc compilation failed to produce executable
FAIL: 28_regex/iterators/regex_token_iterator/64303.cc (test for excess errors)
WARNING: 28_regex/iterators/regex_token_iterator/64303.cc compilation failed to produce executable
FAIL: 28_regex/iterators/regex_token_iterator/char/string_01.cc (test for excess errors)
WARNING: 28_regex/iterators/regex_token_iterator/char/string_01.cc compilation failed to produce executable
FAIL: 28_regex/match_results/out_of_range_submatches.cc (test for excess errors)
WARNING: 28_regex/match_results/out_of_range_submatches.cc compilation failed to produce executable
FAIL: 30_threads/packaged_task/cons/2.cc (test for excess errors)
WARNING: 30_threads/packaged_task/cons/2.cc compilation failed to produce executable
FAIL: 30_threads/packaged_task/cons/move_assign.cc (test for excess errors)
WARNING: 30_threads/packaged_task/cons/move_assign.cc compilation failed to produce executable
ERROR: could not compile testsuite_allocator.cc
FAIL: experimental/filesystem/path/decompose/stem.cc (test for excess errors)
WARNING: experimental/filesystem/path/decompose/stem.cc compilation failed to produce executable
FAIL: ext/pb_ds/regression/tree_set_rand.cc (test for excess errors)
WARNING: ext/pb_ds/regression/tree_set_rand.cc compilation failed to produce executable
WARNING: program timed out.
WARNING: program timed out.
WARNING: program timed out.
WARNING: program timed out.
WARNING: program timed out.
WARNING: program timed out.
WARNING: program timed out.
WARNING: program timed out.
WARNING: program timed out.
WARNING: program timed out.
WARNING: program timed out.
WARNING: program timed out.
WARNING: program timed out.
WARNING: program timed out.
WARNING: program timed out.
WARNING: program timed out.
WARNING: program timed out.
WARNING: program timed out.
WARNING: program timed out.
WARNING: program timed out.
ERROR: tcl error sourcing /vol/gcc/src/hg/trunk/local/libstdc++-v3/testsuite/libstdc++-dg/conformance.exp.
ERROR: could not compile testsuite_allocator.cc
WARNING: program timed out.
ERROR: tcl error sourcing /vol/gcc/src/hg/trunk/local/libstdc++-v3/testsuite/libstdc++-prettyprinters/prettyprinters.exp.

		=== libstdc++ Summary for unix/-m32 ===

# of expected passes		9573
# of unexpected failures	20
# of expected failures		66
# of unsupported tests		606

		=== libstdc++ Summary ===

# of expected passes		19414
# of unexpected failures	45
# of expected failures		135
# of unsupported tests		1227

Compiler version: 6.0.0 20150904 (experimental) [trunk revision 227489] (GCC) 
Platform: sparcv9-sun-solaris2.12
configure flags: --prefix=/vol/gcc --target=sparcv9-sun-solaris2.12 --enable-objc-gc --with-as=/vol/gcc/bin/sparcv9/gas-2.25 --with-gnu-as --with-gmp-include=/vol/gcc/include --with-gmp-lib=/vol/gcc/lib/sparcv9 --with-mpfr-include=/vol/gcc/include --with-mpfr-lib=/vol/gcc/lib/sparcv9 --with-mpc-include=/vol/gcc/include --with-mpc-lib=/vol/gcc/lib/sparcv9 --enable-languages=all,ada,obj-c++,go --with-isl-include=/vol/gcc/include --with-isl-lib=/vol/gcc/lib/sparcv9 --with-cloog-include=/vol/gcc/include --with-cloog-lib=/vol/gcc/lib/sparcv9 --enable-cloog-backend=isl --build=sparcv9-sun-solaris2.12 --host=sparcv9-sun-solaris2.12
BOOT_CFLAGS=-g -O2


Index Nav: [Date Index] [Subject Index] [Author Index] [Thread Index]
Message Nav: [Date Prev] [Date Next] [Thread Prev] [Thread Next]