This is the mail archive of the gcc-testresults@gcc.gnu.org mailing list for the GCC project.


Index Nav: [Date Index] [Subject Index] [Author Index] [Thread Index]
Message Nav: [Date Prev] [Date Next] [Thread Prev] [Thread Next]
Other format: [Raw text]

Results for 5.2.1 20150905 (GCC) testsuite on arm-none-linux-gnueabi


LAST_UPDATED: Sat Sep  5 07:41:27 UTC 2015 (/branches/gcc-5-branch revision 227508)

Target is arm-none-linux-gnueabi
Host   is i686-pc-linux-gnu

		=== g++ tests ===


Running target qemu-wheezy
FAIL: c-c++-common/asan/heap-overflow-1.c   -O1  output pattern test, is =================================================================
FAIL: c-c++-common/asan/sanity-check-pure-c-1.c   -O1  output pattern test, is =================================================================
FAIL: c-c++-common/asan/strncpy-overflow-1.c   -O1  output pattern test, is =================================================================
FAIL: c-c++-common/asan/use-after-free-1.c   -O1  output pattern test, is =================================================================
FAIL: g++.dg/lto/pr65276 cp_lto_pr65276_0.o-cp_lto_pr65276_1.o link, -flto -O0 -std=c++11
UNRESOLVED: g++.dg/lto/pr65276 cp_lto_pr65276_0.o-cp_lto_pr65276_1.o execute -flto -O0 -std=c++11
FAIL: c-c++-common/ubsan/object-size-1.c   -O2  output pattern test, is c-c++-common/ubsan/object-size-1.c:16:15: runtime error: load of address 0x01038f24 with insufficient space for an object of type 'char'
FAIL: c-c++-common/ubsan/object-size-1.c   -O2 -flto -fno-use-linker-plugin -flto-partition=none  output pattern test, is c-c++-common/ubsan/object-size-1.c:16:15: runtime error: load of address 0x00c4af24 with insufficient space for an object of type 'char'
FAIL: c-c++-common/ubsan/object-size-1.c   -O2 -flto -fuse-linker-plugin -fno-fat-lto-objects  output pattern test, is c-c++-common/ubsan/object-size-1.c:16:15: runtime error: load of address 0x013f7f24 with insufficient space for an object of type 'char'
FAIL: c-c++-common/ubsan/object-size-10.c   -O2  output pattern test, is c-c++-common/ubsan/object-size-10.c:19:19: runtime error: index 128 out of bounds for type 'char [128]'
FAIL: c-c++-common/ubsan/object-size-10.c   -O2 -flto -fno-use-linker-plugin -flto-partition=none  output pattern test, is c-c++-common/ubsan/object-size-10.c:19:19: runtime error: index 128 out of bounds for type 'char [128]'
FAIL: c-c++-common/ubsan/object-size-10.c   -O2 -flto -fuse-linker-plugin -fno-fat-lto-objects  output pattern test, is c-c++-common/ubsan/object-size-10.c:19:19: runtime error: index 128 out of bounds for type 'char [128]'
FAIL: c-c++-common/ubsan/object-size-4.c   -O2  output pattern test, is c-c++-common/ubsan/object-size-4.c:16:13: runtime error: load of address 0x00e79f18 with insufficient space for an object of type 'int'
FAIL: c-c++-common/ubsan/object-size-4.c   -O2 -flto -fno-use-linker-plugin -flto-partition=none  output pattern test, is c-c++-common/ubsan/object-size-4.c:16:13: runtime error: load of address 0x010caf18 with insufficient space for an object of type 'int'
FAIL: c-c++-common/ubsan/object-size-4.c   -O2 -flto -fuse-linker-plugin -fno-fat-lto-objects  output pattern test, is c-c++-common/ubsan/object-size-4.c:16:13: runtime error: load of address 0x00c2ef18 with insufficient space for an object of type 'int'
FAIL: c-c++-common/ubsan/object-size-5.c   -O2  output pattern test, is c-c++-common/ubsan/object-size-5.c:18:12: runtime error: load of address 0x0086ff24 with insufficient space for an object of type 'char'
FAIL: c-c++-common/ubsan/object-size-5.c   -O2 -flto -fno-use-linker-plugin -flto-partition=none  output pattern test, is c-c++-common/ubsan/object-size-5.c:18:12: runtime error: load of address 0x01f6af24 with insufficient space for an object of type 'char'
FAIL: c-c++-common/ubsan/object-size-5.c   -O2 -flto -fuse-linker-plugin -fno-fat-lto-objects  output pattern test, is c-c++-common/ubsan/object-size-5.c:18:12: runtime error: load of address 0x019aaf24 with insufficient space for an object of type 'char'
FAIL: c-c++-common/ubsan/object-size-7.c   -O2  output pattern test, is c-c++-common/ubsan/object-size-7.c:15:11: runtime error: load of address 0xbecd5a38 with insufficient space for an object of type 'const struct S'
FAIL: c-c++-common/ubsan/object-size-7.c   -O2 -flto -fno-use-linker-plugin -flto-partition=none  output pattern test, is c-c++-common/ubsan/object-size-7.c:15:11: runtime error: load of address 0xbec30a38 with insufficient space for an object of type 'const struct S'
FAIL: c-c++-common/ubsan/object-size-7.c   -O2 -flto -fuse-linker-plugin -fno-fat-lto-objects  output pattern test, is c-c++-common/ubsan/object-size-7.c:15:11: runtime error: load of address 0xbed88a38 with insufficient space for an object of type 'const struct S'
FAIL: c-c++-common/ubsan/object-size-8.c   -O2  output pattern test, is c-c++-common/ubsan/object-size-8.c:12:13: runtime error: load of address 0x01240f14 with insufficient space for an object of type 'int'
FAIL: c-c++-common/ubsan/object-size-8.c   -O2 -flto -fno-use-linker-plugin -flto-partition=none  output pattern test, is c-c++-common/ubsan/object-size-8.c:12:13: runtime error: load of address 0x00e88f14 with insufficient space for an object of type 'int'
FAIL: c-c++-common/ubsan/object-size-8.c   -O2 -flto -fuse-linker-plugin -fno-fat-lto-objects  output pattern test, is c-c++-common/ubsan/object-size-8.c:12:13: runtime error: load of address 0x0064af14 with insufficient space for an object of type 'int'
FAIL: c-c++-common/ubsan/object-size-9.c   -O2  output pattern test, is c-c++-common/ubsan/object-size-9.c:21:11: runtime error: load of address 0xbefaea28 with insufficient space for an object of type 'char'
FAIL: c-c++-common/ubsan/object-size-9.c   -O2 -flto -fno-use-linker-plugin -flto-partition=none  output pattern test, is c-c++-common/ubsan/object-size-9.c:21:11: runtime error: load of address 0xbebe2a28 with insufficient space for an object of type 'char'
FAIL: c-c++-common/ubsan/object-size-9.c   -O2 -flto -fuse-linker-plugin -fno-fat-lto-objects  output pattern test, is c-c++-common/ubsan/object-size-9.c:21:11: runtime error: load of address 0xbec02a30 with insufficient space for an object of type 'char'
FAIL: g++.dg/ubsan/null-1.C   -O0  output pattern test, is g++.dg/ubsan/null-1.C:12:13: runtime error: reference binding to null pointer of type 'int'
FAIL: g++.dg/ubsan/null-1.C   -O1  output pattern test, is g++.dg/ubsan/null-1.C:12:13: runtime error: reference binding to null pointer of type 'int'
FAIL: g++.dg/ubsan/null-1.C   -O2  output pattern test, is g++.dg/ubsan/null-1.C:12:13: runtime error: reference binding to null pointer of type 'int'
FAIL: g++.dg/ubsan/null-1.C   -O3 -fomit-frame-pointer  output pattern test, is g++.dg/ubsan/null-1.C:12:13: runtime error: reference binding to null pointer of type 'int'
FAIL: g++.dg/ubsan/null-1.C   -O3 -g  output pattern test, is g++.dg/ubsan/null-1.C:12:13: runtime error: reference binding to null pointer of type 'int'
FAIL: g++.dg/ubsan/null-1.C   -Os  output pattern test, is g++.dg/ubsan/null-1.C:12:13: runtime error: reference binding to null pointer of type 'int'
FAIL: g++.dg/ubsan/null-1.C   -O2 -flto -fno-use-linker-plugin -flto-partition=none  output pattern test, is g++.dg/ubsan/null-1.C:12:13: runtime error: reference binding to null pointer of type 'int'
FAIL: g++.dg/ubsan/null-1.C   -O2 -flto -fuse-linker-plugin -fno-fat-lto-objects  output pattern test, is g++.dg/ubsan/null-1.C:12:13: runtime error: reference binding to null pointer of type 'int'
FAIL: g++.dg/ubsan/null-3.C   -O0  output pattern test, is g++.dg/ubsan/null-3.C:9:14: runtime error: reference binding to null pointer of type 'int'
FAIL: g++.dg/ubsan/null-3.C   -O1  output pattern test, is g++.dg/ubsan/null-3.C:9:14: runtime error: reference binding to null pointer of type 'int'
FAIL: g++.dg/ubsan/null-3.C   -O2  output pattern test, is g++.dg/ubsan/null-3.C:9:14: runtime error: reference binding to null pointer of type 'int'
FAIL: g++.dg/ubsan/null-3.C   -O3 -fomit-frame-pointer  output pattern test, is g++.dg/ubsan/null-3.C:9:14: runtime error: reference binding to null pointer of type 'int'
FAIL: g++.dg/ubsan/null-3.C   -O3 -g  output pattern test, is g++.dg/ubsan/null-3.C:9:14: runtime error: reference binding to null pointer of type 'int'
FAIL: g++.dg/ubsan/null-3.C   -Os  output pattern test, is g++.dg/ubsan/null-3.C:9:14: runtime error: reference binding to null pointer of type 'int'
FAIL: g++.dg/ubsan/null-3.C   -O2 -flto -fno-use-linker-plugin -flto-partition=none  output pattern test, is g++.dg/ubsan/null-3.C:9:14: runtime error: reference binding to null pointer of type 'int'
FAIL: g++.dg/ubsan/null-3.C   -O2 -flto -fuse-linker-plugin -fno-fat-lto-objects  output pattern test, is g++.dg/ubsan/null-3.C:9:14: runtime error: reference binding to null pointer of type 'int'
FAIL: g++.dg/ubsan/null-4.C   -O0  output pattern test, is g++.dg/ubsan/null-4.C:11:14: runtime error: reference binding to null pointer of type 'int'
FAIL: g++.dg/ubsan/null-4.C   -O1  output pattern test, is g++.dg/ubsan/null-4.C:11:14: runtime error: reference binding to null pointer of type 'int'
FAIL: g++.dg/ubsan/null-4.C   -O2  output pattern test, is g++.dg/ubsan/null-4.C:11:14: runtime error: reference binding to null pointer of type 'int'
FAIL: g++.dg/ubsan/null-4.C   -O3 -fomit-frame-pointer  output pattern test, is g++.dg/ubsan/null-4.C:11:14: runtime error: reference binding to null pointer of type 'int'
FAIL: g++.dg/ubsan/null-4.C   -O3 -g  output pattern test, is g++.dg/ubsan/null-4.C:11:14: runtime error: reference binding to null pointer of type 'int'
FAIL: g++.dg/ubsan/null-4.C   -Os  output pattern test, is g++.dg/ubsan/null-4.C:11:14: runtime error: reference binding to null pointer of type 'int'
FAIL: g++.dg/ubsan/null-4.C   -O2 -flto -fno-use-linker-plugin -flto-partition=none  output pattern test, is g++.dg/ubsan/null-4.C:11:14: runtime error: reference binding to null pointer of type 'int'
FAIL: g++.dg/ubsan/static-init-2.C   -O0  output pattern test, is g++.dg/ubsan/static-init-2.C:9:20: runtime error: reference binding to null pointer of type 'int'
FAIL: g++.dg/ubsan/static-init-2.C   -O1  output pattern test, is g++.dg/ubsan/static-init-2.C:9:20: runtime error: reference binding to null pointer of type 'int'
FAIL: g++.dg/ubsan/static-init-2.C   -O2  output pattern test, is g++.dg/ubsan/static-init-2.C:9:20: runtime error: reference binding to null pointer of type 'int'
FAIL: g++.dg/ubsan/static-init-2.C   -O3 -fomit-frame-pointer  output pattern test, is g++.dg/ubsan/static-init-2.C:9:20: runtime error: reference binding to null pointer of type 'int'
FAIL: g++.dg/ubsan/static-init-2.C   -O3 -g  output pattern test, is g++.dg/ubsan/static-init-2.C:9:20: runtime error: reference binding to null pointer of type 'int'
FAIL: g++.dg/ubsan/static-init-2.C   -Os  output pattern test, is g++.dg/ubsan/static-init-2.C:9:20: runtime error: reference binding to null pointer of type 'int'
FAIL: g++.dg/ubsan/static-init-2.C   -O2 -flto -fno-use-linker-plugin -flto-partition=none  output pattern test, is g++.dg/ubsan/static-init-2.C:9:20: runtime error: reference binding to null pointer of type 'int'
FAIL: g++.dg/ubsan/static-init-2.C   -O2 -flto -fuse-linker-plugin -fno-fat-lto-objects  output pattern test, is g++.dg/ubsan/static-init-2.C:9:20: runtime error: reference binding to null pointer of type 'int'
FAIL: g++.dg/ubsan/static-init-3.C   -O0  output pattern test, is g++.dg/ubsan/static-init-3.C:11:24: runtime error: reference binding to null pointer of type 'int'
FAIL: g++.dg/ubsan/static-init-3.C   -O1  output pattern test, is g++.dg/ubsan/static-init-3.C:11:24: runtime error: reference binding to null pointer of type 'int'
FAIL: g++.dg/ubsan/static-init-3.C   -O2  output pattern test, is g++.dg/ubsan/static-init-3.C:11:24: runtime error: reference binding to null pointer of type 'int'
FAIL: g++.dg/ubsan/static-init-3.C   -O3 -fomit-frame-pointer  output pattern test, is g++.dg/ubsan/static-init-3.C:11:24: runtime error: reference binding to null pointer of type 'int'
FAIL: g++.dg/ubsan/static-init-3.C   -O3 -g  output pattern test, is g++.dg/ubsan/static-init-3.C:11:24: runtime error: reference binding to null pointer of type 'int'
FAIL: g++.dg/ubsan/static-init-3.C   -Os  output pattern test, is g++.dg/ubsan/static-init-3.C:11:24: runtime error: reference binding to null pointer of type 'int'
FAIL: g++.dg/ubsan/static-init-3.C   -O2 -flto -fno-use-linker-plugin -flto-partition=none  output pattern test, is g++.dg/ubsan/static-init-3.C:11:24: runtime error: reference binding to null pointer of type 'int'
FAIL: g++.dg/ubsan/static-init-3.C   -O2 -flto -fuse-linker-plugin -fno-fat-lto-objects  output pattern test, is g++.dg/ubsan/static-init-3.C:11:24: runtime error: reference binding to null pointer of type 'int'
FAIL: g++.dg/ubsan/vptr-1.C   -O0  output pattern test, is g++.dg/ubsan/vptr-1.C:75:17: runtime error: member access within address 0x015aaf10 which does not point to an object of type 'T'
FAIL: g++.dg/ubsan/vptr-1.C   -O1  output pattern test, is g++.dg/ubsan/vptr-1.C:75:17: runtime error: member access within address 0x016f7f10 which does not point to an object of type 'T'
FAIL: g++.dg/ubsan/vptr-1.C   -O2  output pattern test, is g++.dg/ubsan/vptr-1.C:75:17: runtime error: member access within address 0x0192bf10 which does not point to an object of type 'T'
FAIL: g++.dg/ubsan/vptr-1.C   -O3 -fomit-frame-pointer  output pattern test, is g++.dg/ubsan/vptr-1.C:75:17: runtime error: member access within address 0x01fccf10 which does not point to an object of type 'T'
FAIL: g++.dg/ubsan/vptr-1.C   -O3 -fomit-frame-pointer -funroll-loops  output pattern test, is g++.dg/ubsan/vptr-1.C:75:17: runtime error: member access within address 0x017bef10 which does not point to an object of type 'T'
FAIL: g++.dg/ubsan/vptr-1.C   -O3 -fomit-frame-pointer -funroll-all-loops -finline-functions  output pattern test, is g++.dg/ubsan/vptr-1.C:75:17: runtime error: member access within address 0x01bfff10 which does not point to an object of type 'T'
FAIL: g++.dg/ubsan/vptr-1.C   -O3 -g  output pattern test, is g++.dg/ubsan/vptr-1.C:75:17: runtime error: member access within address 0x00c8df10 which does not point to an object of type 'T'
FAIL: g++.dg/ubsan/vptr-1.C   -Os  output pattern test, is g++.dg/ubsan/vptr-1.C:75:17: runtime error: member access within address 0x01bc3f10 which does not point to an object of type 'T'
FAIL: g++.dg/ubsan/vptr-1.C   -O2 -flto -fno-use-linker-plugin -flto-partition=none  output pattern test, is g++.dg/ubsan/vptr-1.C:75:17: runtime error: member access within address 0x00389f10 which does not point to an object of type 'T'
FAIL: g++.dg/ubsan/vptr-1.C   -O2 -flto -fuse-linker-plugin -fno-fat-lto-objects  output pattern test, is g++.dg/ubsan/vptr-1.C:75:17: runtime error: member access within address 0x00c00f10 which does not point to an object of type 'T'
FAIL: g++.dg/ubsan/vptr-2.C   -O0  output pattern test, is g++.dg/ubsan/vptr-2.C:75:17: runtime error: member access within address 0x01085f10 which does not point to an object of type 'T'
FAIL: g++.dg/ubsan/vptr-2.C   -O1  output pattern test, is g++.dg/ubsan/vptr-2.C:75:17: runtime error: member access within address 0x0199ef10 which does not point to an object of type 'T'
FAIL: g++.dg/ubsan/vptr-2.C   -O2  output pattern test, is g++.dg/ubsan/vptr-2.C:75:17: runtime error: member access within address 0x00faef10 which does not point to an object of type 'T'
FAIL: g++.dg/ubsan/vptr-2.C   -O3 -fomit-frame-pointer  output pattern test, is g++.dg/ubsan/vptr-2.C:75:17: runtime error: member access within address 0x00166f10 which does not point to an object of type 'T'
FAIL: g++.dg/ubsan/vptr-2.C   -O3 -fomit-frame-pointer -funroll-loops  output pattern test, is g++.dg/ubsan/vptr-2.C:75:17: runtime error: member access within address 0x00c96f10 which does not point to an object of type 'T'
FAIL: g++.dg/ubsan/vptr-2.C   -O3 -fomit-frame-pointer -funroll-all-loops -finline-functions  output pattern test, is g++.dg/ubsan/vptr-2.C:75:17: runtime error: member access within address 0x00acaf10 which does not point to an object of type 'T'
FAIL: g++.dg/ubsan/vptr-2.C   -O3 -g  output pattern test, is g++.dg/ubsan/vptr-2.C:75:17: runtime error: member access within address 0x017b3f10 which does not point to an object of type 'T'
FAIL: g++.dg/ubsan/vptr-2.C   -Os  output pattern test, is g++.dg/ubsan/vptr-2.C:75:17: runtime error: member access within address 0x00ec0f10 which does not point to an object of type 'T'
FAIL: g++.dg/ubsan/vptr-2.C   -O2 -flto -fno-use-linker-plugin -flto-partition=none  output pattern test, is g++.dg/ubsan/vptr-2.C:75:17: runtime error: member access within address 0x01e62f10 which does not point to an object of type 'T'
FAIL: g++.dg/ubsan/vptr-2.C   -O2 -flto -fuse-linker-plugin -fno-fat-lto-objects  output pattern test, is g++.dg/ubsan/vptr-2.C:75:17: runtime error: member access within address 0x0131ff10 which does not point to an object of type 'T'
FAIL: g++.dg/ubsan/vptr-3.C   -O0  output pattern test, is g++.dg/ubsan/vptr-3.C:75:17: runtime error: member access within address 0x00a3af10 which does not point to an object of type 'T'
FAIL: g++.dg/ubsan/vptr-3.C   -O1  output pattern test, is g++.dg/ubsan/vptr-3.C:75:17: runtime error: member access within address 0x0118af10 which does not point to an object of type 'T'
FAIL: g++.dg/ubsan/vptr-3.C   -O2  output pattern test, is g++.dg/ubsan/vptr-3.C:75:17: runtime error: member access within address 0x007b8f10 which does not point to an object of type 'T'
FAIL: g++.dg/ubsan/vptr-3.C   -O3 -fomit-frame-pointer  output pattern test, is g++.dg/ubsan/vptr-3.C:75:17: runtime error: member access within address 0x01b02f10 which does not point to an object of type 'T'
FAIL: g++.dg/ubsan/vptr-3.C   -O3 -fomit-frame-pointer -funroll-loops  output pattern test, is g++.dg/ubsan/vptr-3.C:75:17: runtime error: member access within address 0x01602f10 which does not point to an object of type 'T'
FAIL: g++.dg/ubsan/vptr-3.C   -O3 -fomit-frame-pointer -funroll-all-loops -finline-functions  output pattern test, is g++.dg/ubsan/vptr-3.C:75:17: runtime error: member access within address 0x00a3df10 which does not point to an object of type 'T'
FAIL: g++.dg/ubsan/vptr-3.C   -O3 -g  output pattern test, is g++.dg/ubsan/vptr-3.C:75:17: runtime error: member access within address 0x0125ff10 which does not point to an object of type 'T'
FAIL: g++.dg/ubsan/vptr-3.C   -Os  output pattern test, is g++.dg/ubsan/vptr-3.C:75:17: runtime error: member access within address 0x01597f10 which does not point to an object of type 'T'
FAIL: g++.dg/ubsan/vptr-3.C   -O2 -flto -fno-use-linker-plugin -flto-partition=none  output pattern test, is g++.dg/ubsan/vptr-3.C:75:17: runtime error: member access within address 0x00681f10 which does not point to an object of type 'T'
FAIL: g++.dg/ubsan/vptr-3.C   -O2 -flto -fuse-linker-plugin -fno-fat-lto-objects  output pattern test, is g++.dg/ubsan/vptr-3.C:75:17: runtime error: member access within address 0x00263f10 which does not point to an object of type 'T'
FAIL: g++.dg/ubsan/vptr-8.C   -O0  output pattern test, is g++.dg/ubsan/vptr-8.C:24:13: runtime error: cast to virtual base of address 0xbebd0a30 which does not point to an object of type 'V'
FAIL: g++.dg/ubsan/vptr-8.C   -O1  output pattern test, is g++.dg/ubsan/vptr-8.C:24:13: runtime error: cast to virtual base of address 0xbee8aa38 which does not point to an object of type 'V'
FAIL: g++.dg/ubsan/vptr-8.C   -O2  output pattern test, is g++.dg/ubsan/vptr-8.C:24:13: runtime error: cast to virtual base of address 0xbed4ba30 which does not point to an object of type 'V'
FAIL: g++.dg/ubsan/vptr-8.C   -O3 -fomit-frame-pointer  output pattern test, is g++.dg/ubsan/vptr-8.C:24:13: runtime error: cast to virtual base of address 0xbe824a30 which does not point to an object of type 'V'
FAIL: g++.dg/ubsan/vptr-8.C   -O3 -fomit-frame-pointer -funroll-loops  output pattern test, is g++.dg/ubsan/vptr-8.C:24:13: runtime error: cast to virtual base of address 0xbe89ba30 which does not point to an object of type 'V'
FAIL: g++.dg/ubsan/vptr-8.C   -O3 -fomit-frame-pointer -funroll-all-loops -finline-functions  output pattern test, is g++.dg/ubsan/vptr-8.C:24:13: runtime error: cast to virtual base of address 0xbe836a30 which does not point to an object of type 'V'
FAIL: g++.dg/ubsan/vptr-8.C   -O3 -g  output pattern test, is g++.dg/ubsan/vptr-8.C:24:13: runtime error: cast to virtual base of address 0xbec7ca30 which does not point to an object of type 'V'
FAIL: g++.dg/ubsan/vptr-8.C   -Os  output pattern test, is g++.dg/ubsan/vptr-8.C:24:13: runtime error: cast to virtual base of address 0xbef01a30 which does not point to an object of type 'V'
FAIL: g++.dg/ubsan/vptr-8.C   -O2 -flto -fno-use-linker-plugin -flto-partition=none  output pattern test, is g++.dg/ubsan/vptr-8.C:24:13: runtime error: cast to virtual base of address 0xbebb1a30 which does not point to an object of type 'V'
FAIL: g++.dg/ubsan/vptr-8.C   -O2 -flto -fuse-linker-plugin -fno-fat-lto-objects  output pattern test, is g++.dg/ubsan/vptr-8.C:24:13: runtime error: cast to virtual base of address 0xbed79a30 which does not point to an object of type 'V'
FAIL: g++.dg/ubsan/vptr-9.C   -O0  output pattern test, is g++.dg/ubsan/vptr-9.C:14:10: runtime error: cast to virtual base of address 0xbeb4fa24 which does not point to an object of type 'T'
FAIL: g++.dg/ubsan/vptr-9.C   -O1  output pattern test, is g++.dg/ubsan/vptr-9.C:14:10: runtime error: cast to virtual base of address 0xbe910a3c which does not point to an object of type 'T'
FAIL: g++.dg/ubsan/vptr-9.C   -O2  output pattern test, is g++.dg/ubsan/vptr-9.C:14:10: runtime error: cast to virtual base of address 0xbee0aa34 which does not point to an object of type 'T'
FAIL: g++.dg/ubsan/vptr-9.C   -O3 -fomit-frame-pointer  output pattern test, is g++.dg/ubsan/vptr-9.C:14:10: runtime error: cast to virtual base of address 0xbeeafa34 which does not point to an object of type 'T'
FAIL: g++.dg/ubsan/vptr-9.C   -O3 -fomit-frame-pointer -funroll-loops  output pattern test, is g++.dg/ubsan/vptr-9.C:14:10: runtime error: cast to virtual base of address 0xbe918a34 which does not point to an object of type 'T'
FAIL: g++.dg/ubsan/vptr-9.C   -O3 -fomit-frame-pointer -funroll-all-loops -finline-functions  output pattern test, is g++.dg/ubsan/vptr-9.C:14:10: runtime error: cast to virtual base of address 0xbed7ca34 which does not point to an object of type 'T'
FAIL: g++.dg/ubsan/vptr-9.C   -O3 -g  output pattern test, is g++.dg/ubsan/vptr-9.C:14:10: runtime error: cast to virtual base of address 0xbe887a34 which does not point to an object of type 'T'
FAIL: g++.dg/ubsan/vptr-9.C   -Os  output pattern test, is g++.dg/ubsan/vptr-9.C:14:10: runtime error: cast to virtual base of address 0xbeab6a2c which does not point to an object of type 'T'
FAIL: g++.dg/ubsan/vptr-9.C   -O2 -flto -fno-use-linker-plugin -flto-partition=none  output pattern test, is g++.dg/ubsan/vptr-9.C:14:10: runtime error: cast to virtual base of address 0xbe8c3a4c which does not point to an object of type 'T'
FAIL: g++.dg/ubsan/vptr-9.C   -O2 -flto -fuse-linker-plugin -fno-fat-lto-objects  output pattern test, is g++.dg/ubsan/vptr-9.C:14:10: runtime error: cast to virtual base of address 0xbeb0aa4c which does not point to an object of type 'T'

		=== g++ Summary ===

# of expected passes		85776
# of unexpected failures	115
# of expected failures		343
# of unresolved testcases	1
# of unsupported tests		4145
/scratch/gcc/nightly-2015-09-04-5/arm-none-linux-gnueabi/obj/test-5-0-arm-none-linux-gnueabi/host-i686-pc-linux-gnu/fsf-5/bin/arm-none-linux-gnueabi-g++  version 5.2.1 20150905 (GCC) 


		=== Summary adjusted for local xfails ===

# of unexpected failures        115
# of expected passes            85776
# of expected failures          343
# of unresolved testcases       1
# of unsupported tests          4145
Host   is i686-pc-linux-gnu

		=== gcc tests ===


Running target qemu-wheezy
FAIL: c-c++-common/asan/heap-overflow-1.c   -O1  output pattern test, is =================================================================
FAIL: c-c++-common/asan/sanity-check-pure-c-1.c   -O1  output pattern test, is =================================================================
FAIL: c-c++-common/asan/strncpy-overflow-1.c   -O1  output pattern test, is =================================================================
FAIL: c-c++-common/asan/use-after-free-1.c   -O1  output pattern test, is =================================================================
FAIL: gcc.dg/tree-ssa/sra-12.c scan-tree-dump-times release_ssa "l;" 0
FAIL: gcc.dg/tree-ssa/ssa-dom-cse-2.c scan-tree-dump optimized "return 28;"
FAIL: c-c++-common/ubsan/object-size-1.c   -O2  output pattern test, is c-c++-common/ubsan/object-size-1.c:16:7: runtime error: load of address 0x0195cf24 with insufficient space for an object of type 'char'
FAIL: c-c++-common/ubsan/object-size-1.c   -O2 -flto -fno-use-linker-plugin -flto-partition=none  output pattern test, is c-c++-common/ubsan/object-size-1.c:16:7: runtime error: load of address 0x00c31f24 with insufficient space for an object of type 'char'
FAIL: c-c++-common/ubsan/object-size-1.c   -O2 -flto -fuse-linker-plugin -fno-fat-lto-objects  output pattern test, is c-c++-common/ubsan/object-size-1.c:16:7: runtime error: load of address 0x00652f24 with insufficient space for an object of type 'char'
FAIL: c-c++-common/ubsan/object-size-10.c   -O2  output pattern test, is c-c++-common/ubsan/object-size-10.c:19:11: runtime error: index 128 out of bounds for type 'char [128]'
FAIL: c-c++-common/ubsan/object-size-10.c   -O2 -flto -fno-use-linker-plugin -flto-partition=none  output pattern test, is c-c++-common/ubsan/object-size-10.c:19:11: runtime error: index 128 out of bounds for type 'char [128]'
FAIL: c-c++-common/ubsan/object-size-10.c   -O2 -flto -fuse-linker-plugin -fno-fat-lto-objects  output pattern test, is c-c++-common/ubsan/object-size-10.c:19:11: runtime error: index 128 out of bounds for type 'char [128]'
FAIL: c-c++-common/ubsan/object-size-4.c   -O2  output pattern test, is c-c++-common/ubsan/object-size-4.c:16:11: runtime error: load of address 0x01c50f18 with insufficient space for an object of type 'int'
FAIL: c-c++-common/ubsan/object-size-4.c   -O2 -flto -fno-use-linker-plugin -flto-partition=none  output pattern test, is c-c++-common/ubsan/object-size-4.c:16:11: runtime error: load of address 0x0201af18 with insufficient space for an object of type 'int'
FAIL: c-c++-common/ubsan/object-size-4.c   -O2 -flto -fuse-linker-plugin -fno-fat-lto-objects  output pattern test, is c-c++-common/ubsan/object-size-4.c:16:11: runtime error: load of address 0x01bdef18 with insufficient space for an object of type 'int'
FAIL: c-c++-common/ubsan/object-size-5.c   -O2  output pattern test, is c-c++-common/ubsan/object-size-5.c:18:10: runtime error: load of address 0x00a2cf24 with insufficient space for an object of type 'char'
FAIL: c-c++-common/ubsan/object-size-5.c   -O2 -flto -fno-use-linker-plugin -flto-partition=none  output pattern test, is c-c++-common/ubsan/object-size-5.c:18:10: runtime error: load of address 0x011f4f24 with insufficient space for an object of type 'char'
FAIL: c-c++-common/ubsan/object-size-5.c   -O2 -flto -fuse-linker-plugin -fno-fat-lto-objects  output pattern test, is c-c++-common/ubsan/object-size-5.c:18:10: runtime error: load of address 0x008c8f24 with insufficient space for an object of type 'char'
FAIL: c-c++-common/ubsan/object-size-7.c   -O2  output pattern test, is c-c++-common/ubsan/object-size-7.c:15:5: runtime error: load of address 0xbec4aa38 with insufficient space for an object of type 'struct S'
FAIL: c-c++-common/ubsan/object-size-7.c   -O2 -flto -fno-use-linker-plugin -flto-partition=none  output pattern test, is c-c++-common/ubsan/object-size-7.c:15:5: runtime error: load of address 0xbed41a38 with insufficient space for an object of type 'struct S'
FAIL: c-c++-common/ubsan/object-size-7.c   -O2 -flto -fuse-linker-plugin -fno-fat-lto-objects  output pattern test, is c-c++-common/ubsan/object-size-7.c:15:5: runtime error: load of address 0xbeef3a38 with insufficient space for an object of type 'struct S'
FAIL: c-c++-common/ubsan/object-size-8.c   -O2  output pattern test, is c-c++-common/ubsan/object-size-8.c:12:10: runtime error: load of address 0x0059af14 with insufficient space for an object of type 'int'
FAIL: c-c++-common/ubsan/object-size-8.c   -O2 -flto -fno-use-linker-plugin -flto-partition=none  output pattern test, is c-c++-common/ubsan/object-size-8.c:12:10: runtime error: load of address 0x010faf14 with insufficient space for an object of type 'int'
FAIL: c-c++-common/ubsan/object-size-8.c   -O2 -flto -fuse-linker-plugin -fno-fat-lto-objects  output pattern test, is c-c++-common/ubsan/object-size-8.c:12:10: runtime error: load of address 0x00478f14 with insufficient space for an object of type 'int'
FAIL: c-c++-common/ubsan/object-size-9.c   -O2  output pattern test, is c-c++-common/ubsan/object-size-9.c:21:10: runtime error: load of address 0xbef24a40 with insufficient space for an object of type 'char'
FAIL: c-c++-common/ubsan/object-size-9.c   -O2 -flto -fno-use-linker-plugin -flto-partition=none  output pattern test, is c-c++-common/ubsan/object-size-9.c:21:10: runtime error: load of address 0xbee26a40 with insufficient space for an object of type 'char'
FAIL: c-c++-common/ubsan/object-size-9.c   -O2 -flto -fuse-linker-plugin -fno-fat-lto-objects  output pattern test, is c-c++-common/ubsan/object-size-9.c:21:10: runtime error: load of address 0xbebbca40 with insufficient space for an object of type 'char'
FAIL: gcc.dg/ubsan/object-size-9.c   -O2  output pattern test, is gcc.dg/ubsan/object-size-9.c:11:13: runtime error: load of address 0x00020a12 with insufficient space for an object of type 'char'
FAIL: gcc.dg/ubsan/object-size-9.c   -O2 -flto -fno-use-linker-plugin -flto-partition=none  output pattern test, is gcc.dg/ubsan/object-size-9.c:11:13: runtime error: load of address 0x00020a12 with insufficient space for an object of type 'char'
FAIL: gcc.dg/ubsan/object-size-9.c   -O2 -flto -fuse-linker-plugin -fno-fat-lto-objects  output pattern test, is gcc.dg/ubsan/object-size-9.c:11:13: runtime error: load of address 0x000209ca with insufficient space for an object of type 'char'
FAIL: gcc.target/arm/neon-vfma-1.c scan-assembler vfma\\\\.f32[\\t]+[dDqQ]
FAIL: gcc.target/arm/neon-vfms-1.c scan-assembler vfms\\\\.f32[\\t]+[dDqQ]
FAIL: gcc.target/arm/pr42172-1.c scan-assembler-times ldr 1
FAIL: gcc.target/arm/pr42575.c scan-assembler-not mov
FAIL: gcc.target/arm/thumb-ltu.c scan-assembler-not uxtb
FAIL: gcc.target/arm/simd/vextQp64_1.c execution test
FAIL: gcc.target/arm/simd/vextp64_1.c execution test

		=== gcc Summary ===

# of expected passes		92702
# of unexpected failures	37
# of expected failures		118
# of unsupported tests		4134
/scratch/gcc/nightly-2015-09-04-5/arm-none-linux-gnueabi/obj/test-5-0-arm-none-linux-gnueabi/host-i686-pc-linux-gnu/fsf-5/bin/arm-none-linux-gnueabi-gcc  version 5.2.1 20150905 (GCC) 


		=== Summary adjusted for local xfails ===

# of unexpected failures        37
# of expected passes            92702
# of expected failures          118
# of unsupported tests          4134
Host   is i686-pc-linux-gnu

		=== gfortran tests ===


Running target qemu-wheezy
FAIL: gfortran.dg/ieee/ieee_1.F90   -O0  execution test
FAIL: gfortran.dg/ieee/ieee_1.F90   -O1  execution test
FAIL: gfortran.dg/ieee/ieee_1.F90   -O2  execution test
FAIL: gfortran.dg/ieee/ieee_1.F90   -O3 -fomit-frame-pointer  execution test
FAIL: gfortran.dg/ieee/ieee_1.F90   -O3 -fomit-frame-pointer -funroll-loops  execution test
FAIL: gfortran.dg/ieee/ieee_1.F90   -O3 -fomit-frame-pointer -funroll-all-loops -finline-functions  execution test
FAIL: gfortran.dg/ieee/ieee_1.F90   -O3 -g  execution test
FAIL: gfortran.dg/ieee/ieee_1.F90   -Os  execution test
FAIL: gfortran.dg/ieee/ieee_2.f90   -O0  execution test
FAIL: gfortran.dg/ieee/ieee_2.f90   -O1  execution test
FAIL: gfortran.dg/ieee/ieee_2.f90   -O2  execution test
FAIL: gfortran.dg/ieee/ieee_2.f90   -O3 -fomit-frame-pointer  execution test
FAIL: gfortran.dg/ieee/ieee_2.f90   -O3 -fomit-frame-pointer -funroll-loops  execution test
FAIL: gfortran.dg/ieee/ieee_2.f90   -O3 -fomit-frame-pointer -funroll-all-loops -finline-functions  execution test
FAIL: gfortran.dg/ieee/ieee_2.f90   -O3 -g  execution test
FAIL: gfortran.dg/ieee/ieee_2.f90   -Os  execution test
FAIL: gfortran.dg/ieee/ieee_6.f90   -O0  execution test
FAIL: gfortran.dg/ieee/ieee_6.f90   -O1  execution test
FAIL: gfortran.dg/ieee/ieee_6.f90   -O2  execution test
FAIL: gfortran.dg/ieee/ieee_6.f90   -O3 -fomit-frame-pointer  execution test
FAIL: gfortran.dg/ieee/ieee_6.f90   -O3 -fomit-frame-pointer -funroll-loops  execution test
FAIL: gfortran.dg/ieee/ieee_6.f90   -O3 -fomit-frame-pointer -funroll-all-loops -finline-functions  execution test
FAIL: gfortran.dg/ieee/ieee_6.f90   -O3 -g  execution test
FAIL: gfortran.dg/ieee/ieee_6.f90   -Os  execution test
FAIL: gfortran.dg/ieee/rounding_1.f90   -O0  execution test
FAIL: gfortran.dg/ieee/rounding_1.f90   -O1  execution test
FAIL: gfortran.dg/ieee/rounding_1.f90   -O2  execution test
FAIL: gfortran.dg/ieee/rounding_1.f90   -O3 -fomit-frame-pointer  execution test
FAIL: gfortran.dg/ieee/rounding_1.f90   -O3 -fomit-frame-pointer -funroll-loops  execution test
FAIL: gfortran.dg/ieee/rounding_1.f90   -O3 -fomit-frame-pointer -funroll-all-loops -finline-functions  execution test
FAIL: gfortran.dg/ieee/rounding_1.f90   -O3 -g  execution test
FAIL: gfortran.dg/ieee/rounding_1.f90   -Os  execution test

		=== gfortran Summary ===

# of expected passes		47333
# of unexpected failures	32
# of expected failures		79
# of unsupported tests		410
/scratch/gcc/nightly-2015-09-04-5/arm-none-linux-gnueabi/obj/test-5-0-arm-none-linux-gnueabi/host-i686-pc-linux-gnu/fsf-5/bin/arm-none-linux-gnueabi-gfortran  version 5.2.1 20150905 (GCC) 


		=== Summary adjusted for local xfails ===

# of unexpected failures        32
# of expected passes            47333
# of expected failures          79
# of unsupported tests          410
Host   is i686-pc-linux-gnu

		=== libatomic tests ===


Running target qemu-wheezy

		=== libatomic Summary ===

# of expected passes		44
# of unsupported tests		5

		=== Summary adjusted for local xfails ===

# of expected passes            44
# of unsupported tests          5
Host   is i686-pc-linux-gnu

		=== libgomp tests ===


Running target qemu-wheezy
WARNING: program timed out.
FAIL: libgomp.fortran/strassen.f90   -O  execution test
FAIL: libgomp.graphite/force-parallel-7.c execution test
FAIL: libgomp.oacc-c/../libgomp.oacc-c-c++-common/acc_on_device-1.c -DACC_DEVICE_TYPE_host_nonshm=1 -DACC_MEM_SHARED=0 execution test
FAIL: libgomp.oacc-c/../libgomp.oacc-c-c++-common/clauses-1.c -DACC_DEVICE_TYPE_host_nonshm=1 -DACC_MEM_SHARED=0 execution test
FAIL: libgomp.oacc-c/../libgomp.oacc-c-c++-common/data-1.c -DACC_DEVICE_TYPE_host_nonshm=1 -DACC_MEM_SHARED=0 execution test
FAIL: libgomp.oacc-c/../libgomp.oacc-c-c++-common/data-already-1.c -DACC_DEVICE_TYPE_host_nonshm=1 -DACC_MEM_SHARED=0 execution test
FAIL: libgomp.oacc-c/../libgomp.oacc-c-c++-common/data-already-2.c -DACC_DEVICE_TYPE_host_nonshm=1 -DACC_MEM_SHARED=0 execution test
FAIL: libgomp.oacc-c/../libgomp.oacc-c-c++-common/data-already-3.c -DACC_DEVICE_TYPE_host_nonshm=1 -DACC_MEM_SHARED=0 execution test
FAIL: libgomp.oacc-c/../libgomp.oacc-c-c++-common/data-already-5.c -DACC_DEVICE_TYPE_host_nonshm=1 -DACC_MEM_SHARED=0 execution test
FAIL: libgomp.oacc-c/../libgomp.oacc-c-c++-common/data-already-6.c -DACC_DEVICE_TYPE_host_nonshm=1 -DACC_MEM_SHARED=0 execution test
FAIL: libgomp.oacc-c/../libgomp.oacc-c-c++-common/data-already-7.c -DACC_DEVICE_TYPE_host_nonshm=1 -DACC_MEM_SHARED=0 execution test
FAIL: libgomp.oacc-c/../libgomp.oacc-c-c++-common/data-already-8.c -DACC_DEVICE_TYPE_host_nonshm=1 -DACC_MEM_SHARED=0 execution test
FAIL: libgomp.oacc-c/../libgomp.oacc-c-c++-common/deviceptr-1.c -DACC_DEVICE_TYPE_host_nonshm=1 -DACC_MEM_SHARED=0 execution test
FAIL: libgomp.oacc-c/../libgomp.oacc-c-c++-common/if-1.c -DACC_DEVICE_TYPE_host_nonshm=1 -DACC_MEM_SHARED=0 execution test
FAIL: libgomp.oacc-c/../libgomp.oacc-c-c++-common/kernels-1.c -DACC_DEVICE_TYPE_host_nonshm=1 -DACC_MEM_SHARED=0 execution test
FAIL: libgomp.oacc-c/../libgomp.oacc-c-c++-common/lib-12.c -DACC_DEVICE_TYPE_host_nonshm=1 -DACC_MEM_SHARED=0 execution test
FAIL: libgomp.oacc-c/../libgomp.oacc-c-c++-common/lib-19.c -DACC_DEVICE_TYPE_host_nonshm=1 -DACC_MEM_SHARED=0 execution test
FAIL: libgomp.oacc-c/../libgomp.oacc-c-c++-common/lib-37.c -DACC_DEVICE_TYPE_host_nonshm=1 -DACC_MEM_SHARED=0 execution test
FAIL: libgomp.oacc-c/../libgomp.oacc-c-c++-common/lib-38.c -DACC_DEVICE_TYPE_host_nonshm=1 -DACC_MEM_SHARED=0 execution test
FAIL: libgomp.oacc-c/../libgomp.oacc-c-c++-common/lib-45.c -DACC_DEVICE_TYPE_host_nonshm=1 -DACC_MEM_SHARED=0 execution test
FAIL: libgomp.oacc-c/../libgomp.oacc-c-c++-common/lib-46.c -DACC_DEVICE_TYPE_host_nonshm=1 -DACC_MEM_SHARED=0 execution test
FAIL: libgomp.oacc-c/../libgomp.oacc-c-c++-common/lib-49.c -DACC_DEVICE_TYPE_host_nonshm=1 -DACC_MEM_SHARED=0 execution test
FAIL: libgomp.oacc-c/../libgomp.oacc-c-c++-common/lib-50.c -DACC_DEVICE_TYPE_host_nonshm=1 -DACC_MEM_SHARED=0 execution test
FAIL: libgomp.oacc-c/../libgomp.oacc-c-c++-common/lib-51.c -DACC_DEVICE_TYPE_host_nonshm=1 -DACC_MEM_SHARED=0 execution test
FAIL: libgomp.oacc-c/../libgomp.oacc-c-c++-common/lib-55.c -DACC_DEVICE_TYPE_host_nonshm=1 -DACC_MEM_SHARED=0 execution test
FAIL: libgomp.oacc-c/../libgomp.oacc-c-c++-common/lib-56.c -DACC_DEVICE_TYPE_host_nonshm=1 -DACC_MEM_SHARED=0 execution test
FAIL: libgomp.oacc-c/../libgomp.oacc-c-c++-common/lib-59.c -DACC_DEVICE_TYPE_host_nonshm=1 -DACC_MEM_SHARED=0 execution test
FAIL: libgomp.oacc-c/../libgomp.oacc-c-c++-common/lib-60.c -DACC_DEVICE_TYPE_host_nonshm=1 -DACC_MEM_SHARED=0 execution test
FAIL: libgomp.oacc-c/../libgomp.oacc-c-c++-common/lib-61.c -DACC_DEVICE_TYPE_host_nonshm=1 -DACC_MEM_SHARED=0 execution test
FAIL: libgomp.oacc-c/../libgomp.oacc-c-c++-common/lib-66.c -DACC_DEVICE_TYPE_host_nonshm=1 -DACC_MEM_SHARED=0 execution test
FAIL: libgomp.oacc-c/../libgomp.oacc-c-c++-common/nested-1.c -DACC_DEVICE_TYPE_host_nonshm=1 -DACC_MEM_SHARED=0 execution test
FAIL: libgomp.oacc-c/../libgomp.oacc-c-c++-common/parallel-1.c -DACC_DEVICE_TYPE_host_nonshm=1 -DACC_MEM_SHARED=0 execution test
FAIL: libgomp.oacc-c/../libgomp.oacc-c-c++-common/update-1-2.c -DACC_DEVICE_TYPE_host_nonshm=1 -DACC_MEM_SHARED=0 execution test
FAIL: libgomp.oacc-c/../libgomp.oacc-c-c++-common/update-1.c -DACC_DEVICE_TYPE_host_nonshm=1 -DACC_MEM_SHARED=0 execution test
FAIL: libgomp.oacc-c++/../libgomp.oacc-c-c++-common/acc_on_device-1.c -DACC_DEVICE_TYPE_host_nonshm=1 -DACC_MEM_SHARED=0 execution test
FAIL: libgomp.oacc-c++/../libgomp.oacc-c-c++-common/clauses-1.c -DACC_DEVICE_TYPE_host_nonshm=1 -DACC_MEM_SHARED=0 execution test
FAIL: libgomp.oacc-c++/../libgomp.oacc-c-c++-common/data-1.c -DACC_DEVICE_TYPE_host_nonshm=1 -DACC_MEM_SHARED=0 execution test
FAIL: libgomp.oacc-c++/../libgomp.oacc-c-c++-common/data-already-1.c -DACC_DEVICE_TYPE_host_nonshm=1 -DACC_MEM_SHARED=0 execution test
FAIL: libgomp.oacc-c++/../libgomp.oacc-c-c++-common/data-already-2.c -DACC_DEVICE_TYPE_host_nonshm=1 -DACC_MEM_SHARED=0 execution test
FAIL: libgomp.oacc-c++/../libgomp.oacc-c-c++-common/data-already-3.c -DACC_DEVICE_TYPE_host_nonshm=1 -DACC_MEM_SHARED=0 execution test
FAIL: libgomp.oacc-c++/../libgomp.oacc-c-c++-common/data-already-5.c -DACC_DEVICE_TYPE_host_nonshm=1 -DACC_MEM_SHARED=0 execution test
FAIL: libgomp.oacc-c++/../libgomp.oacc-c-c++-common/data-already-6.c -DACC_DEVICE_TYPE_host_nonshm=1 -DACC_MEM_SHARED=0 execution test
FAIL: libgomp.oacc-c++/../libgomp.oacc-c-c++-common/data-already-7.c -DACC_DEVICE_TYPE_host_nonshm=1 -DACC_MEM_SHARED=0 execution test
FAIL: libgomp.oacc-c++/../libgomp.oacc-c-c++-common/data-already-8.c -DACC_DEVICE_TYPE_host_nonshm=1 -DACC_MEM_SHARED=0 execution test
FAIL: libgomp.oacc-c++/../libgomp.oacc-c-c++-common/deviceptr-1.c -DACC_DEVICE_TYPE_host_nonshm=1 -DACC_MEM_SHARED=0 execution test
FAIL: libgomp.oacc-c++/../libgomp.oacc-c-c++-common/if-1.c -DACC_DEVICE_TYPE_host_nonshm=1 -DACC_MEM_SHARED=0 execution test
FAIL: libgomp.oacc-c++/../libgomp.oacc-c-c++-common/kernels-1.c -DACC_DEVICE_TYPE_host_nonshm=1 -DACC_MEM_SHARED=0 execution test
FAIL: libgomp.oacc-c++/../libgomp.oacc-c-c++-common/lib-12.c -DACC_DEVICE_TYPE_host_nonshm=1 -DACC_MEM_SHARED=0 execution test
FAIL: libgomp.oacc-c++/../libgomp.oacc-c-c++-common/lib-19.c -DACC_DEVICE_TYPE_host_nonshm=1 -DACC_MEM_SHARED=0 execution test
FAIL: libgomp.oacc-c++/../libgomp.oacc-c-c++-common/lib-37.c -DACC_DEVICE_TYPE_host_nonshm=1 -DACC_MEM_SHARED=0 execution test
FAIL: libgomp.oacc-c++/../libgomp.oacc-c-c++-common/lib-38.c -DACC_DEVICE_TYPE_host_nonshm=1 -DACC_MEM_SHARED=0 execution test
FAIL: libgomp.oacc-c++/../libgomp.oacc-c-c++-common/lib-45.c -DACC_DEVICE_TYPE_host_nonshm=1 -DACC_MEM_SHARED=0 execution test
FAIL: libgomp.oacc-c++/../libgomp.oacc-c-c++-common/lib-46.c -DACC_DEVICE_TYPE_host_nonshm=1 -DACC_MEM_SHARED=0 execution test
FAIL: libgomp.oacc-c++/../libgomp.oacc-c-c++-common/lib-49.c -DACC_DEVICE_TYPE_host_nonshm=1 -DACC_MEM_SHARED=0 execution test
FAIL: libgomp.oacc-c++/../libgomp.oacc-c-c++-common/lib-50.c -DACC_DEVICE_TYPE_host_nonshm=1 -DACC_MEM_SHARED=0 execution test
FAIL: libgomp.oacc-c++/../libgomp.oacc-c-c++-common/lib-51.c -DACC_DEVICE_TYPE_host_nonshm=1 -DACC_MEM_SHARED=0 execution test
FAIL: libgomp.oacc-c++/../libgomp.oacc-c-c++-common/lib-55.c -DACC_DEVICE_TYPE_host_nonshm=1 -DACC_MEM_SHARED=0 execution test
FAIL: libgomp.oacc-c++/../libgomp.oacc-c-c++-common/lib-56.c -DACC_DEVICE_TYPE_host_nonshm=1 -DACC_MEM_SHARED=0 execution test
FAIL: libgomp.oacc-c++/../libgomp.oacc-c-c++-common/lib-59.c -DACC_DEVICE_TYPE_host_nonshm=1 -DACC_MEM_SHARED=0 execution test
FAIL: libgomp.oacc-c++/../libgomp.oacc-c-c++-common/lib-60.c -DACC_DEVICE_TYPE_host_nonshm=1 -DACC_MEM_SHARED=0 execution test
FAIL: libgomp.oacc-c++/../libgomp.oacc-c-c++-common/lib-61.c -DACC_DEVICE_TYPE_host_nonshm=1 -DACC_MEM_SHARED=0 execution test
FAIL: libgomp.oacc-c++/../libgomp.oacc-c-c++-common/lib-66.c -DACC_DEVICE_TYPE_host_nonshm=1 -DACC_MEM_SHARED=0 execution test
FAIL: libgomp.oacc-c++/../libgomp.oacc-c-c++-common/nested-1.c -DACC_DEVICE_TYPE_host_nonshm=1 -DACC_MEM_SHARED=0 execution test
FAIL: libgomp.oacc-c++/../libgomp.oacc-c-c++-common/parallel-1.c -DACC_DEVICE_TYPE_host_nonshm=1 -DACC_MEM_SHARED=0 execution test
FAIL: libgomp.oacc-c++/../libgomp.oacc-c-c++-common/update-1-2.c -DACC_DEVICE_TYPE_host_nonshm=1 -DACC_MEM_SHARED=0 execution test
FAIL: libgomp.oacc-c++/../libgomp.oacc-c-c++-common/update-1.c -DACC_DEVICE_TYPE_host_nonshm=1 -DACC_MEM_SHARED=0 execution test
FAIL: libgomp.oacc-fortran/acc_on_device-1-1.f90 -DACC_DEVICE_TYPE_host_nonshm=1 -DACC_MEM_SHARED=0  -O  execution test
FAIL: libgomp.oacc-fortran/acc_on_device-1-2.f -DACC_DEVICE_TYPE_host_nonshm=1 -DACC_MEM_SHARED=0  -O  execution test
FAIL: libgomp.oacc-fortran/acc_on_device-1-3.f -DACC_DEVICE_TYPE_host_nonshm=1 -DACC_MEM_SHARED=0  -O  execution test
FAIL: libgomp.oacc-fortran/data-already-1.f -DACC_DEVICE_TYPE_host_nonshm=1 -DACC_MEM_SHARED=0  -O  execution test
FAIL: libgomp.oacc-fortran/data-already-2.f -DACC_DEVICE_TYPE_host_nonshm=1 -DACC_MEM_SHARED=0  -O  execution test
FAIL: libgomp.oacc-fortran/data-already-3.f -DACC_DEVICE_TYPE_host_nonshm=1 -DACC_MEM_SHARED=0  -O  execution test
FAIL: libgomp.oacc-fortran/data-already-5.f -DACC_DEVICE_TYPE_host_nonshm=1 -DACC_MEM_SHARED=0  -O  execution test
FAIL: libgomp.oacc-fortran/data-already-6.f -DACC_DEVICE_TYPE_host_nonshm=1 -DACC_MEM_SHARED=0  -O  execution test
FAIL: libgomp.oacc-fortran/data-already-7.f -DACC_DEVICE_TYPE_host_nonshm=1 -DACC_MEM_SHARED=0  -O  execution test
FAIL: libgomp.oacc-fortran/data-already-8.f -DACC_DEVICE_TYPE_host_nonshm=1 -DACC_MEM_SHARED=0  -O  execution test

		=== libgomp Summary ===

# of expected passes		5652
# of unexpected failures	76
# of unsupported tests		354

		=== Summary adjusted for local xfails ===

# of unexpected failures        76
# of expected passes            5652
# of unsupported tests          354
Host   is i686-pc-linux-gnu

		=== libitm tests ===


Running target qemu-wheezy

		=== libitm Summary ===

# of expected passes		26
# of expected failures		3
# of unsupported tests		1

		=== Summary adjusted for local xfails ===

# of expected passes            26
# of expected failures          3
# of unsupported tests          1
Host   is i686-pc-linux-gnu

		=== libstdc++ tests ===


Running target qemu-wheezy
FAIL: 21_strings/basic_string/inserters_extractors/wchar_t/28277.cc execution test
FAIL: 22_locale/messages/13631.cc execution test
FAIL: 22_locale/messages/members/char/1.cc execution test
FAIL: 22_locale/messages/members/char/2.cc execution test
FAIL: 22_locale/messages/members/char/wrapped_locale.cc execution test
FAIL: 22_locale/messages_byname/named_equivalence.cc execution test
FAIL: 27_io/basic_ostream/inserters_character/wchar_t/28277-3.cc execution test
FAIL: 27_io/basic_ostream/inserters_character/wchar_t/28277-4.cc execution test
FAIL: ext/vstring/inserters_extractors/wchar_t/28277.cc execution test

		=== libstdc++ Summary ===

# of expected passes		9978
# of unexpected failures	9
# of expected failures		65
# of unsupported tests		373

		=== Summary adjusted for local xfails ===

# of unexpected failures        9
# of expected passes            9978
# of expected failures          65
# of unsupported tests          373
Host   is i686-pc-linux-gnu

		=== g++ tests ===


Running target qemu-wheezy-thumb/-mthumb
FAIL: c-c++-common/asan/heap-overflow-1.c   -O1  output pattern test, is =================================================================
FAIL: c-c++-common/asan/null-deref-1.c   -O2  output pattern test, is ASAN:SIGSEGV
FAIL: c-c++-common/asan/null-deref-1.c   -O3 -fomit-frame-pointer  output pattern test, is ASAN:SIGSEGV
FAIL: c-c++-common/asan/null-deref-1.c   -O3 -g  output pattern test, is ASAN:SIGSEGV
FAIL: c-c++-common/asan/null-deref-1.c   -Os  output pattern test, is ASAN:SIGSEGV
FAIL: c-c++-common/asan/null-deref-1.c   -O2 -flto -fno-use-linker-plugin -flto-partition=none  output pattern test, is ASAN:SIGSEGV
FAIL: c-c++-common/asan/null-deref-1.c   -O2 -flto -fuse-linker-plugin -fno-fat-lto-objects  output pattern test, is ASAN:SIGSEGV
FAIL: c-c++-common/asan/sanity-check-pure-c-1.c   -O0  output pattern test, is =================================================================
FAIL: c-c++-common/asan/sanity-check-pure-c-1.c   -O1  output pattern test, is =================================================================
FAIL: c-c++-common/asan/strncpy-overflow-1.c   -O1  output pattern test, is =================================================================
FAIL: c-c++-common/asan/use-after-free-1.c   -O0  output pattern test, is =================================================================
FAIL: c-c++-common/asan/use-after-free-1.c   -O1  output pattern test, is =================================================================
FAIL: g++.dg/lto/pr65276 cp_lto_pr65276_0.o-cp_lto_pr65276_1.o link, -flto -O0 -std=c++11
UNRESOLVED: g++.dg/lto/pr65276 cp_lto_pr65276_0.o-cp_lto_pr65276_1.o execute -flto -O0 -std=c++11
FAIL: c-c++-common/ubsan/object-size-1.c   -O2  output pattern test, is c-c++-common/ubsan/object-size-1.c:16:15: runtime error: load of address 0x00b40f24 with insufficient space for an object of type 'char'
FAIL: c-c++-common/ubsan/object-size-1.c   -O2 -flto -fno-use-linker-plugin -flto-partition=none  output pattern test, is c-c++-common/ubsan/object-size-1.c:16:15: runtime error: load of address 0x019a4f24 with insufficient space for an object of type 'char'
FAIL: c-c++-common/ubsan/object-size-1.c   -O2 -flto -fuse-linker-plugin -fno-fat-lto-objects  output pattern test, is c-c++-common/ubsan/object-size-1.c:16:15: runtime error: load of address 0x00a39f24 with insufficient space for an object of type 'char'
FAIL: c-c++-common/ubsan/object-size-10.c   -O2  output pattern test, is c-c++-common/ubsan/object-size-10.c:19:19: runtime error: index 128 out of bounds for type 'char [128]'
FAIL: c-c++-common/ubsan/object-size-10.c   -O2 -flto -fno-use-linker-plugin -flto-partition=none  output pattern test, is c-c++-common/ubsan/object-size-10.c:19:19: runtime error: index 128 out of bounds for type 'char [128]'
FAIL: c-c++-common/ubsan/object-size-10.c   -O2 -flto -fuse-linker-plugin -fno-fat-lto-objects  output pattern test, is c-c++-common/ubsan/object-size-10.c:19:19: runtime error: index 128 out of bounds for type 'char [128]'
FAIL: c-c++-common/ubsan/object-size-4.c   -O2  output pattern test, is c-c++-common/ubsan/object-size-4.c:16:13: runtime error: load of address 0x01afdf18 with insufficient space for an object of type 'int'
FAIL: c-c++-common/ubsan/object-size-4.c   -O2 -flto -fno-use-linker-plugin -flto-partition=none  output pattern test, is c-c++-common/ubsan/object-size-4.c:16:13: runtime error: load of address 0x00442f18 with insufficient space for an object of type 'int'
FAIL: c-c++-common/ubsan/object-size-4.c   -O2 -flto -fuse-linker-plugin -fno-fat-lto-objects  output pattern test, is c-c++-common/ubsan/object-size-4.c:16:13: runtime error: load of address 0x005edf18 with insufficient space for an object of type 'int'
FAIL: c-c++-common/ubsan/object-size-5.c   -O2  output pattern test, is c-c++-common/ubsan/object-size-5.c:18:12: runtime error: load of address 0x01a8ff24 with insufficient space for an object of type 'char'
FAIL: c-c++-common/ubsan/object-size-5.c   -O2 -flto -fno-use-linker-plugin -flto-partition=none  output pattern test, is c-c++-common/ubsan/object-size-5.c:18:12: runtime error: load of address 0x01dd8f24 with insufficient space for an object of type 'char'
FAIL: c-c++-common/ubsan/object-size-5.c   -O2 -flto -fuse-linker-plugin -fno-fat-lto-objects  output pattern test, is c-c++-common/ubsan/object-size-5.c:18:12: runtime error: load of address 0x00429f24 with insufficient space for an object of type 'char'
FAIL: c-c++-common/ubsan/object-size-7.c   -O2  output pattern test, is c-c++-common/ubsan/object-size-7.c:15:11: runtime error: load of address 0xbea7ea38 with insufficient space for an object of type 'const struct S'
FAIL: c-c++-common/ubsan/object-size-7.c   -O2 -flto -fno-use-linker-plugin -flto-partition=none  output pattern test, is c-c++-common/ubsan/object-size-7.c:15:11: runtime error: load of address 0xbebe6a38 with insufficient space for an object of type 'const struct S'
FAIL: c-c++-common/ubsan/object-size-7.c   -O2 -flto -fuse-linker-plugin -fno-fat-lto-objects  output pattern test, is c-c++-common/ubsan/object-size-7.c:15:11: runtime error: load of address 0xbeb77a38 with insufficient space for an object of type 'const struct S'
FAIL: c-c++-common/ubsan/object-size-8.c   -O2  output pattern test, is c-c++-common/ubsan/object-size-8.c:12:13: runtime error: load of address 0x014f3f14 with insufficient space for an object of type 'int'
FAIL: c-c++-common/ubsan/object-size-8.c   -O2 -flto -fno-use-linker-plugin -flto-partition=none  output pattern test, is c-c++-common/ubsan/object-size-8.c:12:13: runtime error: load of address 0x019e8f14 with insufficient space for an object of type 'int'
FAIL: c-c++-common/ubsan/object-size-8.c   -O2 -flto -fuse-linker-plugin -fno-fat-lto-objects  output pattern test, is c-c++-common/ubsan/object-size-8.c:12:13: runtime error: load of address 0x01bcdf14 with insufficient space for an object of type 'int'
FAIL: c-c++-common/ubsan/object-size-9.c   -O2  output pattern test, is c-c++-common/ubsan/object-size-9.c:21:11: runtime error: load of address 0xbe889a28 with insufficient space for an object of type 'char'
FAIL: c-c++-common/ubsan/object-size-9.c   -O2 -flto -fno-use-linker-plugin -flto-partition=none  output pattern test, is c-c++-common/ubsan/object-size-9.c:21:11: runtime error: load of address 0xbef53a30 with insufficient space for an object of type 'char'
FAIL: c-c++-common/ubsan/object-size-9.c   -O2 -flto -fuse-linker-plugin -fno-fat-lto-objects  output pattern test, is c-c++-common/ubsan/object-size-9.c:21:11: runtime error: load of address 0xbede6a28 with insufficient space for an object of type 'char'
FAIL: g++.dg/ubsan/null-1.C   -O0  output pattern test, is g++.dg/ubsan/null-1.C:12:13: runtime error: reference binding to null pointer of type 'int'
FAIL: g++.dg/ubsan/null-1.C   -O1  output pattern test, is g++.dg/ubsan/null-1.C:12:13: runtime error: reference binding to null pointer of type 'int'
FAIL: g++.dg/ubsan/null-1.C   -O2  output pattern test, is g++.dg/ubsan/null-1.C:12:13: runtime error: reference binding to null pointer of type 'int'
FAIL: g++.dg/ubsan/null-1.C   -O3 -fomit-frame-pointer  output pattern test, is g++.dg/ubsan/null-1.C:12:13: runtime error: reference binding to null pointer of type 'int'
FAIL: g++.dg/ubsan/null-1.C   -O3 -g  output pattern test, is g++.dg/ubsan/null-1.C:12:13: runtime error: reference binding to null pointer of type 'int'
FAIL: g++.dg/ubsan/null-1.C   -Os  output pattern test, is g++.dg/ubsan/null-1.C:12:13: runtime error: reference binding to null pointer of type 'int'
FAIL: g++.dg/ubsan/null-1.C   -O2 -flto -fno-use-linker-plugin -flto-partition=none  output pattern test, is g++.dg/ubsan/null-1.C:12:13: runtime error: reference binding to null pointer of type 'int'
FAIL: g++.dg/ubsan/null-1.C   -O2 -flto -fuse-linker-plugin -fno-fat-lto-objects  output pattern test, is g++.dg/ubsan/null-1.C:12:13: runtime error: reference binding to null pointer of type 'int'
FAIL: g++.dg/ubsan/null-3.C   -O0  output pattern test, is g++.dg/ubsan/null-3.C:9:14: runtime error: reference binding to null pointer of type 'int'
FAIL: g++.dg/ubsan/null-3.C   -O1  output pattern test, is g++.dg/ubsan/null-3.C:9:14: runtime error: reference binding to null pointer of type 'int'
FAIL: g++.dg/ubsan/null-3.C   -O2  output pattern test, is g++.dg/ubsan/null-3.C:9:14: runtime error: reference binding to null pointer of type 'int'
FAIL: g++.dg/ubsan/null-3.C   -O3 -fomit-frame-pointer  output pattern test, is g++.dg/ubsan/null-3.C:9:14: runtime error: reference binding to null pointer of type 'int'
FAIL: g++.dg/ubsan/null-3.C   -O3 -g  output pattern test, is g++.dg/ubsan/null-3.C:9:14: runtime error: reference binding to null pointer of type 'int'
FAIL: g++.dg/ubsan/null-3.C   -Os  output pattern test, is g++.dg/ubsan/null-3.C:9:14: runtime error: reference binding to null pointer of type 'int'
FAIL: g++.dg/ubsan/null-3.C   -O2 -flto -fno-use-linker-plugin -flto-partition=none  output pattern test, is g++.dg/ubsan/null-3.C:9:14: runtime error: reference binding to null pointer of type 'int'
FAIL: g++.dg/ubsan/null-3.C   -O2 -flto -fuse-linker-plugin -fno-fat-lto-objects  output pattern test, is g++.dg/ubsan/null-3.C:9:14: runtime error: reference binding to null pointer of type 'int'
FAIL: g++.dg/ubsan/null-4.C   -O0  output pattern test, is g++.dg/ubsan/null-4.C:11:14: runtime error: reference binding to null pointer of type 'int'
FAIL: g++.dg/ubsan/null-4.C   -O1  output pattern test, is g++.dg/ubsan/null-4.C:11:14: runtime error: reference binding to null pointer of type 'int'
FAIL: g++.dg/ubsan/null-4.C   -O2  output pattern test, is g++.dg/ubsan/null-4.C:11:14: runtime error: reference binding to null pointer of type 'int'
FAIL: g++.dg/ubsan/null-4.C   -O3 -fomit-frame-pointer  output pattern test, is g++.dg/ubsan/null-4.C:11:14: runtime error: reference binding to null pointer of type 'int'
FAIL: g++.dg/ubsan/null-4.C   -O3 -g  output pattern test, is g++.dg/ubsan/null-4.C:11:14: runtime error: reference binding to null pointer of type 'int'
FAIL: g++.dg/ubsan/null-4.C   -Os  output pattern test, is g++.dg/ubsan/null-4.C:11:14: runtime error: reference binding to null pointer of type 'int'
FAIL: g++.dg/ubsan/null-4.C   -O2 -flto -fno-use-linker-plugin -flto-partition=none  output pattern test, is g++.dg/ubsan/null-4.C:11:14: runtime error: reference binding to null pointer of type 'int'
FAIL: g++.dg/ubsan/static-init-2.C   -O0  output pattern test, is g++.dg/ubsan/static-init-2.C:9:20: runtime error: reference binding to null pointer of type 'int'
FAIL: g++.dg/ubsan/static-init-2.C   -O1  output pattern test, is g++.dg/ubsan/static-init-2.C:9:20: runtime error: reference binding to null pointer of type 'int'
FAIL: g++.dg/ubsan/static-init-2.C   -O2  output pattern test, is g++.dg/ubsan/static-init-2.C:9:20: runtime error: reference binding to null pointer of type 'int'
FAIL: g++.dg/ubsan/static-init-2.C   -O3 -fomit-frame-pointer  output pattern test, is g++.dg/ubsan/static-init-2.C:9:20: runtime error: reference binding to null pointer of type 'int'
FAIL: g++.dg/ubsan/static-init-2.C   -O3 -g  output pattern test, is g++.dg/ubsan/static-init-2.C:9:20: runtime error: reference binding to null pointer of type 'int'
FAIL: g++.dg/ubsan/static-init-2.C   -Os  output pattern test, is g++.dg/ubsan/static-init-2.C:9:20: runtime error: reference binding to null pointer of type 'int'
FAIL: g++.dg/ubsan/static-init-2.C   -O2 -flto -fno-use-linker-plugin -flto-partition=none  output pattern test, is g++.dg/ubsan/static-init-2.C:9:20: runtime error: reference binding to null pointer of type 'int'
FAIL: g++.dg/ubsan/static-init-2.C   -O2 -flto -fuse-linker-plugin -fno-fat-lto-objects  output pattern test, is g++.dg/ubsan/static-init-2.C:9:20: runtime error: reference binding to null pointer of type 'int'
FAIL: g++.dg/ubsan/static-init-3.C   -O0  output pattern test, is g++.dg/ubsan/static-init-3.C:11:24: runtime error: reference binding to null pointer of type 'int'
FAIL: g++.dg/ubsan/static-init-3.C   -O1  output pattern test, is g++.dg/ubsan/static-init-3.C:11:24: runtime error: reference binding to null pointer of type 'int'
FAIL: g++.dg/ubsan/static-init-3.C   -O2  output pattern test, is g++.dg/ubsan/static-init-3.C:11:24: runtime error: reference binding to null pointer of type 'int'
FAIL: g++.dg/ubsan/static-init-3.C   -O3 -fomit-frame-pointer  output pattern test, is g++.dg/ubsan/static-init-3.C:11:24: runtime error: reference binding to null pointer of type 'int'
FAIL: g++.dg/ubsan/static-init-3.C   -O3 -g  output pattern test, is g++.dg/ubsan/static-init-3.C:11:24: runtime error: reference binding to null pointer of type 'int'
FAIL: g++.dg/ubsan/static-init-3.C   -Os  output pattern test, is g++.dg/ubsan/static-init-3.C:11:24: runtime error: reference binding to null pointer of type 'int'
FAIL: g++.dg/ubsan/static-init-3.C   -O2 -flto -fno-use-linker-plugin -flto-partition=none  output pattern test, is g++.dg/ubsan/static-init-3.C:11:24: runtime error: reference binding to null pointer of type 'int'
FAIL: g++.dg/ubsan/static-init-3.C   -O2 -flto -fuse-linker-plugin -fno-fat-lto-objects  output pattern test, is g++.dg/ubsan/static-init-3.C:11:24: runtime error: reference binding to null pointer of type 'int'
FAIL: g++.dg/ubsan/vptr-1.C   -O0  output pattern test, is g++.dg/ubsan/vptr-1.C:75:17: runtime error: member access within address 0x01fdff10 which does not point to an object of type 'T'
FAIL: g++.dg/ubsan/vptr-1.C   -O1  output pattern test, is g++.dg/ubsan/vptr-1.C:75:17: runtime error: member access within address 0x00fe6f10 which does not point to an object of type 'T'
FAIL: g++.dg/ubsan/vptr-1.C   -O2  output pattern test, is g++.dg/ubsan/vptr-1.C:75:17: runtime error: member access within address 0x0130bf10 which does not point to an object of type 'T'
FAIL: g++.dg/ubsan/vptr-1.C   -O3 -fomit-frame-pointer  output pattern test, is g++.dg/ubsan/vptr-1.C:75:17: runtime error: member access within address 0x01a47f10 which does not point to an object of type 'T'
FAIL: g++.dg/ubsan/vptr-1.C   -O3 -fomit-frame-pointer -funroll-loops  output pattern test, is g++.dg/ubsan/vptr-1.C:75:17: runtime error: member access within address 0x00ceef10 which does not point to an object of type 'T'
FAIL: g++.dg/ubsan/vptr-1.C   -O3 -fomit-frame-pointer -funroll-all-loops -finline-functions  output pattern test, is g++.dg/ubsan/vptr-1.C:75:17: runtime error: member access within address 0x01ceef10 which does not point to an object of type 'T'
FAIL: g++.dg/ubsan/vptr-1.C   -O3 -g  output pattern test, is g++.dg/ubsan/vptr-1.C:75:17: runtime error: member access within address 0x01e87f10 which does not point to an object of type 'T'
FAIL: g++.dg/ubsan/vptr-1.C   -Os  output pattern test, is g++.dg/ubsan/vptr-1.C:75:17: runtime error: member access within address 0x01312f10 which does not point to an object of type 'T'
FAIL: g++.dg/ubsan/vptr-1.C   -O2 -flto -fno-use-linker-plugin -flto-partition=none  output pattern test, is g++.dg/ubsan/vptr-1.C:75:17: runtime error: member access within address 0x007f5f10 which does not point to an object of type 'T'
FAIL: g++.dg/ubsan/vptr-1.C   -O2 -flto -fuse-linker-plugin -fno-fat-lto-objects  output pattern test, is g++.dg/ubsan/vptr-1.C:75:17: runtime error: member access within address 0x00ac0f10 which does not point to an object of type 'T'
FAIL: g++.dg/ubsan/vptr-2.C   -O0  output pattern test, is g++.dg/ubsan/vptr-2.C:75:17: runtime error: member access within address 0x01a79f10 which does not point to an object of type 'T'
FAIL: g++.dg/ubsan/vptr-2.C   -O1  output pattern test, is g++.dg/ubsan/vptr-2.C:75:17: runtime error: member access within address 0x0164ff10 which does not point to an object of type 'T'
FAIL: g++.dg/ubsan/vptr-2.C   -O2  output pattern test, is g++.dg/ubsan/vptr-2.C:75:17: runtime error: member access within address 0x01acaf10 which does not point to an object of type 'T'
FAIL: g++.dg/ubsan/vptr-2.C   -O3 -fomit-frame-pointer  output pattern test, is g++.dg/ubsan/vptr-2.C:75:17: runtime error: member access within address 0x01312f10 which does not point to an object of type 'T'
FAIL: g++.dg/ubsan/vptr-2.C   -O3 -fomit-frame-pointer -funroll-loops  output pattern test, is g++.dg/ubsan/vptr-2.C:75:17: runtime error: member access within address 0x00d08f10 which does not point to an object of type 'T'
FAIL: g++.dg/ubsan/vptr-2.C   -O3 -fomit-frame-pointer -funroll-all-loops -finline-functions  output pattern test, is g++.dg/ubsan/vptr-2.C:75:17: runtime error: member access within address 0x00f5bf10 which does not point to an object of type 'T'
FAIL: g++.dg/ubsan/vptr-2.C   -O3 -g  output pattern test, is g++.dg/ubsan/vptr-2.C:75:17: runtime error: member access within address 0x0012ef10 which does not point to an object of type 'T'
FAIL: g++.dg/ubsan/vptr-2.C   -Os  output pattern test, is g++.dg/ubsan/vptr-2.C:75:17: runtime error: member access within address 0x01734f10 which does not point to an object of type 'T'
FAIL: g++.dg/ubsan/vptr-2.C   -O2 -flto -fno-use-linker-plugin -flto-partition=none  output pattern test, is g++.dg/ubsan/vptr-2.C:75:17: runtime error: member access within address 0x0184bf10 which does not point to an object of type 'T'
FAIL: g++.dg/ubsan/vptr-2.C   -O2 -flto -fuse-linker-plugin -fno-fat-lto-objects  output pattern test, is g++.dg/ubsan/vptr-2.C:75:17: runtime error: member access within address 0x00cd1f10 which does not point to an object of type 'T'
FAIL: g++.dg/ubsan/vptr-3.C   -O0  output pattern test, is g++.dg/ubsan/vptr-3.C:75:17: runtime error: member access within address 0x01432f10 which does not point to an object of type 'T'
FAIL: g++.dg/ubsan/vptr-3.C   -O1  output pattern test, is g++.dg/ubsan/vptr-3.C:75:17: runtime error: member access within address 0x00b2ef10 which does not point to an object of type 'T'
FAIL: g++.dg/ubsan/vptr-3.C   -O2  output pattern test, is g++.dg/ubsan/vptr-3.C:75:17: runtime error: member access within address 0x01955f10 which does not point to an object of type 'T'
FAIL: g++.dg/ubsan/vptr-3.C   -O3 -fomit-frame-pointer  output pattern test, is g++.dg/ubsan/vptr-3.C:75:17: runtime error: member access within address 0x00da8f10 which does not point to an object of type 'T'
FAIL: g++.dg/ubsan/vptr-3.C   -O3 -fomit-frame-pointer -funroll-loops  output pattern test, is g++.dg/ubsan/vptr-3.C:75:17: runtime error: member access within address 0x013f5f10 which does not point to an object of type 'T'
FAIL: g++.dg/ubsan/vptr-3.C   -O3 -fomit-frame-pointer -funroll-all-loops -finline-functions  output pattern test, is g++.dg/ubsan/vptr-3.C:75:17: runtime error: member access within address 0x00307f10 which does not point to an object of type 'T'
FAIL: g++.dg/ubsan/vptr-3.C   -O3 -g  output pattern test, is g++.dg/ubsan/vptr-3.C:75:17: runtime error: member access within address 0x01ff3f10 which does not point to an object of type 'T'
FAIL: g++.dg/ubsan/vptr-3.C   -Os  output pattern test, is g++.dg/ubsan/vptr-3.C:75:17: runtime error: member access within address 0x014b4f10 which does not point to an object of type 'T'
FAIL: g++.dg/ubsan/vptr-3.C   -O2 -flto -fno-use-linker-plugin -flto-partition=none  output pattern test, is g++.dg/ubsan/vptr-3.C:75:17: runtime error: member access within address 0x014e2f10 which does not point to an object of type 'T'
FAIL: g++.dg/ubsan/vptr-3.C   -O2 -flto -fuse-linker-plugin -fno-fat-lto-objects  output pattern test, is g++.dg/ubsan/vptr-3.C:75:17: runtime error: member access within address 0x0104ef10 which does not point to an object of type 'T'
FAIL: g++.dg/ubsan/vptr-8.C   -O0  output pattern test, is g++.dg/ubsan/vptr-8.C:24:13: runtime error: cast to virtual base of address 0xbe8a4a38 which does not point to an object of type 'V'
FAIL: g++.dg/ubsan/vptr-8.C   -O1  output pattern test, is g++.dg/ubsan/vptr-8.C:24:13: runtime error: cast to virtual base of address 0xbecfea48 which does not point to an object of type 'V'
FAIL: g++.dg/ubsan/vptr-8.C   -O2  output pattern test, is g++.dg/ubsan/vptr-8.C:24:13: runtime error: cast to virtual base of address 0xbef73a40 which does not point to an object of type 'V'
FAIL: g++.dg/ubsan/vptr-8.C   -O3 -fomit-frame-pointer  output pattern test, is g++.dg/ubsan/vptr-8.C:24:13: runtime error: cast to virtual base of address 0xbefb9a40 which does not point to an object of type 'V'
FAIL: g++.dg/ubsan/vptr-8.C   -O3 -fomit-frame-pointer -funroll-loops  output pattern test, is g++.dg/ubsan/vptr-8.C:24:13: runtime error: cast to virtual base of address 0xbed99a40 which does not point to an object of type 'V'
FAIL: g++.dg/ubsan/vptr-8.C   -O3 -fomit-frame-pointer -funroll-all-loops -finline-functions  output pattern test, is g++.dg/ubsan/vptr-8.C:24:13: runtime error: cast to virtual base of address 0xbee3ea40 which does not point to an object of type 'V'
FAIL: g++.dg/ubsan/vptr-8.C   -O3 -g  output pattern test, is g++.dg/ubsan/vptr-8.C:24:13: runtime error: cast to virtual base of address 0xbee99a40 which does not point to an object of type 'V'
FAIL: g++.dg/ubsan/vptr-8.C   -Os  output pattern test, is g++.dg/ubsan/vptr-8.C:24:13: runtime error: cast to virtual base of address 0xbee1aa40 which does not point to an object of type 'V'
FAIL: g++.dg/ubsan/vptr-8.C   -O2 -flto -fno-use-linker-plugin -flto-partition=none  output pattern test, is g++.dg/ubsan/vptr-8.C:24:13: runtime error: cast to virtual base of address 0xbea51a40 which does not point to an object of type 'V'
FAIL: g++.dg/ubsan/vptr-8.C   -O2 -flto -fuse-linker-plugin -fno-fat-lto-objects  output pattern test, is g++.dg/ubsan/vptr-8.C:24:13: runtime error: cast to virtual base of address 0xbecf4a38 which does not point to an object of type 'V'
FAIL: g++.dg/ubsan/vptr-9.C   -O0  output pattern test, is g++.dg/ubsan/vptr-9.C:14:10: runtime error: cast to virtual base of address 0xbe88fa34 which does not point to an object of type 'T'
FAIL: g++.dg/ubsan/vptr-9.C   -O1  output pattern test, is g++.dg/ubsan/vptr-9.C:14:10: runtime error: cast to virtual base of address 0xbe888a4c which does not point to an object of type 'T'
FAIL: g++.dg/ubsan/vptr-9.C   -O2  output pattern test, is g++.dg/ubsan/vptr-9.C:14:10: runtime error: cast to virtual base of address 0xbec21a44 which does not point to an object of type 'T'
FAIL: g++.dg/ubsan/vptr-9.C   -O3 -fomit-frame-pointer  output pattern test, is g++.dg/ubsan/vptr-9.C:14:10: runtime error: cast to virtual base of address 0xbe801a44 which does not point to an object of type 'T'
FAIL: g++.dg/ubsan/vptr-9.C   -O3 -fomit-frame-pointer -funroll-loops  output pattern test, is g++.dg/ubsan/vptr-9.C:14:10: runtime error: cast to virtual base of address 0xbee4ea44 which does not point to an object of type 'T'
FAIL: g++.dg/ubsan/vptr-9.C   -O3 -fomit-frame-pointer -funroll-all-loops -finline-functions  output pattern test, is g++.dg/ubsan/vptr-9.C:14:10: runtime error: cast to virtual base of address 0xbea5ca44 which does not point to an object of type 'T'
FAIL: g++.dg/ubsan/vptr-9.C   -O3 -g  output pattern test, is g++.dg/ubsan/vptr-9.C:14:10: runtime error: cast to virtual base of address 0xbeb2ba44 which does not point to an object of type 'T'
FAIL: g++.dg/ubsan/vptr-9.C   -Os  output pattern test, is g++.dg/ubsan/vptr-9.C:14:10: runtime error: cast to virtual base of address 0xbe902a44 which does not point to an object of type 'T'
FAIL: g++.dg/ubsan/vptr-9.C   -O2 -flto -fno-use-linker-plugin -flto-partition=none  output pattern test, is g++.dg/ubsan/vptr-9.C:14:10: runtime error: cast to virtual base of address 0xbef4aa44 which does not point to an object of type 'T'
FAIL: g++.dg/ubsan/vptr-9.C   -O2 -flto -fuse-linker-plugin -fno-fat-lto-objects  output pattern test, is g++.dg/ubsan/vptr-9.C:14:10: runtime error: cast to virtual base of address 0xbeec4a44 which does not point to an object of type 'T'

		=== g++ Summary ===

# of expected passes		85708
# of unexpected failures	123
# of expected failures		343
# of unresolved testcases	1
# of unsupported tests		4160
/scratch/gcc/nightly-2015-09-04-5/arm-none-linux-gnueabi/obj/test-5-0-arm-none-linux-gnueabi/host-i686-pc-linux-gnu/fsf-5/bin/arm-none-linux-gnueabi-g++  version 5.2.1 20150905 (GCC) 


		=== Summary adjusted for local xfails ===

# of unexpected failures        123
# of expected passes            85708
# of expected failures          343
# of unresolved testcases       1
# of unsupported tests          4160
Host   is i686-pc-linux-gnu

		=== gcc tests ===


Running target qemu-wheezy-thumb/-mthumb
FAIL: c-c++-common/asan/heap-overflow-1.c   -O1  output pattern test, is =================================================================
FAIL: c-c++-common/asan/null-deref-1.c   -O2  output pattern test, is ASAN:SIGSEGV
FAIL: c-c++-common/asan/null-deref-1.c   -O3 -fomit-frame-pointer  output pattern test, is ASAN:SIGSEGV
FAIL: c-c++-common/asan/null-deref-1.c   -O3 -g  output pattern test, is ASAN:SIGSEGV
FAIL: c-c++-common/asan/null-deref-1.c   -Os  output pattern test, is ASAN:SIGSEGV
FAIL: c-c++-common/asan/null-deref-1.c   -O2 -flto -fno-use-linker-plugin -flto-partition=none  output pattern test, is ASAN:SIGSEGV
FAIL: c-c++-common/asan/null-deref-1.c   -O2 -flto -fuse-linker-plugin -fno-fat-lto-objects  output pattern test, is ASAN:SIGSEGV
FAIL: c-c++-common/asan/sanity-check-pure-c-1.c   -O0  output pattern test, is =================================================================
FAIL: c-c++-common/asan/sanity-check-pure-c-1.c   -O1  output pattern test, is =================================================================
FAIL: c-c++-common/asan/strncpy-overflow-1.c   -O1  output pattern test, is =================================================================
FAIL: c-c++-common/asan/use-after-free-1.c   -O0  output pattern test, is =================================================================
FAIL: c-c++-common/asan/use-after-free-1.c   -O1  output pattern test, is =================================================================
WARNING: program timed out.
FAIL: gcc.dg/atomic/c11-atomic-exec-4.c   -O2  execution test
FAIL: gcc.dg/atomic/stdatomic-compare-exchange-4.c   -O0  execution test
FAIL: gcc.dg/atomic/stdatomic-compare-exchange-4.c   -O1  execution test
FAIL: gcc.dg/atomic/stdatomic-compare-exchange-4.c   -O2  execution test
FAIL: gcc.dg/atomic/stdatomic-compare-exchange-4.c   -O3 -fomit-frame-pointer  execution test
FAIL: gcc.dg/atomic/stdatomic-compare-exchange-4.c   -O3 -g  execution test
FAIL: gcc.dg/atomic/stdatomic-compare-exchange-4.c   -Os  execution test
FAIL: gcc.dg/atomic/stdatomic-compare-exchange-4.c   -O2 -flto -fno-use-linker-plugin -flto-partition=none  execution test
FAIL: gcc.dg/atomic/stdatomic-compare-exchange-4.c   -O2 -flto -fuse-linker-plugin -fno-fat-lto-objects  execution test
XPASS: gcc.dg/sibcall-3.c execution test
XPASS: gcc.dg/sibcall-4.c execution test
FAIL: gcc.dg/tree-ssa/sra-12.c scan-tree-dump-times release_ssa "l;" 0
FAIL: gcc.dg/tree-ssa/ssa-dom-cse-2.c scan-tree-dump optimized "return 28;"
FAIL: c-c++-common/ubsan/object-size-1.c   -O2  output pattern test, is c-c++-common/ubsan/object-size-1.c:16:7: runtime error: load of address 0x0068ff24 with insufficient space for an object of type 'char'
FAIL: c-c++-common/ubsan/object-size-1.c   -O2 -flto -fno-use-linker-plugin -flto-partition=none  output pattern test, is c-c++-common/ubsan/object-size-1.c:16:7: runtime error: load of address 0x00363f24 with insufficient space for an object of type 'char'
FAIL: c-c++-common/ubsan/object-size-1.c   -O2 -flto -fuse-linker-plugin -fno-fat-lto-objects  output pattern test, is c-c++-common/ubsan/object-size-1.c:16:7: runtime error: load of address 0x01479f24 with insufficient space for an object of type 'char'
FAIL: c-c++-common/ubsan/object-size-10.c   -O2  output pattern test, is c-c++-common/ubsan/object-size-10.c:19:11: runtime error: index 128 out of bounds for type 'char [128]'
FAIL: c-c++-common/ubsan/object-size-10.c   -O2 -flto -fno-use-linker-plugin -flto-partition=none  output pattern test, is c-c++-common/ubsan/object-size-10.c:19:11: runtime error: index 128 out of bounds for type 'char [128]'
FAIL: c-c++-common/ubsan/object-size-10.c   -O2 -flto -fuse-linker-plugin -fno-fat-lto-objects  output pattern test, is c-c++-common/ubsan/object-size-10.c:19:11: runtime error: index 128 out of bounds for type 'char [128]'
FAIL: c-c++-common/ubsan/object-size-4.c   -O2  output pattern test, is c-c++-common/ubsan/object-size-4.c:16:11: runtime error: load of address 0x0121af18 with insufficient space for an object of type 'int'
FAIL: c-c++-common/ubsan/object-size-4.c   -O2 -flto -fno-use-linker-plugin -flto-partition=none  output pattern test, is c-c++-common/ubsan/object-size-4.c:16:11: runtime error: load of address 0x00252f18 with insufficient space for an object of type 'int'
FAIL: c-c++-common/ubsan/object-size-4.c   -O2 -flto -fuse-linker-plugin -fno-fat-lto-objects  output pattern test, is c-c++-common/ubsan/object-size-4.c:16:11: runtime error: load of address 0x0174cf18 with insufficient space for an object of type 'int'
FAIL: c-c++-common/ubsan/object-size-5.c   -O2  output pattern test, is c-c++-common/ubsan/object-size-5.c:18:10: runtime error: load of address 0x00350f24 with insufficient space for an object of type 'char'
FAIL: c-c++-common/ubsan/object-size-5.c   -O2 -flto -fno-use-linker-plugin -flto-partition=none  output pattern test, is c-c++-common/ubsan/object-size-5.c:18:10: runtime error: load of address 0x005cff24 with insufficient space for an object of type 'char'
FAIL: c-c++-common/ubsan/object-size-5.c   -O2 -flto -fuse-linker-plugin -fno-fat-lto-objects  output pattern test, is c-c++-common/ubsan/object-size-5.c:18:10: runtime error: load of address 0x00676f24 with insufficient space for an object of type 'char'
FAIL: c-c++-common/ubsan/object-size-7.c   -O2  output pattern test, is c-c++-common/ubsan/object-size-7.c:15:5: runtime error: load of address 0xbefd2a38 with insufficient space for an object of type 'struct S'
FAIL: c-c++-common/ubsan/object-size-7.c   -O2 -flto -fno-use-linker-plugin -flto-partition=none  output pattern test, is c-c++-common/ubsan/object-size-7.c:15:5: runtime error: load of address 0xbee3fa38 with insufficient space for an object of type 'struct S'
FAIL: c-c++-common/ubsan/object-size-7.c   -O2 -flto -fuse-linker-plugin -fno-fat-lto-objects  output pattern test, is c-c++-common/ubsan/object-size-7.c:15:5: runtime error: load of address 0xbeafca38 with insufficient space for an object of type 'struct S'
FAIL: c-c++-common/ubsan/object-size-8.c   -O2  output pattern test, is c-c++-common/ubsan/object-size-8.c:12:10: runtime error: load of address 0x0020df14 with insufficient space for an object of type 'int'
FAIL: c-c++-common/ubsan/object-size-8.c   -O2 -flto -fno-use-linker-plugin -flto-partition=none  output pattern test, is c-c++-common/ubsan/object-size-8.c:12:10: runtime error: load of address 0x00406f14 with insufficient space for an object of type 'int'
FAIL: c-c++-common/ubsan/object-size-8.c   -O2 -flto -fuse-linker-plugin -fno-fat-lto-objects  output pattern test, is c-c++-common/ubsan/object-size-8.c:12:10: runtime error: load of address 0x00083f14 with insufficient space for an object of type 'int'
FAIL: c-c++-common/ubsan/object-size-9.c   -O2  output pattern test, is c-c++-common/ubsan/object-size-9.c:21:10: runtime error: load of address 0xbecdfa38 with insufficient space for an object of type 'char'
FAIL: c-c++-common/ubsan/object-size-9.c   -O2 -flto -fno-use-linker-plugin -flto-partition=none  output pattern test, is c-c++-common/ubsan/object-size-9.c:21:10: runtime error: load of address 0xbea32a38 with insufficient space for an object of type 'char'
FAIL: c-c++-common/ubsan/object-size-9.c   -O2 -flto -fuse-linker-plugin -fno-fat-lto-objects  output pattern test, is c-c++-common/ubsan/object-size-9.c:21:10: runtime error: load of address 0xbedbba38 with insufficient space for an object of type 'char'
FAIL: gcc.dg/ubsan/object-size-9.c   -O2  output pattern test, is gcc.dg/ubsan/object-size-9.c:11:13: runtime error: load of address 0x000209ee with insufficient space for an object of type 'char'
FAIL: gcc.dg/ubsan/object-size-9.c   -O2 -flto -fno-use-linker-plugin -flto-partition=none  output pattern test, is gcc.dg/ubsan/object-size-9.c:11:13: runtime error: load of address 0x000209ee with insufficient space for an object of type 'char'
FAIL: gcc.dg/ubsan/object-size-9.c   -O2 -flto -fuse-linker-plugin -fno-fat-lto-objects  output pattern test, is gcc.dg/ubsan/object-size-9.c:11:13: runtime error: load of address 0x000209c2 with insufficient space for an object of type 'char'
FAIL: gcc.target/arm/pr42172-1.c scan-assembler-times ldr 1
FAIL: gcc.target/arm/thumb-ltu.c scan-assembler-not uxtb

		=== gcc Summary ===

# of expected passes		91849
# of unexpected failures	49
# of unexpected successes	2
# of expected failures		120
# of unsupported tests		4405
/scratch/gcc/nightly-2015-09-04-5/arm-none-linux-gnueabi/obj/test-5-0-arm-none-linux-gnueabi/host-i686-pc-linux-gnu/fsf-5/bin/arm-none-linux-gnueabi-gcc  version 5.2.1 20150905 (GCC) 


		=== Summary adjusted for local xfails ===

# of unexpected failures        49
# of expected passes            91849
# of unexpected successes       2
# of expected failures          120
# of unsupported tests          4405
Host   is i686-pc-linux-gnu

		=== gfortran tests ===


Running target qemu-wheezy-thumb/-mthumb
FAIL: gfortran.dg/ieee/ieee_1.F90   -O0  execution test
FAIL: gfortran.dg/ieee/ieee_1.F90   -O1  execution test
FAIL: gfortran.dg/ieee/ieee_1.F90   -O2  execution test
FAIL: gfortran.dg/ieee/ieee_1.F90   -O3 -fomit-frame-pointer  execution test
FAIL: gfortran.dg/ieee/ieee_1.F90   -O3 -fomit-frame-pointer -funroll-loops  execution test
FAIL: gfortran.dg/ieee/ieee_1.F90   -O3 -fomit-frame-pointer -funroll-all-loops -finline-functions  execution test
FAIL: gfortran.dg/ieee/ieee_1.F90   -O3 -g  execution test
FAIL: gfortran.dg/ieee/ieee_1.F90   -Os  execution test
FAIL: gfortran.dg/ieee/ieee_2.f90   -O0  execution test
FAIL: gfortran.dg/ieee/ieee_2.f90   -O1  execution test
FAIL: gfortran.dg/ieee/ieee_2.f90   -O2  execution test
FAIL: gfortran.dg/ieee/ieee_2.f90   -O3 -fomit-frame-pointer  execution test
FAIL: gfortran.dg/ieee/ieee_2.f90   -O3 -fomit-frame-pointer -funroll-loops  execution test
FAIL: gfortran.dg/ieee/ieee_2.f90   -O3 -fomit-frame-pointer -funroll-all-loops -finline-functions  execution test
FAIL: gfortran.dg/ieee/ieee_2.f90   -O3 -g  execution test
FAIL: gfortran.dg/ieee/ieee_2.f90   -Os  execution test
FAIL: gfortran.dg/ieee/ieee_6.f90   -O0  execution test
FAIL: gfortran.dg/ieee/ieee_6.f90   -O1  execution test
FAIL: gfortran.dg/ieee/ieee_6.f90   -O2  execution test
FAIL: gfortran.dg/ieee/ieee_6.f90   -O3 -fomit-frame-pointer  execution test
FAIL: gfortran.dg/ieee/ieee_6.f90   -O3 -fomit-frame-pointer -funroll-loops  execution test
FAIL: gfortran.dg/ieee/ieee_6.f90   -O3 -fomit-frame-pointer -funroll-all-loops -finline-functions  execution test
FAIL: gfortran.dg/ieee/ieee_6.f90   -O3 -g  execution test
FAIL: gfortran.dg/ieee/ieee_6.f90   -Os  execution test
FAIL: gfortran.dg/ieee/rounding_1.f90   -O0  execution test
FAIL: gfortran.dg/ieee/rounding_1.f90   -O1  execution test
FAIL: gfortran.dg/ieee/rounding_1.f90   -O2  execution test
FAIL: gfortran.dg/ieee/rounding_1.f90   -O3 -fomit-frame-pointer  execution test
FAIL: gfortran.dg/ieee/rounding_1.f90   -O3 -fomit-frame-pointer -funroll-loops  execution test
FAIL: gfortran.dg/ieee/rounding_1.f90   -O3 -fomit-frame-pointer -funroll-all-loops -finline-functions  execution test
FAIL: gfortran.dg/ieee/rounding_1.f90   -O3 -g  execution test
FAIL: gfortran.dg/ieee/rounding_1.f90   -Os  execution test

		=== gfortran Summary ===

# of expected passes		47333
# of unexpected failures	32
# of expected failures		79
# of unsupported tests		410
/scratch/gcc/nightly-2015-09-04-5/arm-none-linux-gnueabi/obj/test-5-0-arm-none-linux-gnueabi/host-i686-pc-linux-gnu/fsf-5/bin/arm-none-linux-gnueabi-gfortran  version 5.2.1 20150905 (GCC) 


		=== Summary adjusted for local xfails ===

# of unexpected failures        32
# of expected passes            47333
# of expected failures          79
# of unsupported tests          410
Host   is i686-pc-linux-gnu

		=== libatomic tests ===


Running target qemu-wheezy-thumb/-mthumb

		=== libatomic Summary ===

# of expected passes		44
# of unsupported tests		5

		=== Summary adjusted for local xfails ===

# of expected passes            44
# of unsupported tests          5
Host   is i686-pc-linux-gnu

		=== libgomp tests ===


Running target qemu-wheezy-thumb/-mthumb
WARNING: program timed out.
FAIL: libgomp.fortran/strassen.f90   -O  execution test
FAIL: libgomp.graphite/force-parallel-7.c execution test
FAIL: libgomp.oacc-c/../libgomp.oacc-c-c++-common/acc_on_device-1.c -DACC_DEVICE_TYPE_host_nonshm=1 -DACC_MEM_SHARED=0 execution test
FAIL: libgomp.oacc-c/../libgomp.oacc-c-c++-common/clauses-1.c -DACC_DEVICE_TYPE_host_nonshm=1 -DACC_MEM_SHARED=0 execution test
FAIL: libgomp.oacc-c/../libgomp.oacc-c-c++-common/data-1.c -DACC_DEVICE_TYPE_host_nonshm=1 -DACC_MEM_SHARED=0 execution test
FAIL: libgomp.oacc-c/../libgomp.oacc-c-c++-common/data-already-1.c -DACC_DEVICE_TYPE_host_nonshm=1 -DACC_MEM_SHARED=0 execution test
FAIL: libgomp.oacc-c/../libgomp.oacc-c-c++-common/data-already-2.c -DACC_DEVICE_TYPE_host_nonshm=1 -DACC_MEM_SHARED=0 execution test
FAIL: libgomp.oacc-c/../libgomp.oacc-c-c++-common/data-already-3.c -DACC_DEVICE_TYPE_host_nonshm=1 -DACC_MEM_SHARED=0 execution test
FAIL: libgomp.oacc-c/../libgomp.oacc-c-c++-common/data-already-5.c -DACC_DEVICE_TYPE_host_nonshm=1 -DACC_MEM_SHARED=0 execution test
FAIL: libgomp.oacc-c/../libgomp.oacc-c-c++-common/data-already-6.c -DACC_DEVICE_TYPE_host_nonshm=1 -DACC_MEM_SHARED=0 execution test
FAIL: libgomp.oacc-c/../libgomp.oacc-c-c++-common/data-already-7.c -DACC_DEVICE_TYPE_host_nonshm=1 -DACC_MEM_SHARED=0 execution test
FAIL: libgomp.oacc-c/../libgomp.oacc-c-c++-common/data-already-8.c -DACC_DEVICE_TYPE_host_nonshm=1 -DACC_MEM_SHARED=0 execution test
FAIL: libgomp.oacc-c/../libgomp.oacc-c-c++-common/deviceptr-1.c -DACC_DEVICE_TYPE_host_nonshm=1 -DACC_MEM_SHARED=0 execution test
FAIL: libgomp.oacc-c/../libgomp.oacc-c-c++-common/if-1.c -DACC_DEVICE_TYPE_host_nonshm=1 -DACC_MEM_SHARED=0 execution test
FAIL: libgomp.oacc-c/../libgomp.oacc-c-c++-common/kernels-1.c -DACC_DEVICE_TYPE_host_nonshm=1 -DACC_MEM_SHARED=0 execution test
FAIL: libgomp.oacc-c/../libgomp.oacc-c-c++-common/lib-12.c -DACC_DEVICE_TYPE_host_nonshm=1 -DACC_MEM_SHARED=0 execution test
FAIL: libgomp.oacc-c/../libgomp.oacc-c-c++-common/lib-19.c -DACC_DEVICE_TYPE_host_nonshm=1 -DACC_MEM_SHARED=0 execution test
FAIL: libgomp.oacc-c/../libgomp.oacc-c-c++-common/lib-37.c -DACC_DEVICE_TYPE_host_nonshm=1 -DACC_MEM_SHARED=0 execution test
FAIL: libgomp.oacc-c/../libgomp.oacc-c-c++-common/lib-38.c -DACC_DEVICE_TYPE_host_nonshm=1 -DACC_MEM_SHARED=0 execution test
FAIL: libgomp.oacc-c/../libgomp.oacc-c-c++-common/lib-45.c -DACC_DEVICE_TYPE_host_nonshm=1 -DACC_MEM_SHARED=0 execution test
FAIL: libgomp.oacc-c/../libgomp.oacc-c-c++-common/lib-46.c -DACC_DEVICE_TYPE_host_nonshm=1 -DACC_MEM_SHARED=0 execution test
FAIL: libgomp.oacc-c/../libgomp.oacc-c-c++-common/lib-49.c -DACC_DEVICE_TYPE_host_nonshm=1 -DACC_MEM_SHARED=0 execution test
FAIL: libgomp.oacc-c/../libgomp.oacc-c-c++-common/lib-50.c -DACC_DEVICE_TYPE_host_nonshm=1 -DACC_MEM_SHARED=0 execution test
FAIL: libgomp.oacc-c/../libgomp.oacc-c-c++-common/lib-51.c -DACC_DEVICE_TYPE_host_nonshm=1 -DACC_MEM_SHARED=0 execution test
FAIL: libgomp.oacc-c/../libgomp.oacc-c-c++-common/lib-55.c -DACC_DEVICE_TYPE_host_nonshm=1 -DACC_MEM_SHARED=0 execution test
FAIL: libgomp.oacc-c/../libgomp.oacc-c-c++-common/lib-56.c -DACC_DEVICE_TYPE_host_nonshm=1 -DACC_MEM_SHARED=0 execution test
FAIL: libgomp.oacc-c/../libgomp.oacc-c-c++-common/lib-59.c -DACC_DEVICE_TYPE_host_nonshm=1 -DACC_MEM_SHARED=0 execution test
FAIL: libgomp.oacc-c/../libgomp.oacc-c-c++-common/lib-60.c -DACC_DEVICE_TYPE_host_nonshm=1 -DACC_MEM_SHARED=0 execution test
FAIL: libgomp.oacc-c/../libgomp.oacc-c-c++-common/lib-61.c -DACC_DEVICE_TYPE_host_nonshm=1 -DACC_MEM_SHARED=0 execution test
FAIL: libgomp.oacc-c/../libgomp.oacc-c-c++-common/lib-66.c -DACC_DEVICE_TYPE_host_nonshm=1 -DACC_MEM_SHARED=0 execution test
FAIL: libgomp.oacc-c/../libgomp.oacc-c-c++-common/nested-1.c -DACC_DEVICE_TYPE_host_nonshm=1 -DACC_MEM_SHARED=0 execution test
FAIL: libgomp.oacc-c/../libgomp.oacc-c-c++-common/parallel-1.c -DACC_DEVICE_TYPE_host_nonshm=1 -DACC_MEM_SHARED=0 execution test
FAIL: libgomp.oacc-c/../libgomp.oacc-c-c++-common/update-1-2.c -DACC_DEVICE_TYPE_host_nonshm=1 -DACC_MEM_SHARED=0 execution test
FAIL: libgomp.oacc-c/../libgomp.oacc-c-c++-common/update-1.c -DACC_DEVICE_TYPE_host_nonshm=1 -DACC_MEM_SHARED=0 execution test
FAIL: libgomp.oacc-c++/../libgomp.oacc-c-c++-common/acc_on_device-1.c -DACC_DEVICE_TYPE_host_nonshm=1 -DACC_MEM_SHARED=0 execution test
FAIL: libgomp.oacc-c++/../libgomp.oacc-c-c++-common/clauses-1.c -DACC_DEVICE_TYPE_host_nonshm=1 -DACC_MEM_SHARED=0 execution test
FAIL: libgomp.oacc-c++/../libgomp.oacc-c-c++-common/data-1.c -DACC_DEVICE_TYPE_host_nonshm=1 -DACC_MEM_SHARED=0 execution test
FAIL: libgomp.oacc-c++/../libgomp.oacc-c-c++-common/data-already-1.c -DACC_DEVICE_TYPE_host_nonshm=1 -DACC_MEM_SHARED=0 execution test
FAIL: libgomp.oacc-c++/../libgomp.oacc-c-c++-common/data-already-2.c -DACC_DEVICE_TYPE_host_nonshm=1 -DACC_MEM_SHARED=0 execution test
FAIL: libgomp.oacc-c++/../libgomp.oacc-c-c++-common/data-already-3.c -DACC_DEVICE_TYPE_host_nonshm=1 -DACC_MEM_SHARED=0 execution test
FAIL: libgomp.oacc-c++/../libgomp.oacc-c-c++-common/data-already-5.c -DACC_DEVICE_TYPE_host_nonshm=1 -DACC_MEM_SHARED=0 execution test
FAIL: libgomp.oacc-c++/../libgomp.oacc-c-c++-common/data-already-6.c -DACC_DEVICE_TYPE_host_nonshm=1 -DACC_MEM_SHARED=0 execution test
FAIL: libgomp.oacc-c++/../libgomp.oacc-c-c++-common/data-already-7.c -DACC_DEVICE_TYPE_host_nonshm=1 -DACC_MEM_SHARED=0 execution test
FAIL: libgomp.oacc-c++/../libgomp.oacc-c-c++-common/data-already-8.c -DACC_DEVICE_TYPE_host_nonshm=1 -DACC_MEM_SHARED=0 execution test
FAIL: libgomp.oacc-c++/../libgomp.oacc-c-c++-common/deviceptr-1.c -DACC_DEVICE_TYPE_host_nonshm=1 -DACC_MEM_SHARED=0 execution test
FAIL: libgomp.oacc-c++/../libgomp.oacc-c-c++-common/if-1.c -DACC_DEVICE_TYPE_host_nonshm=1 -DACC_MEM_SHARED=0 execution test
FAIL: libgomp.oacc-c++/../libgomp.oacc-c-c++-common/kernels-1.c -DACC_DEVICE_TYPE_host_nonshm=1 -DACC_MEM_SHARED=0 execution test
FAIL: libgomp.oacc-c++/../libgomp.oacc-c-c++-common/lib-12.c -DACC_DEVICE_TYPE_host_nonshm=1 -DACC_MEM_SHARED=0 execution test
FAIL: libgomp.oacc-c++/../libgomp.oacc-c-c++-common/lib-19.c -DACC_DEVICE_TYPE_host_nonshm=1 -DACC_MEM_SHARED=0 execution test
FAIL: libgomp.oacc-c++/../libgomp.oacc-c-c++-common/lib-37.c -DACC_DEVICE_TYPE_host_nonshm=1 -DACC_MEM_SHARED=0 execution test
FAIL: libgomp.oacc-c++/../libgomp.oacc-c-c++-common/lib-38.c -DACC_DEVICE_TYPE_host_nonshm=1 -DACC_MEM_SHARED=0 execution test
FAIL: libgomp.oacc-c++/../libgomp.oacc-c-c++-common/lib-45.c -DACC_DEVICE_TYPE_host_nonshm=1 -DACC_MEM_SHARED=0 execution test
FAIL: libgomp.oacc-c++/../libgomp.oacc-c-c++-common/lib-46.c -DACC_DEVICE_TYPE_host_nonshm=1 -DACC_MEM_SHARED=0 execution test
FAIL: libgomp.oacc-c++/../libgomp.oacc-c-c++-common/lib-49.c -DACC_DEVICE_TYPE_host_nonshm=1 -DACC_MEM_SHARED=0 execution test
FAIL: libgomp.oacc-c++/../libgomp.oacc-c-c++-common/lib-50.c -DACC_DEVICE_TYPE_host_nonshm=1 -DACC_MEM_SHARED=0 execution test
FAIL: libgomp.oacc-c++/../libgomp.oacc-c-c++-common/lib-51.c -DACC_DEVICE_TYPE_host_nonshm=1 -DACC_MEM_SHARED=0 execution test
FAIL: libgomp.oacc-c++/../libgomp.oacc-c-c++-common/lib-55.c -DACC_DEVICE_TYPE_host_nonshm=1 -DACC_MEM_SHARED=0 execution test
FAIL: libgomp.oacc-c++/../libgomp.oacc-c-c++-common/lib-56.c -DACC_DEVICE_TYPE_host_nonshm=1 -DACC_MEM_SHARED=0 execution test
FAIL: libgomp.oacc-c++/../libgomp.oacc-c-c++-common/lib-59.c -DACC_DEVICE_TYPE_host_nonshm=1 -DACC_MEM_SHARED=0 execution test
FAIL: libgomp.oacc-c++/../libgomp.oacc-c-c++-common/lib-60.c -DACC_DEVICE_TYPE_host_nonshm=1 -DACC_MEM_SHARED=0 execution test
FAIL: libgomp.oacc-c++/../libgomp.oacc-c-c++-common/lib-61.c -DACC_DEVICE_TYPE_host_nonshm=1 -DACC_MEM_SHARED=0 execution test
FAIL: libgomp.oacc-c++/../libgomp.oacc-c-c++-common/lib-66.c -DACC_DEVICE_TYPE_host_nonshm=1 -DACC_MEM_SHARED=0 execution test
FAIL: libgomp.oacc-c++/../libgomp.oacc-c-c++-common/nested-1.c -DACC_DEVICE_TYPE_host_nonshm=1 -DACC_MEM_SHARED=0 execution test
FAIL: libgomp.oacc-c++/../libgomp.oacc-c-c++-common/parallel-1.c -DACC_DEVICE_TYPE_host_nonshm=1 -DACC_MEM_SHARED=0 execution test
FAIL: libgomp.oacc-c++/../libgomp.oacc-c-c++-common/update-1-2.c -DACC_DEVICE_TYPE_host_nonshm=1 -DACC_MEM_SHARED=0 execution test
FAIL: libgomp.oacc-c++/../libgomp.oacc-c-c++-common/update-1.c -DACC_DEVICE_TYPE_host_nonshm=1 -DACC_MEM_SHARED=0 execution test
FAIL: libgomp.oacc-fortran/acc_on_device-1-1.f90 -DACC_DEVICE_TYPE_host_nonshm=1 -DACC_MEM_SHARED=0  -O  execution test
FAIL: libgomp.oacc-fortran/acc_on_device-1-2.f -DACC_DEVICE_TYPE_host_nonshm=1 -DACC_MEM_SHARED=0  -O  execution test
FAIL: libgomp.oacc-fortran/acc_on_device-1-3.f -DACC_DEVICE_TYPE_host_nonshm=1 -DACC_MEM_SHARED=0  -O  execution test
FAIL: libgomp.oacc-fortran/data-already-1.f -DACC_DEVICE_TYPE_host_nonshm=1 -DACC_MEM_SHARED=0  -O  execution test
FAIL: libgomp.oacc-fortran/data-already-2.f -DACC_DEVICE_TYPE_host_nonshm=1 -DACC_MEM_SHARED=0  -O  execution test
FAIL: libgomp.oacc-fortran/data-already-3.f -DACC_DEVICE_TYPE_host_nonshm=1 -DACC_MEM_SHARED=0  -O  execution test
FAIL: libgomp.oacc-fortran/data-already-5.f -DACC_DEVICE_TYPE_host_nonshm=1 -DACC_MEM_SHARED=0  -O  execution test
FAIL: libgomp.oacc-fortran/data-already-6.f -DACC_DEVICE_TYPE_host_nonshm=1 -DACC_MEM_SHARED=0  -O  execution test
FAIL: libgomp.oacc-fortran/data-already-7.f -DACC_DEVICE_TYPE_host_nonshm=1 -DACC_MEM_SHARED=0  -O  execution test
FAIL: libgomp.oacc-fortran/data-already-8.f -DACC_DEVICE_TYPE_host_nonshm=1 -DACC_MEM_SHARED=0  -O  execution test

		=== libgomp Summary ===

# of expected passes		5652
# of unexpected failures	76
# of unsupported tests		354

		=== Summary adjusted for local xfails ===

# of unexpected failures        76
# of expected passes            5652
# of unsupported tests          354
Host   is i686-pc-linux-gnu

		=== libitm tests ===


Running target qemu-wheezy-thumb/-mthumb

		=== libitm Summary ===

# of expected passes		26
# of expected failures		3
# of unsupported tests		1

		=== Summary adjusted for local xfails ===

# of expected passes            26
# of expected failures          3
# of unsupported tests          1
Host   is i686-pc-linux-gnu

		=== libstdc++ tests ===


Running target qemu-wheezy-thumb/-mthumb
FAIL: 21_strings/basic_string/inserters_extractors/wchar_t/28277.cc execution test
FAIL: 22_locale/messages/13631.cc execution test
FAIL: 22_locale/messages/members/char/1.cc execution test
FAIL: 22_locale/messages/members/char/2.cc execution test
FAIL: 22_locale/messages/members/char/wrapped_locale.cc execution test
FAIL: 22_locale/messages_byname/named_equivalence.cc execution test
FAIL: 27_io/basic_ostream/inserters_character/wchar_t/28277-3.cc execution test
FAIL: 27_io/basic_ostream/inserters_character/wchar_t/28277-4.cc execution test
FAIL: ext/vstring/inserters_extractors/wchar_t/28277.cc execution test

		=== libstdc++ Summary ===

# of expected passes		9978
# of unexpected failures	9
# of expected failures		65
# of unsupported tests		373

		=== Summary adjusted for local xfails ===

# of unexpected failures        9
# of expected passes            9978
# of expected failures          65
# of unsupported tests          373

Compiler version: 5.2.1 20150905 (GCC) 
Platform: arm-none-linux-gnueabi
configure flags: --build=i686-pc-linux-gnu --host=i686-pc-linux-gnu --target=arm-none-linux-gnueabi --enable-threads --disable-libmudflap --disable-libssp --disable-libstdcxx-pch --with-gnu-as --with-gnu-ld --enable-languages=c,c++,fortran --enable-shared --enable-lto --enable-symvers=gnu --enable-__cxa_atexit --with-glibc-version=2.21 --disable-nls --prefix=/scratch/gcc/nightly-2015-09-04-5/arm-none-linux-gnueabi/install --with-sysroot=/scratch/gcc/nightly-2015-09-04-5/arm-none-linux-gnueabi/install/arm-none-linux-gnueabi/libc --with-gmp=/scratch/gcc/nightly-2015-09-04-5/arm-none-linux-gnueabi/obj/pkg-5-0-arm-none-linux-gnueabi/fsf-5-0-arm-none-linux-gnueabi.extras/host-libs-i686-pc-linux-gnu/usr --with-mpfr=/scratch/gcc/nightly-2015-09-04-5/arm-none-linux-gnueabi/obj/pkg-5-0-arm-none-linux-gnueabi/fsf-5-0-arm-none-linux-gnueabi.extras/host-libs-i686-pc-linux-gnu/usr --with-mpc=/scratch/gcc/nightly-2015-09-04-5/arm-none-linux-gnueabi/obj/pkg-5-0-arm-none-linux-gnueabi/fsf-5-
 0-arm-none-linux-gnueabi.extras/host-libs-i686-pc-linux-gnu/usr --with-isl=/scratch/gcc/nightly-2015-09-04-5/arm-none-linux-gnueabi/obj/pkg-5-0-arm-none-linux-gnueabi/fsf-5-0-arm-none-linux-gnueabi.extras/host-libs-i686-pc-linux-gnu/usr --enable-libgomp --enable-libitm --enable-libatomic --disable-libssp --disable-libcc1 --enable-poison-system-directories --with-python-dir=arm-none-linux-gnueabi/share/gdb/python --with-build-time-tools=/scratch/gcc/nightly-2015-09-04-5/arm-none-linux-gnueabi/install/arm-none-linux-gnueabi/bin --with-build-time-tools=/scratch/gcc/nightly-2015-09-04-5/arm-none-linux-gnueabi/install/arm-none-linux-gnueabi/bin SED=sed


Index Nav: [Date Index] [Subject Index] [Author Index] [Thread Index]
Message Nav: [Date Prev] [Date Next] [Thread Prev] [Thread Next]