This is the mail archive of the gcc-testresults@gcc.gnu.org mailing list for the GCC project.


Index Nav: [Date Index] [Subject Index] [Author Index] [Thread Index]
Message Nav: [Date Prev] [Date Next] [Thread Prev] [Thread Next]
Other format: [Raw text]

Results for 6.0.0 20150904 (experimental) [trunk revision 227489] (GCC) testsuite on i386-pc-solaris2.12


LAST_UPDATED: Fri Sep  4 11:29:07 UTC 2015 (revision 227489)

		=== acats tests ===

		=== acats Summary ===
# of expected passes		2320
# of unexpected failures	0
Native configuration is i386-pc-solaris2.12

		=== g++ tests ===


Running target unix
FAIL: g++.dg/cilk-plus/CK/catch_exc.cc  -O1 -fcilkplus execution test
FAIL: g++.dg/cilk-plus/CK/catch_exc.cc  -O3 -fcilkplus execution test
FAIL: g++.dg/cilk-plus/CK/catch_exc.cc  -g -O2 -fcilkplus execution test
FAIL: g++.dg/cilk-plus/CK/catch_exc.cc  -g -fcilkplus execution test

		=== g++ Summary for unix ===

# of expected passes		86562
# of unexpected failures	4
# of expected failures		285
# of unsupported tests		3162

Running target unix/-m64

		=== g++ Summary for unix/-m64 ===

# of expected passes		87920
# of expected failures		285
# of unsupported tests		3411

		=== g++ Summary ===

# of expected passes		174482
# of unexpected failures	4
# of expected failures		570
# of unsupported tests		6573
/var/gcc/regression/trunk/12-gcc-gas/build/gcc/testsuite/g++/../../xg++  version 6.0.0 20150904 (experimental) [trunk revision 227489] (GCC) 

		=== gcc tests ===


Running target unix
FAIL: gcc.dg/atomic/c11-atomic-exec-2.c   -O2 -flto -flto-partition=none  (test for excess errors)
WARNING: gcc.dg/atomic/c11-atomic-exec-2.c   -O2 -flto -flto-partition=none  compilation failed to produce executable
FAIL: gcc.dg/atomic/c11-atomic-exec-2.c   -O3 -g  (test for excess errors)
WARNING: gcc.dg/atomic/c11-atomic-exec-2.c   -O3 -g  compilation failed to produce executable
FAIL: gcc.dg/atomic/c11-atomic-exec-2.c   -Os  (test for excess errors)
WARNING: gcc.dg/atomic/c11-atomic-exec-2.c   -Os  compilation failed to produce executable
WARNING: program timed out.
WARNING: program timed out.
WARNING: program timed out.
FAIL: gcc.dg/debug/dwarf2/stacked-qualified-types-3.c scan-assembler-times DIE \\\\([^\\n]*\\\\) DW_TAG_(?:const|volatile|atomic|restrict)_type 8
XPASS: gcc.dg/graphite/vect-pr43423.c scan-tree-dump-times vect "vectorized 2 loops" 1
FAIL: gcc.target/i386/pr61403.c scan-assembler blend

		=== gcc Summary for unix ===

# of expected passes		100729
# of unexpected failures	5
# of unexpected successes	1
# of expected failures		275
# of unsupported tests		1453

Running target unix/-m64
FAIL: gcc.dg/debug/dwarf2/stacked-qualified-types-3.c scan-assembler-times DIE \\\\([^\\n]*\\\\) DW_TAG_(?:const|volatile|atomic|restrict)_type 8
FAIL: gcc.target/i386/pr49781-1.c scan-assembler-not lea[lq]?[ \\t]\\\\((%|)r[a-z0-9]*
FAIL: gcc.target/i386/pr61403.c scan-assembler blend

		=== gcc Summary for unix/-m64 ===

# of expected passes		101641
# of unexpected failures	3
# of expected failures		273
# of unsupported tests		1655

		=== gcc Summary ===

# of expected passes		202370
# of unexpected failures	8
# of unexpected successes	1
# of expected failures		548
# of unsupported tests		3108
/var/gcc/regression/trunk/12-gcc-gas/build/gcc/xgcc  version 6.0.0 20150904 (experimental) [trunk revision 227489] (GCC) 

		=== gfortran tests ===


Running target unix

		=== gfortran Summary for unix ===

# of expected passes		40473
# of expected failures		75
# of unsupported tests		171

Running target unix/-m64

		=== gfortran Summary for unix/-m64 ===

# of expected passes		40688
# of expected failures		75
# of unsupported tests		69

		=== gfortran Summary ===

# of expected passes		81161
# of expected failures		150
# of unsupported tests		240
/var/gcc/regression/trunk/12-gcc-gas/build/gcc/testsuite/gfortran/../../gfortran  version 6.0.0 20150904 (experimental) [trunk revision 227489] (GCC) 

		=== gnat tests ===


Running target unix
FAIL: gnat.dg/specs/addr1.ads  (test for warnings, line 30)

		=== gnat Summary for unix ===

# of expected passes		1391
# of unexpected failures	1
# of expected failures		21
# of unsupported tests		7

Running target unix/-m64
FAIL: gnat.dg/specs/addr1.ads  (test for warnings, line 30)

		=== gnat Summary for unix/-m64 ===

# of expected passes		1391
# of unexpected failures	1
# of expected failures		21
# of unsupported tests		7

		=== gnat Summary ===

# of expected passes		2782
# of unexpected failures	2
# of expected failures		42
# of unsupported tests		14
/var/gcc/regression/trunk/12-gcc-gas/build/gcc/gnatmake version 6.0.0 20150904 (experimental) [trunk revision 227489]

		=== go tests ===


Running target unix

		=== go Summary for unix ===

# of expected passes		7363
# of expected failures		1
# of untested testcases		10
# of unsupported tests		2

Running target unix/-m64

		=== go Summary for unix/-m64 ===

# of expected passes		7244
# of expected failures		1
# of untested testcases		10
# of unsupported tests		1

		=== go Summary ===

# of expected passes		14607
# of expected failures		2
# of untested testcases		20
# of unsupported tests		3
		=== obj-c++ tests ===


Running target unix

		=== obj-c++ Summary for unix ===

# of expected passes		1439
# of expected failures		2
# of unsupported tests		77

Running target unix/-m64

		=== obj-c++ Summary for unix/-m64 ===

# of expected passes		1431
# of expected failures		10
# of unsupported tests		77

		=== obj-c++ Summary ===

# of expected passes		2870
# of expected failures		12
# of unsupported tests		154
/var/gcc/regression/trunk/12-gcc-gas/build/gcc/testsuite/obj-c++/../../xg++  version 6.0.0 20150904 (experimental) [trunk revision 227489] (GCC) 

		=== objc tests ===


Running target unix

		=== objc Summary for unix ===

# of expected passes		2766
# of expected failures		6
# of unsupported tests		68

Running target unix/-m64

		=== objc Summary for unix/-m64 ===

# of expected passes		2766
# of expected failures		6
# of unsupported tests		68

		=== objc Summary ===

# of expected passes		5532
# of expected failures		12
# of unsupported tests		136
/var/gcc/regression/trunk/12-gcc-gas/build/gcc/xgcc  version 6.0.0 20150904 (experimental) [trunk revision 227489] (GCC) 

		=== boehm-gc tests ===


Running target unix

		=== boehm-gc Summary for unix ===

# of expected passes		12
# of unsupported tests		1

Running target unix/-m64

		=== boehm-gc Summary for unix/-m64 ===

# of expected passes		12
# of unsupported tests		1

		=== boehm-gc Summary ===

# of expected passes		24
# of unsupported tests		2
		=== libatomic tests ===


Running target unix

		=== libatomic Summary for unix ===

# of expected passes		44
# of unsupported tests		5

Running target unix/-m64

		=== libatomic Summary for unix/-m64 ===

# of expected passes		54

		=== libatomic Summary ===

# of expected passes		98
# of unsupported tests		5
		=== libffi tests ===


Running target unix

		=== libffi Summary for unix ===

# of expected passes		2439
# of unsupported tests		30

Running target unix/-m64

		=== libffi Summary for unix/-m64 ===

# of expected passes		1914
# of unsupported tests		30

		=== libffi Summary ===

# of expected passes		4353
# of unsupported tests		60
		=== libgo tests ===


Running target unix
FAIL: runtime

		=== libgo Summary for unix ===

# of expected passes		123
# of unexpected failures	1

Running target unix/-m64
FAIL: runtime

		=== libgo Summary for unix/-m64 ===

# of expected passes		123
# of unexpected failures	1

		=== libgo Summary ===

# of expected passes		246
# of unexpected failures	2
		=== libgomp tests ===


Running target unix

		=== libgomp Summary for unix ===

# of expected passes		4168
# of expected failures		4
# of unsupported tests		199

Running target unix/-m64

		=== libgomp Summary for unix/-m64 ===

# of expected passes		4168
# of expected failures		4
# of unsupported tests		199

		=== libgomp Summary ===

# of expected passes		8336
# of expected failures		8
# of unsupported tests		398
		=== libitm tests ===


Running target unix

		=== libitm Summary for unix ===

# of expected passes		26
# of expected failures		3
# of unsupported tests		1

Running target unix/-m64

		=== libitm Summary for unix/-m64 ===

# of expected passes		26
# of expected failures		3
# of unsupported tests		1

		=== libitm Summary ===

# of expected passes		52
# of expected failures		6
# of unsupported tests		2
		=== libjava tests ===


Running target unix

		=== libjava Summary for unix ===

# of expected passes		2582
# of expected failures		4

Running target unix/-m64

		=== libjava Summary for unix/-m64 ===

# of expected passes		2582
# of expected failures		4

		=== libjava Summary ===

# of expected passes		5164
# of expected failures		8
		=== libstdc++ tests ===


Running target unix
FAIL: libstdc++-abi/abi_check

		=== libstdc++ Summary for unix ===

# of expected passes		9767
# of unexpected failures	1
# of expected failures		67
# of unsupported tests		604

Running target unix/-m64
FAIL: libstdc++-abi/abi_check

		=== libstdc++ Summary for unix/-m64 ===

# of expected passes		9767
# of unexpected failures	1
# of expected failures		67
# of unsupported tests		604

		=== libstdc++ Summary ===

# of expected passes		19534
# of unexpected failures	2
# of expected failures		134
# of unsupported tests		1208

Compiler version: 6.0.0 20150904 (experimental) [trunk revision 227489] (GCC) 
Platform: i386-pc-solaris2.12
configure flags: --prefix=/vol/gcc --target=i386-pc-solaris2.12 --enable-objc-gc --with-as=/vol/gcc/bin/gas-2.25 --with-gnu-as --with-gmp-include=/vol/gcc/include --with-gmp-lib=/vol/gcc/lib --with-mpfr-include=/vol/gcc/include --with-mpfr-lib=/vol/gcc/lib --with-mpc-include=/vol/gcc/include --with-mpc-lib=/vol/gcc/lib --enable-languages=all,ada,obj-c++,go --with-isl-include=/vol/gcc/include --with-isl-lib=/vol/gcc/lib --with-cloog-include=/vol/gcc/include --with-cloog-lib=/vol/gcc/lib --enable-cloog-backend=isl
BOOT_CFLAGS=-g -O2


Index Nav: [Date Index] [Subject Index] [Author Index] [Thread Index]
Message Nav: [Date Prev] [Date Next] [Thread Prev] [Thread Next]