This is the mail archive of the
gcc-testresults@gcc.gnu.org
mailing list for the GCC project.
Results for 6.0.0 20150903 (experimental) GCC testsuite on arm-unknown-rtems4.11
- From: Sebastian Huber <sebastian dot huber at embedded-brains dot de>
- To: gcc-testresults at gcc dot gnu dot org
- Date: Fri, 4 Sep 2015 09:04:49 +0200
- Subject: Results for 6.0.0 20150903 (experimental) GCC testsuite on arm-unknown-rtems4.11
- Authentication-results: sourceware.org; auth=none
Target is arm-unknown-rtems4.11
Host is x86_64-pc-linux-gnu
=== gcc tests ===
Schedule of variations:
rtems-arm-realview_pbx_a9_qemu/-march=armv7-a/-mthumb/-mfpu=neon/-mfloat-abi=hard
Running target
rtems-arm-realview_pbx_a9_qemu/-march=armv7-a/-mthumb/-mfpu=neon/-mfloat-abi=hard
Using
/scratch/git-rtems-testing/dejagnu/boards/rtems-arm-realview_pbx_a9_qemu.exp
as board description file for target.
Using /usr/share/dejagnu/config/sim.exp as generic interface file for
target.
Using /usr/share/dejagnu/baseboards/basic-sim.exp as board description
file for target.
Using
/home/EB/sebastian_h/archive/gcc-git/gcc/testsuite/config/default.exp as
tool-and-target-specific interface file.
Running
/home/EB/sebastian_h/archive/gcc-git/gcc/testsuite/gcc.c-torture/compile/compile.exp
...
FAIL: gcc.c-torture/compile/20121027-1.c -O2 (internal compiler error)
FAIL: gcc.c-torture/compile/20121027-1.c -O2 (test for excess errors)
FAIL: gcc.c-torture/compile/20121027-1.c -O3 -fomit-frame-pointer
-funroll-loops -fpeel-loops -ftracer -finline-functions (internal
compiler error)
FAIL: gcc.c-torture/compile/20121027-1.c -O3 -fomit-frame-pointer
-funroll-loops -fpeel-loops -ftracer -finline-functions (test for
excess errors)
FAIL: gcc.c-torture/compile/20121027-1.c -O3 -g (internal compiler error)
FAIL: gcc.c-torture/compile/20121027-1.c -O3 -g (test for excess errors)
Running
/home/EB/sebastian_h/archive/gcc-git/gcc/testsuite/gcc.c-torture/execute/builtins/builtins.exp
...
FAIL: gcc.c-torture/execute/builtins/memops-asm.c execution, -O0
Running
/home/EB/sebastian_h/archive/gcc-git/gcc/testsuite/gcc.c-torture/execute/execute.exp
...
Running
/home/EB/sebastian_h/archive/gcc-git/gcc/testsuite/gcc.c-torture/execute/ieee/ieee.exp
...
Running
/home/EB/sebastian_h/archive/gcc-git/gcc/testsuite/gcc.c-torture/unsorted/unsorted.exp
...
Running
/home/EB/sebastian_h/archive/gcc-git/gcc/testsuite/gcc.dg/asan/asan.exp ...
Running
/home/EB/sebastian_h/archive/gcc-git/gcc/testsuite/gcc.dg/atomic/atomic.exp
...
Running
/home/EB/sebastian_h/archive/gcc-git/gcc/testsuite/gcc.dg/autopar/autopar.exp
...
Running
/home/EB/sebastian_h/archive/gcc-git/gcc/testsuite/gcc.dg/charset/charset.exp
...
Running
/home/EB/sebastian_h/archive/gcc-git/gcc/testsuite/gcc.dg/cilk-plus/cilk-plus.exp
...
Running
/home/EB/sebastian_h/archive/gcc-git/gcc/testsuite/gcc.dg/compat/compat.exp
...
Running
/home/EB/sebastian_h/archive/gcc-git/gcc/testsuite/gcc.dg/compat/struct-layout-1.exp
...
Running
/home/EB/sebastian_h/archive/gcc-git/gcc/testsuite/gcc.dg/cpp/cpp.exp ...
FAIL: gcc.dg/cpp/19990407-1.c (test for excess errors)
WARNING: gcc.dg/cpp/19990407-1.c compilation failed to produce executable
FAIL: gcc.dg/cpp/strp1.c (test for excess errors)
WARNING: gcc.dg/cpp/strp1.c compilation failed to produce executable
FAIL: gcc.dg/cpp/strp2.c (test for excess errors)
WARNING: gcc.dg/cpp/strp2.c compilation failed to produce executable
FAIL: gcc.dg/cpp/trigraphs.c (test for excess errors)
WARNING: gcc.dg/cpp/trigraphs.c compilation failed to produce executable
Running
/home/EB/sebastian_h/archive/gcc-git/gcc/testsuite/gcc.dg/cpp/trad/trad.exp
...
Running
/home/EB/sebastian_h/archive/gcc-git/gcc/testsuite/gcc.dg/debug/debug.exp ...
Running
/home/EB/sebastian_h/archive/gcc-git/gcc/testsuite/gcc.dg/debug/dwarf2/dwarf2.exp
...
FAIL: gcc.dg/debug/dwarf2/aranges-fnsec-1.c scan-assembler DW_AT_ranges
FAIL: gcc.dg/debug/dwarf2/stacked-qualified-types-3.c
scan-assembler-times DIE \\([^\n]*\\)
DW_TAG_(?:const|volatile|atomic|restrict)_type 8
Running
/home/EB/sebastian_h/archive/gcc-git/gcc/testsuite/gcc.dg/dfp/dfp.exp ...
Running /home/EB/sebastian_h/archive/gcc-git/gcc/testsuite/gcc.dg/dg.exp ...
FAIL: gcc.dg/pr38616.c (test for excess errors)
WARNING: gcc.dg/pr38616.c compilation failed to produce executable
FAIL: gcc.dg/pr38902.c (test for excess errors)
WARNING: gcc.dg/pr38902.c compilation failed to produce executable
FAIL: gcc.dg/pr54921.c (test for excess errors)
WARNING: gcc.dg/pr54921.c compilation failed to produce executable
FAIL: gcc.dg/pthread-init-2.c (test for excess errors)
FAIL: gcc.dg/struct-ret-libc.c (test for excess errors)
WARNING: gcc.dg/struct-ret-libc.c compilation failed to produce executable
FAIL: gcc.dg/wchar_t-1.c (test for excess errors)
FAIL: gcc.dg/wint_t-1.c (test for excess errors)
Running
/home/EB/sebastian_h/archive/gcc-git/gcc/testsuite/gcc.dg/fixed-point/fixed-point.exp
...
Running
/home/EB/sebastian_h/archive/gcc-git/gcc/testsuite/gcc.dg/format/format.exp
...
Running
/home/EB/sebastian_h/archive/gcc-git/gcc/testsuite/gcc.dg/goacc-gomp/goacc-gomp.exp
...
Running
/home/EB/sebastian_h/archive/gcc-git/gcc/testsuite/gcc.dg/goacc/goacc.exp ...
FAIL: c-c++-common/goacc/acc_on_device-2.c (test for excess errors)
FAIL: c-c++-common/goacc/acc_on_device-2.c scan-rtl-dump-times expand
"\\(call [^\\n]* acc_on_device" 0
Running
/home/EB/sebastian_h/archive/gcc-git/gcc/testsuite/gcc.dg/gomp/gomp.exp ...
Running
/home/EB/sebastian_h/archive/gcc-git/gcc/testsuite/gcc.dg/graphite/graphite.exp
...
FAIL: gcc.dg/graphite/run-id-1.c execution test
FAIL: gcc.dg/graphite/interchange-7.c execution test
XPASS: gcc.dg/graphite/vect-pr43423.c scan-tree-dump-times vect
"vectorized 2 loops" 1
Running
/home/EB/sebastian_h/archive/gcc-git/gcc/testsuite/gcc.dg/guality/guality.exp
...
Running
/home/EB/sebastian_h/archive/gcc-git/gcc/testsuite/gcc.dg/ipa/ipa.exp ...
Running
/home/EB/sebastian_h/archive/gcc-git/gcc/testsuite/gcc.dg/lto/lto.exp ...
Running
/home/EB/sebastian_h/archive/gcc-git/gcc/testsuite/gcc.dg/noncompile/noncompile.exp
...
Running
/home/EB/sebastian_h/archive/gcc-git/gcc/testsuite/gcc.dg/pch/pch.exp ...
Running
/home/EB/sebastian_h/archive/gcc-git/gcc/testsuite/gcc.dg/plugin/plugin.exp
...
Running
/home/EB/sebastian_h/archive/gcc-git/gcc/testsuite/gcc.dg/simulate-thread/simulate-thread.exp
...
Running
/home/EB/sebastian_h/archive/gcc-git/gcc/testsuite/gcc.dg/special/mips-abi.exp
...
Running
/home/EB/sebastian_h/archive/gcc-git/gcc/testsuite/gcc.dg/special/special.exp
...
Running
/home/EB/sebastian_h/archive/gcc-git/gcc/testsuite/gcc.dg/tls/tls.exp ...
Running
/home/EB/sebastian_h/archive/gcc-git/gcc/testsuite/gcc.dg/tm/tm.exp ...
Running
/home/EB/sebastian_h/archive/gcc-git/gcc/testsuite/gcc.dg/torture/dg-torture.exp
...
Running
/home/EB/sebastian_h/archive/gcc-git/gcc/testsuite/gcc.dg/torture/stackalign/stackalign.exp
...
Running
/home/EB/sebastian_h/archive/gcc-git/gcc/testsuite/gcc.dg/torture/tls/tls.exp
...
Running
/home/EB/sebastian_h/archive/gcc-git/gcc/testsuite/gcc.dg/tree-prof/tree-prof.exp
...
Running
/home/EB/sebastian_h/archive/gcc-git/gcc/testsuite/gcc.dg/tree-ssa/tree-ssa.exp
...
FAIL: gcc.dg/tree-ssa/sra-12.c scan-tree-dump-times release_ssa "l;" 0
FAIL: gcc.dg/tree-ssa/ssa-dom-cse-2.c scan-tree-dump optimized "return 28;"
Running
/home/EB/sebastian_h/archive/gcc-git/gcc/testsuite/gcc.dg/tsan/tsan.exp ...
Running
/home/EB/sebastian_h/archive/gcc-git/gcc/testsuite/gcc.dg/ubsan/ubsan.exp ...
Running
/home/EB/sebastian_h/archive/gcc-git/gcc/testsuite/gcc.dg/vect/costmodel/i386/i386-costmodel-vect.exp
...
Running
/home/EB/sebastian_h/archive/gcc-git/gcc/testsuite/gcc.dg/vect/costmodel/ppc/ppc-costmodel-vect.exp
...
Running
/home/EB/sebastian_h/archive/gcc-git/gcc/testsuite/gcc.dg/vect/costmodel/spu/spu-costmodel-vect.exp
...
Running
/home/EB/sebastian_h/archive/gcc-git/gcc/testsuite/gcc.dg/vect/costmodel/x86_64/x86_64-costmodel-vect.exp
...
Running
/home/EB/sebastian_h/archive/gcc-git/gcc/testsuite/gcc.dg/vect/vect.exp ...
FAIL: gcc.dg/vect/pr49038.c execution test
FAIL: gcc.dg/vect/vect-over-widen-3-big-array.c scan-tree-dump-times
vect "vect_recog_over_widening_pattern: detected" 2
FAIL: gcc.dg/vect/slp-perm-5.c (internal compiler error)
FAIL: gcc.dg/vect/slp-perm-5.c (test for excess errors)
WARNING: gcc.dg/vect/slp-perm-5.c compilation failed to produce executable
Running
/home/EB/sebastian_h/archive/gcc-git/gcc/testsuite/gcc.dg/vmx/vmx.exp ...
Running
/home/EB/sebastian_h/archive/gcc-git/gcc/testsuite/gcc.dg/vxworks/vxworks.exp
...
Running
/home/EB/sebastian_h/archive/gcc-git/gcc/testsuite/gcc.dg/weak/weak.exp ...
Running
/home/EB/sebastian_h/archive/gcc-git/gcc/testsuite/gcc.misc-tests/acker1.exp
...
Running
/home/EB/sebastian_h/archive/gcc-git/gcc/testsuite/gcc.misc-tests/arm-isr.exp
...
Running
/home/EB/sebastian_h/archive/gcc-git/gcc/testsuite/gcc.misc-tests/bprob.exp
...
Running
/home/EB/sebastian_h/archive/gcc-git/gcc/testsuite/gcc.misc-tests/dectest.exp
...
Running
/home/EB/sebastian_h/archive/gcc-git/gcc/testsuite/gcc.misc-tests/dhry.exp
...
Running
/home/EB/sebastian_h/archive/gcc-git/gcc/testsuite/gcc.misc-tests/gcov.exp
...
Running
/home/EB/sebastian_h/archive/gcc-git/gcc/testsuite/gcc.misc-tests/godump.exp
...
Running
/home/EB/sebastian_h/archive/gcc-git/gcc/testsuite/gcc.misc-tests/help.exp
...
Running
/home/EB/sebastian_h/archive/gcc-git/gcc/testsuite/gcc.misc-tests/i386-prefetch.exp
...
Running
/home/EB/sebastian_h/archive/gcc-git/gcc/testsuite/gcc.misc-tests/linkage.exp
...
Running
/home/EB/sebastian_h/archive/gcc-git/gcc/testsuite/gcc.misc-tests/matrix1.exp
...
Running
/home/EB/sebastian_h/archive/gcc-git/gcc/testsuite/gcc.misc-tests/mg-2.exp
...
Running
/home/EB/sebastian_h/archive/gcc-git/gcc/testsuite/gcc.misc-tests/mg.exp ...
Running
/home/EB/sebastian_h/archive/gcc-git/gcc/testsuite/gcc.misc-tests/options.exp
...
Running
/home/EB/sebastian_h/archive/gcc-git/gcc/testsuite/gcc.misc-tests/output.exp
...
Running
/home/EB/sebastian_h/archive/gcc-git/gcc/testsuite/gcc.misc-tests/sieve.exp
...
Running
/home/EB/sebastian_h/archive/gcc-git/gcc/testsuite/gcc.misc-tests/sort2.exp
...
Running
/home/EB/sebastian_h/archive/gcc-git/gcc/testsuite/gcc.target/aarch64/aapcs64/aapcs64.exp
...
Running
/home/EB/sebastian_h/archive/gcc-git/gcc/testsuite/gcc.target/aarch64/aarch64.exp
...
Running
/home/EB/sebastian_h/archive/gcc-git/gcc/testsuite/gcc.target/aarch64/acle/acle.exp
...
Running
/home/EB/sebastian_h/archive/gcc-git/gcc/testsuite/gcc.target/aarch64/advsimd-intrinsics/advsimd-intrinsics.exp
...
Running
/home/EB/sebastian_h/archive/gcc-git/gcc/testsuite/gcc.target/aarch64/fp16/fp16.exp
...
Running
/home/EB/sebastian_h/archive/gcc-git/gcc/testsuite/gcc.target/aarch64/simd/simd.exp
...
Running
/home/EB/sebastian_h/archive/gcc-git/gcc/testsuite/gcc.target/alpha/alpha.exp
...
Running
/home/EB/sebastian_h/archive/gcc-git/gcc/testsuite/gcc.target/arc/arc.exp ...
Running
/home/EB/sebastian_h/archive/gcc-git/gcc/testsuite/gcc.target/arm/aapcs/aapcs.exp
...
Running
/home/EB/sebastian_h/archive/gcc-git/gcc/testsuite/gcc.target/arm/acle/acle.exp
...
Running
/home/EB/sebastian_h/archive/gcc-git/gcc/testsuite/gcc.target/arm/arm.exp ...
Running
/home/EB/sebastian_h/archive/gcc-git/gcc/testsuite/gcc.target/arm/lto/lto.exp
...
Running
/home/EB/sebastian_h/archive/gcc-git/gcc/testsuite/gcc.target/arm/neon/neon.exp
...
Running
/home/EB/sebastian_h/archive/gcc-git/gcc/testsuite/gcc.target/arm/simd/simd.exp
...
Running
/home/EB/sebastian_h/archive/gcc-git/gcc/testsuite/gcc.target/avr/avr.exp ...
Running
/home/EB/sebastian_h/archive/gcc-git/gcc/testsuite/gcc.target/avr/torture/avr-torture.exp
...
Running
/home/EB/sebastian_h/archive/gcc-git/gcc/testsuite/gcc.target/bfin/bfin.exp
...
Running
/home/EB/sebastian_h/archive/gcc-git/gcc/testsuite/gcc.target/bfin/builtins/bfin-builtins.exp
...
Running
/home/EB/sebastian_h/archive/gcc-git/gcc/testsuite/gcc.target/cris/cris.exp
...
Running
/home/EB/sebastian_h/archive/gcc-git/gcc/testsuite/gcc.target/cris/torture/cris-torture.exp
...
Running
/home/EB/sebastian_h/archive/gcc-git/gcc/testsuite/gcc.target/epiphany/epiphany.exp
...
Running
/home/EB/sebastian_h/archive/gcc-git/gcc/testsuite/gcc.target/frv/frv.exp ...
Running
/home/EB/sebastian_h/archive/gcc-git/gcc/testsuite/gcc.target/h8300/h8300.exp
...
Running
/home/EB/sebastian_h/archive/gcc-git/gcc/testsuite/gcc.target/hppa/hppa.exp
...
Running
/home/EB/sebastian_h/archive/gcc-git/gcc/testsuite/gcc.target/i386/i386.exp
...
Running
/home/EB/sebastian_h/archive/gcc-git/gcc/testsuite/gcc.target/i386/iamcu/abi-iamcu.exp
...
Running
/home/EB/sebastian_h/archive/gcc-git/gcc/testsuite/gcc.target/i386/math-torture/math-torture.exp
...
Running
/home/EB/sebastian_h/archive/gcc-git/gcc/testsuite/gcc.target/i386/mpx/mpx.exp
...
Running
/home/EB/sebastian_h/archive/gcc-git/gcc/testsuite/gcc.target/i386/stackalign/stackalign.exp
...
Running
/home/EB/sebastian_h/archive/gcc-git/gcc/testsuite/gcc.target/ia64/ia64.exp
...
Running
/home/EB/sebastian_h/archive/gcc-git/gcc/testsuite/gcc.target/m68k/m68k.exp
...
Running
/home/EB/sebastian_h/archive/gcc-git/gcc/testsuite/gcc.target/microblaze/microblaze.exp
...
Running
/home/EB/sebastian_h/archive/gcc-git/gcc/testsuite/gcc.target/mips/inter/mips16-inter.exp
...
Running
/home/EB/sebastian_h/archive/gcc-git/gcc/testsuite/gcc.target/mips/mips-nonpic/mips-nonpic.exp
...
Running
/home/EB/sebastian_h/archive/gcc-git/gcc/testsuite/gcc.target/mips/mips.exp
...
Running
/home/EB/sebastian_h/archive/gcc-git/gcc/testsuite/gcc.target/nds32/nds32.exp
...
Running
/home/EB/sebastian_h/archive/gcc-git/gcc/testsuite/gcc.target/nios2/nios2.exp
...
Running
/home/EB/sebastian_h/archive/gcc-git/gcc/testsuite/gcc.target/nvptx/nvptx.exp
...
Running
/home/EB/sebastian_h/archive/gcc-git/gcc/testsuite/gcc.target/powerpc/powerpc.exp
...
Running
/home/EB/sebastian_h/archive/gcc-git/gcc/testsuite/gcc.target/rl78/rl78.exp
...
Running
/home/EB/sebastian_h/archive/gcc-git/gcc/testsuite/gcc.target/rx/rx.exp ...
Running
/home/EB/sebastian_h/archive/gcc-git/gcc/testsuite/gcc.target/s390/s390.exp
...
Running
/home/EB/sebastian_h/archive/gcc-git/gcc/testsuite/gcc.target/sh/sh.exp ...
Running
/home/EB/sebastian_h/archive/gcc-git/gcc/testsuite/gcc.target/sh/torture/sh-torture.exp
...
Running
/home/EB/sebastian_h/archive/gcc-git/gcc/testsuite/gcc.target/sparc/sparc.exp
...
Running
/home/EB/sebastian_h/archive/gcc-git/gcc/testsuite/gcc.target/spu/ea/ea.exp
...
Running
/home/EB/sebastian_h/archive/gcc-git/gcc/testsuite/gcc.target/spu/spu.exp ...
Running
/home/EB/sebastian_h/archive/gcc-git/gcc/testsuite/gcc.target/tic6x/builtins/c6x-builtins.exp
...
Running
/home/EB/sebastian_h/archive/gcc-git/gcc/testsuite/gcc.target/tic6x/tic6x.exp
...
Running
/home/EB/sebastian_h/archive/gcc-git/gcc/testsuite/gcc.target/vax/vax.exp ...
Running
/home/EB/sebastian_h/archive/gcc-git/gcc/testsuite/gcc.target/visium/visium.exp
...
Running
/home/EB/sebastian_h/archive/gcc-git/gcc/testsuite/gcc.target/x86_64/abi/abi-x86_64.exp
...
Running
/home/EB/sebastian_h/archive/gcc-git/gcc/testsuite/gcc.target/x86_64/abi/avx/abi-avx.exp
...
Running
/home/EB/sebastian_h/archive/gcc-git/gcc/testsuite/gcc.target/x86_64/abi/avx512f/abi-avx512f.exp
...
Running
/home/EB/sebastian_h/archive/gcc-git/gcc/testsuite/gcc.target/x86_64/abi/callabi/callabi.exp
...
Running
/home/EB/sebastian_h/archive/gcc-git/gcc/testsuite/gcc.target/xstormy16/xstormy16.exp
...
Running
/home/EB/sebastian_h/archive/gcc-git/gcc/testsuite/gcc.test-framework/test-framework.exp
...
skipping test framework tests, CHECK_TEST_FRAMEWORK is not defined
=== gcc Summary ===
# of expected passes 74723
# of unexpected failures 30
# of unexpected successes 1
# of expected failures 1607
# of unsupported tests 1986
=== g++ tests ===
Schedule of variations:
rtems-arm-realview_pbx_a9_qemu/-march=armv7-a/-mthumb/-mfpu=neon/-mfloat-abi=hard
Running target
rtems-arm-realview_pbx_a9_qemu/-march=armv7-a/-mthumb/-mfpu=neon/-mfloat-abi=hard
Using
/scratch/git-rtems-testing/dejagnu/boards/rtems-arm-realview_pbx_a9_qemu.exp
as board description file for target.
Using /usr/share/dejagnu/config/sim.exp as generic interface file for
target.
Using /usr/share/dejagnu/baseboards/basic-sim.exp as board description
file for target.
Using
/home/EB/sebastian_h/archive/gcc-git/gcc/testsuite/config/default.exp as
tool-and-target-specific interface file.
Running
/home/EB/sebastian_h/archive/gcc-git/gcc/testsuite/g++.dg/asan/asan.exp ...
Running
/home/EB/sebastian_h/archive/gcc-git/gcc/testsuite/g++.dg/bprob/bprob.exp ...
Running
/home/EB/sebastian_h/archive/gcc-git/gcc/testsuite/g++.dg/charset/charset.exp
...
Running
/home/EB/sebastian_h/archive/gcc-git/gcc/testsuite/g++.dg/cilk-plus/cilk-plus.exp
...
Running
/home/EB/sebastian_h/archive/gcc-git/gcc/testsuite/g++.dg/compat/compat.exp
...
Running
/home/EB/sebastian_h/archive/gcc-git/gcc/testsuite/g++.dg/compat/struct-layout-1.exp
...
Running
/home/EB/sebastian_h/archive/gcc-git/gcc/testsuite/g++.dg/debug/debug.exp ...
Running
/home/EB/sebastian_h/archive/gcc-git/gcc/testsuite/g++.dg/debug/dwarf2/dwarf2.exp
...
FAIL: g++.dg/debug/dwarf2/imported-decl-2.C -std=gnu++98
scan-assembler-times ascii "AAAA\\\\0".*ascii "BBBB\\\\0".*DIE
.0x[0-9a-f]*. DW_TAG_imported_declaration 1
FAIL: g++.dg/debug/dwarf2/imported-decl-2.C -std=gnu++11
scan-assembler-times ascii "AAAA\\\\0".*ascii "BBBB\\\\0".*DIE
.0x[0-9a-f]*. DW_TAG_imported_declaration 1
FAIL: g++.dg/debug/dwarf2/imported-decl-2.C -std=gnu++14
scan-assembler-times ascii "AAAA\\\\0".*ascii "BBBB\\\\0".*DIE
.0x[0-9a-f]*. DW_TAG_imported_declaration 1
Running
/home/EB/sebastian_h/archive/gcc-git/gcc/testsuite/g++.dg/dfp/dfp.exp ...
Running /home/EB/sebastian_h/archive/gcc-git/gcc/testsuite/g++.dg/dg.exp ...
FAIL: g++.dg/opt/pr59470.C -std=gnu++98 (test for excess errors)
WARNING: g++.dg/opt/pr59470.C -std=gnu++98 compilation failed to
produce executable
FAIL: g++.dg/opt/pr59470.C -std=gnu++11 (test for excess errors)
WARNING: g++.dg/opt/pr59470.C -std=gnu++11 compilation failed to
produce executable
FAIL: g++.dg/opt/pr59470.C -std=gnu++14 (test for excess errors)
WARNING: g++.dg/opt/pr59470.C -std=gnu++14 compilation failed to
produce executable
FAIL: g++.dg/tree-ssa/pr61034.C -std=gnu++98 scan-tree-dump-times fre2
"free" 10
FAIL: g++.dg/tree-ssa/pr61034.C -std=gnu++11 scan-tree-dump-times fre2
"free" 10
FAIL: g++.dg/tree-ssa/pr61034.C -std=gnu++14 scan-tree-dump-times fre2
"free" 10
Running
/home/EB/sebastian_h/archive/gcc-git/gcc/testsuite/g++.dg/gcov/gcov.exp ...
Running
/home/EB/sebastian_h/archive/gcc-git/gcc/testsuite/g++.dg/goacc-gomp/goacc-gomp.exp
...
Running
/home/EB/sebastian_h/archive/gcc-git/gcc/testsuite/g++.dg/goacc/goacc.exp ...
Running
/home/EB/sebastian_h/archive/gcc-git/gcc/testsuite/g++.dg/gomp/gomp.exp ...
Running
/home/EB/sebastian_h/archive/gcc-git/gcc/testsuite/g++.dg/graphite/graphite.exp
...
Running
/home/EB/sebastian_h/archive/gcc-git/gcc/testsuite/g++.dg/guality/guality.exp
...
Running
/home/EB/sebastian_h/archive/gcc-git/gcc/testsuite/g++.dg/lto/lto.exp ...
Running
/home/EB/sebastian_h/archive/gcc-git/gcc/testsuite/g++.dg/pch/pch.exp ...
FAIL: g++.dg/pch/system-2.C -O2 -g assembly comparison
Running
/home/EB/sebastian_h/archive/gcc-git/gcc/testsuite/g++.dg/plugin/plugin.exp
...
Running
/home/EB/sebastian_h/archive/gcc-git/gcc/testsuite/g++.dg/simulate-thread/simulate-thread.exp
...
Running
/home/EB/sebastian_h/archive/gcc-git/gcc/testsuite/g++.dg/special/ecos.exp
...
Running
/home/EB/sebastian_h/archive/gcc-git/gcc/testsuite/g++.dg/tls/tls.exp ...
FAIL: g++.dg/tls/thread_local-order1.C -std=c++11 execution test
FAIL: g++.dg/tls/thread_local-order1.C -std=c++14 execution test
Running
/home/EB/sebastian_h/archive/gcc-git/gcc/testsuite/g++.dg/tm/tm.exp ...
Running
/home/EB/sebastian_h/archive/gcc-git/gcc/testsuite/g++.dg/torture/dg-torture.exp
...
Running
/home/EB/sebastian_h/archive/gcc-git/gcc/testsuite/g++.dg/torture/stackalign/stackalign.exp
...
Running
/home/EB/sebastian_h/archive/gcc-git/gcc/testsuite/g++.dg/tree-prof/tree-prof.exp
...
Running
/home/EB/sebastian_h/archive/gcc-git/gcc/testsuite/g++.dg/tsan/tsan.exp ...
Running
/home/EB/sebastian_h/archive/gcc-git/gcc/testsuite/g++.dg/ubsan/ubsan.exp ...
Running
/home/EB/sebastian_h/archive/gcc-git/gcc/testsuite/g++.dg/vect/vect.exp ...
Running
/home/EB/sebastian_h/archive/gcc-git/gcc/testsuite/g++.old-deja/old-deja.exp
...
=== g++ Summary ===
# of expected passes 80577
# of unexpected failures 12
# of expected failures 282
# of unsupported tests 3663
=== libstdc++ tests ===
Schedule of variations:
rtems-arm-realview_pbx_a9_qemu/-march=armv7-a/-mthumb/-mfpu=neon/-mfloat-abi=hard
Running target
rtems-arm-realview_pbx_a9_qemu/-march=armv7-a/-mthumb/-mfpu=neon/-mfloat-abi=hard
Using
/scratch/git-rtems-testing/dejagnu/boards/rtems-arm-realview_pbx_a9_qemu.exp
as board description file for target.
Using /usr/share/dejagnu/config/sim.exp as generic interface file for
target.
Using /usr/share/dejagnu/baseboards/basic-sim.exp as board description
file for target.
Using
/home/EB/sebastian_h/archive/gcc-git/libstdc++-v3/testsuite/config/default.exp
as tool-and-target-specific interface file.
Running
/home/EB/sebastian_h/archive/gcc-git/libstdc++-v3/testsuite/libstdc++-abi/abi.exp
...
Running
/home/EB/sebastian_h/archive/gcc-git/libstdc++-v3/testsuite/libstdc++-dg/conformance.exp
...
FAIL: 25_algorithms/copy/streambuf_iterators/wchar_t/4.cc execution test
FAIL: 25_algorithms/find/istreambuf_iterators/wchar_t/2.cc execution test
FAIL: 25_algorithms/random_shuffle/moveable.cc execution test
FAIL: 27_io/basic_istream/extractors_other/wchar_t/2.cc execution test
FAIL: 27_io/basic_istream/get/wchar_t/2.cc execution test
FAIL: 27_io/basic_istream/ignore/wchar_t/3.cc execution test
FAIL: 27_io/basic_istream/seekg/wchar_t/sstream.cc execution test
FAIL: 27_io/basic_istream/tellg/wchar_t/sstream.cc execution test
FAIL: 27_io/basic_ostream/inserters_other/wchar_t/1.cc execution test
FAIL: 27_io/basic_stringbuf/setbuf/char/4.cc execution test
FAIL: 27_io/objects/wchar_t/12048-1.cc execution test
FAIL: 27_io/objects/wchar_t/12048-2.cc execution test
FAIL: 27_io/objects/wchar_t/12048-3.cc execution test
FAIL: 27_io/objects/wchar_t/12048-4.cc execution test
WARNING: program timed out.
FAIL: 30_threads/async/42819.cc execution test
WARNING: program timed out.
FAIL: 30_threads/async/49668.cc execution test
WARNING: program timed out.
FAIL: 30_threads/async/any.cc execution test
WARNING: program timed out.
FAIL: 30_threads/async/async.cc execution test
WARNING: program timed out.
FAIL: 30_threads/condition_variable/members/3.cc execution test
FAIL: 30_threads/shared_timed_mutex/try_lock/3.cc execution test
WARNING: program timed out.
FAIL: 30_threads/thread/native_handle/cancel.cc execution test
FAIL: 30_threads/timed_mutex/try_lock_until/57641.cc execution test
FAIL: tr1/8_c_compatibility/complex/50880.cc (test for excess errors)
WARNING: tr1/8_c_compatibility/complex/50880.cc compilation failed to
produce executable
FAIL: tr1/8_c_compatibility/complex/functions.cc (test for excess errors)
Running
/home/EB/sebastian_h/archive/gcc-git/libstdc++-v3/testsuite/libstdc++-prettyprinters/prettyprinters.exp
...
Running
/home/EB/sebastian_h/archive/gcc-git/libstdc++-v3/testsuite/libstdc++-xmethods/xmethods.exp
...
=== libstdc++ Summary ===
# of expected passes 9029
# of unexpected failures 24
# of expected failures 65
# of unsupported tests 726
--
Sebastian Huber, embedded brains GmbH
Address : Dornierstr. 4, D-82178 Puchheim, Germany
Phone : +49 89 189 47 41-16
Fax : +49 89 189 47 41-09
E-Mail : sebastian.huber@embedded-brains.de
PGP : Public key available on request.
Diese Nachricht ist keine geschÃftliche Mitteilung im Sinne des EHUG.