This is the mail archive of the gcc-testresults@gcc.gnu.org mailing list for the GCC project.


Index Nav: [Date Index] [Subject Index] [Author Index] [Thread Index]
Message Nav: [Date Prev] [Date Next] [Thread Prev] [Thread Next]
Other format: [Raw text]

Results for 5.2.0 (GCC) testsuite on powerpc-unknown-linux-gnu


-- Build environment ----------------------------------------------------------
Distro:	los.git rootfs=e2183 native=e2183
Kernel:	Linux powerbook-g4 4.2.0-g4-los_e2183 #1 Tue Sep 1 22:30:06 EEST 2015 ppc GNU/Linux
CPU:	processor	: 0
	cpu		: 7455, altivec supported
	clock		: 867.000000MHz
	revision	: 3.3 (pvr 8001 0303)
	bogomips	: 108.20
	timebase	: 33280357
	platform	: PowerMac
	model		: PowerBook6,1
	machine		: PowerBook6,1
	motherboard	: PowerBook6,1 MacRISC3 Power Macintosh
	detected as	: 287 (PowerBook G4 12")
	pmac flags	: 0000001a
	L2 cache	: 256K unified
	pmac-generation	: NewWorld
	Memory		: 1152 MB
-- Time consumed --------------------------------------------------------------
Build:	real	18h 29m 48s
	user	17h 38m 33s
	sys	29m 47.31s
Test:   real	19h 31m 30s
	user	15h 15m 55s
	sys	2h 54m 19s
-------------------------------------------------------------------------------
LAST_UPDATED: Obtained from SVN: tags/gcc_5_2_0_release revision 225865

Native configuration is powerpc-unknown-linux-gnu

		=== g++ tests ===


Running target unix
FAIL: c-c++-common/asan/null-deref-1.c   -O2  output pattern test, is ASAN:SIGSEGV
FAIL: c-c++-common/asan/null-deref-1.c   -O2 -flto -fno-use-linker-plugin -flto-partition=none  output pattern test, is ASAN:SIGSEGV
FAIL: c-c++-common/asan/null-deref-1.c   -O2 -flto -fuse-linker-plugin -fno-fat-lto-objects  output pattern test, is ASAN:SIGSEGV
FAIL: c-c++-common/asan/null-deref-1.c   -O3 -fomit-frame-pointer  output pattern test, is ASAN:SIGSEGV
FAIL: c-c++-common/asan/null-deref-1.c   -O3 -g  output pattern test, is ASAN:SIGSEGV
FAIL: g++.dg/abi/scoped1.C  -std=gnu++11 execution test
FAIL: g++.dg/abi/scoped1.C  -std=gnu++14 execution test
XPASS: g++.dg/tls/thread_local-order2.C  -std=c++11 execution test
XPASS: g++.dg/tls/thread_local-order2.C  -std=c++14 execution test
FAIL: g++.dg/vect/pr36648.cc  -std=c++11  scan-tree-dump-times vect "vectorized 1 loops" 1
FAIL: g++.dg/vect/pr36648.cc  -std=c++11  scan-tree-dump-times vect "vectorizing stmts using SLP" 1
FAIL: g++.dg/vect/pr36648.cc  -std=c++14  scan-tree-dump-times vect "vectorized 1 loops" 1
FAIL: g++.dg/vect/pr36648.cc  -std=c++14  scan-tree-dump-times vect "vectorizing stmts using SLP" 1
FAIL: g++.dg/vect/pr36648.cc  -std=c++98  scan-tree-dump-times vect "vectorized 1 loops" 1
FAIL: g++.dg/vect/pr36648.cc  -std=c++98  scan-tree-dump-times vect "vectorizing stmts using SLP" 1

		=== g++ Summary ===

# of expected passes		87385
# of unexpected failures	13
# of unexpected successes	2
# of expected failures		339
# of unsupported tests		4003
/home/aaro/gcctest/build/gcc/testsuite/g++/../../xg++  version 5.2.0 (GCC) 

		=== gcc tests ===


Running target unix
FAIL: c-c++-common/asan/misalign-1.c   -O0  output pattern test, is =================================================================
FAIL: c-c++-common/asan/misalign-1.c   -O1  output pattern test, is =================================================================
FAIL: c-c++-common/asan/misalign-1.c   -O2  output pattern test, is =================================================================
FAIL: c-c++-common/asan/misalign-1.c   -O2 -flto -fno-use-linker-plugin -flto-partition=none  output pattern test, is =================================================================
FAIL: c-c++-common/asan/misalign-1.c   -O2 -flto -fuse-linker-plugin -fno-fat-lto-objects  output pattern test, is =================================================================
FAIL: c-c++-common/asan/misalign-1.c   -O3 -fomit-frame-pointer  output pattern test, is =================================================================
FAIL: c-c++-common/asan/misalign-1.c   -O3 -g  output pattern test, is =================================================================
FAIL: c-c++-common/asan/misalign-1.c   -Os  output pattern test, is =================================================================
FAIL: c-c++-common/asan/misalign-2.c   -O0  output pattern test, is =================================================================
FAIL: c-c++-common/asan/misalign-2.c   -O1  output pattern test, is =================================================================
FAIL: c-c++-common/asan/misalign-2.c   -O2  output pattern test, is =================================================================
FAIL: c-c++-common/asan/misalign-2.c   -O2 -flto -fno-use-linker-plugin -flto-partition=none  output pattern test, is =================================================================
FAIL: c-c++-common/asan/misalign-2.c   -O2 -flto -fuse-linker-plugin -fno-fat-lto-objects  output pattern test, is =================================================================
FAIL: c-c++-common/asan/misalign-2.c   -O3 -fomit-frame-pointer  output pattern test, is =================================================================
FAIL: c-c++-common/asan/misalign-2.c   -O3 -g  output pattern test, is =================================================================
FAIL: c-c++-common/asan/misalign-2.c   -Os  output pattern test, is =================================================================
FAIL: c-c++-common/asan/null-deref-1.c   -O0  output pattern test, is ASAN:SIGSEGV
FAIL: c-c++-common/asan/null-deref-1.c   -O1  output pattern test, is ASAN:SIGSEGV
FAIL: c-c++-common/asan/null-deref-1.c   -O2  output pattern test, is ASAN:SIGSEGV
FAIL: c-c++-common/asan/null-deref-1.c   -O2 -flto -fno-use-linker-plugin -flto-partition=none  output pattern test, is ASAN:SIGSEGV
FAIL: c-c++-common/asan/null-deref-1.c   -O2 -flto -fuse-linker-plugin -fno-fat-lto-objects  output pattern test, is ASAN:SIGSEGV
FAIL: c-c++-common/asan/null-deref-1.c   -O3 -fomit-frame-pointer  output pattern test, is ASAN:SIGSEGV
FAIL: c-c++-common/asan/null-deref-1.c   -O3 -g  output pattern test, is ASAN:SIGSEGV
FAIL: c-c++-common/asan/null-deref-1.c   -Os  output pattern test, is ASAN:SIGSEGV
FAIL: gcc.dg/atomic/c11-atomic-exec-3.c   -O3 -g  (test for excess errors)
UNRESOLVED: gcc.dg/atomic/c11-atomic-exec-3.c   -O3 -g  compilation failed to produce executable
WARNING: program timed out.
FAIL: gcc.dg/sms-8.c scan-rtl-dump-times sms "SMS succeeded" 0
XPASS: gcc.dg/guality/example.c   -O0  execution test
XPASS: gcc.dg/guality/example.c   -O1  execution test
XPASS: gcc.dg/guality/guality.c   -O0  execution test
XPASS: gcc.dg/guality/guality.c   -O1  execution test
XPASS: gcc.dg/guality/guality.c   -O2  execution test
XPASS: gcc.dg/guality/guality.c   -O2 -flto -fno-use-linker-plugin -flto-partition=none  execution test
XPASS: gcc.dg/guality/guality.c   -O2 -flto -fuse-linker-plugin -fno-fat-lto-objects  execution test
XPASS: gcc.dg/guality/guality.c   -O3 -fomit-frame-pointer  execution test
XPASS: gcc.dg/guality/guality.c   -O3 -g  execution test
XPASS: gcc.dg/guality/guality.c   -Os  execution test
XPASS: gcc.dg/guality/inline-params.c   -O2  execution test
XPASS: gcc.dg/guality/inline-params.c   -O2 -flto -fno-use-linker-plugin -flto-partition=none  execution test
XPASS: gcc.dg/guality/inline-params.c   -O3 -fomit-frame-pointer  execution test
XPASS: gcc.dg/guality/inline-params.c   -O3 -g  execution test
XPASS: gcc.dg/guality/inline-params.c   -Os  execution test
FAIL: gcc.dg/guality/pr36728-1.c   -O2  line 16 y == 2
FAIL: gcc.dg/guality/pr36728-1.c   -O2 -flto -fno-use-linker-plugin -flto-partition=none  line 16 y == 2
FAIL: gcc.dg/guality/pr36728-1.c   -O3 -fomit-frame-pointer  line 16 y == 2
FAIL: gcc.dg/guality/pr36728-1.c   -O3 -g  line 16 y == 2
FAIL: gcc.dg/guality/pr36728-1.c   -Os  line 16 y == 2
FAIL: gcc.dg/guality/pr36728-2.c   -Os  line 18 y == 2
XPASS: gcc.dg/guality/pr41353-1.c   -O0  line 28 j == 28 + 37
FAIL: gcc.dg/guality/pr41404-1.c   -O2 -flto -fuse-linker-plugin -fno-fat-lto-objects  line 10 *foo == 'f'
FAIL: gcc.dg/guality/pr41404-1.c   -O2 -flto -fuse-linker-plugin -fno-fat-lto-objects  line 14 *foo == 'b'
FAIL: gcc.dg/guality/pr41404-1.c   -O2 -flto -fuse-linker-plugin -fno-fat-lto-objects  line 24 *foo == 'f'
FAIL: gcc.dg/guality/pr41616-1.c   -O2 -flto -fuse-linker-plugin -fno-fat-lto-objects  execution test
FAIL: gcc.dg/guality/pr43051-1.c   -O1  line 34 c == &a[0]
FAIL: gcc.dg/guality/pr43051-1.c   -O2  line 34 c == &a[0]
FAIL: gcc.dg/guality/pr43051-1.c   -O2 -flto -fno-use-linker-plugin -flto-partition=none  line 34 c == &a[0]
FAIL: gcc.dg/guality/pr43051-1.c   -O2 -flto -fuse-linker-plugin -fno-fat-lto-objects  line 34 c == &a[0]
FAIL: gcc.dg/guality/pr43051-1.c   -O3 -fomit-frame-pointer -funroll-all-loops -finline-functions  line 34 c == &a[0]
FAIL: gcc.dg/guality/pr43051-1.c   -O3 -fomit-frame-pointer -funroll-loops  line 34 c == &a[0]
FAIL: gcc.dg/guality/pr45882.c   -O2 -flto -fuse-linker-plugin -fno-fat-lto-objects  line 16 d == 112
FAIL: gcc.dg/guality/pr45882.c   -O2 -flto -fuse-linker-plugin -fno-fat-lto-objects  line 16 e == 142
FAIL: gcc.dg/guality/pr54200.c   -O1  line 20 z == 3
FAIL: gcc.dg/guality/pr54200.c   -O2  line 20 z == 3
FAIL: gcc.dg/guality/pr54200.c   -O2 -flto -fno-use-linker-plugin -flto-partition=none  line 20 z == 3
FAIL: gcc.dg/guality/pr54200.c   -O2 -flto -fuse-linker-plugin -fno-fat-lto-objects  line 20 z == 3
FAIL: gcc.dg/guality/pr54200.c   -O3 -fomit-frame-pointer  line 20 z == 3
FAIL: gcc.dg/guality/pr54200.c   -O3 -g  line 20 z == 3
FAIL: gcc.dg/guality/pr54200.c   -Os  line 20 z == 3
FAIL: gcc.dg/guality/pr54519-1.c   -O2 -flto -fno-use-linker-plugin -flto-partition=none  line 20 y == 25
FAIL: gcc.dg/guality/pr54519-1.c   -O2 -flto -fno-use-linker-plugin -flto-partition=none  line 20 z == 6
FAIL: gcc.dg/guality/pr54519-1.c   -O2 -flto -fno-use-linker-plugin -flto-partition=none  line 23 y == 117
FAIL: gcc.dg/guality/pr54519-1.c   -O2 -flto -fno-use-linker-plugin -flto-partition=none  line 23 z == 8
FAIL: gcc.dg/guality/pr54519-2.c   -O2 -flto -fno-use-linker-plugin -flto-partition=none  line 17 y == 25
FAIL: gcc.dg/guality/pr54519-2.c   -O2 -flto -fuse-linker-plugin -fno-fat-lto-objects  line 17 y == 25
FAIL: gcc.dg/guality/pr54519-3.c   -O2 -flto -fno-use-linker-plugin -flto-partition=none  line 20 y == 25
FAIL: gcc.dg/guality/pr54519-3.c   -O2 -flto -fno-use-linker-plugin -flto-partition=none  line 20 z == 6
FAIL: gcc.dg/guality/pr54519-3.c   -O2 -flto -fno-use-linker-plugin -flto-partition=none  line 23 y == 117
FAIL: gcc.dg/guality/pr54519-3.c   -O2 -flto -fno-use-linker-plugin -flto-partition=none  line 23 z == 8
FAIL: gcc.dg/guality/pr54519-3.c   -O2 -flto -fuse-linker-plugin -fno-fat-lto-objects  line 20 y == 25
FAIL: gcc.dg/guality/pr54519-3.c   -O2 -flto -fuse-linker-plugin -fno-fat-lto-objects  line 20 z == 6
FAIL: gcc.dg/guality/pr54519-3.c   -O2 -flto -fuse-linker-plugin -fno-fat-lto-objects  line 23 y == 117
FAIL: gcc.dg/guality/pr54519-3.c   -O2 -flto -fuse-linker-plugin -fno-fat-lto-objects  line 23 z == 8
FAIL: gcc.dg/guality/pr54519-4.c   -O2 -flto -fno-use-linker-plugin -flto-partition=none  line 17 y == 25
FAIL: gcc.dg/guality/pr54519-4.c   -O2 -flto -fuse-linker-plugin -fno-fat-lto-objects  line 17 y == 25
FAIL: gcc.dg/guality/pr54519-5.c   -O2 -flto -fno-use-linker-plugin -flto-partition=none  line 17 y == 25
FAIL: gcc.dg/guality/pr54519-5.c   -O2 -flto -fuse-linker-plugin -fno-fat-lto-objects  line 17 y == 25
FAIL: gcc.dg/guality/pr54693-2.c   -Os  line 21 y == 20 - 2 * i
FAIL: gcc.dg/guality/pr54693-2.c   -Os  line 21 z == 30 - 3 * i
FAIL: gcc.dg/guality/pr54970.c   -O1  line 15 a[0] == 1
FAIL: gcc.dg/guality/pr54970.c   -O1  line 20 a[0] == 1
FAIL: gcc.dg/guality/pr54970.c   -O1  line 25 a[0] == 1
FAIL: gcc.dg/guality/pr54970.c   -O1  line 31 a[0] == 4
FAIL: gcc.dg/guality/pr54970.c   -O1  line 36 a[0] == 4
FAIL: gcc.dg/guality/pr54970.c   -O1  line 45 a[0] == 4
FAIL: gcc.dg/guality/pr54970.c   -O1  line 45 p[-2] == 4
FAIL: gcc.dg/guality/pr54970.c   -O1  line 45 q[-1] == 4
FAIL: gcc.dg/guality/pr54970.c   -O2  line 15 a[0] == 1
FAIL: gcc.dg/guality/pr54970.c   -O2  line 20 a[0] == 1
FAIL: gcc.dg/guality/pr54970.c   -O2  line 25 a[0] == 1
FAIL: gcc.dg/guality/pr54970.c   -O2  line 31 a[0] == 4
FAIL: gcc.dg/guality/pr54970.c   -O2  line 36 a[0] == 4
FAIL: gcc.dg/guality/pr54970.c   -O2  line 45 a[0] == 4
FAIL: gcc.dg/guality/pr54970.c   -O2  line 45 p[-2] == 4
FAIL: gcc.dg/guality/pr54970.c   -O2  line 45 q[-1] == 4
FAIL: gcc.dg/guality/pr54970.c   -O2 -flto -fno-use-linker-plugin -flto-partition=none  line 15 a[0] == 1
FAIL: gcc.dg/guality/pr54970.c   -O2 -flto -fno-use-linker-plugin -flto-partition=none  line 20 a[0] == 1
FAIL: gcc.dg/guality/pr54970.c   -O2 -flto -fno-use-linker-plugin -flto-partition=none  line 25 a[0] == 1
FAIL: gcc.dg/guality/pr54970.c   -O2 -flto -fno-use-linker-plugin -flto-partition=none  line 31 a[0] == 4
FAIL: gcc.dg/guality/pr54970.c   -O2 -flto -fno-use-linker-plugin -flto-partition=none  line 36 a[0] == 4
FAIL: gcc.dg/guality/pr54970.c   -O2 -flto -fno-use-linker-plugin -flto-partition=none  line 45 a[0] == 4
FAIL: gcc.dg/guality/pr54970.c   -O2 -flto -fno-use-linker-plugin -flto-partition=none  line 45 p[-2] == 4
FAIL: gcc.dg/guality/pr54970.c   -O2 -flto -fno-use-linker-plugin -flto-partition=none  line 45 q[-1] == 4
FAIL: gcc.dg/guality/pr54970.c   -O2 -flto -fuse-linker-plugin -fno-fat-lto-objects  line 15 a[0] == 1
FAIL: gcc.dg/guality/pr54970.c   -O2 -flto -fuse-linker-plugin -fno-fat-lto-objects  line 20 a[0] == 1
FAIL: gcc.dg/guality/pr54970.c   -O2 -flto -fuse-linker-plugin -fno-fat-lto-objects  line 25 a[0] == 1
FAIL: gcc.dg/guality/pr54970.c   -O2 -flto -fuse-linker-plugin -fno-fat-lto-objects  line 31 a[0] == 4
FAIL: gcc.dg/guality/pr54970.c   -O2 -flto -fuse-linker-plugin -fno-fat-lto-objects  line 36 a[0] == 4
FAIL: gcc.dg/guality/pr54970.c   -O2 -flto -fuse-linker-plugin -fno-fat-lto-objects  line 45 a[0] == 4
FAIL: gcc.dg/guality/pr54970.c   -O2 -flto -fuse-linker-plugin -fno-fat-lto-objects  line 45 p[-2] == 4
FAIL: gcc.dg/guality/pr54970.c   -O2 -flto -fuse-linker-plugin -fno-fat-lto-objects  line 45 q[-1] == 4
FAIL: gcc.dg/guality/pr54970.c   -O3 -fomit-frame-pointer  line 15 a[0] == 1
FAIL: gcc.dg/guality/pr54970.c   -O3 -fomit-frame-pointer  line 20 a[0] == 1
FAIL: gcc.dg/guality/pr54970.c   -O3 -fomit-frame-pointer  line 25 a[0] == 1
FAIL: gcc.dg/guality/pr54970.c   -O3 -fomit-frame-pointer  line 31 a[0] == 4
FAIL: gcc.dg/guality/pr54970.c   -O3 -fomit-frame-pointer  line 36 a[0] == 4
FAIL: gcc.dg/guality/pr54970.c   -O3 -fomit-frame-pointer  line 45 a[0] == 4
FAIL: gcc.dg/guality/pr54970.c   -O3 -fomit-frame-pointer  line 45 p[-2] == 4
FAIL: gcc.dg/guality/pr54970.c   -O3 -fomit-frame-pointer  line 45 q[-1] == 4
FAIL: gcc.dg/guality/pr54970.c   -O3 -g  line 15 a[0] == 1
FAIL: gcc.dg/guality/pr54970.c   -O3 -g  line 20 a[0] == 1
FAIL: gcc.dg/guality/pr54970.c   -O3 -g  line 25 a[0] == 1
FAIL: gcc.dg/guality/pr54970.c   -O3 -g  line 31 a[0] == 4
FAIL: gcc.dg/guality/pr54970.c   -O3 -g  line 36 a[0] == 4
FAIL: gcc.dg/guality/pr54970.c   -O3 -g  line 45 a[0] == 4
FAIL: gcc.dg/guality/pr54970.c   -O3 -g  line 45 p[-2] == 4
FAIL: gcc.dg/guality/pr54970.c   -O3 -g  line 45 q[-1] == 4
FAIL: gcc.dg/guality/pr54970.c   -Os  line 15 a[0] == 1
FAIL: gcc.dg/guality/pr54970.c   -Os  line 20 a[0] == 1
FAIL: gcc.dg/guality/pr54970.c   -Os  line 25 a[0] == 1
FAIL: gcc.dg/guality/pr54970.c   -Os  line 31 a[0] == 4
FAIL: gcc.dg/guality/pr54970.c   -Os  line 36 a[0] == 4
FAIL: gcc.dg/guality/pr54970.c   -Os  line 45 a[0] == 4
FAIL: gcc.dg/guality/pr54970.c   -Os  line 45 p[-2] == 4
FAIL: gcc.dg/guality/pr54970.c   -Os  line 45 q[-1] == 4
FAIL: gcc.dg/guality/sra-1.c   -O1  line 43 a.j == 14
FAIL: gcc.dg/guality/sra-1.c   -O2  line 43 a.j == 14
FAIL: gcc.dg/guality/sra-1.c   -O2 -flto -fno-use-linker-plugin -flto-partition=none  line 43 a.j == 14
FAIL: gcc.dg/guality/sra-1.c   -O2 -flto -fuse-linker-plugin -fno-fat-lto-objects  line 43 a.j == 14
FAIL: gcc.dg/guality/sra-1.c   -O3 -fomit-frame-pointer  line 43 a.j == 14
FAIL: gcc.dg/guality/sra-1.c   -O3 -g  line 43 a.j == 14
FAIL: gcc.dg/guality/sra-1.c   -Os  line 43 a.i == 4
FAIL: gcc.dg/guality/sra-1.c   -Os  line 43 a.j == 14
FAIL: gcc.dg/guality/vla-1.c   -O1  line 17 sizeof (a) == 6
FAIL: gcc.dg/guality/vla-1.c   -O2  line 17 sizeof (a) == 6
FAIL: gcc.dg/guality/vla-1.c   -O2 -flto -fno-use-linker-plugin -flto-partition=none  line 17 sizeof (a) == 6
FAIL: gcc.dg/guality/vla-1.c   -O2 -flto -fuse-linker-plugin -fno-fat-lto-objects  line 17 sizeof (a) == 6
FAIL: gcc.dg/guality/vla-1.c   -O3 -fomit-frame-pointer  line 17 sizeof (a) == 6
FAIL: gcc.dg/guality/vla-1.c   -O3 -g  line 17 sizeof (a) == 6
FAIL: gcc.dg/guality/vla-1.c   -Os  line 17 sizeof (a) == 6
FAIL: gcc.dg/tree-ssa/ivopts-lt-2.c scan-tree-dump-times ivopts "PHI <p_" 1
FAIL: gcc.dg/tree-ssa/ivopts-lt-2.c scan-tree-dump-times ivopts "PHI" 1
FAIL: gcc.dg/tree-ssa/ivopts-lt-2.c scan-tree-dump-times ivopts "p_[0-9]* <" 1
FAIL: gcc.dg/tree-ssa/sra-12.c scan-tree-dump-times release_ssa "l;" 0
FAIL: gcc.dg/vect/costmodel/ppc/costmodel-vect-31a.c scan-tree-dump-times vect "vectorization not profitable" 1
FAIL: gcc.dg/vect/costmodel/ppc/costmodel-vect-33.c scan-tree-dump-times vect "vectorization not profitable" 1
FAIL: gcc.dg/vect/no-vfa-vect-depend-2.c scan-tree-dump-times vect "vectorized 1 loops" 1
FAIL: gcc.dg/vect/no-vfa-vect-depend-3.c scan-tree-dump-times vect "vectorized 1 loops" 4
FAIL: gcc.dg/vect/vect-31.c -flto -ffat-lto-objects  scan-tree-dump-times vect "vectorized 4 loops" 1
FAIL: gcc.dg/vect/vect-31.c scan-tree-dump-times vect "vectorized 4 loops" 1
FAIL: gcc.dg/vmx/extract-vsx-be-order.c   -O0  (test for excess errors)
UNRESOLVED: gcc.dg/vmx/extract-vsx-be-order.c   -O0  compilation failed to produce executable
FAIL: gcc.dg/vmx/extract-vsx.c   -O0  (test for excess errors)
UNRESOLVED: gcc.dg/vmx/extract-vsx.c   -O0  compilation failed to produce executable
FAIL: gcc.dg/vmx/insert-vsx-be-order.c   -O0  execution test
FAIL: gcc.dg/vmx/insert-vsx-be-order.c   -O1  execution test
FAIL: gcc.dg/vmx/insert-vsx-be-order.c   -O2  execution test
FAIL: gcc.dg/vmx/insert-vsx-be-order.c   -O2 -flto -fno-use-linker-plugin -flto-partition=none  execution test
FAIL: gcc.dg/vmx/insert-vsx-be-order.c   -O2 -flto -fuse-linker-plugin -fno-fat-lto-objects  execution test
FAIL: gcc.dg/vmx/insert-vsx-be-order.c   -O3 -fomit-frame-pointer  execution test
FAIL: gcc.dg/vmx/insert-vsx-be-order.c   -O3 -g  execution test
FAIL: gcc.dg/vmx/insert-vsx-be-order.c   -Os  execution test
FAIL: gcc.dg/vmx/insert-vsx.c   -O0  execution test
FAIL: gcc.dg/vmx/insert-vsx.c   -O1  execution test
FAIL: gcc.dg/vmx/insert-vsx.c   -O2  execution test
FAIL: gcc.dg/vmx/insert-vsx.c   -O2 -flto -fno-use-linker-plugin -flto-partition=none  execution test
FAIL: gcc.dg/vmx/insert-vsx.c   -O2 -flto -fuse-linker-plugin -fno-fat-lto-objects  execution test
FAIL: gcc.dg/vmx/insert-vsx.c   -O3 -fomit-frame-pointer  execution test
FAIL: gcc.dg/vmx/insert-vsx.c   -O3 -g  execution test
FAIL: gcc.dg/vmx/insert-vsx.c   -Os  execution test
FAIL: gcc.dg/vmx/ld-vsx-be-order.c   -O0  (test for excess errors)
UNRESOLVED: gcc.dg/vmx/ld-vsx-be-order.c   -O0  compilation failed to produce executable
FAIL: gcc.dg/vmx/ld-vsx-be-order.c   -O1  execution test
FAIL: gcc.dg/vmx/ld-vsx-be-order.c   -O2  execution test
FAIL: gcc.dg/vmx/ld-vsx-be-order.c   -O2 -flto -fno-use-linker-plugin -flto-partition=none  execution test
FAIL: gcc.dg/vmx/ld-vsx-be-order.c   -O2 -flto -fuse-linker-plugin -fno-fat-lto-objects  execution test
FAIL: gcc.dg/vmx/ld-vsx-be-order.c   -O3 -fomit-frame-pointer  execution test
FAIL: gcc.dg/vmx/ld-vsx-be-order.c   -O3 -fomit-frame-pointer -funroll-all-loops -finline-functions  execution test
FAIL: gcc.dg/vmx/ld-vsx-be-order.c   -O3 -fomit-frame-pointer -funroll-loops  execution test
FAIL: gcc.dg/vmx/ld-vsx-be-order.c   -O3 -g  execution test
FAIL: gcc.dg/vmx/ld-vsx-be-order.c   -Os  execution test
FAIL: gcc.dg/vmx/ld-vsx.c   -O0  (test for excess errors)
UNRESOLVED: gcc.dg/vmx/ld-vsx.c   -O0  compilation failed to produce executable
FAIL: gcc.dg/vmx/ld-vsx.c   -O1  execution test
FAIL: gcc.dg/vmx/ld-vsx.c   -O2  execution test
FAIL: gcc.dg/vmx/ld-vsx.c   -O2 -flto -fno-use-linker-plugin -flto-partition=none  execution test
FAIL: gcc.dg/vmx/ld-vsx.c   -O2 -flto -fuse-linker-plugin -fno-fat-lto-objects  execution test
FAIL: gcc.dg/vmx/ld-vsx.c   -O3 -fomit-frame-pointer  execution test
FAIL: gcc.dg/vmx/ld-vsx.c   -O3 -fomit-frame-pointer -funroll-all-loops -finline-functions  execution test
FAIL: gcc.dg/vmx/ld-vsx.c   -O3 -fomit-frame-pointer -funroll-loops  execution test
FAIL: gcc.dg/vmx/ld-vsx.c   -O3 -g  execution test
FAIL: gcc.dg/vmx/ld-vsx.c   -Os  execution test
FAIL: gcc.dg/vmx/ldl-vsx-be-order.c   -O0  (test for excess errors)
UNRESOLVED: gcc.dg/vmx/ldl-vsx-be-order.c   -O0  compilation failed to produce executable
FAIL: gcc.dg/vmx/ldl-vsx-be-order.c   -O1  execution test
FAIL: gcc.dg/vmx/ldl-vsx-be-order.c   -O2  execution test
FAIL: gcc.dg/vmx/ldl-vsx-be-order.c   -O2 -flto -fno-use-linker-plugin -flto-partition=none  execution test
FAIL: gcc.dg/vmx/ldl-vsx-be-order.c   -O2 -flto -fuse-linker-plugin -fno-fat-lto-objects  execution test
FAIL: gcc.dg/vmx/ldl-vsx-be-order.c   -O3 -fomit-frame-pointer  execution test
FAIL: gcc.dg/vmx/ldl-vsx-be-order.c   -O3 -fomit-frame-pointer -funroll-all-loops -finline-functions  execution test
FAIL: gcc.dg/vmx/ldl-vsx-be-order.c   -O3 -fomit-frame-pointer -funroll-loops  execution test
FAIL: gcc.dg/vmx/ldl-vsx-be-order.c   -O3 -g  execution test
FAIL: gcc.dg/vmx/ldl-vsx-be-order.c   -Os  execution test
FAIL: gcc.dg/vmx/ldl-vsx.c   -O0  (test for excess errors)
UNRESOLVED: gcc.dg/vmx/ldl-vsx.c   -O0  compilation failed to produce executable
FAIL: gcc.dg/vmx/ldl-vsx.c   -O1  execution test
FAIL: gcc.dg/vmx/ldl-vsx.c   -O2  execution test
FAIL: gcc.dg/vmx/ldl-vsx.c   -O2 -flto -fno-use-linker-plugin -flto-partition=none  execution test
FAIL: gcc.dg/vmx/ldl-vsx.c   -O2 -flto -fuse-linker-plugin -fno-fat-lto-objects  execution test
FAIL: gcc.dg/vmx/ldl-vsx.c   -O3 -fomit-frame-pointer  execution test
FAIL: gcc.dg/vmx/ldl-vsx.c   -O3 -fomit-frame-pointer -funroll-all-loops -finline-functions  execution test
FAIL: gcc.dg/vmx/ldl-vsx.c   -O3 -fomit-frame-pointer -funroll-loops  execution test
FAIL: gcc.dg/vmx/ldl-vsx.c   -O3 -g  execution test
FAIL: gcc.dg/vmx/ldl-vsx.c   -Os  execution test
FAIL: gcc.dg/vmx/merge-vsx-be-order.c   -O0  (test for excess errors)
UNRESOLVED: gcc.dg/vmx/merge-vsx-be-order.c   -O0  compilation failed to produce executable
FAIL: gcc.dg/vmx/merge-vsx-be-order.c   -O1  (test for excess errors)
UNRESOLVED: gcc.dg/vmx/merge-vsx-be-order.c   -O1  compilation failed to produce executable
FAIL: gcc.dg/vmx/merge-vsx-be-order.c   -O2  execution test
FAIL: gcc.dg/vmx/merge-vsx-be-order.c   -O2 -flto -fno-use-linker-plugin -flto-partition=none  execution test
FAIL: gcc.dg/vmx/merge-vsx-be-order.c   -O2 -flto -fuse-linker-plugin -fno-fat-lto-objects  execution test
FAIL: gcc.dg/vmx/merge-vsx-be-order.c   -O3 -fomit-frame-pointer  execution test
FAIL: gcc.dg/vmx/merge-vsx-be-order.c   -O3 -g  execution test
FAIL: gcc.dg/vmx/merge-vsx-be-order.c   -Os  (test for excess errors)
UNRESOLVED: gcc.dg/vmx/merge-vsx-be-order.c   -Os  compilation failed to produce executable
FAIL: gcc.dg/vmx/merge-vsx.c   -O0  (test for excess errors)
UNRESOLVED: gcc.dg/vmx/merge-vsx.c   -O0  compilation failed to produce executable
FAIL: gcc.dg/vmx/merge-vsx.c   -O1  (test for excess errors)
UNRESOLVED: gcc.dg/vmx/merge-vsx.c   -O1  compilation failed to produce executable
FAIL: gcc.dg/vmx/merge-vsx.c   -O2  execution test
FAIL: gcc.dg/vmx/merge-vsx.c   -O2 -flto -fno-use-linker-plugin -flto-partition=none  execution test
FAIL: gcc.dg/vmx/merge-vsx.c   -O2 -flto -fuse-linker-plugin -fno-fat-lto-objects  execution test
FAIL: gcc.dg/vmx/merge-vsx.c   -O3 -fomit-frame-pointer  execution test
FAIL: gcc.dg/vmx/merge-vsx.c   -O3 -g  execution test
FAIL: gcc.dg/vmx/merge-vsx.c   -Os  (test for excess errors)
UNRESOLVED: gcc.dg/vmx/merge-vsx.c   -Os  compilation failed to produce executable
FAIL: gcc.dg/vmx/splat-vsx-be-order.c   -O0  (test for excess errors)
UNRESOLVED: gcc.dg/vmx/splat-vsx-be-order.c   -O0  compilation failed to produce executable
FAIL: gcc.dg/vmx/splat-vsx-be-order.c   -O1  (test for excess errors)
UNRESOLVED: gcc.dg/vmx/splat-vsx-be-order.c   -O1  compilation failed to produce executable
FAIL: gcc.dg/vmx/splat-vsx-be-order.c   -O2  execution test
FAIL: gcc.dg/vmx/splat-vsx-be-order.c   -O2 -flto -fno-use-linker-plugin -flto-partition=none  execution test
FAIL: gcc.dg/vmx/splat-vsx-be-order.c   -O2 -flto -fuse-linker-plugin -fno-fat-lto-objects  execution test
FAIL: gcc.dg/vmx/splat-vsx-be-order.c   -O3 -fomit-frame-pointer  execution test
FAIL: gcc.dg/vmx/splat-vsx-be-order.c   -O3 -g  execution test
FAIL: gcc.dg/vmx/splat-vsx-be-order.c   -Os  execution test
FAIL: gcc.dg/vmx/splat-vsx.c   -O0  (test for excess errors)
UNRESOLVED: gcc.dg/vmx/splat-vsx.c   -O0  compilation failed to produce executable
FAIL: gcc.dg/vmx/splat-vsx.c   -O1  (test for excess errors)
UNRESOLVED: gcc.dg/vmx/splat-vsx.c   -O1  compilation failed to produce executable
FAIL: gcc.dg/vmx/splat-vsx.c   -O2  execution test
FAIL: gcc.dg/vmx/splat-vsx.c   -O2 -flto -fno-use-linker-plugin -flto-partition=none  execution test
FAIL: gcc.dg/vmx/splat-vsx.c   -O2 -flto -fuse-linker-plugin -fno-fat-lto-objects  execution test
FAIL: gcc.dg/vmx/splat-vsx.c   -O3 -fomit-frame-pointer  execution test
FAIL: gcc.dg/vmx/splat-vsx.c   -O3 -g  execution test
FAIL: gcc.dg/vmx/splat-vsx.c   -Os  execution test
FAIL: gcc.dg/vmx/st-vsx-be-order.c   -O0  (test for excess errors)
UNRESOLVED: gcc.dg/vmx/st-vsx-be-order.c   -O0  compilation failed to produce executable
FAIL: gcc.dg/vmx/st-vsx-be-order.c   -O1  execution test
FAIL: gcc.dg/vmx/st-vsx-be-order.c   -O2  execution test
FAIL: gcc.dg/vmx/st-vsx-be-order.c   -O2 -flto -fno-use-linker-plugin -flto-partition=none  execution test
FAIL: gcc.dg/vmx/st-vsx-be-order.c   -O2 -flto -fuse-linker-plugin -fno-fat-lto-objects  execution test
FAIL: gcc.dg/vmx/st-vsx-be-order.c   -O3 -fomit-frame-pointer  execution test
FAIL: gcc.dg/vmx/st-vsx-be-order.c   -O3 -fomit-frame-pointer -funroll-all-loops -finline-functions  execution test
FAIL: gcc.dg/vmx/st-vsx-be-order.c   -O3 -fomit-frame-pointer -funroll-loops  execution test
FAIL: gcc.dg/vmx/st-vsx-be-order.c   -O3 -g  execution test
FAIL: gcc.dg/vmx/st-vsx-be-order.c   -Os  execution test
FAIL: gcc.dg/vmx/st-vsx.c   -O0  (test for excess errors)
UNRESOLVED: gcc.dg/vmx/st-vsx.c   -O0  compilation failed to produce executable
FAIL: gcc.dg/vmx/st-vsx.c   -O1  execution test
FAIL: gcc.dg/vmx/st-vsx.c   -O2  execution test
FAIL: gcc.dg/vmx/st-vsx.c   -O2 -flto -fno-use-linker-plugin -flto-partition=none  execution test
FAIL: gcc.dg/vmx/st-vsx.c   -O2 -flto -fuse-linker-plugin -fno-fat-lto-objects  execution test
FAIL: gcc.dg/vmx/st-vsx.c   -O3 -fomit-frame-pointer  execution test
FAIL: gcc.dg/vmx/st-vsx.c   -O3 -fomit-frame-pointer -funroll-all-loops -finline-functions  execution test
FAIL: gcc.dg/vmx/st-vsx.c   -O3 -fomit-frame-pointer -funroll-loops  execution test
FAIL: gcc.dg/vmx/st-vsx.c   -O3 -g  execution test
FAIL: gcc.dg/vmx/st-vsx.c   -Os  execution test
FAIL: gcc.dg/vmx/stl-vsx-be-order.c   -O0  (test for excess errors)
UNRESOLVED: gcc.dg/vmx/stl-vsx-be-order.c   -O0  compilation failed to produce executable
FAIL: gcc.dg/vmx/stl-vsx-be-order.c   -O1  execution test
FAIL: gcc.dg/vmx/stl-vsx-be-order.c   -O2  execution test
FAIL: gcc.dg/vmx/stl-vsx-be-order.c   -O2 -flto -fno-use-linker-plugin -flto-partition=none  execution test
FAIL: gcc.dg/vmx/stl-vsx-be-order.c   -O2 -flto -fuse-linker-plugin -fno-fat-lto-objects  execution test
FAIL: gcc.dg/vmx/stl-vsx-be-order.c   -O3 -fomit-frame-pointer  execution test
FAIL: gcc.dg/vmx/stl-vsx-be-order.c   -O3 -fomit-frame-pointer -funroll-all-loops -finline-functions  execution test
FAIL: gcc.dg/vmx/stl-vsx-be-order.c   -O3 -fomit-frame-pointer -funroll-loops  execution test
FAIL: gcc.dg/vmx/stl-vsx-be-order.c   -O3 -g  execution test
FAIL: gcc.dg/vmx/stl-vsx-be-order.c   -Os  execution test
FAIL: gcc.dg/vmx/stl-vsx.c   -O0  (test for excess errors)
UNRESOLVED: gcc.dg/vmx/stl-vsx.c   -O0  compilation failed to produce executable
FAIL: gcc.dg/vmx/stl-vsx.c   -O1  execution test
FAIL: gcc.dg/vmx/stl-vsx.c   -O2  execution test
FAIL: gcc.dg/vmx/stl-vsx.c   -O2 -flto -fno-use-linker-plugin -flto-partition=none  execution test
FAIL: gcc.dg/vmx/stl-vsx.c   -O2 -flto -fuse-linker-plugin -fno-fat-lto-objects  execution test
FAIL: gcc.dg/vmx/stl-vsx.c   -O3 -fomit-frame-pointer  execution test
FAIL: gcc.dg/vmx/stl-vsx.c   -O3 -fomit-frame-pointer -funroll-all-loops -finline-functions  execution test
FAIL: gcc.dg/vmx/stl-vsx.c   -O3 -fomit-frame-pointer -funroll-loops  execution test
FAIL: gcc.dg/vmx/stl-vsx.c   -O3 -g  execution test
FAIL: gcc.dg/vmx/stl-vsx.c   -Os  execution test
FAIL: gcc.target/powerpc/pr46728-10.c execution test
FAIL: gcc.target/powerpc/pr46728-11.c execution test
FAIL: gcc.target/powerpc/pr46728-13.c execution test
FAIL: gcc.target/powerpc/pr46728-14.c execution test

		=== gcc Summary ===

# of expected passes		101818
# of unexpected failures	286
# of unexpected successes	16
# of expected failures		243
# of unresolved testcases	21
# of unsupported tests		2357
/home/aaro/gcctest/build/gcc/xgcc  version 5.2.0 (GCC) 

		=== libatomic tests ===


Running target unix

		=== libatomic Summary ===

# of expected passes		44
# of unsupported tests		5
		=== libgomp tests ===


Running target unix
FAIL: libgomp.c/cancel-for-1.c execution test
FAIL: libgomp.c/cancel-for-2.c execution test
FAIL: libgomp.c/cancel-parallel-1.c execution test
FAIL: libgomp.c/cancel-parallel-2.c execution test
FAIL: libgomp.c/cancel-sections-1.c execution test
FAIL: libgomp.c/omp-loop03.c execution test
FAIL: libgomp.c++/cancel-for-1.C execution test
FAIL: libgomp.c++/cancel-for-2.C execution test
FAIL: libgomp.c++/cancel-parallel-1.C execution test
FAIL: libgomp.c++/cancel-parallel-2.C execution test
FAIL: libgomp.c++/cancel-sections-1.C execution test
FAIL: libgomp.c++/loop-3.C execution test

		=== libgomp Summary ===

# of expected passes		1601
# of unexpected failures	12
# of unsupported tests		172
		=== libitm tests ===


Running target unix

		=== libitm Summary ===

# of expected passes		26
# of expected failures		3
# of unsupported tests		1
		=== libstdc++ tests ===


Running target unix

		=== libstdc++ Summary ===

# of expected passes		9705
# of expected failures		65
# of unsupported tests		555

Compiler version: 5.2.0 (GCC) 
Platform: powerpc-unknown-linux-gnu
configure flags: --with-cpu=G4 --disable-nls --enable-languages=c,c++ --host=powerpc-unknown-linux-gnu --build=powerpc-unknown-linux-gnu --target=powerpc-unknown-linux-gnu --with-system-zlib --with-sysroot=/


Index Nav: [Date Index] [Subject Index] [Author Index] [Thread Index]
Message Nav: [Date Prev] [Date Next] [Thread Prev] [Thread Next]