This is the mail archive of the gcc-testresults@gcc.gnu.org mailing list for the GCC project.


Index Nav: [Date Index] [Subject Index] [Author Index] [Thread Index]
Message Nav: [Date Prev] [Date Next] [Thread Prev] [Thread Next]
Other format: [Raw text]

Results for 5.2.0 (GCC) testsuite on x86_64-unknown-linux-gnu


-- Build environment ----------------------------------------------------------
Distro:	los.git rootfs=ad90 native=ad90
Kernel:	Linux thinkpad-t61p 4.2.0-rc7-pc-los_ad90 #1 SMP Thu Aug 20 01:44:19 EEST 2015 x86_64 GNU/Linux
CPU:	processor	: 0
	vendor_id	: GenuineIntel
	cpu family	: 6
	model		: 15
	model name	: Intel(R) Core(TM)2 Duo CPU     T7500  @ 2.20GHz
	stepping	: 11
	microcode	: 0xb6
	cpu MHz		: 1600.000
	cache size	: 4096 KB
	physical id	: 0
	siblings	: 2
	core id		: 0
	cpu cores	: 2
	apicid		: 0
	initial apicid	: 0
	fpu		: yes
	fpu_exception	: yes
	cpuid level	: 10
	wp		: yes
	flags		: fpu vme de pse tsc msr pae mce cx8 apic sep mtrr pge mca cmov pat pse36 clflush dts acpi mmx fxsr sse sse2 ss ht tm pbe syscall nx lm constant_tsc arch_perfmon pebs bts rep_good nopl aperfmperf pni dtes64 monitor ds_cpl vmx est tm2 ssse3 cx16 xtpr pdcm lahf_lm ida dtherm tpr_shadow vnmi flexpriority
	bugs		:
	bogomips	: 4388.08
	clflush size	: 64
	cache_alignment	: 64
	address sizes	: 36 bits physical, 48 bits virtual
	power management:
	processor	: 1
	vendor_id	: GenuineIntel
	cpu family	: 6
	model		: 15
	model name	: Intel(R) Core(TM)2 Duo CPU     T7500  @ 2.20GHz
	stepping	: 11
	microcode	: 0xb6
	cpu MHz		: 800.000
	cache size	: 4096 KB
	physical id	: 0
	siblings	: 2
	core id		: 1
	cpu cores	: 2
	apicid		: 1
	initial apicid	: 1
	fpu		: yes
	fpu_exception	: yes
	cpuid level	: 10
	wp		: yes
	flags		: fpu vme de pse tsc msr pae mce cx8 apic sep mtrr pge mca cmov pat pse36 clflush dts acpi mmx fxsr sse sse2 ss ht tm pbe syscall nx lm constant_tsc arch_perfmon pebs bts rep_good nopl aperfmperf pni dtes64 monitor ds_cpl vmx est tm2 ssse3 cx16 xtpr pdcm lahf_lm ida dtherm tpr_shadow vnmi flexpriority
	bugs		:
	bogomips	: 4388.08
	clflush size	: 64
	cache_alignment	: 64
	address sizes	: 36 bits physical, 48 bits virtual
	power management:
-- Time consumed --------------------------------------------------------------
Build:	real	1h 41m 04s
	user	3h 0m 51s
	sys	4m 1.84s
Test:   real	2h 32m 23s
	user	3h 34m 04s
	sys	40m 58.40s
-------------------------------------------------------------------------------
LAST_UPDATED: Obtained from SVN: tags/gcc_5_2_0_release revision 225865

Native configuration is x86_64-unknown-linux-gnu

		=== g++ tests ===


Running target unix
FAIL: g++.dg/guality/pr55665.C   -O2  line 23 p == 40
FAIL: g++.dg/guality/pr55665.C   -O3 -fomit-frame-pointer  line 23 p == 40
FAIL: g++.dg/guality/pr55665.C   -O3 -g  line 23 p == 40
XPASS: g++.dg/tls/thread_local-order2.C  -std=c++11 execution test
XPASS: g++.dg/tls/thread_local-order2.C  -std=c++14 execution test

		=== g++ Summary ===

# of expected passes		93624
# of unexpected failures	3
# of unexpected successes	2
# of expected failures		339
# of unsupported tests		3720
/home/aaro/git/gcctest/build/gcc/testsuite/g++/../../xg++  version 5.2.0 (GCC) 

		=== gcc tests ===


Running target unix
XPASS: gcc.dg/guality/example.c   -O0  execution test
XPASS: gcc.dg/guality/example.c   -O1  execution test
XPASS: gcc.dg/guality/example.c   -O2  execution test
XPASS: gcc.dg/guality/example.c   -O2 -flto -fno-use-linker-plugin -flto-partition=none  execution test
XPASS: gcc.dg/guality/guality.c   -O0  execution test
XPASS: gcc.dg/guality/guality.c   -O1  execution test
XPASS: gcc.dg/guality/guality.c   -O2  execution test
XPASS: gcc.dg/guality/guality.c   -O2 -flto -fno-use-linker-plugin -flto-partition=none  execution test
XPASS: gcc.dg/guality/guality.c   -O2 -flto -fuse-linker-plugin -fno-fat-lto-objects  execution test
XPASS: gcc.dg/guality/guality.c   -O3 -fomit-frame-pointer  execution test
XPASS: gcc.dg/guality/guality.c   -O3 -g  execution test
XPASS: gcc.dg/guality/guality.c   -Os  execution test
XPASS: gcc.dg/guality/inline-params.c   -O2  execution test
XPASS: gcc.dg/guality/inline-params.c   -O2 -flto -fno-use-linker-plugin -flto-partition=none  execution test
XPASS: gcc.dg/guality/inline-params.c   -O3 -fomit-frame-pointer  execution test
XPASS: gcc.dg/guality/inline-params.c   -O3 -g  execution test
XPASS: gcc.dg/guality/inline-params.c   -Os  execution test
XPASS: gcc.dg/guality/pr41353-1.c   -O0  line 28 j == 28 + 37
FAIL: gcc.dg/guality/pr41616-1.c   -O2 -flto -fuse-linker-plugin -fno-fat-lto-objects  execution test
FAIL: gcc.dg/guality/pr43051-1.c   -O2  line 35 v == 1
FAIL: gcc.dg/guality/pr43051-1.c   -O2  line 36 e == &a[1]
FAIL: gcc.dg/guality/pr43051-1.c   -O2  line 39 c == &a[0]
FAIL: gcc.dg/guality/pr43051-1.c   -O2  line 40 v == 1
FAIL: gcc.dg/guality/pr43051-1.c   -O2  line 41 e == &a[1]
FAIL: gcc.dg/guality/pr43051-1.c   -O2 -flto -fno-use-linker-plugin -flto-partition=none  line 35 v == 1
FAIL: gcc.dg/guality/pr43051-1.c   -O2 -flto -fno-use-linker-plugin -flto-partition=none  line 36 e == &a[1]
FAIL: gcc.dg/guality/pr43051-1.c   -O2 -flto -fno-use-linker-plugin -flto-partition=none  line 39 c == &a[0]
FAIL: gcc.dg/guality/pr43051-1.c   -O2 -flto -fno-use-linker-plugin -flto-partition=none  line 40 v == 1
FAIL: gcc.dg/guality/pr43051-1.c   -O2 -flto -fno-use-linker-plugin -flto-partition=none  line 41 e == &a[1]
FAIL: gcc.dg/guality/pr43051-1.c   -O2 -flto -fuse-linker-plugin -fno-fat-lto-objects  line 35 v == 1
FAIL: gcc.dg/guality/pr43051-1.c   -O2 -flto -fuse-linker-plugin -fno-fat-lto-objects  line 36 e == &a[1]
FAIL: gcc.dg/guality/pr43051-1.c   -O2 -flto -fuse-linker-plugin -fno-fat-lto-objects  line 39 c == &a[0]
FAIL: gcc.dg/guality/pr43051-1.c   -O2 -flto -fuse-linker-plugin -fno-fat-lto-objects  line 40 v == 1
FAIL: gcc.dg/guality/pr43051-1.c   -O2 -flto -fuse-linker-plugin -fno-fat-lto-objects  line 41 e == &a[1]
FAIL: gcc.dg/guality/pr43051-1.c   -O3 -fomit-frame-pointer  line 35 v == 1
FAIL: gcc.dg/guality/pr43051-1.c   -O3 -fomit-frame-pointer  line 36 e == &a[1]
FAIL: gcc.dg/guality/pr43051-1.c   -O3 -fomit-frame-pointer  line 39 c == &a[0]
FAIL: gcc.dg/guality/pr43051-1.c   -O3 -fomit-frame-pointer  line 40 v == 1
FAIL: gcc.dg/guality/pr43051-1.c   -O3 -fomit-frame-pointer  line 41 e == &a[1]
FAIL: gcc.dg/guality/pr43051-1.c   -O3 -fomit-frame-pointer -funroll-all-loops -finline-functions  line 35 v == 1
FAIL: gcc.dg/guality/pr43051-1.c   -O3 -fomit-frame-pointer -funroll-all-loops -finline-functions  line 36 e == &a[1]
FAIL: gcc.dg/guality/pr43051-1.c   -O3 -fomit-frame-pointer -funroll-all-loops -finline-functions  line 39 c == &a[0]
FAIL: gcc.dg/guality/pr43051-1.c   -O3 -fomit-frame-pointer -funroll-all-loops -finline-functions  line 40 v == 1
FAIL: gcc.dg/guality/pr43051-1.c   -O3 -fomit-frame-pointer -funroll-all-loops -finline-functions  line 41 e == &a[1]
FAIL: gcc.dg/guality/pr43051-1.c   -O3 -fomit-frame-pointer -funroll-loops  line 35 v == 1
FAIL: gcc.dg/guality/pr43051-1.c   -O3 -fomit-frame-pointer -funroll-loops  line 36 e == &a[1]
FAIL: gcc.dg/guality/pr43051-1.c   -O3 -fomit-frame-pointer -funroll-loops  line 39 c == &a[0]
FAIL: gcc.dg/guality/pr43051-1.c   -O3 -fomit-frame-pointer -funroll-loops  line 40 v == 1
FAIL: gcc.dg/guality/pr43051-1.c   -O3 -fomit-frame-pointer -funroll-loops  line 41 e == &a[1]
FAIL: gcc.dg/guality/pr43051-1.c   -O3 -g  line 35 v == 1
FAIL: gcc.dg/guality/pr43051-1.c   -O3 -g  line 36 e == &a[1]
FAIL: gcc.dg/guality/pr43051-1.c   -O3 -g  line 39 c == &a[0]
FAIL: gcc.dg/guality/pr43051-1.c   -O3 -g  line 40 v == 1
FAIL: gcc.dg/guality/pr43051-1.c   -O3 -g  line 41 e == &a[1]
FAIL: gcc.dg/guality/pr43051-1.c   -Os  line 35 v == 1
FAIL: gcc.dg/guality/pr43051-1.c   -Os  line 36 e == &a[1]
FAIL: gcc.dg/guality/pr43051-1.c   -Os  line 39 c == &a[0]
FAIL: gcc.dg/guality/pr43051-1.c   -Os  line 40 v == 1
FAIL: gcc.dg/guality/pr43051-1.c   -Os  line 41 e == &a[1]
FAIL: gcc.dg/guality/pr43177.c   -O2  line 15 l == 10
FAIL: gcc.dg/guality/pr43177.c   -O2  line 15 x == 7
FAIL: gcc.dg/guality/pr43177.c   -O2  line 24 l == 10
FAIL: gcc.dg/guality/pr43177.c   -O2  line 24 x == 7
FAIL: gcc.dg/guality/pr43177.c   -O2 -flto -fno-use-linker-plugin -flto-partition=none  line 15 l == 10
FAIL: gcc.dg/guality/pr43177.c   -O2 -flto -fno-use-linker-plugin -flto-partition=none  line 15 x == 7
FAIL: gcc.dg/guality/pr43177.c   -O2 -flto -fno-use-linker-plugin -flto-partition=none  line 24 l == 10
FAIL: gcc.dg/guality/pr43177.c   -O2 -flto -fno-use-linker-plugin -flto-partition=none  line 24 x == 7
FAIL: gcc.dg/guality/pr43177.c   -O2 -flto -fuse-linker-plugin -fno-fat-lto-objects  line 15 l == 10
FAIL: gcc.dg/guality/pr43177.c   -O2 -flto -fuse-linker-plugin -fno-fat-lto-objects  line 15 x == 7
FAIL: gcc.dg/guality/pr43177.c   -O2 -flto -fuse-linker-plugin -fno-fat-lto-objects  line 24 l == 10
FAIL: gcc.dg/guality/pr43177.c   -O2 -flto -fuse-linker-plugin -fno-fat-lto-objects  line 24 x == 7
FAIL: gcc.dg/guality/pr43177.c   -O3 -fomit-frame-pointer  line 15 l == 10
FAIL: gcc.dg/guality/pr43177.c   -O3 -fomit-frame-pointer  line 15 x == 7
FAIL: gcc.dg/guality/pr43177.c   -O3 -fomit-frame-pointer  line 24 l == 10
FAIL: gcc.dg/guality/pr43177.c   -O3 -fomit-frame-pointer  line 24 x == 7
FAIL: gcc.dg/guality/pr43177.c   -O3 -g  line 15 l == 10
FAIL: gcc.dg/guality/pr43177.c   -O3 -g  line 15 x == 7
FAIL: gcc.dg/guality/pr43177.c   -O3 -g  line 24 l == 10
FAIL: gcc.dg/guality/pr43177.c   -O3 -g  line 24 x == 7
FAIL: gcc.dg/guality/pr43177.c   -Os  line 15 l == 10
FAIL: gcc.dg/guality/pr43177.c   -Os  line 15 x == 7
FAIL: gcc.dg/guality/pr43177.c   -Os  line 24 l == 10
FAIL: gcc.dg/guality/pr43177.c   -Os  line 24 x == 7
FAIL: gcc.dg/guality/pr45003-2.c   -O2 -flto -fuse-linker-plugin -fno-fat-lto-objects  line 10 a == 0x8078
FAIL: gcc.dg/guality/pr45882.c   -O2 -flto -fuse-linker-plugin -fno-fat-lto-objects  line 16 d == 112
FAIL: gcc.dg/guality/pr45882.c   -O2 -flto -fuse-linker-plugin -fno-fat-lto-objects  line 16 e == 142
FAIL: gcc.dg/guality/pr54200.c   -Os  line 20 z == 3
FAIL: gcc.dg/guality/pr54519-1.c   -O2 -flto -fno-use-linker-plugin -flto-partition=none  line 20 y == 25
FAIL: gcc.dg/guality/pr54519-1.c   -O2 -flto -fno-use-linker-plugin -flto-partition=none  line 20 z == 6
FAIL: gcc.dg/guality/pr54519-1.c   -O2 -flto -fno-use-linker-plugin -flto-partition=none  line 23 y == 117
FAIL: gcc.dg/guality/pr54519-1.c   -O2 -flto -fno-use-linker-plugin -flto-partition=none  line 23 z == 8
FAIL: gcc.dg/guality/pr54519-2.c   -O2 -flto -fno-use-linker-plugin -flto-partition=none  line 17 y == 25
FAIL: gcc.dg/guality/pr54519-2.c   -O2 -flto -fuse-linker-plugin -fno-fat-lto-objects  line 17 y == 25
FAIL: gcc.dg/guality/pr54519-3.c   -O2 -flto -fno-use-linker-plugin -flto-partition=none  line 20 y == 25
FAIL: gcc.dg/guality/pr54519-3.c   -O2 -flto -fno-use-linker-plugin -flto-partition=none  line 20 z == 6
FAIL: gcc.dg/guality/pr54519-3.c   -O2 -flto -fno-use-linker-plugin -flto-partition=none  line 23 y == 117
FAIL: gcc.dg/guality/pr54519-3.c   -O2 -flto -fno-use-linker-plugin -flto-partition=none  line 23 z == 8
FAIL: gcc.dg/guality/pr54519-3.c   -O2 -flto -fuse-linker-plugin -fno-fat-lto-objects  line 20 x == 36
FAIL: gcc.dg/guality/pr54519-3.c   -O2 -flto -fuse-linker-plugin -fno-fat-lto-objects  line 20 y == 25
FAIL: gcc.dg/guality/pr54519-3.c   -O2 -flto -fuse-linker-plugin -fno-fat-lto-objects  line 20 z == 6
FAIL: gcc.dg/guality/pr54519-3.c   -O2 -flto -fuse-linker-plugin -fno-fat-lto-objects  line 23 x == 98
FAIL: gcc.dg/guality/pr54519-3.c   -O2 -flto -fuse-linker-plugin -fno-fat-lto-objects  line 23 y == 117
FAIL: gcc.dg/guality/pr54519-3.c   -O2 -flto -fuse-linker-plugin -fno-fat-lto-objects  line 23 z == 8
FAIL: gcc.dg/guality/pr54519-4.c   -O2 -flto -fno-use-linker-plugin -flto-partition=none  line 17 y == 25
FAIL: gcc.dg/guality/pr54519-4.c   -O2 -flto -fuse-linker-plugin -fno-fat-lto-objects  line 17 x == 6
FAIL: gcc.dg/guality/pr54519-4.c   -O2 -flto -fuse-linker-plugin -fno-fat-lto-objects  line 17 y == 25
FAIL: gcc.dg/guality/pr54519-5.c   -O2 -flto -fno-use-linker-plugin -flto-partition=none  line 17 y == 25
FAIL: gcc.dg/guality/pr54519-5.c   -O2 -flto -fuse-linker-plugin -fno-fat-lto-objects  line 17 y == 25
FAIL: gcc.dg/guality/sra-1.c   -O2  line 21 a.i == 4
FAIL: gcc.dg/guality/sra-1.c   -O2  line 21 a.j == 14
FAIL: gcc.dg/guality/sra-1.c   -O2  line 32 a[0] == 4
FAIL: gcc.dg/guality/sra-1.c   -O2  line 32 a[1] == 14
FAIL: gcc.dg/guality/sra-1.c   -O2 -flto -fno-use-linker-plugin -flto-partition=none  line 21 a.i == 4
FAIL: gcc.dg/guality/sra-1.c   -O2 -flto -fno-use-linker-plugin -flto-partition=none  line 21 a.j == 14
FAIL: gcc.dg/guality/sra-1.c   -O2 -flto -fno-use-linker-plugin -flto-partition=none  line 32 a[0] == 4
FAIL: gcc.dg/guality/sra-1.c   -O2 -flto -fno-use-linker-plugin -flto-partition=none  line 32 a[1] == 14
FAIL: gcc.dg/guality/sra-1.c   -O2 -flto -fuse-linker-plugin -fno-fat-lto-objects  line 21 a.i == 4
FAIL: gcc.dg/guality/sra-1.c   -O2 -flto -fuse-linker-plugin -fno-fat-lto-objects  line 21 a.j == 14
FAIL: gcc.dg/guality/sra-1.c   -O3 -fomit-frame-pointer  line 21 a.i == 4
FAIL: gcc.dg/guality/sra-1.c   -O3 -fomit-frame-pointer  line 21 a.j == 14
FAIL: gcc.dg/guality/sra-1.c   -O3 -fomit-frame-pointer  line 32 a[0] == 4
FAIL: gcc.dg/guality/sra-1.c   -O3 -fomit-frame-pointer  line 32 a[1] == 14
FAIL: gcc.dg/guality/sra-1.c   -O3 -g  line 21 a.i == 4
FAIL: gcc.dg/guality/sra-1.c   -O3 -g  line 21 a.j == 14
FAIL: gcc.dg/guality/sra-1.c   -O3 -g  line 32 a[0] == 4
FAIL: gcc.dg/guality/sra-1.c   -O3 -g  line 32 a[1] == 14
FAIL: gcc.dg/guality/sra-1.c   -Os  line 21 a.i == 4
FAIL: gcc.dg/guality/sra-1.c   -Os  line 21 a.j == 14
FAIL: gcc.dg/guality/sra-1.c   -Os  line 32 a[0] == 4
FAIL: gcc.dg/guality/sra-1.c   -Os  line 32 a[1] == 14
FAIL: gcc.dg/guality/vla-1.c   -O1  line 17 sizeof (a) == 6
FAIL: gcc.dg/guality/vla-1.c   -O2  line 17 sizeof (a) == 6
FAIL: gcc.dg/guality/vla-1.c   -O2 -flto -fno-use-linker-plugin -flto-partition=none  line 17 sizeof (a) == 6
FAIL: gcc.dg/guality/vla-1.c   -O2 -flto -fuse-linker-plugin -fno-fat-lto-objects  line 17 sizeof (a) == 6
FAIL: gcc.dg/guality/vla-1.c   -O3 -fomit-frame-pointer  line 17 sizeof (a) == 6
FAIL: gcc.dg/guality/vla-1.c   -O3 -g  line 17 sizeof (a) == 6
FAIL: gcc.dg/guality/vla-1.c   -Os  line 17 sizeof (a) == 6
FAIL: gcc.dg/guality/vla-2.c   -O2  line 25 sizeof (a) == 6 * sizeof (int)
FAIL: gcc.dg/guality/vla-2.c   -O2 -flto -fno-use-linker-plugin -flto-partition=none  line 25 sizeof (a) == 6 * sizeof (int)
FAIL: gcc.dg/guality/vla-2.c   -O2 -flto -fuse-linker-plugin -fno-fat-lto-objects  line 25 sizeof (a) == 6 * sizeof (int)
FAIL: gcc.dg/guality/vla-2.c   -O3 -fomit-frame-pointer  line 25 sizeof (a) == 6 * sizeof (int)
FAIL: gcc.dg/guality/vla-2.c   -O3 -g  line 25 sizeof (a) == 6 * sizeof (int)
FAIL: gcc.dg/guality/vla-2.c   -Os  line 25 sizeof (a) == 6 * sizeof (int)

		=== gcc Summary ===

# of expected passes		117756
# of unexpected failures	125
# of unexpected successes	18
# of expected failures		276
# of unsupported tests		1896
/home/aaro/git/gcctest/build/gcc/xgcc  version 5.2.0 (GCC) 

		=== libatomic tests ===


Running target unix

		=== libatomic Summary ===

# of expected passes		54
		=== libgomp tests ===


Running target unix

		=== libgomp Summary ===

# of expected passes		1617
# of unsupported tests		170
		=== libitm tests ===


Running target unix

		=== libitm Summary ===

# of expected passes		26
# of expected failures		3
# of unsupported tests		1
		=== libstdc++ tests ===


Running target unix

		=== libstdc++ Summary ===

# of expected passes		9724
# of expected failures		65
# of unsupported tests		546

Compiler version: 5.2.0 (GCC) 
Platform: x86_64-unknown-linux-gnu
configure flags: --with-arch=nocona --disable-multilib --disable-nls --enable-languages=c,c++ --host=x86_64-unknown-linux-gnu --build=x86_64-unknown-linux-gnu --target=x86_64-unknown-linux-gnu --with-system-zlib --with-sysroot=/


Index Nav: [Date Index] [Subject Index] [Author Index] [Thread Index]
Message Nav: [Date Prev] [Date Next] [Thread Prev] [Thread Next]