This is the mail archive of the
gcc-testresults@gcc.gnu.org
mailing list for the GCC project.
Results for 6.0.0 20150815 (experimental) [trunk revision 226909] (GCC) testsuite on powerpc-ibm-aix7.1.0.0
- From: David Edelsohn <edelsohn at p7curie dot watson dot ibm dot com>
- To: gcc-testresults at gcc dot gnu dot org
- Date: Sat, 15 Aug 2015 15:34:11 -0400
- Subject: Results for 6.0.0 20150815 (experimental) [trunk revision 226909] (GCC) testsuite on powerpc-ibm-aix7.1.0.0
- Authentication-results: sourceware.org; auth=none
LAST_UPDATED: Sat Aug 15 12:56:18 UTC 2015 (revision 226909)
Native configuration is powerpc-ibm-aix7.1.0.0
=== g++ tests ===
Running target unix
FAIL: g++.dg/compat/eh/new1 cp_compat_x_tst.o-cp_compat_y_tst.o execute
XPASS: g++.dg/debug/pr56294.C -gxcoff (test for excess errors)
XPASS: g++.dg/debug/pr56294.C -gxcoff+ (test for excess errors)
XPASS: g++.dg/debug/pr56294.C -gxcoff+1 (test for excess errors)
XPASS: g++.dg/debug/pr56294.C -gxcoff+3 (test for excess errors)
XPASS: g++.dg/debug/pr56294.C -gxcoff1 (test for excess errors)
XPASS: g++.dg/debug/pr56294.C -gxcoff3 (test for excess errors)
XPASS: g++.dg/debug/pr56819.C -gxcoff (test for excess errors)
XPASS: g++.dg/debug/pr56819.C -gxcoff+ (test for excess errors)
XPASS: g++.dg/debug/pr56819.C -gxcoff+1 (test for excess errors)
XPASS: g++.dg/debug/pr56819.C -gxcoff+3 (test for excess errors)
XPASS: g++.dg/debug/pr56819.C -gxcoff1 (test for excess errors)
XPASS: g++.dg/debug/pr56819.C -gxcoff3 (test for excess errors)
FAIL: g++.dg/abi/anon1.C -std=c++11 scan-assembler-not globl
FAIL: g++.dg/abi/anon1.C -std=c++14 scan-assembler-not globl
FAIL: g++.dg/abi/anon1.C -std=c++98 scan-assembler-not globl
FAIL: g++.dg/cpp/ucn-1.C -std=gnu++11 (test for excess errors)
FAIL: g++.dg/cpp/ucn-1.C -std=gnu++14 (test for excess errors)
FAIL: g++.dg/cpp1y/pr58708.C -std=c++14 (test for excess errors)
WARNING: g++.dg/cpp1y/pr58708.C -std=c++14 compilation failed to produce executable
FAIL: g++.dg/eh/new1.C -std=c++14 execution test
FAIL: g++.dg/init/new40.C execution test
FAIL: g++.dg/init/ref15.C -std=c++11 execution test
FAIL: g++.dg/init/ref15.C -std=c++14 execution test
FAIL: g++.dg/init/ref15.C -std=c++98 execution test
XPASS: g++.dg/template/linkage1.C -std=c++98 scan-assembler-not (weak|glob)[^\\n]*_Z3fooIXadL_ZL11static_funcvEEEvv
FAIL: g++.dg/tree-ssa/pr61034.C -std=gnu++11 scan-tree-dump-times fre2 "free" 10
FAIL: g++.dg/tree-ssa/pr61034.C -std=gnu++14 scan-tree-dump-times fre2 "free" 10
FAIL: g++.dg/tree-ssa/pr61034.C -std=gnu++98 scan-tree-dump-times fre2 "free" 10
XPASS: g++.dg/tls/thread_local-order2.C -std=c++11 execution test
XPASS: g++.dg/tls/thread_local-order2.C -std=c++14 execution test
FAIL: g++.dg/tree-prof/pr57451.C compilation, -fprofile-use -D_PROFILE_USE
UNRESOLVED: g++.dg/tree-prof/pr57451.C execution, -fprofile-use -D_PROFILE_USE
FAIL: g++.dg/vect/pr36648.cc -std=c++11 scan-tree-dump-times vect "vectorized 1 loops" 1
FAIL: g++.dg/vect/pr36648.cc -std=c++11 scan-tree-dump-times vect "vectorizing stmts using SLP" 1
FAIL: g++.dg/vect/pr36648.cc -std=c++14 scan-tree-dump-times vect "vectorized 1 loops" 1
FAIL: g++.dg/vect/pr36648.cc -std=c++14 scan-tree-dump-times vect "vectorizing stmts using SLP" 1
FAIL: g++.dg/vect/pr36648.cc -std=c++98 scan-tree-dump-times vect "vectorized 1 loops" 1
FAIL: g++.dg/vect/pr36648.cc -std=c++98 scan-tree-dump-times vect "vectorizing stmts using SLP" 1
FAIL: g++.old-deja/g++.eh/new2.C -std=gnu++14 execution test
XPASS: g++.old-deja/g++.mike/p755a.C -std=c++11 execution test
XPASS: g++.old-deja/g++.mike/p755a.C -std=c++98 execution test
FAIL: g++.old-deja/g++.other/init18.C -std=c++11 execution test
FAIL: g++.old-deja/g++.other/init18.C -std=c++14 execution test
FAIL: g++.old-deja/g++.other/init18.C -std=c++98 execution test
FAIL: g++.old-deja/g++.other/init19.C -std=c++11 execution test
FAIL: g++.old-deja/g++.other/init19.C -std=c++14 execution test
FAIL: g++.old-deja/g++.other/init19.C -std=c++98 execution test
FAIL: g++.old-deja/g++.pt/static11.C -std=c++11 execution test
FAIL: g++.old-deja/g++.pt/static11.C -std=c++14 execution test
FAIL: g++.old-deja/g++.pt/static11.C -std=c++98 execution test
=== g++ Summary ===
# of expected passes 77521
# of unexpected failures 32
# of unexpected successes 17
# of expected failures 340
# of unresolved testcases 1
# of unsupported tests 3678
/tmp/20150815/gcc/testsuite/g++/../../xg++ version 6.0.0 20150815 (experimental) [trunk revision 226909] (GCC)
=== gcc tests ===
Running target unix
FAIL: gcc.dg/cpp/assert4.c (test for excess errors)
FAIL: gcc.dg/cpp/trad/include.c (test for excess errors)
FAIL: gcc.dg/addr_equal-1.c (test for excess errors)
WARNING: gcc.dg/addr_equal-1.c compilation failed to produce executable
FAIL: gcc.dg/asm-names.c scan-assembler-not ____frob14
FAIL: gcc.dg/pr64935-2.c (test for excess errors)
FAIL: gcc.dg/pr65521.c (test for excess errors)
FAIL: gcc.dg/sms-8.c execution test
FAIL: gcc.dg/sms-8.c scan-rtl-dump-times sms "SMS succeeded" 0
FAIL: gcc.dg/ipa/iinline-attr.c scan-ipa-dump inline "hooray[^\\\\n]*inline copy in test"
XPASS: gcc.dg/torture/pr59166.c -O0 (test for excess errors)
FAIL: gcc.dg/tree-ssa/ivopts-lt-2.c scan-tree-dump-times ivopts "PHI <p_" 1
FAIL: gcc.dg/tree-ssa/ivopts-lt-2.c scan-tree-dump-times ivopts "PHI" 1
FAIL: gcc.dg/tree-ssa/ivopts-lt-2.c scan-tree-dump-times ivopts "p_[0-9]* <" 1
FAIL: gcc.dg/tree-ssa/pr23391.c (test for excess errors)
FAIL: gcc.dg/tree-ssa/sra-12.c scan-tree-dump-times release_ssa "l;" 0
FAIL: gcc.dg/vect/costmodel/ppc/costmodel-bb-slp-9a-pr63175.c scan-assembler-not \\tlwz?u?x?
FAIL: gcc.dg/vect/costmodel/ppc/costmodel-vect-31a.c scan-tree-dump-times vect "vectorization not profitable" 1
FAIL: gcc.dg/vect/costmodel/ppc/costmodel-vect-33.c scan-tree-dump-times vect "vectorization not profitable" 1
XPASS: gcc.dg/vect/no-scevccp-outer-11.c scan-tree-dump-times vect "OUTER LOOP VECTORIZED." 1
FAIL: gcc.dg/vect/no-vfa-vect-depend-2.c scan-tree-dump-times vect "vectorized 1 loops" 1
FAIL: gcc.dg/vect/no-vfa-vect-depend-3.c scan-tree-dump-times vect "vectorized 1 loops" 4
FAIL: gcc.dg/vect/slp-multitypes-4.c scan-tree-dump-times vect "vectorized 1 loops" 1
FAIL: gcc.dg/vect/slp-multitypes-4.c scan-tree-dump-times vect "vectorizing stmts using SLP" 1
FAIL: gcc.dg/vect/slp-multitypes-5.c scan-tree-dump-times vect "vectorized 1 loops" 1
FAIL: gcc.dg/vect/slp-multitypes-5.c scan-tree-dump-times vect "vectorizing stmts using SLP" 1
FAIL: gcc.dg/vect/vect-125.c scan-tree-dump vect "vectorized 1 loops"
FAIL: gcc.dg/vect/vect-31.c scan-tree-dump-times vect "vectorized 4 loops" 1
FAIL: gcc.target/powerpc/pr16458-1.c scan-assembler-not cmpw
FAIL: gcc.target/powerpc/pr16458-2.c scan-assembler-not cmpw
=== gcc Summary ===
# of expected passes 67311
# of unexpected failures 27
# of unexpected successes 2
# of expected failures 220
# of unsupported tests 1544
/tmp/20150815/gcc/xgcc version 6.0.0 20150815 (experimental) [trunk revision 226909] (GCC)
=== gfortran tests ===
Running target unix
XPASS: gfortran.dg/debug/pr46756.f -gxcoff Deleted feature: ASSIGN (test for warnings, line 8)
XPASS: gfortran.dg/debug/pr46756.f -gxcoff+ Deleted feature: ASSIGN (test for warnings, line 8)
XPASS: gfortran.dg/debug/pr46756.f -gxcoff+1 Deleted feature: ASSIGN (test for warnings, line 8)
XPASS: gfortran.dg/debug/pr46756.f -gxcoff+3 Deleted feature: ASSIGN (test for warnings, line 8)
XPASS: gfortran.dg/debug/pr46756.f -gxcoff1 Deleted feature: ASSIGN (test for warnings, line 8)
XPASS: gfortran.dg/debug/pr46756.f -gxcoff3 Deleted feature: ASSIGN (test for warnings, line 8)
FAIL: gfortran.dg/access_spec_1.f90 -O (test for excess errors)
FAIL: gfortran.dg/allocatable_function_8.f90 -O0 (test for excess errors)
FAIL: gfortran.dg/allocatable_function_8.f90 -O1 (test for excess errors)
FAIL: gfortran.dg/allocatable_function_8.f90 -O2 (test for excess errors)
FAIL: gfortran.dg/allocatable_function_8.f90 -O3 -fomit-frame-pointer -funroll-loops -fpeel-loops -ftracer -finline-functions (test for excess errors)
FAIL: gfortran.dg/allocatable_function_8.f90 -O3 -g (test for excess errors)
FAIL: gfortran.dg/allocatable_function_8.f90 -Os (test for excess errors)
FAIL: gfortran.dg/bind_c_array_params_2.f90 -O scan-assembler-times [ \\t][\$,_0-9]*myBindC 1
FAIL: gfortran.dg/bind_c_usage_25.f90 -O (test for excess errors)
FAIL: gfortran.dg/bind_c_usage_8.f03 -O (test for excess errors)
FAIL: gfortran.dg/class_37.f03 -O (test for excess errors)
FAIL: gfortran.dg/elemental_dependency_4.f90 -O0 (test for excess errors)
FAIL: gfortran.dg/elemental_dependency_4.f90 -O1 (test for excess errors)
FAIL: gfortran.dg/elemental_dependency_4.f90 -O2 (test for excess errors)
FAIL: gfortran.dg/elemental_dependency_4.f90 -O3 -fomit-frame-pointer -funroll-loops -fpeel-loops -ftracer -finline-functions (test for excess errors)
FAIL: gfortran.dg/elemental_dependency_4.f90 -O3 -g (test for excess errors)
FAIL: gfortran.dg/elemental_dependency_4.f90 -Os (test for excess errors)
FAIL: gfortran.dg/elemental_dependency_5.f90 -O0 (test for excess errors)
FAIL: gfortran.dg/elemental_dependency_5.f90 -O1 (test for excess errors)
FAIL: gfortran.dg/elemental_dependency_5.f90 -O2 (test for excess errors)
FAIL: gfortran.dg/elemental_dependency_5.f90 -O3 -fomit-frame-pointer -funroll-loops -fpeel-loops -ftracer -finline-functions (test for excess errors)
FAIL: gfortran.dg/elemental_dependency_5.f90 -O3 -g (test for excess errors)
FAIL: gfortran.dg/elemental_dependency_5.f90 -Os (test for excess errors)
FAIL: gfortran.dg/hollerith.f90 -O0 execution test
FAIL: gfortran.dg/hollerith.f90 -O1 execution test
FAIL: gfortran.dg/hollerith.f90 -O2 execution test
FAIL: gfortran.dg/hollerith.f90 -O3 -fomit-frame-pointer -funroll-loops -fpeel-loops -ftracer -finline-functions execution test
FAIL: gfortran.dg/hollerith.f90 -O3 -g execution test
FAIL: gfortran.dg/hollerith.f90 -Os execution test
FAIL: gfortran.dg/host_assoc_variable_1.f90 -O (test for excess errors)
FAIL: gfortran.dg/implicit_class_1.f90 -O0 (test for excess errors)
WARNING: gfortran.dg/implicit_class_1.f90 -O0 compilation failed to produce executable
FAIL: gfortran.dg/implicit_class_1.f90 -O1 (test for excess errors)
WARNING: gfortran.dg/implicit_class_1.f90 -O1 compilation failed to produce executable
FAIL: gfortran.dg/implicit_class_1.f90 -O2 (test for excess errors)
WARNING: gfortran.dg/implicit_class_1.f90 -O2 compilation failed to produce executable
FAIL: gfortran.dg/implicit_class_1.f90 -O3 -fomit-frame-pointer -funroll-loops -fpeel-loops -ftracer -finline-functions (test for excess errors)
WARNING: gfortran.dg/implicit_class_1.f90 -O3 -fomit-frame-pointer -funroll-loops -fpeel-loops -ftracer -finline-functions compilation failed to produce executable
FAIL: gfortran.dg/implicit_class_1.f90 -O3 -g (test for excess errors)
WARNING: gfortran.dg/implicit_class_1.f90 -O3 -g compilation failed to produce executable
FAIL: gfortran.dg/implicit_class_1.f90 -Os (test for excess errors)
WARNING: gfortran.dg/implicit_class_1.f90 -Os compilation failed to produce executable
FAIL: gfortran.dg/initialization_10.f90 -O (test for excess errors)
FAIL: gfortran.dg/internal_pack_7.f90 -O (test for excess errors)
FAIL: gfortran.dg/merge_init_expr_2.f90 -O (test for excess errors)
FAIL: gfortran.dg/module_variable_1.f90 -O (test for excess errors)
FAIL: gfortran.dg/module_variable_2.f90 -O (test for excess errors)
FAIL: gfortran.dg/nested_forall_1.f -O (test for excess errors)
FAIL: gfortran.dg/pr32535.f90 -O (test for excess errors)
FAIL: gfortran.dg/pr37286.f90 -O (test for excess errors)
FAIL: gfortran.dg/pr61335.f90 -O0 (test for excess errors)
FAIL: gfortran.dg/pr61335.f90 -O1 (test for excess errors)
FAIL: gfortran.dg/pr61335.f90 -O2 (test for excess errors)
FAIL: gfortran.dg/pr61335.f90 -O3 -fomit-frame-pointer -funroll-loops -fpeel-loops -ftracer -finline-functions (test for excess errors)
FAIL: gfortran.dg/pr61335.f90 -O3 -g (test for excess errors)
FAIL: gfortran.dg/pr61335.f90 -Os (test for excess errors)
FAIL: gfortran.dg/private_type_3.f90 -O (test for excess errors)
FAIL: gfortran.dg/proc_ptr_39.f90 -O (test for excess errors)
FAIL: gfortran.dg/proc_ptr_result_3.f90 -O0 (test for excess errors)
FAIL: gfortran.dg/proc_ptr_result_3.f90 -O1 (test for excess errors)
FAIL: gfortran.dg/proc_ptr_result_3.f90 -O2 (test for excess errors)
FAIL: gfortran.dg/proc_ptr_result_3.f90 -O3 -fomit-frame-pointer -funroll-loops -fpeel-loops -ftracer -finline-functions (test for excess errors)
FAIL: gfortran.dg/proc_ptr_result_3.f90 -O3 -g (test for excess errors)
FAIL: gfortran.dg/proc_ptr_result_3.f90 -Os (test for excess errors)
FAIL: gfortran.dg/public_private_module_2.f90 -O (test for excess errors)
FAIL: gfortran.dg/public_private_module_6.f90 -O (test for excess errors)
FAIL: gfortran.dg/submodule_10.f08 -O (test for excess errors)
FAIL: gfortran.dg/typebound_call_20.f03 -O0 (test for excess errors)
FAIL: gfortran.dg/typebound_call_20.f03 -O1 (test for excess errors)
FAIL: gfortran.dg/typebound_call_20.f03 -O2 (test for excess errors)
FAIL: gfortran.dg/typebound_call_20.f03 -O3 -fomit-frame-pointer -funroll-loops -fpeel-loops -ftracer -finline-functions (test for excess errors)
FAIL: gfortran.dg/typebound_call_20.f03 -O3 -g (test for excess errors)
FAIL: gfortran.dg/typebound_call_20.f03 -Os (test for excess errors)
FAIL: gfortran.dg/typebound_proc_19.f90 -O (test for excess errors)
FAIL: gfortran.dg/vect/fast-math-vect-8.f90 -O (test for excess errors)
FAIL: gfortran.dg/vect/pr62283-2.f -O scan-tree-dump slp2 "basic block vectorized"
=== gfortran Summary ===
# of expected passes 39388
# of unexpected failures 70
# of unexpected successes 6
# of expected failures 74
# of unsupported tests 320
/tmp/20150815/gcc/testsuite/gfortran/../../gfortran version 6.0.0 20150815 (experimental) [trunk revision 226909] (GCC)
=== objc tests ===
Running target unix
FAIL: objc.dg-struct-layout-encoding-1/t026_main.m execution test
=== objc Summary ===
# of expected passes 2663
# of unexpected failures 1
# of expected failures 10
# of unsupported tests 59
/tmp/20150815/gcc/xgcc version 6.0.0 20150815 (experimental) [trunk revision 226909] (GCC)
=== libatomic tests ===
Running target unix
=== libatomic Summary ===
# of expected passes 44
# of unsupported tests 5
=== libgomp tests ===
Running target unix
FAIL: libgomp.c/for-1.c execution test
WARNING: program timed out.
FAIL: libgomp.fortran/omp_workshare1.f -O execution test
FAIL: libgomp.fortran/omp_workshare2.f -O execution test
FAIL: libgomp.fortran/recursion1.f90 -O0 execution test
FAIL: libgomp.fortran/recursion1.f90 -O1 execution test
FAIL: libgomp.fortran/recursion1.f90 -O2 execution test
FAIL: libgomp.fortran/recursion1.f90 -O3 -fomit-frame-pointer -funroll-loops -fpeel-loops -ftracer -finline-functions execution test
FAIL: libgomp.fortran/recursion1.f90 -Os execution test
XPASS: libgomp.oacc-c/../libgomp.oacc-c-c++-common/lib-42.c -DACC_DEVICE_TYPE_host=1 -DACC_MEM_SHARED=1 output pattern test, \\[[0-9a-fA-FxX]+,256\\] is not mapped
XPASS: libgomp.oacc-c++/../libgomp.oacc-c-c++-common/lib-42.c -DACC_DEVICE_TYPE_host=1 -DACC_MEM_SHARED=1 output pattern test, \\[[0-9a-fA-FxX]+,256\\] is not mapped
=== libgomp Summary ===
# of expected passes 4017
# of unexpected failures 8
# of unexpected successes 2
# of expected failures 2
# of unsupported tests 241
=== libstdc++ tests ===
Running target unix
FAIL: 18_support/50594.cc execution test
FAIL: 21_strings/basic_string/capacity/wchar_t/18654.cc execution test
FAIL: 21_strings/basic_string/inserters_extractors/wchar_t/28277.cc execution test
FAIL: 23_containers/vector/profile/vector.cc execution test
FAIL: 25_algorithms/remove/requirements/explicit_instantiation/2.cc (test for excess errors)
FAIL: 27_io/basic_ostream/inserters_character/wchar_t/28277-3.cc execution test
FAIL: 27_io/basic_ostream/inserters_character/wchar_t/28277-4.cc execution test
FAIL: 27_io/ios_base/storage/11584.cc execution test
FAIL: 27_io/objects/char/7.cc execution test
FAIL: 27_io/objects/wchar_t/7.cc execution test
FAIL: experimental/tuple/tuple_size.cc (test for excess errors)
FAIL: ext/mt_allocator/check_new.cc execution test
FAIL: ext/pool_allocator/check_new.cc execution test
FAIL: ext/vstring/inserters_extractors/wchar_t/28277.cc execution test
=== libstdc++ Summary ===
# of expected passes 9018
# of unexpected failures 14
# of expected failures 66
# of unsupported tests 686
Compiler version: 6.0.0 20150815 (experimental) [trunk revision 226909] (GCC)
Platform: powerpc-ibm-aix7.1.0.0
configure flags: --prefix=/gsa/yktgsa/home/e/d/edelsohn/install/powerpc-ibm-aix7.1.0.0-20150815 --disable-werror --enable-languages=c,c++,fortran,objc --with-gmp=/gsa/yktgsa/home/e/d/edelsohn/install --with-mpfr=/gsa/yktgsa/home/e/d/edelsohn/install --with-cloog=no --with-ppl=no --with-libiconv-prefix=/gsa/yktgsa/home/e/d/edelsohn/install --disable-libstdcxx-pch --enable-__cxa_atexit