This is the mail archive of the
gcc-testresults@gcc.gnu.org
mailing list for the GCC project.
Results for 6.0.0 20150805 (experimental) [trunk revision 226632] (GCC) testsuite on x86_64-pc-linux-gnu
- From: x32 at gnu-35 dot sc dot intel dot com (H.J. Lu (x32))
- To: gcc-testresults at gcc dot gnu dot org
- Date: Wed, 05 Aug 2015 12:33:09 -0700
- Subject: Results for 6.0.0 20150805 (experimental) [trunk revision 226632] (GCC) testsuite on x86_64-pc-linux-gnu
- Authentication-results: sourceware.org; auth=none
Native configuration is x86_64-pc-linux-gnu
=== gcc tests ===
Running target unix/-mx32
FAIL: gcc.dg/debug/dwarf2/stacked-qualified-types-3.c scan-assembler-times DIE \\\\([^\\n]*\\\\) DW_TAG_(?:const|volatile|atomic|restrict)_type 8
XPASS: gcc.dg/graphite/vect-pr43423.c scan-tree-dump-times vect "vectorized 2 loops" 1
XPASS: gcc.dg/vect/no-scevccp-outer-11.c scan-tree-dump-times vect "OUTER LOOP VECTORIZED." 1
FAIL: gcc.target/i386/cmov2.c scan-assembler sbb
FAIL: gcc.target/i386/cmov3.c scan-assembler cmov[^3]
FAIL: gcc.target/i386/pr61403.c scan-assembler blend
=== gcc Summary ===
# of expected passes 105660
# of unexpected failures 4
# of unexpected successes 2
# of expected failures 279
# of unsupported tests 1705
/export/gnu/import/git/gcc-test-x32/bld/gcc/xgcc version 6.0.0 20150805 (experimental) [trunk revision 226632] (GCC)
=== gfortran tests ===
Running target unix/-mx32
FAIL: gfortran.dg/ieee/large_1.f90 -O0 (test for excess errors)
UNRESOLVED: gfortran.dg/ieee/large_1.f90 -O0 compilation failed to produce executable
FAIL: gfortran.dg/ieee/large_1.f90 -O1 (test for excess errors)
UNRESOLVED: gfortran.dg/ieee/large_1.f90 -O1 compilation failed to produce executable
FAIL: gfortran.dg/ieee/large_1.f90 -O2 (test for excess errors)
UNRESOLVED: gfortran.dg/ieee/large_1.f90 -O2 compilation failed to produce executable
FAIL: gfortran.dg/ieee/large_1.f90 -O3 -fomit-frame-pointer -funroll-loops -fpeel-loops -ftracer -finline-functions (test for excess errors)
UNRESOLVED: gfortran.dg/ieee/large_1.f90 -O3 -fomit-frame-pointer -funroll-loops -fpeel-loops -ftracer -finline-functions compilation failed to produce executable
FAIL: gfortran.dg/ieee/large_1.f90 -O3 -g (test for excess errors)
UNRESOLVED: gfortran.dg/ieee/large_1.f90 -O3 -g compilation failed to produce executable
FAIL: gfortran.dg/ieee/large_1.f90 -Os (test for excess errors)
UNRESOLVED: gfortran.dg/ieee/large_1.f90 -Os compilation failed to produce executable
=== gfortran Summary ===
# of expected passes 40606
# of unexpected failures 6
# of expected failures 75
# of unresolved testcases 6
# of unsupported tests 52
/export/gnu/import/git/gcc-test-x32/bld/gcc/testsuite/gfortran/../../gfortran version 6.0.0 20150805 (experimental) [trunk revision 226632] (GCC)
=== g++ tests ===
Running target unix/-mx32
XPASS: g++.dg/tls/thread_local-order2.C -std=c++11 execution test
XPASS: g++.dg/tls/thread_local-order2.C -std=c++14 execution test
=== g++ Summary ===
# of expected passes 94154
# of unexpected successes 2
# of expected failures 331
# of unsupported tests 3352
/export/gnu/import/git/gcc-test-x32/bld/gcc/testsuite/g++/../../xg++ version 6.0.0 20150805 (experimental) [trunk revision 226632] (GCC)
=== objc tests ===
Running target unix/-mx32
=== objc Summary ===
# of expected passes 2766
# of expected failures 6
# of unsupported tests 68
/export/gnu/import/git/gcc-test-x32/bld/gcc/xgcc version 6.0.0 20150805 (experimental) [trunk revision 226632] (GCC)
=== boehm-gc tests ===
Running target unix/-mx32
=== boehm-gc Summary ===
# of expected passes 12
# of unsupported tests 1
=== libatomic tests ===
Running target unix/-mx32
=== libatomic Summary ===
# of expected passes 54
=== libffi tests ===
Running target unix/-mx32
=== libffi Summary ===
# of expected passes 1914
# of unsupported tests 30
=== libgomp tests ===
Running target unix/-mx32
=== libgomp Summary ===
# of expected passes 5148
# of expected failures 8
# of unsupported tests 258
=== libitm tests ===
Running target unix/-mx32
=== libitm Summary ===
# of expected passes 26
# of expected failures 3
# of unsupported tests 1
=== libjava tests ===
Running target unix/-mx32
=== libjava Summary ===
# of expected passes 2582
# of expected failures 4
=== libstdc++ tests ===
Running target unix/-mx32
=== libstdc++ Summary ===
# of expected passes 10874
# of expected failures 66
# of unsupported tests 231
Compiler version: 6.0.0 20150805 (experimental) [trunk revision 226632] (GCC)
Platform: x86_64-pc-linux-gnu
configure flags: --prefix=/usr/6.0.0 --enable-clocale=gnu --with-system-zlib --enable-shared --with-demangler-in-ld --enable-libmpx --with-multilib-list=m32,m64,mx32 --with-fpmath=sse --enable-languages=c,c++,fortran,java,lto,objc