This is the mail archive of the
gcc-testresults@gcc.gnu.org
mailing list for the GCC project.
Results for 6.0.0 20150729 (experimental) [trunk revision 226363] (GCC) testsuite on hppa64-hp-hpux11.11
- From: John David Anglin <dave at hiauly3 dot hia dot nrc dot ca>
- To: dave at hiauly3 dot hia dot nrc dot ca, gcc-testresults at gcc dot gnu dot org
- Date: Fri, 31 Jul 2015 10:55:33 -0400 (EDT)
- Subject: Results for 6.0.0 20150729 (experimental) [trunk revision 226363] (GCC) testsuite on hppa64-hp-hpux11.11
- Authentication-results: sourceware.org; auth=none
Native configuration is hppa64-hp-hpux11.11
=== g++ tests ===
Running target unix
FAIL: g++.dg/cpp0x/nsdmi-template14.C -std=c++11 (test for errors, line 4)
FAIL: g++.dg/cpp0x/nsdmi-template14.C -std=c++11 (test for errors, line 6)
FAIL: g++.dg/cpp0x/nsdmi-template14.C -std=c++14 (test for errors, line 4)
FAIL: g++.dg/cpp0x/nsdmi-template14.C -std=c++14 (test for errors, line 6)
WARNING: program timed out.
FAIL: g++.dg/pch/system-2.C -O2 -g assembly comparison
=== g++ Summary ===
# of expected passes 80369
# of unexpected failures 5
# of expected failures 281
# of unsupported tests 3827
/test/gnu/gcc/objdir/gcc/testsuite/g++/../../xg++ version 6.0.0 20150729 (experimental) [trunk revision 226363] (GCC)
=== gcc tests ===
Running target unix
FAIL: gcc.dg/atomic/c11-atomic-exec-5.c -O0 execution test
FAIL: gcc.dg/atomic/c11-atomic-exec-5.c -O1 execution test
FAIL: gcc.dg/atomic/c11-atomic-exec-5.c -O2 execution test
FAIL: gcc.dg/atomic/c11-atomic-exec-5.c -O3 -fomit-frame-pointer -funroll-loops -fpeel-loops -ftracer -finline-functions execution test
FAIL: gcc.dg/atomic/c11-atomic-exec-5.c -O3 -g execution test
FAIL: gcc.dg/atomic/c11-atomic-exec-5.c -Os execution test
FAIL: gcc.dg/atomic/c11-atomic-exec-5.c -O2 -flto -flto-partition=none execution test
FAIL: gcc.dg/atomic/c11-atomic-exec-5.c -O2 -flto execution test
FAIL: gcc.dg/debug/dwarf2/stacked-qualified-types-3.c scan-assembler-times DIE \\\\([^\\n]*\\\\) DW_TAG_(?:const|volatile|atomic|restrict)_type 8
FAIL: gcc.dg/loop-8.c scan-rtl-dump-times loop2_invariant "Decided" 1
FAIL: gcc.dg/loop-8.c scan-rtl-dump-not loop2_invariant "without introducing a new temporary register"
FAIL: gcc.dg/pr64434.c scan-rtl-dump-times expand "Swap operands" 1
XPASS: gcc.dg/sibcall-3.c execution test
XPASS: gcc.dg/sibcall-4.c execution test
FAIL: gcc.dg/uninit-19.c (test for warnings, line 22)
FAIL: gcc.dg/uninit-19.c (test for excess errors)
WARNING: program timed out.
=== gcc Summary ===
# of expected passes 76419
# of unexpected failures 14
# of unexpected successes 2
# of expected failures 141
# of unsupported tests 1749
/test/gnu/gcc/objdir/gcc/xgcc version 6.0.0 20150729 (experimental) [trunk revision 226363] (GCC)
=== gfortran tests ===
Running target unix
=== gfortran Summary ===
# of expected passes 39064
# of expected failures 70
# of unsupported tests 316
/test/gnu/gcc/objdir/gcc/testsuite/gfortran/../../gfortran version 6.0.0 20150729 (experimental) [trunk revision 226363] (GCC)
=== obj-c++ tests ===
Running target unix
=== obj-c++ Summary ===
# of expected passes 1431
# of expected failures 10
# of unsupported tests 77
/test/gnu/gcc/objdir/gcc/testsuite/obj-c++/../../xg++ version 6.0.0 20150729 (experimental) [trunk revision 226363] (GCC)
=== objc tests ===
Running target unix
=== objc Summary ===
# of expected passes 2770
# of unsupported tests 69
/test/gnu/gcc/objdir/gcc/xgcc version 6.0.0 20150729 (experimental) [trunk revision 226363] (GCC)
=== libatomic tests ===
Running target unix
=== libatomic Summary ===
# of expected passes 44
# of unsupported tests 5
=== libgomp tests ===
Running target unix
=== libgomp Summary ===
# of expected passes 4987
# of expected failures 8
# of unsupported tests 314
=== libstdc++ tests ===
Running target unix
FAIL: experimental/optional/constexpr/make_optional.cc (test for excess errors)
UNRESOLVED: experimental/optional/constexpr/make_optional.cc compilation failed to produce executable
FAIL: tr1/8_c_compatibility/complex/50880.cc (test for excess errors)
UNRESOLVED: tr1/8_c_compatibility/complex/50880.cc compilation failed to produce executable
FAIL: tr1/8_c_compatibility/complex/functions.cc (test for excess errors)
=== libstdc++ Summary ===
# of expected passes 8809
# of unexpected failures 3
# of expected failures 66
# of unresolved testcases 2
# of unsupported tests 1021
Compiler version: 6.0.0 20150729 (experimental) [trunk revision 226363] (GCC)
Platform: hppa64-hp-hpux11.11
configure flags:Test Run By dave on Thu Jul 30 15:03:57 2015