This is the mail archive of the
gcc-testresults@gcc.gnu.org
mailing list for the GCC project.
Results for 4.8.5 (tgcware64 4.8.5-1) testsuite on sparc64-sun-solaris2.9
- From: "Tom G. Christensen" <tgc at jupiterrise dot com>
- To: gcc-testresults at gcc dot gnu dot org
- Date: Thu, 30 Jul 2015 13:51:28 +0200
- Subject: Results for 4.8.5 (tgcware64 4.8.5-1) testsuite on sparc64-sun-solaris2.9
- Authentication-results: sourceware.org; auth=none
Built with:
GNU as 2.25
Sun ld 5.9-1.401 (112963-36)
gmp 6.0.0a
mpfr 3.1.2p11
mpc 1.0.3
isl 0.11.2
cloog 0.18.0
CONFIG_SHELL=/bin/ksh
Bootstrap compiler:
Using built-in specs.
COLLECT_GCC=/usr/tgcware/gcc47/bin/gcc
COLLECT_LTO_WRAPPER=/usr/tgcware/libexec/gcc/sparc-sun-solaris2.9/4.7.4/lto-wrapper
Target: sparc-sun-solaris2.9
Configured with: ../gcc-4.7.4/configure --prefix=/usr/tgcware --with-local-prefix=/usr/tgcware/gcc47 --bindir=/usr/tgcware/gcc47/bin --mandir=/usr/tgcware/gcc47/man --infodir=/usr/tgcware/gcc47/info --disable-nls --enable-shared --enable-threads=posix --with-gmp=/usr/tgcware --with-mpfr=/usr/tgcware --with-mpc=/usr/tgcware --with-cloog=/usr/tgcware --with-ppl=/usr/tgcware --without-gnu-ld --with-ld=/usr/ccs/bin/ld --with-gnu-as --with-as=/usr/tgcware/bin/gas --enable-languages=all,ada,obj-c++,go --with-x --enable-java-awt=xlib --with-cpu=v9 --with-pkgversion='tgcware 4.7.4-1' --with-bugurl=http://jupiterrise.com/tgcware
Thread model: posix
gcc version 4.7.4 (tgcware 4.7.4-1)
LAST_UPDATED: Obtained from SVN: tags/gcc_4_8_5_release revision 224821
=== acats tests ===
=== acats Summary ===
# of expected passes 2320
# of unexpected failures 0
Native configuration is sparc64-sun-solaris2.9
=== g++ tests ===
Running target unix
FAIL: g++.dg/tree-prof/pr59255.C compilation, -fprofile-generate
UNRESOLVED: g++.dg/tree-prof/pr59255.C execution, -fprofile-generate
UNRESOLVED: g++.dg/tree-prof/pr59255.C compilation, -fprofile-use
UNRESOLVED: g++.dg/tree-prof/pr59255.C execution, -fprofile-use
=== g++ Summary for unix ===
# of expected passes 51889
# of unexpected failures 1
# of expected failures 294
# of unresolved testcases 3
# of unsupported tests 1078
Running target unix/-m32
FAIL: g++.dg/tree-prof/pr59255.C compilation, -fprofile-generate
UNRESOLVED: g++.dg/tree-prof/pr59255.C execution, -fprofile-generate
UNRESOLVED: g++.dg/tree-prof/pr59255.C compilation, -fprofile-use
UNRESOLVED: g++.dg/tree-prof/pr59255.C execution, -fprofile-use
=== g++ Summary for unix/-m32 ===
# of expected passes 50689
# of unexpected failures 1
# of expected failures 294
# of unresolved testcases 3
# of unsupported tests 1048
=== g++ Summary ===
# of expected passes 102578
# of unexpected failures 2
# of expected failures 588
# of unresolved testcases 6
# of unsupported tests 2126
/export/home/tgc/buildpkg/gcc48/src/all_native/gcc/testsuite/g++/../../xg++ version 4.8.5 (tgcware64 4.8.5-1)
=== gcc tests ===
Running target unix
FAIL: gcc.dg/tls/pr58595.c (test for excess errors)
UNRESOLVED: gcc.dg/tls/pr58595.c compilation failed to produce executable
=== gcc Summary for unix ===
# of expected passes 85238
# of unexpected failures 1
# of expected failures 318
# of unresolved testcases 1
# of unsupported tests 1688
Running target unix/-m32
FAIL: gcc.dg/tls/pr58595.c (test for excess errors)
UNRESOLVED: gcc.dg/tls/pr58595.c compilation failed to produce executable
=== gcc Summary for unix/-m32 ===
# of expected passes 84535
# of unexpected failures 1
# of expected failures 329
# of unresolved testcases 1
# of unsupported tests 1700
=== gcc Summary ===
# of expected passes 169773
# of unexpected failures 2
# of expected failures 647
# of unresolved testcases 2
# of unsupported tests 3388
/export/home/tgc/buildpkg/gcc48/src/all_native/gcc/xgcc version 4.8.5 (tgcware64 4.8.5-1)
=== gfortran tests ===
Running target unix
=== gfortran Summary for unix ===
# of expected passes 43651
# of expected failures 58
# of unsupported tests 289
Running target unix/-m32
=== gfortran Summary for unix/-m32 ===
# of expected passes 43388
# of expected failures 58
# of unsupported tests 410
=== gfortran Summary ===
# of expected passes 87039
# of expected failures 116
# of unsupported tests 699
/export/home/tgc/buildpkg/gcc48/src/all_native/gcc/testsuite/gfortran/../../gfortran version 4.8.5 (tgcware64 4.8.5-1)
=== gnat tests ===
Running target unix
=== gnat Summary for unix ===
# of expected passes 1163
# of expected failures 17
# of unsupported tests 13
Running target unix/-m32
=== gnat Summary for unix/-m32 ===
# of expected passes 1163
# of expected failures 17
# of unsupported tests 13
=== gnat Summary ===
# of expected passes 2326
# of expected failures 34
# of unsupported tests 26
/export/home/tgc/buildpkg/gcc48/src/all_native/gcc/gnatmake version 4.8.5
=== go tests ===
Running target unix
WARNING: program timed out.
FAIL: ./rotate-out.go compilation, -O0 -g -fno-var-tracking-assignments
=== go Summary for unix ===
# of expected passes 5057
# of unexpected failures 1
# of expected failures 1
# of untested testcases 7
Running target unix/-m32
WARNING: program timed out.
FAIL: ./rotate-out.go compilation, -O0 -g -fno-var-tracking-assignments
=== go Summary for unix/-m32 ===
# of expected passes 5177
# of unexpected failures 1
# of expected failures 1
# of untested testcases 7
=== go Summary ===
# of expected passes 10234
# of unexpected failures 2
# of expected failures 2
# of untested testcases 14
/export/home/tgc/buildpkg/gcc48/src/all_native/gcc/testsuite/go/../../gccgo version 4.8.5 (tgcware64 4.8.5-1)
=== obj-c++ tests ===
Running target unix
=== obj-c++ Summary for unix ===
# of expected passes 1442
# of expected failures 10
# of unsupported tests 86
Running target unix/-m32
=== obj-c++ Summary for unix/-m32 ===
# of expected passes 1450
# of expected failures 2
# of unsupported tests 86
=== obj-c++ Summary ===
# of expected passes 2892
# of expected failures 12
# of unsupported tests 172
/export/home/tgc/buildpkg/gcc48/src/all_native/gcc/testsuite/obj-c++/../../xg++ version 4.8.5 (tgcware64 4.8.5-1)
=== objc tests ===
Running target unix
=== objc Summary for unix ===
# of expected passes 2994
# of unsupported tests 74
Running target unix/-m32
=== objc Summary for unix/-m32 ===
# of expected passes 2994
# of unsupported tests 74
=== objc Summary ===
# of expected passes 5988
# of unsupported tests 148
/export/home/tgc/buildpkg/gcc48/src/all_native/gcc/xgcc version 4.8.5 (tgcware64 4.8.5-1)
=== boehm-gc tests ===
Running target unix
=== boehm-gc Summary for unix ===
# of expected passes 12
# of unsupported tests 1
Running target unix/-m32
=== boehm-gc Summary for unix/-m32 ===
# of expected passes 12
# of unsupported tests 1
=== boehm-gc Summary ===
# of expected passes 24
# of unsupported tests 2
=== libatomic tests ===
Running target unix
=== libatomic Summary for unix ===
# of expected passes 44
# of unsupported tests 5
Running target unix/-m32
=== libatomic Summary for unix/-m32 ===
# of expected passes 34
# of unsupported tests 10
=== libatomic Summary ===
# of expected passes 78
# of unsupported tests 15
=== libffi tests ===
Running target unix
FAIL: libffi.call/cls_double_va.c -O0 -W -Wall output pattern test
FAIL: libffi.call/cls_double_va.c -O2 output pattern test
FAIL: libffi.call/cls_double_va.c -O3 output pattern test
FAIL: libffi.call/cls_double_va.c -Os output pattern test
FAIL: libffi.call/cls_double_va.c -O2 -fomit-frame-pointer output pattern test
=== libffi Summary for unix ===
# of expected passes 1814
# of unexpected failures 5
# of unsupported tests 55
Running target unix/-m32
=== libffi Summary for unix/-m32 ===
# of expected passes 1819
# of unsupported tests 55
=== libffi Summary ===
# of expected passes 3633
# of unexpected failures 5
# of unsupported tests 110
=== libgo tests ===
Running target unix
FAIL: net
FAIL: os
FAIL: runtime
FAIL: strconv
FAIL: syscall
FAIL: log/syslog
FAIL: net/http
FAIL: net/http/cgi
FAIL: net/http/httptest
FAIL: net/http/httputil
FAIL: net/rpc
FAIL: net/smtp
FAIL: os/exec
=== libgo Summary for unix ===
# of expected passes 109
# of unexpected failures 13
Running target unix/-m32
FAIL: net
FAIL: runtime
FAIL: log/syslog
FAIL: text/template
FAIL: testing/quick
=== libgo Summary for unix/-m32 ===
# of expected passes 117
# of unexpected failures 5
=== libgo Summary ===
# of expected passes 226
# of unexpected failures 18
/export/home/tgc/buildpkg/gcc48/src/all_native/./gcc/gccgo version 4.8.5 (tgcware64 4.8.5-1)
=== libgomp tests ===
Running target unix
=== libgomp Summary for unix ===
# of expected passes 3086
# of unsupported tests 3
Running target unix/-m32
=== libgomp Summary for unix/-m32 ===
# of expected passes 3086
# of unsupported tests 3
=== libgomp Summary ===
# of expected passes 6172
# of unsupported tests 6
=== libitm tests ===
Running target unix
=== libitm Summary for unix ===
# of expected passes 26
# of expected failures 3
# of unsupported tests 1
Running target unix/-m32
=== libitm Summary for unix/-m32 ===
# of expected passes 26
# of expected failures 3
# of unsupported tests 1
=== libitm Summary ===
# of expected passes 52
# of expected failures 6
# of unsupported tests 2
=== libjava tests ===
Running target unix
=== libjava Summary for unix ===
# of expected passes 2582
# of expected failures 4
Running target unix/-m32
FAIL: Throw_3 -findirect-dispatch execution - source compiled test
=== libjava Summary for unix/-m32 ===
# of expected passes 2580
# of unexpected failures 1
# of expected failures 4
# of untested testcases 1
=== libjava Summary ===
# of expected passes 5162
# of unexpected failures 1
# of expected failures 8
# of untested testcases 1
=== libstdc++ tests ===
Running target unix
=== libstdc++ Summary for unix ===
# of expected passes 7685
# of expected failures 47
# of unsupported tests 902
Running target unix/-m32
=== libstdc++ Summary for unix/-m32 ===
# of expected passes 7685
# of expected failures 47
# of unsupported tests 902
=== libstdc++ Summary ===
# of expected passes 15370
# of expected failures 94
# of unsupported tests 1804
Compiler version: 4.8.5 (tgcware64 4.8.5-1)
Platform: sparc64-sun-solaris2.9
configure flags: --build=sparc64-sun-solaris2.9 CC='gcc -m64' CXX='g++ -m64' --prefix=/usr/tgcware64 --with-local-prefix=/usr/tgcware64/gcc48 --bindir=/usr/tgcware64/gcc48/bin --mandir=/usr/tgcware64/gcc48/man --infodir=/usr/tgcware64/gcc48/info --disable-nls --enable-shared --enable-threads=posix --with-gmp=/usr/tgcware64 --with-mpfr=/usr/tgcware64 --with-mpc=/usr/tgcware64 --with-cloog=/usr/tgcware64 --with-isl=/usr/tgcware64 --with-cloog-backend=isl --without-gnu-ld --with-ld=/usr/ccs/bin/ld --with-gnu-as --with-as=/usr/tgcware/bin/gas --enable-languages=all,ada,obj-c++,go --with-x --enable-java-awt=xlib --with-cpu=v9 --with-pkgversion='tgcware64 4.8.5-1' --with-bugurl=http://jupiterrise.com/tgcware