This is the mail archive of the
gcc-testresults@gcc.gnu.org
mailing list for the GCC project.
Results for 6.0.0 20150724 (experimental) [trunk revision 226132] (GCC) testsuite on m68k-unknown-linux-gnu
- From: Andreas Schwab <schwab at linux-m68k dot org>
- To: gcc-testresults at gcc dot gnu dot org
- Date: Fri, 24 Jul 2015 10:20:36 +0200
- Subject: Results for 6.0.0 20150724 (experimental) [trunk revision 226132] (GCC) testsuite on m68k-unknown-linux-gnu
- Authentication-results: sourceware.org; auth=none
LAST_UPDATED: Fri Jul 24 01:02:10 UTC 2015 (revision 226132)
Target is m68k-unknown-linux-gnu
Host is x86_64-suse-linux-gnu
=== g++ tests ===
Running target aranym
FAIL: g++.dg/cdce3.C -std=gnu++98 scan-tree-dump cdce "cdce3.C:106: note: function call is shrink-wrapped into error conditions."
FAIL: g++.dg/cdce3.C -std=gnu++11 scan-tree-dump cdce "cdce3.C:106: note: function call is shrink-wrapped into error conditions."
FAIL: g++.dg/cdce3.C -std=gnu++14 scan-tree-dump cdce "cdce3.C:106: note: function call is shrink-wrapped into error conditions."
FAIL: g++.dg/cpp0x/decltype-54581.C -std=gnu++11 (internal compiler error)
FAIL: g++.dg/cpp0x/decltype-54581.C -std=gnu++11 (test for excess errors)
FAIL: g++.dg/cpp0x/decltype-54581.C -std=gnu++14 (internal compiler error)
FAIL: g++.dg/cpp0x/decltype-54581.C -std=gnu++14 (test for excess errors)
FAIL: g++.dg/cpp0x/initlist-vect.C -std=c++11 (internal compiler error)
FAIL: g++.dg/cpp0x/initlist-vect.C -std=c++11 (test for excess errors)
FAIL: g++.dg/cpp0x/initlist-vect.C -std=c++14 (internal compiler error)
FAIL: g++.dg/cpp0x/initlist-vect.C -std=c++14 (test for excess errors)
FAIL: g++.dg/ext/attribute-test-3.C -std=c++98 (internal compiler error)
FAIL: g++.dg/ext/attribute-test-3.C -std=c++98 (test for excess errors)
UNRESOLVED: g++.dg/ext/attribute-test-3.C -std=c++98 compilation failed to produce executable
FAIL: g++.dg/ext/attribute-test-3.C -std=c++11 (internal compiler error)
FAIL: g++.dg/ext/attribute-test-3.C -std=c++11 (test for excess errors)
UNRESOLVED: g++.dg/ext/attribute-test-3.C -std=c++11 compilation failed to produce executable
FAIL: g++.dg/ext/attribute-test-3.C -std=c++14 (internal compiler error)
FAIL: g++.dg/ext/attribute-test-3.C -std=c++14 (test for excess errors)
UNRESOLVED: g++.dg/ext/attribute-test-3.C -std=c++14 compilation failed to produce executable
FAIL: g++.dg/ext/attribute-test-4.C -std=c++98 (internal compiler error)
FAIL: g++.dg/ext/attribute-test-4.C -std=c++98 (test for excess errors)
UNRESOLVED: g++.dg/ext/attribute-test-4.C -std=c++98 compilation failed to produce executable
FAIL: g++.dg/ext/attribute-test-4.C -std=c++11 (internal compiler error)
FAIL: g++.dg/ext/attribute-test-4.C -std=c++11 (test for excess errors)
UNRESOLVED: g++.dg/ext/attribute-test-4.C -std=c++11 compilation failed to produce executable
FAIL: g++.dg/ext/attribute-test-4.C -std=c++14 (internal compiler error)
FAIL: g++.dg/ext/attribute-test-4.C -std=c++14 (test for excess errors)
UNRESOLVED: g++.dg/ext/attribute-test-4.C -std=c++14 compilation failed to produce executable
FAIL: g++.dg/ext/pr59378.C -std=c++98 (internal compiler error)
FAIL: g++.dg/ext/pr59378.C -std=c++98 (test for excess errors)
FAIL: g++.dg/ext/pr59378.C -std=c++11 (internal compiler error)
FAIL: g++.dg/ext/pr59378.C -std=c++11 (test for excess errors)
FAIL: g++.dg/ext/pr59378.C -std=c++14 (internal compiler error)
FAIL: g++.dg/ext/pr59378.C -std=c++14 (test for excess errors)
FAIL: g++.dg/ext/vector27.C -std=c++98 (internal compiler error)
FAIL: g++.dg/ext/vector27.C -std=c++98 (test for excess errors)
FAIL: g++.dg/ext/vector27.C -std=c++11 (internal compiler error)
FAIL: g++.dg/ext/vector27.C -std=c++11 (test for excess errors)
FAIL: g++.dg/ext/vector27.C -std=c++14 (internal compiler error)
FAIL: g++.dg/ext/vector27.C -std=c++14 (test for excess errors)
FAIL: g++.dg/ext/vector28.C -std=c++98 (internal compiler error)
FAIL: g++.dg/ext/vector28.C -std=c++98 (test for excess errors)
FAIL: g++.dg/ext/vector28.C -std=c++11 (internal compiler error)
FAIL: g++.dg/ext/vector28.C -std=c++11 (test for excess errors)
FAIL: g++.dg/ext/vector28.C -std=c++14 (internal compiler error)
FAIL: g++.dg/ext/vector28.C -std=c++14 (test for excess errors)
FAIL: g++.dg/ext/vector5.C -std=c++98 (internal compiler error)
FAIL: g++.dg/ext/vector5.C -std=c++98 (test for excess errors)
FAIL: g++.dg/ext/vector5.C -std=c++11 (internal compiler error)
FAIL: g++.dg/ext/vector5.C -std=c++11 (test for excess errors)
FAIL: g++.dg/ext/vector5.C -std=c++14 (internal compiler error)
FAIL: g++.dg/ext/vector5.C -std=c++14 (test for excess errors)
FAIL: g++.dg/opt/pr56381.C -std=gnu++11 (internal compiler error)
FAIL: g++.dg/opt/pr56381.C -std=gnu++11 (test for excess errors)
FAIL: g++.dg/opt/pr56381.C -std=gnu++14 (internal compiler error)
FAIL: g++.dg/opt/pr56381.C -std=gnu++14 (test for excess errors)
FAIL: g++.dg/other/vector-compare.C -std=gnu++11 (internal compiler error)
FAIL: g++.dg/other/vector-compare.C -std=gnu++11 (test for excess errors)
FAIL: g++.dg/other/vector-compare.C -std=gnu++14 (internal compiler error)
FAIL: g++.dg/other/vector-compare.C -std=gnu++14 (test for excess errors)
FAIL: g++.dg/parse/attr2.C -std=c++98 (internal compiler error)
FAIL: g++.dg/parse/attr2.C -std=c++98 (test for excess errors)
FAIL: g++.dg/parse/attr2.C -std=c++11 (internal compiler error)
FAIL: g++.dg/parse/attr2.C -std=c++11 (test for excess errors)
FAIL: g++.dg/parse/attr2.C -std=c++14 (internal compiler error)
FAIL: g++.dg/parse/attr2.C -std=c++14 (test for excess errors)
FAIL: g++.dg/pr58950.C -std=gnu++98 (internal compiler error)
FAIL: g++.dg/pr58950.C -std=gnu++98 (test for excess errors)
FAIL: g++.dg/pr58950.C -std=gnu++11 (internal compiler error)
FAIL: g++.dg/pr58950.C -std=gnu++11 (test for excess errors)
FAIL: g++.dg/pr58950.C -std=gnu++14 (internal compiler error)
FAIL: g++.dg/pr58950.C -std=gnu++14 (test for excess errors)
FAIL: c-c++-common/Wunused-var-12.c -std=gnu++98 (internal compiler error)
FAIL: c-c++-common/Wunused-var-12.c -std=gnu++98 (test for excess errors)
FAIL: c-c++-common/Wunused-var-12.c -std=gnu++11 (internal compiler error)
FAIL: c-c++-common/Wunused-var-12.c -std=gnu++11 (test for excess errors)
FAIL: c-c++-common/Wunused-var-12.c -std=gnu++14 (internal compiler error)
FAIL: c-c++-common/Wunused-var-12.c -std=gnu++14 (test for excess errors)
FAIL: c-c++-common/opaque-vector.c -std=c++98 (internal compiler error)
FAIL: c-c++-common/opaque-vector.c -std=c++98 (test for excess errors)
FAIL: c-c++-common/opaque-vector.c -std=c++11 (internal compiler error)
FAIL: c-c++-common/opaque-vector.c -std=c++11 (test for excess errors)
FAIL: c-c++-common/opaque-vector.c -std=c++14 (internal compiler error)
FAIL: c-c++-common/opaque-vector.c -std=c++14 (test for excess errors)
FAIL: c-c++-common/pr63764-2.c -std=c++98 (internal compiler error)
FAIL: c-c++-common/pr63764-2.c -std=c++98 (test for excess errors)
FAIL: c-c++-common/pr63764-2.c -std=c++11 (internal compiler error)
FAIL: c-c++-common/pr63764-2.c -std=c++11 (test for excess errors)
FAIL: c-c++-common/pr63764-2.c -std=c++14 (internal compiler error)
FAIL: c-c++-common/pr63764-2.c -std=c++14 (test for excess errors)
FAIL: c-c++-common/vector-scalar.c -std=c++98 (internal compiler error)
FAIL: c-c++-common/vector-scalar.c -std=c++98 (test for excess errors)
FAIL: c-c++-common/vector-scalar.c -std=c++11 (internal compiler error)
FAIL: c-c++-common/vector-scalar.c -std=c++11 (test for excess errors)
FAIL: c-c++-common/vector-scalar.c -std=c++14 (internal compiler error)
FAIL: c-c++-common/vector-scalar.c -std=c++14 (test for excess errors)
FAIL: c-c++-common/gomp/atomic-10.c -std=gnu++98 scan-tree-dump-times ompexp "__atomic_fetch_add" 4
FAIL: c-c++-common/gomp/atomic-10.c -std=gnu++11 scan-tree-dump-times ompexp "__atomic_fetch_add" 4
FAIL: c-c++-common/gomp/atomic-10.c -std=gnu++14 scan-tree-dump-times ompexp "__atomic_fetch_add" 4
FAIL: c-c++-common/gomp/atomic-3.c -std=gnu++98 scan-tree-dump-times ompexp "xyzzy, 4" 1
FAIL: c-c++-common/gomp/atomic-3.c -std=gnu++11 scan-tree-dump-times ompexp "xyzzy, 4" 1
FAIL: c-c++-common/gomp/atomic-3.c -std=gnu++14 scan-tree-dump-times ompexp "xyzzy, 4" 1
FAIL: c-c++-common/gomp/atomic-9.c -std=gnu++98 scan-tree-dump-times ompexp "__atomic_fetch_add" 1
FAIL: c-c++-common/gomp/atomic-9.c -std=gnu++11 scan-tree-dump-times ompexp "__atomic_fetch_add" 1
FAIL: c-c++-common/gomp/atomic-9.c -std=gnu++14 scan-tree-dump-times ompexp "__atomic_fetch_add" 1
FAIL: c-c++-common/torture/vector-compare-1.c -O0 (internal compiler error)
FAIL: c-c++-common/torture/vector-compare-1.c -O0 (test for excess errors)
UNRESOLVED: c-c++-common/torture/vector-compare-1.c -O0 compilation failed to produce executable
FAIL: c-c++-common/torture/vector-compare-1.c -O1 (internal compiler error)
FAIL: c-c++-common/torture/vector-compare-1.c -O1 (test for excess errors)
UNRESOLVED: c-c++-common/torture/vector-compare-1.c -O1 compilation failed to produce executable
FAIL: c-c++-common/torture/vector-compare-1.c -O2 (internal compiler error)
FAIL: c-c++-common/torture/vector-compare-1.c -O2 (test for excess errors)
UNRESOLVED: c-c++-common/torture/vector-compare-1.c -O2 compilation failed to produce executable
FAIL: c-c++-common/torture/vector-compare-1.c -O3 -fomit-frame-pointer -funroll-loops -fpeel-loops -ftracer -finline-functions (internal compiler error)
FAIL: c-c++-common/torture/vector-compare-1.c -O3 -fomit-frame-pointer -funroll-loops -fpeel-loops -ftracer -finline-functions (test for excess errors)
UNRESOLVED: c-c++-common/torture/vector-compare-1.c -O3 -fomit-frame-pointer -funroll-loops -fpeel-loops -ftracer -finline-functions compilation failed to produce executable
FAIL: c-c++-common/torture/vector-compare-1.c -O3 -g (internal compiler error)
FAIL: c-c++-common/torture/vector-compare-1.c -O3 -g (test for excess errors)
UNRESOLVED: c-c++-common/torture/vector-compare-1.c -O3 -g compilation failed to produce executable
FAIL: c-c++-common/torture/vector-compare-1.c -Os (internal compiler error)
FAIL: c-c++-common/torture/vector-compare-1.c -Os (test for excess errors)
UNRESOLVED: c-c++-common/torture/vector-compare-1.c -Os compilation failed to produce executable
FAIL: c-c++-common/torture/vector-compare-1.c -O2 -flto -fno-use-linker-plugin -flto-partition=none (internal compiler error)
FAIL: c-c++-common/torture/vector-compare-1.c -O2 -flto -fno-use-linker-plugin -flto-partition=none (test for excess errors)
UNRESOLVED: c-c++-common/torture/vector-compare-1.c -O2 -flto -fno-use-linker-plugin -flto-partition=none compilation failed to produce executable
FAIL: c-c++-common/torture/vector-compare-1.c -O2 -flto -fuse-linker-plugin -fno-fat-lto-objects (internal compiler error)
FAIL: c-c++-common/torture/vector-compare-1.c -O2 -flto -fuse-linker-plugin -fno-fat-lto-objects (test for excess errors)
UNRESOLVED: c-c++-common/torture/vector-compare-1.c -O2 -flto -fuse-linker-plugin -fno-fat-lto-objects compilation failed to produce executable
FAIL: c-c++-common/torture/vector-compare-2.c -O0 (internal compiler error)
FAIL: c-c++-common/torture/vector-compare-2.c -O0 (test for excess errors)
UNRESOLVED: c-c++-common/torture/vector-compare-2.c -O0 compilation failed to produce executable
FAIL: c-c++-common/torture/vector-shift1.c -O0 (internal compiler error)
FAIL: c-c++-common/torture/vector-shift1.c -O0 (test for excess errors)
UNRESOLVED: c-c++-common/torture/vector-shift1.c -O0 compilation failed to produce executable
FAIL: c-c++-common/torture/vector-shift2.c -O0 (internal compiler error)
FAIL: c-c++-common/torture/vector-shift2.c -O0 (test for excess errors)
UNRESOLVED: c-c++-common/torture/vector-shift2.c -O0 compilation failed to produce executable
FAIL: c-c++-common/torture/vshuf-v16hi.c -O0 (internal compiler error)
FAIL: c-c++-common/torture/vshuf-v16hi.c -O0 (test for excess errors)
FAIL: c-c++-common/torture/vshuf-v16hi.c -O1 (internal compiler error)
FAIL: c-c++-common/torture/vshuf-v16hi.c -O1 (test for excess errors)
FAIL: c-c++-common/torture/vshuf-v16hi.c -O2 (internal compiler error)
FAIL: c-c++-common/torture/vshuf-v16hi.c -O2 (test for excess errors)
FAIL: c-c++-common/torture/vshuf-v16hi.c -O3 -g (internal compiler error)
FAIL: c-c++-common/torture/vshuf-v16hi.c -O3 -g (test for excess errors)
FAIL: c-c++-common/torture/vshuf-v16hi.c -Os (internal compiler error)
FAIL: c-c++-common/torture/vshuf-v16hi.c -Os (test for excess errors)
FAIL: c-c++-common/torture/vshuf-v16hi.c -O2 -flto -fno-use-linker-plugin -flto-partition=none (internal compiler error)
FAIL: c-c++-common/torture/vshuf-v16hi.c -O2 -flto -fno-use-linker-plugin -flto-partition=none (test for excess errors)
FAIL: c-c++-common/torture/vshuf-v2df.c -O0 (internal compiler error)
FAIL: c-c++-common/torture/vshuf-v2df.c -O0 (test for excess errors)
FAIL: c-c++-common/torture/vshuf-v2df.c -O1 (internal compiler error)
FAIL: c-c++-common/torture/vshuf-v2df.c -O1 (test for excess errors)
FAIL: c-c++-common/torture/vshuf-v2df.c -O2 (internal compiler error)
FAIL: c-c++-common/torture/vshuf-v2df.c -O2 (test for excess errors)
FAIL: c-c++-common/torture/vshuf-v2df.c -O3 -g (internal compiler error)
FAIL: c-c++-common/torture/vshuf-v2df.c -O3 -g (test for excess errors)
FAIL: c-c++-common/torture/vshuf-v2df.c -Os (internal compiler error)
FAIL: c-c++-common/torture/vshuf-v2df.c -Os (test for excess errors)
FAIL: c-c++-common/torture/vshuf-v2df.c -O2 -flto -fno-use-linker-plugin -flto-partition=none (internal compiler error)
FAIL: c-c++-common/torture/vshuf-v2df.c -O2 -flto -fno-use-linker-plugin -flto-partition=none (test for excess errors)
FAIL: c-c++-common/torture/vshuf-v2sf.c -O0 (internal compiler error)
FAIL: c-c++-common/torture/vshuf-v2sf.c -O0 (test for excess errors)
FAIL: c-c++-common/torture/vshuf-v2sf.c -O1 (internal compiler error)
FAIL: c-c++-common/torture/vshuf-v2sf.c -O1 (test for excess errors)
FAIL: c-c++-common/torture/vshuf-v2sf.c -O2 (internal compiler error)
FAIL: c-c++-common/torture/vshuf-v2sf.c -O2 (test for excess errors)
FAIL: c-c++-common/torture/vshuf-v2sf.c -O3 -g (internal compiler error)
FAIL: c-c++-common/torture/vshuf-v2sf.c -O3 -g (test for excess errors)
FAIL: c-c++-common/torture/vshuf-v2sf.c -Os (internal compiler error)
FAIL: c-c++-common/torture/vshuf-v2sf.c -Os (test for excess errors)
FAIL: c-c++-common/torture/vshuf-v2sf.c -O2 -flto -fno-use-linker-plugin -flto-partition=none (internal compiler error)
FAIL: c-c++-common/torture/vshuf-v2sf.c -O2 -flto -fno-use-linker-plugin -flto-partition=none (test for excess errors)
FAIL: c-c++-common/torture/vshuf-v4df.c -O0 (internal compiler error)
FAIL: c-c++-common/torture/vshuf-v4df.c -O0 (test for excess errors)
FAIL: c-c++-common/torture/vshuf-v4df.c -O1 (internal compiler error)
FAIL: c-c++-common/torture/vshuf-v4df.c -O1 (test for excess errors)
FAIL: c-c++-common/torture/vshuf-v4df.c -O2 (internal compiler error)
FAIL: c-c++-common/torture/vshuf-v4df.c -O2 (test for excess errors)
FAIL: c-c++-common/torture/vshuf-v4df.c -O3 -g (internal compiler error)
FAIL: c-c++-common/torture/vshuf-v4df.c -O3 -g (test for excess errors)
FAIL: c-c++-common/torture/vshuf-v4df.c -Os (internal compiler error)
FAIL: c-c++-common/torture/vshuf-v4df.c -Os (test for excess errors)
FAIL: c-c++-common/torture/vshuf-v4df.c -O2 -flto -fno-use-linker-plugin -flto-partition=none (internal compiler error)
FAIL: c-c++-common/torture/vshuf-v4df.c -O2 -flto -fno-use-linker-plugin -flto-partition=none (test for excess errors)
FAIL: c-c++-common/torture/vshuf-v4di.c -O0 (internal compiler error)
FAIL: c-c++-common/torture/vshuf-v4di.c -O0 (test for excess errors)
FAIL: c-c++-common/torture/vshuf-v4di.c -O1 (internal compiler error)
FAIL: c-c++-common/torture/vshuf-v4di.c -O1 (test for excess errors)
FAIL: c-c++-common/torture/vshuf-v4di.c -O2 (internal compiler error)
FAIL: c-c++-common/torture/vshuf-v4di.c -O2 (test for excess errors)
FAIL: c-c++-common/torture/vshuf-v4di.c -O3 -g (internal compiler error)
FAIL: c-c++-common/torture/vshuf-v4di.c -O3 -g (test for excess errors)
FAIL: c-c++-common/torture/vshuf-v4di.c -Os (internal compiler error)
FAIL: c-c++-common/torture/vshuf-v4di.c -Os (test for excess errors)
FAIL: c-c++-common/torture/vshuf-v4di.c -O2 -flto -fno-use-linker-plugin -flto-partition=none (internal compiler error)
FAIL: c-c++-common/torture/vshuf-v4di.c -O2 -flto -fno-use-linker-plugin -flto-partition=none (test for excess errors)
FAIL: c-c++-common/torture/vshuf-v4sf.c -O0 (internal compiler error)
FAIL: c-c++-common/torture/vshuf-v4sf.c -O0 (test for excess errors)
FAIL: c-c++-common/torture/vshuf-v4sf.c -O1 (internal compiler error)
FAIL: c-c++-common/torture/vshuf-v4sf.c -O1 (test for excess errors)
FAIL: c-c++-common/torture/vshuf-v4sf.c -O2 (internal compiler error)
FAIL: c-c++-common/torture/vshuf-v4sf.c -O2 (test for excess errors)
FAIL: c-c++-common/torture/vshuf-v4sf.c -O3 -g (internal compiler error)
FAIL: c-c++-common/torture/vshuf-v4sf.c -O3 -g (test for excess errors)
FAIL: c-c++-common/torture/vshuf-v4sf.c -Os (internal compiler error)
FAIL: c-c++-common/torture/vshuf-v4sf.c -Os (test for excess errors)
FAIL: c-c++-common/torture/vshuf-v4sf.c -O2 -flto -fno-use-linker-plugin -flto-partition=none (internal compiler error)
FAIL: c-c++-common/torture/vshuf-v4sf.c -O2 -flto -fno-use-linker-plugin -flto-partition=none (test for excess errors)
FAIL: c-c++-common/torture/vshuf-v8si.c -O0 (internal compiler error)
FAIL: c-c++-common/torture/vshuf-v8si.c -O0 (test for excess errors)
FAIL: c-c++-common/torture/vshuf-v8si.c -O1 (internal compiler error)
FAIL: c-c++-common/torture/vshuf-v8si.c -O1 (test for excess errors)
FAIL: c-c++-common/torture/vshuf-v8si.c -O2 (internal compiler error)
FAIL: c-c++-common/torture/vshuf-v8si.c -O2 (test for excess errors)
FAIL: c-c++-common/torture/vshuf-v8si.c -O3 -g (internal compiler error)
FAIL: c-c++-common/torture/vshuf-v8si.c -O3 -g (test for excess errors)
FAIL: c-c++-common/torture/vshuf-v8si.c -Os (internal compiler error)
FAIL: c-c++-common/torture/vshuf-v8si.c -Os (test for excess errors)
FAIL: c-c++-common/torture/vshuf-v8si.c -O2 -flto -fno-use-linker-plugin -flto-partition=none (internal compiler error)
FAIL: c-c++-common/torture/vshuf-v8si.c -O2 -flto -fno-use-linker-plugin -flto-partition=none (test for excess errors)
FAIL: g++.dg/torture/pr63419.C -O0 (internal compiler error)
FAIL: g++.dg/torture/pr63419.C -O0 (test for excess errors)
FAIL: g++.dg/torture/pr63419.C -O1 (internal compiler error)
FAIL: g++.dg/torture/pr63419.C -O1 (test for excess errors)
FAIL: g++.dg/torture/pr63419.C -O2 (internal compiler error)
FAIL: g++.dg/torture/pr63419.C -O2 (test for excess errors)
FAIL: g++.dg/torture/pr63419.C -O3 -fomit-frame-pointer -funroll-loops -fpeel-loops -ftracer -finline-functions (internal compiler error)
FAIL: g++.dg/torture/pr63419.C -O3 -fomit-frame-pointer -funroll-loops -fpeel-loops -ftracer -finline-functions (test for excess errors)
FAIL: g++.dg/torture/pr63419.C -O3 -g (internal compiler error)
FAIL: g++.dg/torture/pr63419.C -O3 -g (test for excess errors)
FAIL: g++.dg/torture/pr63419.C -Os (internal compiler error)
FAIL: g++.dg/torture/pr63419.C -Os (test for excess errors)
FAIL: g++.dg/torture/pr63419.C -O2 -flto -fno-use-linker-plugin -flto-partition=none (internal compiler error)
FAIL: g++.dg/torture/pr63419.C -O2 -flto -fno-use-linker-plugin -flto-partition=none (test for excess errors)
FAIL: g++.dg/torture/vshuf-v16hi.C -O0 (internal compiler error)
FAIL: g++.dg/torture/vshuf-v16hi.C -O0 (test for excess errors)
UNRESOLVED: g++.dg/torture/vshuf-v16hi.C -O0 compilation failed to produce executable
FAIL: g++.dg/torture/vshuf-v16hi.C -O1 (internal compiler error)
FAIL: g++.dg/torture/vshuf-v16hi.C -O1 (test for excess errors)
UNRESOLVED: g++.dg/torture/vshuf-v16hi.C -O1 compilation failed to produce executable
FAIL: g++.dg/torture/vshuf-v16hi.C -O2 (internal compiler error)
FAIL: g++.dg/torture/vshuf-v16hi.C -O2 (test for excess errors)
UNRESOLVED: g++.dg/torture/vshuf-v16hi.C -O2 compilation failed to produce executable
FAIL: g++.dg/torture/vshuf-v16hi.C -O3 -g (internal compiler error)
FAIL: g++.dg/torture/vshuf-v16hi.C -O3 -g (test for excess errors)
UNRESOLVED: g++.dg/torture/vshuf-v16hi.C -O3 -g compilation failed to produce executable
FAIL: g++.dg/torture/vshuf-v16hi.C -Os (internal compiler error)
FAIL: g++.dg/torture/vshuf-v16hi.C -Os (test for excess errors)
UNRESOLVED: g++.dg/torture/vshuf-v16hi.C -Os compilation failed to produce executable
FAIL: g++.dg/torture/vshuf-v16hi.C -O2 -flto -fno-use-linker-plugin -flto-partition=none (internal compiler error)
FAIL: g++.dg/torture/vshuf-v16hi.C -O2 -flto -fno-use-linker-plugin -flto-partition=none (test for excess errors)
UNRESOLVED: g++.dg/torture/vshuf-v16hi.C -O2 -flto -fno-use-linker-plugin -flto-partition=none compilation failed to produce executable
FAIL: g++.dg/torture/vshuf-v16hi.C -O2 -flto -fuse-linker-plugin -fno-fat-lto-objects (internal compiler error)
FAIL: g++.dg/torture/vshuf-v16hi.C -O2 -flto -fuse-linker-plugin -fno-fat-lto-objects (test for excess errors)
UNRESOLVED: g++.dg/torture/vshuf-v16hi.C -O2 -flto -fuse-linker-plugin -fno-fat-lto-objects compilation failed to produce executable
FAIL: g++.dg/torture/vshuf-v2df.C -O0 (internal compiler error)
FAIL: g++.dg/torture/vshuf-v2df.C -O0 (test for excess errors)
UNRESOLVED: g++.dg/torture/vshuf-v2df.C -O0 compilation failed to produce executable
FAIL: g++.dg/torture/vshuf-v2df.C -O1 (internal compiler error)
FAIL: g++.dg/torture/vshuf-v2df.C -O1 (test for excess errors)
UNRESOLVED: g++.dg/torture/vshuf-v2df.C -O1 compilation failed to produce executable
FAIL: g++.dg/torture/vshuf-v2df.C -O2 (internal compiler error)
FAIL: g++.dg/torture/vshuf-v2df.C -O2 (test for excess errors)
UNRESOLVED: g++.dg/torture/vshuf-v2df.C -O2 compilation failed to produce executable
FAIL: g++.dg/torture/vshuf-v2df.C -O3 -g (internal compiler error)
FAIL: g++.dg/torture/vshuf-v2df.C -O3 -g (test for excess errors)
UNRESOLVED: g++.dg/torture/vshuf-v2df.C -O3 -g compilation failed to produce executable
FAIL: g++.dg/torture/vshuf-v2df.C -Os (internal compiler error)
FAIL: g++.dg/torture/vshuf-v2df.C -Os (test for excess errors)
UNRESOLVED: g++.dg/torture/vshuf-v2df.C -Os compilation failed to produce executable
FAIL: g++.dg/torture/vshuf-v2df.C -O2 -flto -fno-use-linker-plugin -flto-partition=none (internal compiler error)
FAIL: g++.dg/torture/vshuf-v2df.C -O2 -flto -fno-use-linker-plugin -flto-partition=none (test for excess errors)
UNRESOLVED: g++.dg/torture/vshuf-v2df.C -O2 -flto -fno-use-linker-plugin -flto-partition=none compilation failed to produce executable
FAIL: g++.dg/torture/vshuf-v2df.C -O2 -flto -fuse-linker-plugin -fno-fat-lto-objects (internal compiler error)
FAIL: g++.dg/torture/vshuf-v2df.C -O2 -flto -fuse-linker-plugin -fno-fat-lto-objects (test for excess errors)
UNRESOLVED: g++.dg/torture/vshuf-v2df.C -O2 -flto -fuse-linker-plugin -fno-fat-lto-objects compilation failed to produce executable
FAIL: g++.dg/torture/vshuf-v2sf.C -O0 (internal compiler error)
FAIL: g++.dg/torture/vshuf-v2sf.C -O0 (test for excess errors)
UNRESOLVED: g++.dg/torture/vshuf-v2sf.C -O0 compilation failed to produce executable
FAIL: g++.dg/torture/vshuf-v2sf.C -O1 (internal compiler error)
FAIL: g++.dg/torture/vshuf-v2sf.C -O1 (test for excess errors)
UNRESOLVED: g++.dg/torture/vshuf-v2sf.C -O1 compilation failed to produce executable
FAIL: g++.dg/torture/vshuf-v2sf.C -O2 (internal compiler error)
FAIL: g++.dg/torture/vshuf-v2sf.C -O2 (test for excess errors)
UNRESOLVED: g++.dg/torture/vshuf-v2sf.C -O2 compilation failed to produce executable
FAIL: g++.dg/torture/vshuf-v2sf.C -O3 -g (internal compiler error)
FAIL: g++.dg/torture/vshuf-v2sf.C -O3 -g (test for excess errors)
UNRESOLVED: g++.dg/torture/vshuf-v2sf.C -O3 -g compilation failed to produce executable
FAIL: g++.dg/torture/vshuf-v2sf.C -Os (internal compiler error)
FAIL: g++.dg/torture/vshuf-v2sf.C -Os (test for excess errors)
UNRESOLVED: g++.dg/torture/vshuf-v2sf.C -Os compilation failed to produce executable
FAIL: g++.dg/torture/vshuf-v2sf.C -O2 -flto -fno-use-linker-plugin -flto-partition=none (internal compiler error)
FAIL: g++.dg/torture/vshuf-v2sf.C -O2 -flto -fno-use-linker-plugin -flto-partition=none (test for excess errors)
UNRESOLVED: g++.dg/torture/vshuf-v2sf.C -O2 -flto -fno-use-linker-plugin -flto-partition=none compilation failed to produce executable
FAIL: g++.dg/torture/vshuf-v2sf.C -O2 -flto -fuse-linker-plugin -fno-fat-lto-objects (internal compiler error)
FAIL: g++.dg/torture/vshuf-v2sf.C -O2 -flto -fuse-linker-plugin -fno-fat-lto-objects (test for excess errors)
UNRESOLVED: g++.dg/torture/vshuf-v2sf.C -O2 -flto -fuse-linker-plugin -fno-fat-lto-objects compilation failed to produce executable
FAIL: g++.dg/torture/vshuf-v4df.C -O0 (internal compiler error)
FAIL: g++.dg/torture/vshuf-v4df.C -O0 (test for excess errors)
UNRESOLVED: g++.dg/torture/vshuf-v4df.C -O0 compilation failed to produce executable
FAIL: g++.dg/torture/vshuf-v4df.C -O1 (internal compiler error)
FAIL: g++.dg/torture/vshuf-v4df.C -O1 (test for excess errors)
UNRESOLVED: g++.dg/torture/vshuf-v4df.C -O1 compilation failed to produce executable
FAIL: g++.dg/torture/vshuf-v4df.C -O2 (internal compiler error)
FAIL: g++.dg/torture/vshuf-v4df.C -O2 (test for excess errors)
UNRESOLVED: g++.dg/torture/vshuf-v4df.C -O2 compilation failed to produce executable
FAIL: g++.dg/torture/vshuf-v4df.C -O3 -g (internal compiler error)
FAIL: g++.dg/torture/vshuf-v4df.C -O3 -g (test for excess errors)
UNRESOLVED: g++.dg/torture/vshuf-v4df.C -O3 -g compilation failed to produce executable
FAIL: g++.dg/torture/vshuf-v4df.C -Os (internal compiler error)
FAIL: g++.dg/torture/vshuf-v4df.C -Os (test for excess errors)
UNRESOLVED: g++.dg/torture/vshuf-v4df.C -Os compilation failed to produce executable
FAIL: g++.dg/torture/vshuf-v4df.C -O2 -flto -fno-use-linker-plugin -flto-partition=none (internal compiler error)
FAIL: g++.dg/torture/vshuf-v4df.C -O2 -flto -fno-use-linker-plugin -flto-partition=none (test for excess errors)
UNRESOLVED: g++.dg/torture/vshuf-v4df.C -O2 -flto -fno-use-linker-plugin -flto-partition=none compilation failed to produce executable
FAIL: g++.dg/torture/vshuf-v4df.C -O2 -flto -fuse-linker-plugin -fno-fat-lto-objects (internal compiler error)
FAIL: g++.dg/torture/vshuf-v4df.C -O2 -flto -fuse-linker-plugin -fno-fat-lto-objects (test for excess errors)
UNRESOLVED: g++.dg/torture/vshuf-v4df.C -O2 -flto -fuse-linker-plugin -fno-fat-lto-objects compilation failed to produce executable
FAIL: g++.dg/torture/vshuf-v4di.C -O0 (internal compiler error)
FAIL: g++.dg/torture/vshuf-v4di.C -O0 (test for excess errors)
UNRESOLVED: g++.dg/torture/vshuf-v4di.C -O0 compilation failed to produce executable
FAIL: g++.dg/torture/vshuf-v4di.C -O1 (internal compiler error)
FAIL: g++.dg/torture/vshuf-v4di.C -O1 (test for excess errors)
UNRESOLVED: g++.dg/torture/vshuf-v4di.C -O1 compilation failed to produce executable
FAIL: g++.dg/torture/vshuf-v4di.C -O2 (internal compiler error)
FAIL: g++.dg/torture/vshuf-v4di.C -O2 (test for excess errors)
UNRESOLVED: g++.dg/torture/vshuf-v4di.C -O2 compilation failed to produce executable
FAIL: g++.dg/torture/vshuf-v4di.C -O3 -g (internal compiler error)
FAIL: g++.dg/torture/vshuf-v4di.C -O3 -g (test for excess errors)
UNRESOLVED: g++.dg/torture/vshuf-v4di.C -O3 -g compilation failed to produce executable
FAIL: g++.dg/torture/vshuf-v4di.C -Os (internal compiler error)
FAIL: g++.dg/torture/vshuf-v4di.C -Os (test for excess errors)
UNRESOLVED: g++.dg/torture/vshuf-v4di.C -Os compilation failed to produce executable
FAIL: g++.dg/torture/vshuf-v4di.C -O2 -flto -fno-use-linker-plugin -flto-partition=none (internal compiler error)
FAIL: g++.dg/torture/vshuf-v4di.C -O2 -flto -fno-use-linker-plugin -flto-partition=none (test for excess errors)
UNRESOLVED: g++.dg/torture/vshuf-v4di.C -O2 -flto -fno-use-linker-plugin -flto-partition=none compilation failed to produce executable
FAIL: g++.dg/torture/vshuf-v4di.C -O2 -flto -fuse-linker-plugin -fno-fat-lto-objects (internal compiler error)
FAIL: g++.dg/torture/vshuf-v4di.C -O2 -flto -fuse-linker-plugin -fno-fat-lto-objects (test for excess errors)
UNRESOLVED: g++.dg/torture/vshuf-v4di.C -O2 -flto -fuse-linker-plugin -fno-fat-lto-objects compilation failed to produce executable
FAIL: g++.dg/torture/vshuf-v4sf.C -O0 (internal compiler error)
FAIL: g++.dg/torture/vshuf-v4sf.C -O0 (test for excess errors)
UNRESOLVED: g++.dg/torture/vshuf-v4sf.C -O0 compilation failed to produce executable
FAIL: g++.dg/torture/vshuf-v4sf.C -O1 (internal compiler error)
FAIL: g++.dg/torture/vshuf-v4sf.C -O1 (test for excess errors)
UNRESOLVED: g++.dg/torture/vshuf-v4sf.C -O1 compilation failed to produce executable
FAIL: g++.dg/torture/vshuf-v4sf.C -O2 (internal compiler error)
FAIL: g++.dg/torture/vshuf-v4sf.C -O2 (test for excess errors)
UNRESOLVED: g++.dg/torture/vshuf-v4sf.C -O2 compilation failed to produce executable
FAIL: g++.dg/torture/vshuf-v4sf.C -O3 -g (internal compiler error)
FAIL: g++.dg/torture/vshuf-v4sf.C -O3 -g (test for excess errors)
UNRESOLVED: g++.dg/torture/vshuf-v4sf.C -O3 -g compilation failed to produce executable
FAIL: g++.dg/torture/vshuf-v4sf.C -Os (internal compiler error)
FAIL: g++.dg/torture/vshuf-v4sf.C -Os (test for excess errors)
UNRESOLVED: g++.dg/torture/vshuf-v4sf.C -Os compilation failed to produce executable
FAIL: g++.dg/torture/vshuf-v4sf.C -O2 -flto -fno-use-linker-plugin -flto-partition=none (internal compiler error)
FAIL: g++.dg/torture/vshuf-v4sf.C -O2 -flto -fno-use-linker-plugin -flto-partition=none (test for excess errors)
UNRESOLVED: g++.dg/torture/vshuf-v4sf.C -O2 -flto -fno-use-linker-plugin -flto-partition=none compilation failed to produce executable
FAIL: g++.dg/torture/vshuf-v4sf.C -O2 -flto -fuse-linker-plugin -fno-fat-lto-objects (internal compiler error)
FAIL: g++.dg/torture/vshuf-v4sf.C -O2 -flto -fuse-linker-plugin -fno-fat-lto-objects (test for excess errors)
UNRESOLVED: g++.dg/torture/vshuf-v4sf.C -O2 -flto -fuse-linker-plugin -fno-fat-lto-objects compilation failed to produce executable
FAIL: g++.dg/torture/vshuf-v8si.C -O0 (internal compiler error)
FAIL: g++.dg/torture/vshuf-v8si.C -O0 (test for excess errors)
UNRESOLVED: g++.dg/torture/vshuf-v8si.C -O0 compilation failed to produce executable
FAIL: g++.dg/torture/vshuf-v8si.C -O1 (internal compiler error)
FAIL: g++.dg/torture/vshuf-v8si.C -O1 (test for excess errors)
UNRESOLVED: g++.dg/torture/vshuf-v8si.C -O1 compilation failed to produce executable
FAIL: g++.dg/torture/vshuf-v8si.C -O2 (internal compiler error)
FAIL: g++.dg/torture/vshuf-v8si.C -O2 (test for excess errors)
UNRESOLVED: g++.dg/torture/vshuf-v8si.C -O2 compilation failed to produce executable
FAIL: g++.dg/torture/vshuf-v8si.C -O3 -g (internal compiler error)
FAIL: g++.dg/torture/vshuf-v8si.C -O3 -g (test for excess errors)
UNRESOLVED: g++.dg/torture/vshuf-v8si.C -O3 -g compilation failed to produce executable
FAIL: g++.dg/torture/vshuf-v8si.C -Os (internal compiler error)
FAIL: g++.dg/torture/vshuf-v8si.C -Os (test for excess errors)
UNRESOLVED: g++.dg/torture/vshuf-v8si.C -Os compilation failed to produce executable
FAIL: g++.dg/torture/vshuf-v8si.C -O2 -flto -fno-use-linker-plugin -flto-partition=none (internal compiler error)
FAIL: g++.dg/torture/vshuf-v8si.C -O2 -flto -fno-use-linker-plugin -flto-partition=none (test for excess errors)
UNRESOLVED: g++.dg/torture/vshuf-v8si.C -O2 -flto -fno-use-linker-plugin -flto-partition=none compilation failed to produce executable
FAIL: g++.dg/torture/vshuf-v8si.C -O2 -flto -fuse-linker-plugin -fno-fat-lto-objects (internal compiler error)
FAIL: g++.dg/torture/vshuf-v8si.C -O2 -flto -fuse-linker-plugin -fno-fat-lto-objects (test for excess errors)
UNRESOLVED: g++.dg/torture/vshuf-v8si.C -O2 -flto -fuse-linker-plugin -fno-fat-lto-objects compilation failed to produce executable
=== g++ Summary ===
# of expected passes 81953
# of unexpected failures 318
# of expected failures 281
# of unresolved testcases 66
# of unsupported tests 3526
/daten/aranym/gcc/gcc-20150724/Build/gcc/testsuite/g++/../../xg++ version 6.0.0 20150724 (experimental) [trunk revision 226132] (GCC)
Host is x86_64-suse-linux-gnu
=== gcc tests ===
Running target aranym
FAIL: gcc.c-torture/compile/20050113-1.c -O0 (internal compiler error)
FAIL: gcc.c-torture/compile/20050113-1.c -O0 (test for excess errors)
FAIL: gcc.c-torture/compile/20050113-1.c -O1 (internal compiler error)
FAIL: gcc.c-torture/compile/20050113-1.c -O1 (test for excess errors)
FAIL: gcc.c-torture/compile/20050113-1.c -O2 (internal compiler error)
FAIL: gcc.c-torture/compile/20050113-1.c -O2 (test for excess errors)
FAIL: gcc.c-torture/compile/20050113-1.c -O3 -g (internal compiler error)
FAIL: gcc.c-torture/compile/20050113-1.c -O3 -g (test for excess errors)
FAIL: gcc.c-torture/compile/20050113-1.c -Os (internal compiler error)
FAIL: gcc.c-torture/compile/20050113-1.c -Os (test for excess errors)
FAIL: gcc.c-torture/compile/20050113-1.c -O2 -flto -fno-use-linker-plugin -flto-partition=none (internal compiler error)
FAIL: gcc.c-torture/compile/20050113-1.c -O2 -flto -fno-use-linker-plugin -flto-partition=none (test for excess errors)
FAIL: gcc.c-torture/compile/pr33614.c -O0 (internal compiler error)
FAIL: gcc.c-torture/compile/pr33614.c -O0 (test for excess errors)
FAIL: gcc.c-torture/compile/pr33614.c -O1 (internal compiler error)
FAIL: gcc.c-torture/compile/pr33614.c -O1 (test for excess errors)
FAIL: gcc.c-torture/compile/pr33614.c -O2 (internal compiler error)
FAIL: gcc.c-torture/compile/pr33614.c -O2 (test for excess errors)
FAIL: gcc.c-torture/compile/pr33614.c -O3 -fomit-frame-pointer -funroll-loops -fpeel-loops -ftracer -finline-functions (internal compiler error)
FAIL: gcc.c-torture/compile/pr33614.c -O3 -fomit-frame-pointer -funroll-loops -fpeel-loops -ftracer -finline-functions (test for excess errors)
FAIL: gcc.c-torture/compile/pr33614.c -O3 -g (internal compiler error)
FAIL: gcc.c-torture/compile/pr33614.c -O3 -g (test for excess errors)
FAIL: gcc.c-torture/compile/pr33614.c -Os (internal compiler error)
FAIL: gcc.c-torture/compile/pr33614.c -Os (test for excess errors)
FAIL: gcc.c-torture/compile/pr33614.c -O2 -flto -fno-use-linker-plugin -flto-partition=none (internal compiler error)
FAIL: gcc.c-torture/compile/pr33614.c -O2 -flto -fno-use-linker-plugin -flto-partition=none (test for excess errors)
FAIL: gcc.c-torture/compile/pr33617.c -O0 (internal compiler error)
FAIL: gcc.c-torture/compile/pr33617.c -O0 (test for excess errors)
FAIL: gcc.c-torture/compile/pr33617.c -O1 (internal compiler error)
FAIL: gcc.c-torture/compile/pr33617.c -O1 (test for excess errors)
FAIL: gcc.c-torture/compile/pr33617.c -O2 (internal compiler error)
FAIL: gcc.c-torture/compile/pr33617.c -O2 (test for excess errors)
FAIL: gcc.c-torture/compile/pr33617.c -O3 -g (internal compiler error)
FAIL: gcc.c-torture/compile/pr33617.c -O3 -g (test for excess errors)
FAIL: gcc.c-torture/compile/pr33617.c -Os (internal compiler error)
FAIL: gcc.c-torture/compile/pr33617.c -Os (test for excess errors)
FAIL: gcc.c-torture/compile/pr33617.c -O2 -flto -fno-use-linker-plugin -flto-partition=none (internal compiler error)
FAIL: gcc.c-torture/compile/pr33617.c -O2 -flto -fno-use-linker-plugin -flto-partition=none (test for excess errors)
FAIL: gcc.c-torture/compile/pr34856.c -O0 (internal compiler error)
FAIL: gcc.c-torture/compile/pr34856.c -O0 (test for excess errors)
FAIL: gcc.c-torture/compile/pr39928-1.c -O0 (internal compiler error)
FAIL: gcc.c-torture/compile/pr39928-1.c -O0 (test for excess errors)
FAIL: gcc.c-torture/compile/pr39928-1.c -O1 (internal compiler error)
FAIL: gcc.c-torture/compile/pr39928-1.c -O1 (test for excess errors)
FAIL: gcc.c-torture/compile/pr39928-1.c -O2 (internal compiler error)
FAIL: gcc.c-torture/compile/pr39928-1.c -O2 (test for excess errors)
FAIL: gcc.c-torture/compile/pr39928-1.c -O3 -g (internal compiler error)
FAIL: gcc.c-torture/compile/pr39928-1.c -O3 -g (test for excess errors)
FAIL: gcc.c-torture/compile/pr39928-1.c -Os (internal compiler error)
FAIL: gcc.c-torture/compile/pr39928-1.c -Os (test for excess errors)
FAIL: gcc.c-torture/compile/pr39928-1.c -O2 -flto -fno-use-linker-plugin -flto-partition=none (internal compiler error)
FAIL: gcc.c-torture/compile/pr39928-1.c -O2 -flto -fno-use-linker-plugin -flto-partition=none (test for excess errors)
FAIL: gcc.c-torture/compile/pr52750.c -O0 (internal compiler error)
FAIL: gcc.c-torture/compile/pr52750.c -O0 (test for excess errors)
FAIL: gcc.c-torture/compile/pr54713-1.c -O0 (internal compiler error)
FAIL: gcc.c-torture/compile/pr54713-1.c -O0 (test for excess errors)
FAIL: gcc.c-torture/compile/pr54713-1.c -O1 (internal compiler error)
FAIL: gcc.c-torture/compile/pr54713-1.c -O1 (test for excess errors)
FAIL: gcc.c-torture/compile/pr54713-1.c -O2 (internal compiler error)
FAIL: gcc.c-torture/compile/pr54713-1.c -O2 (test for excess errors)
FAIL: gcc.c-torture/compile/pr54713-1.c -O3 -g (internal compiler error)
FAIL: gcc.c-torture/compile/pr54713-1.c -O3 -g (test for excess errors)
FAIL: gcc.c-torture/compile/pr54713-1.c -Os (internal compiler error)
FAIL: gcc.c-torture/compile/pr54713-1.c -Os (test for excess errors)
FAIL: gcc.c-torture/compile/pr54713-1.c -O2 -flto -fno-use-linker-plugin -flto-partition=none (internal compiler error)
FAIL: gcc.c-torture/compile/pr54713-1.c -O2 -flto -fno-use-linker-plugin -flto-partition=none (test for excess errors)
FAIL: gcc.c-torture/compile/pr54713-2.c -O0 (internal compiler error)
FAIL: gcc.c-torture/compile/pr54713-2.c -O0 (test for excess errors)
FAIL: gcc.c-torture/compile/pr54713-2.c -O1 (internal compiler error)
FAIL: gcc.c-torture/compile/pr54713-2.c -O1 (test for excess errors)
FAIL: gcc.c-torture/compile/pr54713-2.c -O2 (internal compiler error)
FAIL: gcc.c-torture/compile/pr54713-2.c -O2 (test for excess errors)
FAIL: gcc.c-torture/compile/pr54713-2.c -O3 -g (internal compiler error)
FAIL: gcc.c-torture/compile/pr54713-2.c -O3 -g (test for excess errors)
FAIL: gcc.c-torture/compile/pr54713-2.c -Os (internal compiler error)
FAIL: gcc.c-torture/compile/pr54713-2.c -Os (test for excess errors)
FAIL: gcc.c-torture/compile/pr54713-2.c -O2 -flto -fno-use-linker-plugin -flto-partition=none (internal compiler error)
FAIL: gcc.c-torture/compile/pr54713-2.c -O2 -flto -fno-use-linker-plugin -flto-partition=none (test for excess errors)
FAIL: gcc.c-torture/compile/pr54713-3.c -O0 (internal compiler error)
FAIL: gcc.c-torture/compile/pr54713-3.c -O0 (test for excess errors)
FAIL: gcc.c-torture/compile/pr54713-3.c -O1 (internal compiler error)
FAIL: gcc.c-torture/compile/pr54713-3.c -O1 (test for excess errors)
FAIL: gcc.c-torture/compile/pr54713-3.c -O2 (internal compiler error)
FAIL: gcc.c-torture/compile/pr54713-3.c -O2 (test for excess errors)
FAIL: gcc.c-torture/compile/pr54713-3.c -O3 -g (internal compiler error)
FAIL: gcc.c-torture/compile/pr54713-3.c -O3 -g (test for excess errors)
FAIL: gcc.c-torture/compile/pr54713-3.c -Os (internal compiler error)
FAIL: gcc.c-torture/compile/pr54713-3.c -Os (test for excess errors)
FAIL: gcc.c-torture/compile/pr54713-3.c -O2 -flto -fno-use-linker-plugin -flto-partition=none (internal compiler error)
FAIL: gcc.c-torture/compile/pr54713-3.c -O2 -flto -fno-use-linker-plugin -flto-partition=none (test for excess errors)
FAIL: gcc.c-torture/compile/pr60502.c -O0 (internal compiler error)
FAIL: gcc.c-torture/compile/pr60502.c -O0 (test for excess errors)
FAIL: gcc.c-torture/compile/simd-1.c -O0 (internal compiler error)
FAIL: gcc.c-torture/compile/simd-1.c -O0 (test for excess errors)
FAIL: gcc.c-torture/compile/simd-2.c -O0 (internal compiler error)
FAIL: gcc.c-torture/compile/simd-2.c -O0 (test for excess errors)
FAIL: gcc.c-torture/compile/simd-2.c -O1 (internal compiler error)
FAIL: gcc.c-torture/compile/simd-2.c -O1 (test for excess errors)
FAIL: gcc.c-torture/compile/simd-2.c -O2 (internal compiler error)
FAIL: gcc.c-torture/compile/simd-2.c -O2 (test for excess errors)
FAIL: gcc.c-torture/compile/simd-2.c -O3 -g (internal compiler error)
FAIL: gcc.c-torture/compile/simd-2.c -O3 -g (test for excess errors)
FAIL: gcc.c-torture/compile/simd-2.c -Os (internal compiler error)
FAIL: gcc.c-torture/compile/simd-2.c -Os (test for excess errors)
FAIL: gcc.c-torture/compile/simd-2.c -O2 -flto -fno-use-linker-plugin -flto-partition=none (internal compiler error)
FAIL: gcc.c-torture/compile/simd-2.c -O2 -flto -fno-use-linker-plugin -flto-partition=none (test for excess errors)
FAIL: gcc.c-torture/compile/simd-3.c -O0 (internal compiler error)
FAIL: gcc.c-torture/compile/simd-3.c -O0 (test for excess errors)
FAIL: gcc.c-torture/compile/simd-3.c -O1 (internal compiler error)
FAIL: gcc.c-torture/compile/simd-3.c -O1 (test for excess errors)
FAIL: gcc.c-torture/compile/simd-3.c -O2 (internal compiler error)
FAIL: gcc.c-torture/compile/simd-3.c -O2 (test for excess errors)
FAIL: gcc.c-torture/compile/simd-3.c -O3 -g (internal compiler error)
FAIL: gcc.c-torture/compile/simd-3.c -O3 -g (test for excess errors)
FAIL: gcc.c-torture/compile/simd-3.c -Os (internal compiler error)
FAIL: gcc.c-torture/compile/simd-3.c -Os (test for excess errors)
FAIL: gcc.c-torture/compile/simd-3.c -O2 -flto -fno-use-linker-plugin -flto-partition=none (internal compiler error)
FAIL: gcc.c-torture/compile/simd-3.c -O2 -flto -fno-use-linker-plugin -flto-partition=none (test for excess errors)
FAIL: gcc.c-torture/compile/simd-4.c -O0 (internal compiler error)
FAIL: gcc.c-torture/compile/simd-4.c -O0 (test for excess errors)
FAIL: gcc.c-torture/compile/simd-4.c -O1 (internal compiler error)
FAIL: gcc.c-torture/compile/simd-4.c -O1 (test for excess errors)
FAIL: gcc.c-torture/compile/simd-4.c -O2 (internal compiler error)
FAIL: gcc.c-torture/compile/simd-4.c -O2 (test for excess errors)
FAIL: gcc.c-torture/compile/simd-4.c -O3 -g (internal compiler error)
FAIL: gcc.c-torture/compile/simd-4.c -O3 -g (test for excess errors)
FAIL: gcc.c-torture/compile/simd-4.c -Os (internal compiler error)
FAIL: gcc.c-torture/compile/simd-4.c -Os (test for excess errors)
FAIL: gcc.c-torture/compile/simd-4.c -O2 -flto -fno-use-linker-plugin -flto-partition=none (internal compiler error)
FAIL: gcc.c-torture/compile/simd-4.c -O2 -flto -fno-use-linker-plugin -flto-partition=none (test for excess errors)
FAIL: gcc.c-torture/compile/simd-5.c -O0 (internal compiler error)
FAIL: gcc.c-torture/compile/simd-5.c -O0 (test for excess errors)
FAIL: gcc.c-torture/compile/vector-1.c -O0 (internal compiler error)
FAIL: gcc.c-torture/compile/vector-1.c -O0 (test for excess errors)
FAIL: gcc.c-torture/compile/vector-1.c -O1 (internal compiler error)
FAIL: gcc.c-torture/compile/vector-1.c -O1 (test for excess errors)
FAIL: gcc.c-torture/compile/vector-1.c -O2 (internal compiler error)
FAIL: gcc.c-torture/compile/vector-1.c -O2 (test for excess errors)
FAIL: gcc.c-torture/compile/vector-1.c -O3 -g (internal compiler error)
FAIL: gcc.c-torture/compile/vector-1.c -O3 -g (test for excess errors)
FAIL: gcc.c-torture/compile/vector-1.c -Os (internal compiler error)
FAIL: gcc.c-torture/compile/vector-1.c -Os (test for excess errors)
FAIL: gcc.c-torture/compile/vector-1.c -O2 -flto -fno-use-linker-plugin -flto-partition=none (internal compiler error)
FAIL: gcc.c-torture/compile/vector-1.c -O2 -flto -fno-use-linker-plugin -flto-partition=none (test for excess errors)
FAIL: gcc.c-torture/compile/vector-2.c -O0 (internal compiler error)
FAIL: gcc.c-torture/compile/vector-2.c -O0 (test for excess errors)
FAIL: gcc.c-torture/compile/vector-2.c -O1 (internal compiler error)
FAIL: gcc.c-torture/compile/vector-2.c -O1 (test for excess errors)
FAIL: gcc.c-torture/compile/vector-2.c -O2 (internal compiler error)
FAIL: gcc.c-torture/compile/vector-2.c -O2 (test for excess errors)
FAIL: gcc.c-torture/compile/vector-2.c -O3 -g (internal compiler error)
FAIL: gcc.c-torture/compile/vector-2.c -O3 -g (test for excess errors)
FAIL: gcc.c-torture/compile/vector-2.c -Os (internal compiler error)
FAIL: gcc.c-torture/compile/vector-2.c -Os (test for excess errors)
FAIL: gcc.c-torture/compile/vector-2.c -O2 -flto -fno-use-linker-plugin -flto-partition=none (internal compiler error)
FAIL: gcc.c-torture/compile/vector-2.c -O2 -flto -fno-use-linker-plugin -flto-partition=none (test for excess errors)
FAIL: gcc.c-torture/compile/vector-3.c -O0 (internal compiler error)
FAIL: gcc.c-torture/compile/vector-3.c -O0 (test for excess errors)
FAIL: gcc.c-torture/execute/20050316-1.c -O0 (internal compiler error)
FAIL: gcc.c-torture/execute/20050316-1.c -O0 (test for excess errors)
UNRESOLVED: gcc.c-torture/execute/20050316-1.c -O0 compilation failed to produce executable
FAIL: gcc.c-torture/execute/20050316-2.c -O0 (internal compiler error)
FAIL: gcc.c-torture/execute/20050316-2.c -O0 (test for excess errors)
UNRESOLVED: gcc.c-torture/execute/20050316-2.c -O0 compilation failed to produce executable
FAIL: gcc.c-torture/execute/20050316-2.c -O1 (internal compiler error)
FAIL: gcc.c-torture/execute/20050316-2.c -O1 (test for excess errors)
UNRESOLVED: gcc.c-torture/execute/20050316-2.c -O1 compilation failed to produce executable
FAIL: gcc.c-torture/execute/20050316-2.c -O2 (internal compiler error)
FAIL: gcc.c-torture/execute/20050316-2.c -O2 (test for excess errors)
UNRESOLVED: gcc.c-torture/execute/20050316-2.c -O2 compilation failed to produce executable
FAIL: gcc.c-torture/execute/20050316-2.c -O3 -g (internal compiler error)
FAIL: gcc.c-torture/execute/20050316-2.c -O3 -g (test for excess errors)
UNRESOLVED: gcc.c-torture/execute/20050316-2.c -O3 -g compilation failed to produce executable
FAIL: gcc.c-torture/execute/20050316-2.c -Os (internal compiler error)
FAIL: gcc.c-torture/execute/20050316-2.c -Os (test for excess errors)
UNRESOLVED: gcc.c-torture/execute/20050316-2.c -Os compilation failed to produce executable
FAIL: gcc.c-torture/execute/20050316-2.c -O2 -flto -fno-use-linker-plugin -flto-partition=none (internal compiler error)
FAIL: gcc.c-torture/execute/20050316-2.c -O2 -flto -fno-use-linker-plugin -flto-partition=none (test for excess errors)
UNRESOLVED: gcc.c-torture/execute/20050316-2.c -O2 -flto -fno-use-linker-plugin -flto-partition=none compilation failed to produce executable
FAIL: gcc.c-torture/execute/20050316-3.c -O0 (internal compiler error)
FAIL: gcc.c-torture/execute/20050316-3.c -O0 (test for excess errors)
UNRESOLVED: gcc.c-torture/execute/20050316-3.c -O0 compilation failed to produce executable
FAIL: gcc.c-torture/execute/20050604-1.c -O0 (internal compiler error)
FAIL: gcc.c-torture/execute/20050604-1.c -O0 (test for excess errors)
UNRESOLVED: gcc.c-torture/execute/20050604-1.c -O0 compilation failed to produce executable
FAIL: gcc.c-torture/execute/20050604-1.c -O1 (internal compiler error)
FAIL: gcc.c-torture/execute/20050604-1.c -O1 (test for excess errors)
UNRESOLVED: gcc.c-torture/execute/20050604-1.c -O1 compilation failed to produce executable
FAIL: gcc.c-torture/execute/20050604-1.c -O2 (internal compiler error)
FAIL: gcc.c-torture/execute/20050604-1.c -O2 (test for excess errors)
UNRESOLVED: gcc.c-torture/execute/20050604-1.c -O2 compilation failed to produce executable
FAIL: gcc.c-torture/execute/20050604-1.c -O3 -fomit-frame-pointer -funroll-loops -fpeel-loops -ftracer -finline-functions (internal compiler error)
FAIL: gcc.c-torture/execute/20050604-1.c -O3 -fomit-frame-pointer -funroll-loops -fpeel-loops -ftracer -finline-functions (test for excess errors)
UNRESOLVED: gcc.c-torture/execute/20050604-1.c -O3 -fomit-frame-pointer -funroll-loops -fpeel-loops -ftracer -finline-functions compilation failed to produce executable
FAIL: gcc.c-torture/execute/20050604-1.c -O3 -g (internal compiler error)
FAIL: gcc.c-torture/execute/20050604-1.c -O3 -g (test for excess errors)
UNRESOLVED: gcc.c-torture/execute/20050604-1.c -O3 -g compilation failed to produce executable
FAIL: gcc.c-torture/execute/20050604-1.c -Os (internal compiler error)
FAIL: gcc.c-torture/execute/20050604-1.c -Os (test for excess errors)
UNRESOLVED: gcc.c-torture/execute/20050604-1.c -Os compilation failed to produce executable
FAIL: gcc.c-torture/execute/20050604-1.c -O2 -flto -fno-use-linker-plugin -flto-partition=none (internal compiler error)
FAIL: gcc.c-torture/execute/20050604-1.c -O2 -flto -fno-use-linker-plugin -flto-partition=none (test for excess errors)
UNRESOLVED: gcc.c-torture/execute/20050604-1.c -O2 -flto -fno-use-linker-plugin -flto-partition=none compilation failed to produce executable
FAIL: gcc.c-torture/execute/20050604-1.c -O2 -flto -fuse-linker-plugin -fno-fat-lto-objects (internal compiler error)
FAIL: gcc.c-torture/execute/20050604-1.c -O2 -flto -fuse-linker-plugin -fno-fat-lto-objects (test for excess errors)
UNRESOLVED: gcc.c-torture/execute/20050604-1.c -O2 -flto -fuse-linker-plugin -fno-fat-lto-objects compilation failed to produce executable
FAIL: gcc.c-torture/execute/20060420-1.c -O0 (internal compiler error)
FAIL: gcc.c-torture/execute/20060420-1.c -O0 (test for excess errors)
UNRESOLVED: gcc.c-torture/execute/20060420-1.c -O0 compilation failed to produce executable
FAIL: gcc.c-torture/execute/20060420-1.c -O1 (internal compiler error)
FAIL: gcc.c-torture/execute/20060420-1.c -O1 (test for excess errors)
UNRESOLVED: gcc.c-torture/execute/20060420-1.c -O1 compilation failed to produce executable
FAIL: gcc.c-torture/execute/20060420-1.c -O2 (internal compiler error)
FAIL: gcc.c-torture/execute/20060420-1.c -O2 (test for excess errors)
UNRESOLVED: gcc.c-torture/execute/20060420-1.c -O2 compilation failed to produce executable
FAIL: gcc.c-torture/execute/20060420-1.c -O3 -fomit-frame-pointer -funroll-loops -fpeel-loops -ftracer -finline-functions (internal compiler error)
FAIL: gcc.c-torture/execute/20060420-1.c -O3 -fomit-frame-pointer -funroll-loops -fpeel-loops -ftracer -finline-functions (test for excess errors)
UNRESOLVED: gcc.c-torture/execute/20060420-1.c -O3 -fomit-frame-pointer -funroll-loops -fpeel-loops -ftracer -finline-functions compilation failed to produce executable
FAIL: gcc.c-torture/execute/20060420-1.c -O3 -g (internal compiler error)
FAIL: gcc.c-torture/execute/20060420-1.c -O3 -g (test for excess errors)
UNRESOLVED: gcc.c-torture/execute/20060420-1.c -O3 -g compilation failed to produce executable
FAIL: gcc.c-torture/execute/20060420-1.c -Os (internal compiler error)
FAIL: gcc.c-torture/execute/20060420-1.c -Os (test for excess errors)
UNRESOLVED: gcc.c-torture/execute/20060420-1.c -Os compilation failed to produce executable
FAIL: gcc.c-torture/execute/20060420-1.c -O2 -flto -fno-use-linker-plugin -flto-partition=none (internal compiler error)
FAIL: gcc.c-torture/execute/20060420-1.c -O2 -flto -fno-use-linker-plugin -flto-partition=none (test for excess errors)
UNRESOLVED: gcc.c-torture/execute/20060420-1.c -O2 -flto -fno-use-linker-plugin -flto-partition=none compilation failed to produce executable
FAIL: gcc.c-torture/execute/20060420-1.c -O2 -flto -fuse-linker-plugin -fno-fat-lto-objects (internal compiler error)
FAIL: gcc.c-torture/execute/20060420-1.c -O2 -flto -fuse-linker-plugin -fno-fat-lto-objects (test for excess errors)
UNRESOLVED: gcc.c-torture/execute/20060420-1.c -O2 -flto -fuse-linker-plugin -fno-fat-lto-objects compilation failed to produce executable
FAIL: gcc.c-torture/execute/pr23135.c -O0 (internal compiler error)
FAIL: gcc.c-torture/execute/pr23135.c -O0 (test for excess errors)
UNRESOLVED: gcc.c-torture/execute/pr23135.c -O0 compilation failed to produce executable
FAIL: gcc.c-torture/execute/pr65427.c -O0 (internal compiler error)
FAIL: gcc.c-torture/execute/pr65427.c -O0 (test for excess errors)
UNRESOLVED: gcc.c-torture/execute/pr65427.c -O0 compilation failed to produce executable
FAIL: gcc.c-torture/execute/pr65427.c -O1 (internal compiler error)
FAIL: gcc.c-torture/execute/pr65427.c -O1 (test for excess errors)
UNRESOLVED: gcc.c-torture/execute/pr65427.c -O1 compilation failed to produce executable
FAIL: gcc.c-torture/execute/pr65427.c -O2 (internal compiler error)
FAIL: gcc.c-torture/execute/pr65427.c -O2 (test for excess errors)
UNRESOLVED: gcc.c-torture/execute/pr65427.c -O2 compilation failed to produce executable
FAIL: gcc.c-torture/execute/pr65427.c -O3 -fomit-frame-pointer -funroll-loops -fpeel-loops -ftracer -finline-functions (internal compiler error)
FAIL: gcc.c-torture/execute/pr65427.c -O3 -fomit-frame-pointer -funroll-loops -fpeel-loops -ftracer -finline-functions (test for excess errors)
UNRESOLVED: gcc.c-torture/execute/pr65427.c -O3 -fomit-frame-pointer -funroll-loops -fpeel-loops -ftracer -finline-functions compilation failed to produce executable
FAIL: gcc.c-torture/execute/pr65427.c -O3 -g (internal compiler error)
FAIL: gcc.c-torture/execute/pr65427.c -O3 -g (test for excess errors)
UNRESOLVED: gcc.c-torture/execute/pr65427.c -O3 -g compilation failed to produce executable
FAIL: gcc.c-torture/execute/pr65427.c -Os (internal compiler error)
FAIL: gcc.c-torture/execute/pr65427.c -Os (test for excess errors)
UNRESOLVED: gcc.c-torture/execute/pr65427.c -Os compilation failed to produce executable
FAIL: gcc.c-torture/execute/pr65427.c -O2 -flto -fno-use-linker-plugin -flto-partition=none (internal compiler error)
FAIL: gcc.c-torture/execute/pr65427.c -O2 -flto -fno-use-linker-plugin -flto-partition=none (test for excess errors)
UNRESOLVED: gcc.c-torture/execute/pr65427.c -O2 -flto -fno-use-linker-plugin -flto-partition=none compilation failed to produce executable
FAIL: gcc.c-torture/execute/pr65427.c -O2 -flto -fuse-linker-plugin -fno-fat-lto-objects (internal compiler error)
FAIL: gcc.c-torture/execute/pr65427.c -O2 -flto -fuse-linker-plugin -fno-fat-lto-objects (test for excess errors)
UNRESOLVED: gcc.c-torture/execute/pr65427.c -O2 -flto -fuse-linker-plugin -fno-fat-lto-objects compilation failed to produce executable
FAIL: gcc.c-torture/execute/scal-to-vec1.c -O0 (internal compiler error)
FAIL: gcc.c-torture/execute/scal-to-vec1.c -O0 (test for excess errors)
UNRESOLVED: gcc.c-torture/execute/scal-to-vec1.c -O0 compilation failed to produce executable
FAIL: gcc.c-torture/execute/scal-to-vec3.c -O0 (internal compiler error)
FAIL: gcc.c-torture/execute/scal-to-vec3.c -O0 (test for excess errors)
UNRESOLVED: gcc.c-torture/execute/scal-to-vec3.c -O0 compilation failed to produce executable
FAIL: gcc.c-torture/execute/simd-4.c -O0 (internal compiler error)
FAIL: gcc.c-torture/execute/simd-4.c -O0 (test for excess errors)
UNRESOLVED: gcc.c-torture/execute/simd-4.c -O0 compilation failed to produce executable
FAIL: gcc.c-torture/execute/simd-5.c -O0 (internal compiler error)
FAIL: gcc.c-torture/execute/simd-5.c -O0 (test for excess errors)
UNRESOLVED: gcc.c-torture/execute/simd-5.c -O0 compilation failed to produce executable
FAIL: gcc.c-torture/execute/simd-6.c -O0 (internal compiler error)
FAIL: gcc.c-torture/execute/simd-6.c -O0 (test for excess errors)
UNRESOLVED: gcc.c-torture/execute/simd-6.c -O0 compilation failed to produce executable
FAIL: gcc.dg/atomic/c11-atomic-exec-2.c -O1 execution test
XPASS: gcc.dg/autopar/uns-outer-4.c scan-tree-dump-times optimized "loopfn" 4
FAIL: gcc.dg/compat/vector-1 c_compat_x_tst.o compile, (internal compiler error)
FAIL: gcc.dg/compat/vector-1 c_compat_y_tst.o compile, (internal compiler error)
UNRESOLVED: gcc.dg/compat/vector-1 c_compat_x_tst.o-c_compat_y_tst.o link
UNRESOLVED: gcc.dg/compat/vector-1 c_compat_x_tst.o-c_compat_y_tst.o execute
FAIL: gcc.dg/compat/vector-2 c_compat_x_tst.o compile, (internal compiler error)
FAIL: gcc.dg/compat/vector-2 c_compat_y_tst.o compile, (internal compiler error)
UNRESOLVED: gcc.dg/compat/vector-2 c_compat_x_tst.o-c_compat_y_tst.o link
UNRESOLVED: gcc.dg/compat/vector-2 c_compat_x_tst.o-c_compat_y_tst.o execute
FAIL: gcc.dg/debug/pr49294.c -gdwarf-2 -g1 (internal compiler error)
FAIL: gcc.dg/debug/pr49294.c -gdwarf-2 -g1 (test for excess errors)
FAIL: gcc.dg/debug/pr49294.c -gdwarf-2 (internal compiler error)
FAIL: gcc.dg/debug/pr49294.c -gdwarf-2 (test for excess errors)
FAIL: gcc.dg/debug/pr49294.c -gdwarf-2 -g3 (internal compiler error)
FAIL: gcc.dg/debug/pr49294.c -gdwarf-2 -g3 (test for excess errors)
FAIL: gcc.dg/debug/pr49294.c -gstabs1 (internal compiler error)
FAIL: gcc.dg/debug/pr49294.c -gstabs1 (test for excess errors)
FAIL: gcc.dg/debug/pr49294.c -gstabs (internal compiler error)
FAIL: gcc.dg/debug/pr49294.c -gstabs (test for excess errors)
FAIL: gcc.dg/debug/pr49294.c -gstabs3 (internal compiler error)
FAIL: gcc.dg/debug/pr49294.c -gstabs3 (test for excess errors)
FAIL: gcc.dg/debug/pr49294.c -gstabs+1 (internal compiler error)
FAIL: gcc.dg/debug/pr49294.c -gstabs+1 (test for excess errors)
FAIL: gcc.dg/debug/pr49294.c -gstabs+ (internal compiler error)
FAIL: gcc.dg/debug/pr49294.c -gstabs+ (test for excess errors)
FAIL: gcc.dg/debug/pr49294.c -gstabs+3 (internal compiler error)
FAIL: gcc.dg/debug/pr49294.c -gstabs+3 (test for excess errors)
FAIL: gcc.dg/debug/dwarf2/stacked-qualified-types-3.c scan-assembler-times DIE \\\\([^\\n]*\\\\) DW_TAG_(?:const|volatile|atomic|restrict)_type 8
FAIL: gcc.dg/Wunused-var-3.c (internal compiler error)
FAIL: gcc.dg/Wunused-var-3.c (test for excess errors)
FAIL: gcc.dg/binop-xor1.c scan-tree-dump-times optimized "\\\\^" 1
FAIL: gcc.dg/fold-compare-7.c (internal compiler error)
FAIL: gcc.dg/fold-compare-7.c (test for excess errors)
FAIL: gcc.dg/loop-9.c scan-rtl-dump loop2_invariant "Decided"
FAIL: gcc.dg/loop-9.c scan-rtl-dump loop2_invariant "without introducing a new temporary register"
FAIL: gcc.dg/memcpy-5.c (internal compiler error)
FAIL: gcc.dg/memcpy-5.c (test for excess errors)
FAIL: gcc.dg/pr17957.c (internal compiler error)
FAIL: gcc.dg/pr17957.c (test for excess errors)
FAIL: gcc.dg/pr36991.c (internal compiler error)
FAIL: gcc.dg/pr36991.c (test for excess errors)
FAIL: gcc.dg/pr40550.c (internal compiler error)
FAIL: gcc.dg/pr40550.c (test for excess errors)
UNRESOLVED: gcc.dg/pr40550.c compilation failed to produce executable
FAIL: gcc.dg/pr43300.c (internal compiler error)
FAIL: gcc.dg/pr43300.c (test for excess errors)
FAIL: gcc.dg/pr44214-1.c (internal compiler error)
FAIL: gcc.dg/pr44214-1.c (test for excess errors)
FAIL: gcc.dg/pr44214-3.c (internal compiler error)
FAIL: gcc.dg/pr44214-3.c (test for excess errors)
FAIL: gcc.dg/pr46309.c scan-tree-dump-times reassoc1 "Optimizing range tests a_[0-9]*.D. -.1, 1. and -.3, 3.[\\n\\r]* into" 1
FAIL: gcc.dg/pr46309.c scan-tree-dump-times reassoc1 "Optimizing range tests a_[0-9]*.D. -.1, 1. and -.2, 2.[\\n\\r]* into" 1
FAIL: gcc.dg/pr46309.c scan-tree-dump-times reassoc1 "Optimizing range tests a_[0-9]*.D. -.0, 31. and -.64, 95.[\\n\\r]* into" 2
FAIL: gcc.dg/pr46647.c scan-tree-dump-not optimized "memset"
FAIL: gcc.dg/pr57233.c (internal compiler error)
FAIL: gcc.dg/pr57233.c (test for excess errors)
UNRESOLVED: gcc.dg/pr57233.c compilation failed to produce executable
FAIL: gcc.dg/pr63594-1.c (internal compiler error)
FAIL: gcc.dg/pr63594-1.c (test for excess errors)
FAIL: gcc.dg/pr63594-2.c (internal compiler error)
FAIL: gcc.dg/pr63594-2.c (test for excess errors)
UNRESOLVED: gcc.dg/pr63594-2.c compilation failed to produce executable
FAIL: gcc.dg/pr63914.c (internal compiler error)
FAIL: gcc.dg/pr63914.c (test for excess errors)
FAIL: gcc.dg/pr64252.c (internal compiler error)
FAIL: gcc.dg/pr64252.c (test for excess errors)
UNRESOLVED: gcc.dg/pr64252.c compilation failed to produce executable
UNRESOLVED: gcc.dg/superblock.c scan-rtl-dump-times sched2 "ADVANCING TO" 2
FAIL: c-c++-common/Wunused-var-12.c -Wc++-compat (internal compiler error)
FAIL: c-c++-common/Wunused-var-12.c -Wc++-compat (test for excess errors)
FAIL: c-c++-common/pr63764-2.c -Wc++-compat (internal compiler error)
FAIL: c-c++-common/pr63764-2.c -Wc++-compat (test for excess errors)
FAIL: c-c++-common/vector-scalar.c -Wc++-compat (internal compiler error)
FAIL: c-c++-common/vector-scalar.c -Wc++-compat (test for excess errors)
XPASS: c-c++-common/goacc/acc_on_device-2.c scan-rtl-dump-times expand "\\\\(call [^\\\\n]* acc_on_device" 0
FAIL: c-c++-common/gomp/atomic-10.c scan-tree-dump-times ompexp "__atomic_fetch_add" 4
FAIL: c-c++-common/gomp/atomic-3.c scan-tree-dump-times ompexp "xyzzy, 4" 1
FAIL: c-c++-common/gomp/atomic-9.c scan-tree-dump-times ompexp "__atomic_fetch_add" 1
FAIL: gcc.dg/graphite/id-pr46845.c (internal compiler error)
FAIL: gcc.dg/graphite/id-pr46845.c (test for excess errors)
XPASS: gcc.dg/guality/example.c -O0 execution test
XPASS: gcc.dg/guality/example.c -O1 execution test
XPASS: gcc.dg/guality/example.c -O2 execution test
XPASS: gcc.dg/guality/example.c -O2 -flto -fno-use-linker-plugin -flto-partition=none execution test
XPASS: gcc.dg/guality/guality.c -O0 execution test
XPASS: gcc.dg/guality/guality.c -O1 execution test
XPASS: gcc.dg/guality/guality.c -O2 execution test
XPASS: gcc.dg/guality/guality.c -O3 -g execution test
XPASS: gcc.dg/guality/guality.c -Os execution test
XPASS: gcc.dg/guality/guality.c -O2 -flto -fno-use-linker-plugin -flto-partition=none execution test
XPASS: gcc.dg/guality/guality.c -O2 -flto -fuse-linker-plugin -fno-fat-lto-objects execution test
XPASS: gcc.dg/guality/inline-params.c -O2 execution test
XPASS: gcc.dg/guality/inline-params.c -O3 -g execution test
XPASS: gcc.dg/guality/inline-params.c -Os execution test
XPASS: gcc.dg/guality/inline-params.c -O2 -flto -fno-use-linker-plugin -flto-partition=none execution test
FAIL: gcc.dg/guality/pr41616-1.c -O2 -flto -fuse-linker-plugin -fno-fat-lto-objects execution test
FAIL: gcc.dg/ipa/ipa-icf-6.c (internal compiler error)
FAIL: gcc.dg/ipa/ipa-icf-6.c (test for excess errors)
FAIL: gcc.dg/ipa/propalign-1.c scan-tree-dump-not optimized "fail_the_test"
FAIL: gcc.dg/ipa/propalign-2.c scan-tree-dump-not optimized "fail_the_test"
FAIL: c-c++-common/torture/vector-compare-1.c -O0 (internal compiler error)
FAIL: c-c++-common/torture/vector-compare-1.c -O0 (test for excess errors)
UNRESOLVED: c-c++-common/torture/vector-compare-1.c -O0 compilation failed to produce executable
FAIL: c-c++-common/torture/vector-compare-1.c -O1 (internal compiler error)
FAIL: c-c++-common/torture/vector-compare-1.c -O1 (test for excess errors)
UNRESOLVED: c-c++-common/torture/vector-compare-1.c -O1 compilation failed to produce executable
FAIL: c-c++-common/torture/vector-compare-1.c -O2 (internal compiler error)
FAIL: c-c++-common/torture/vector-compare-1.c -O2 (test for excess errors)
UNRESOLVED: c-c++-common/torture/vector-compare-1.c -O2 compilation failed to produce executable
FAIL: c-c++-common/torture/vector-compare-1.c -O3 -fomit-frame-pointer -funroll-loops -fpeel-loops -ftracer -finline-functions (internal compiler error)
FAIL: c-c++-common/torture/vector-compare-1.c -O3 -fomit-frame-pointer -funroll-loops -fpeel-loops -ftracer -finline-functions (test for excess errors)
UNRESOLVED: c-c++-common/torture/vector-compare-1.c -O3 -fomit-frame-pointer -funroll-loops -fpeel-loops -ftracer -finline-functions compilation failed to produce executable
FAIL: c-c++-common/torture/vector-compare-1.c -O3 -g (internal compiler error)
FAIL: c-c++-common/torture/vector-compare-1.c -O3 -g (test for excess errors)
UNRESOLVED: c-c++-common/torture/vector-compare-1.c -O3 -g compilation failed to produce executable
FAIL: c-c++-common/torture/vector-compare-1.c -Os (internal compiler error)
FAIL: c-c++-common/torture/vector-compare-1.c -Os (test for excess errors)
UNRESOLVED: c-c++-common/torture/vector-compare-1.c -Os compilation failed to produce executable
FAIL: c-c++-common/torture/vector-compare-1.c -O2 -flto -fno-use-linker-plugin -flto-partition=none (internal compiler error)
FAIL: c-c++-common/torture/vector-compare-1.c -O2 -flto -fno-use-linker-plugin -flto-partition=none (test for excess errors)
UNRESOLVED: c-c++-common/torture/vector-compare-1.c -O2 -flto -fno-use-linker-plugin -flto-partition=none compilation failed to produce executable
FAIL: c-c++-common/torture/vector-compare-1.c -O2 -flto -fuse-linker-plugin -fno-fat-lto-objects (internal compiler error)
FAIL: c-c++-common/torture/vector-compare-1.c -O2 -flto -fuse-linker-plugin -fno-fat-lto-objects (test for excess errors)
UNRESOLVED: c-c++-common/torture/vector-compare-1.c -O2 -flto -fuse-linker-plugin -fno-fat-lto-objects compilation failed to produce executable
FAIL: c-c++-common/torture/vector-compare-2.c -O0 (internal compiler error)
FAIL: c-c++-common/torture/vector-compare-2.c -O0 (test for excess errors)
UNRESOLVED: c-c++-common/torture/vector-compare-2.c -O0 compilation failed to produce executable
FAIL: c-c++-common/torture/vector-shift1.c -O0 (internal compiler error)
FAIL: c-c++-common/torture/vector-shift1.c -O0 (test for excess errors)
UNRESOLVED: c-c++-common/torture/vector-shift1.c -O0 compilation failed to produce executable
FAIL: c-c++-common/torture/vector-shift2.c -O0 (internal compiler error)
FAIL: c-c++-common/torture/vector-shift2.c -O0 (test for excess errors)
UNRESOLVED: c-c++-common/torture/vector-shift2.c -O0 compilation failed to produce executable
FAIL: c-c++-common/torture/vshuf-v16hi.c -O0 (internal compiler error)
FAIL: c-c++-common/torture/vshuf-v16hi.c -O0 (test for excess errors)
FAIL: c-c++-common/torture/vshuf-v16hi.c -O1 (internal compiler error)
FAIL: c-c++-common/torture/vshuf-v16hi.c -O1 (test for excess errors)
FAIL: c-c++-common/torture/vshuf-v16hi.c -O2 (internal compiler error)
FAIL: c-c++-common/torture/vshuf-v16hi.c -O2 (test for excess errors)
FAIL: c-c++-common/torture/vshuf-v16hi.c -O3 -g (internal compiler error)
FAIL: c-c++-common/torture/vshuf-v16hi.c -O3 -g (test for excess errors)
FAIL: c-c++-common/torture/vshuf-v16hi.c -Os (internal compiler error)
FAIL: c-c++-common/torture/vshuf-v16hi.c -Os (test for excess errors)
FAIL: c-c++-common/torture/vshuf-v16hi.c -O2 -flto -fno-use-linker-plugin -flto-partition=none (internal compiler error)
FAIL: c-c++-common/torture/vshuf-v16hi.c -O2 -flto -fno-use-linker-plugin -flto-partition=none (test for excess errors)
FAIL: c-c++-common/torture/vshuf-v2df.c -O0 (internal compiler error)
FAIL: c-c++-common/torture/vshuf-v2df.c -O0 (test for excess errors)
FAIL: c-c++-common/torture/vshuf-v2df.c -O1 (internal compiler error)
FAIL: c-c++-common/torture/vshuf-v2df.c -O1 (test for excess errors)
FAIL: c-c++-common/torture/vshuf-v2df.c -O2 (internal compiler error)
FAIL: c-c++-common/torture/vshuf-v2df.c -O2 (test for excess errors)
FAIL: c-c++-common/torture/vshuf-v2df.c -O3 -g (internal compiler error)
FAIL: c-c++-common/torture/vshuf-v2df.c -O3 -g (test for excess errors)
FAIL: c-c++-common/torture/vshuf-v2df.c -Os (internal compiler error)
FAIL: c-c++-common/torture/vshuf-v2df.c -Os (test for excess errors)
FAIL: c-c++-common/torture/vshuf-v2df.c -O2 -flto -fno-use-linker-plugin -flto-partition=none (internal compiler error)
FAIL: c-c++-common/torture/vshuf-v2df.c -O2 -flto -fno-use-linker-plugin -flto-partition=none (test for excess errors)
FAIL: c-c++-common/torture/vshuf-v2sf.c -O0 (internal compiler error)
FAIL: c-c++-common/torture/vshuf-v2sf.c -O0 (test for excess errors)
FAIL: c-c++-common/torture/vshuf-v2sf.c -O1 (internal compiler error)
FAIL: c-c++-common/torture/vshuf-v2sf.c -O1 (test for excess errors)
FAIL: c-c++-common/torture/vshuf-v2sf.c -O2 (internal compiler error)
FAIL: c-c++-common/torture/vshuf-v2sf.c -O2 (test for excess errors)
FAIL: c-c++-common/torture/vshuf-v2sf.c -O3 -g (internal compiler error)
FAIL: c-c++-common/torture/vshuf-v2sf.c -O3 -g (test for excess errors)
FAIL: c-c++-common/torture/vshuf-v2sf.c -Os (internal compiler error)
FAIL: c-c++-common/torture/vshuf-v2sf.c -Os (test for excess errors)
FAIL: c-c++-common/torture/vshuf-v2sf.c -O2 -flto -fno-use-linker-plugin -flto-partition=none (internal compiler error)
FAIL: c-c++-common/torture/vshuf-v2sf.c -O2 -flto -fno-use-linker-plugin -flto-partition=none (test for excess errors)
FAIL: c-c++-common/torture/vshuf-v4df.c -O0 (internal compiler error)
FAIL: c-c++-common/torture/vshuf-v4df.c -O0 (test for excess errors)
FAIL: c-c++-common/torture/vshuf-v4df.c -O1 (internal compiler error)
FAIL: c-c++-common/torture/vshuf-v4df.c -O1 (test for excess errors)
FAIL: c-c++-common/torture/vshuf-v4df.c -O2 (internal compiler error)
FAIL: c-c++-common/torture/vshuf-v4df.c -O2 (test for excess errors)
FAIL: c-c++-common/torture/vshuf-v4df.c -O3 -g (internal compiler error)
FAIL: c-c++-common/torture/vshuf-v4df.c -O3 -g (test for excess errors)
FAIL: c-c++-common/torture/vshuf-v4df.c -Os (internal compiler error)
FAIL: c-c++-common/torture/vshuf-v4df.c -Os (test for excess errors)
FAIL: c-c++-common/torture/vshuf-v4df.c -O2 -flto -fno-use-linker-plugin -flto-partition=none (internal compiler error)
FAIL: c-c++-common/torture/vshuf-v4df.c -O2 -flto -fno-use-linker-plugin -flto-partition=none (test for excess errors)
FAIL: c-c++-common/torture/vshuf-v4di.c -O0 (internal compiler error)
FAIL: c-c++-common/torture/vshuf-v4di.c -O0 (test for excess errors)
FAIL: c-c++-common/torture/vshuf-v4di.c -O1 (internal compiler error)
FAIL: c-c++-common/torture/vshuf-v4di.c -O1 (test for excess errors)
FAIL: c-c++-common/torture/vshuf-v4di.c -O2 (internal compiler error)
FAIL: c-c++-common/torture/vshuf-v4di.c -O2 (test for excess errors)
FAIL: c-c++-common/torture/vshuf-v4di.c -O3 -g (internal compiler error)
FAIL: c-c++-common/torture/vshuf-v4di.c -O3 -g (test for excess errors)
FAIL: c-c++-common/torture/vshuf-v4di.c -Os (internal compiler error)
FAIL: c-c++-common/torture/vshuf-v4di.c -Os (test for excess errors)
FAIL: c-c++-common/torture/vshuf-v4di.c -O2 -flto -fno-use-linker-plugin -flto-partition=none (internal compiler error)
FAIL: c-c++-common/torture/vshuf-v4di.c -O2 -flto -fno-use-linker-plugin -flto-partition=none (test for excess errors)
FAIL: c-c++-common/torture/vshuf-v4sf.c -O0 (internal compiler error)
FAIL: c-c++-common/torture/vshuf-v4sf.c -O0 (test for excess errors)
FAIL: c-c++-common/torture/vshuf-v4sf.c -O1 (internal compiler error)
FAIL: c-c++-common/torture/vshuf-v4sf.c -O1 (test for excess errors)
FAIL: c-c++-common/torture/vshuf-v4sf.c -O2 (internal compiler error)
FAIL: c-c++-common/torture/vshuf-v4sf.c -O2 (test for excess errors)
FAIL: c-c++-common/torture/vshuf-v4sf.c -O3 -g (internal compiler error)
FAIL: c-c++-common/torture/vshuf-v4sf.c -O3 -g (test for excess errors)
FAIL: c-c++-common/torture/vshuf-v4sf.c -Os (internal compiler error)
FAIL: c-c++-common/torture/vshuf-v4sf.c -Os (test for excess errors)
FAIL: c-c++-common/torture/vshuf-v4sf.c -O2 -flto -fno-use-linker-plugin -flto-partition=none (internal compiler error)
FAIL: c-c++-common/torture/vshuf-v4sf.c -O2 -flto -fno-use-linker-plugin -flto-partition=none (test for excess errors)
FAIL: c-c++-common/torture/vshuf-v8si.c -O0 (internal compiler error)
FAIL: c-c++-common/torture/vshuf-v8si.c -O0 (test for excess errors)
FAIL: c-c++-common/torture/vshuf-v8si.c -O1 (internal compiler error)
FAIL: c-c++-common/torture/vshuf-v8si.c -O1 (test for excess errors)
FAIL: c-c++-common/torture/vshuf-v8si.c -O2 (internal compiler error)
FAIL: c-c++-common/torture/vshuf-v8si.c -O2 (test for excess errors)
FAIL: c-c++-common/torture/vshuf-v8si.c -O3 -g (internal compiler error)
FAIL: c-c++-common/torture/vshuf-v8si.c -O3 -g (test for excess errors)
FAIL: c-c++-common/torture/vshuf-v8si.c -Os (internal compiler error)
FAIL: c-c++-common/torture/vshuf-v8si.c -Os (test for excess errors)
FAIL: c-c++-common/torture/vshuf-v8si.c -O2 -flto -fno-use-linker-plugin -flto-partition=none (internal compiler error)
FAIL: c-c++-common/torture/vshuf-v8si.c -O2 -flto -fno-use-linker-plugin -flto-partition=none (test for excess errors)
FAIL: gcc.dg/torture/pr21817-1.c -O0 (internal compiler error)
FAIL: gcc.dg/torture/pr21817-1.c -O0 (test for excess errors)
FAIL: gcc.dg/torture/pr21817-1.c -O1 (internal compiler error)
FAIL: gcc.dg/torture/pr21817-1.c -O1 (test for excess errors)
FAIL: gcc.dg/torture/pr21817-1.c -O2 (internal compiler error)
FAIL: gcc.dg/torture/pr21817-1.c -O2 (test for excess errors)
FAIL: gcc.dg/torture/pr21817-1.c -O3 -fomit-frame-pointer -funroll-loops -fpeel-loops -ftracer -finline-functions (internal compiler error)
FAIL: gcc.dg/torture/pr21817-1.c -O3 -fomit-frame-pointer -funroll-loops -fpeel-loops -ftracer -finline-functions (test for excess errors)
FAIL: gcc.dg/torture/pr21817-1.c -O3 -g (internal compiler error)
FAIL: gcc.dg/torture/pr21817-1.c -O3 -g (test for excess errors)
FAIL: gcc.dg/torture/pr21817-1.c -Os (internal compiler error)
FAIL: gcc.dg/torture/pr21817-1.c -Os (test for excess errors)
FAIL: gcc.dg/torture/pr21817-1.c -O2 -flto -fno-use-linker-plugin -flto-partition=none (internal compiler error)
FAIL: gcc.dg/torture/pr21817-1.c -O2 -flto -fno-use-linker-plugin -flto-partition=none (test for excess errors)
FAIL: gcc.dg/torture/pr36891.c -O0 (internal compiler error)
FAIL: gcc.dg/torture/pr36891.c -O0 (test for excess errors)
FAIL: gcc.dg/torture/pr36891.c -O1 (internal compiler error)
FAIL: gcc.dg/torture/pr36891.c -O1 (test for excess errors)
FAIL: gcc.dg/torture/pr36891.c -O2 (internal compiler error)
FAIL: gcc.dg/torture/pr36891.c -O2 (test for excess errors)
FAIL: gcc.dg/torture/pr36891.c -O3 -fomit-frame-pointer -funroll-loops -fpeel-loops -ftracer -finline-functions (internal compiler error)
FAIL: gcc.dg/torture/pr36891.c -O3 -fomit-frame-pointer -funroll-loops -fpeel-loops -ftracer -finline-functions (test for excess errors)
FAIL: gcc.dg/torture/pr36891.c -O3 -g (internal compiler error)
FAIL: gcc.dg/torture/pr36891.c -O3 -g (test for excess errors)
FAIL: gcc.dg/torture/pr36891.c -Os (internal compiler error)
FAIL: gcc.dg/torture/pr36891.c -Os (test for excess errors)
FAIL: gcc.dg/torture/pr36891.c -O2 -flto -fno-use-linker-plugin -flto-partition=none (internal compiler error)
FAIL: gcc.dg/torture/pr36891.c -O2 -flto -fno-use-linker-plugin -flto-partition=none (test for excess errors)
FAIL: gcc.dg/torture/pr45678-1.c -O0 (internal compiler error)
FAIL: gcc.dg/torture/pr45678-1.c -O0 (test for excess errors)
UNRESOLVED: gcc.dg/torture/pr45678-1.c -O0 compilation failed to produce executable
FAIL: gcc.dg/torture/pr45678-1.c -O1 (internal compiler error)
FAIL: gcc.dg/torture/pr45678-1.c -O1 (test for excess errors)
UNRESOLVED: gcc.dg/torture/pr45678-1.c -O1 compilation failed to produce executable
FAIL: gcc.dg/torture/pr45678-1.c -O2 (internal compiler error)
FAIL: gcc.dg/torture/pr45678-1.c -O2 (test for excess errors)
UNRESOLVED: gcc.dg/torture/pr45678-1.c -O2 compilation failed to produce executable
FAIL: gcc.dg/torture/pr45678-1.c -O3 -g (internal compiler error)
FAIL: gcc.dg/torture/pr45678-1.c -O3 -g (test for excess errors)
UNRESOLVED: gcc.dg/torture/pr45678-1.c -O3 -g compilation failed to produce executable
FAIL: gcc.dg/torture/pr45678-1.c -Os (internal compiler error)
FAIL: gcc.dg/torture/pr45678-1.c -Os (test for excess errors)
UNRESOLVED: gcc.dg/torture/pr45678-1.c -Os compilation failed to produce executable
FAIL: gcc.dg/torture/pr45678-1.c -O2 -flto -fno-use-linker-plugin -flto-partition=none (internal compiler error)
FAIL: gcc.dg/torture/pr45678-1.c -O2 -flto -fno-use-linker-plugin -flto-partition=none (test for excess errors)
UNRESOLVED: gcc.dg/torture/pr45678-1.c -O2 -flto -fno-use-linker-plugin -flto-partition=none compilation failed to produce executable
FAIL: gcc.dg/torture/pr45678-2.c -O0 (internal compiler error)
FAIL: gcc.dg/torture/pr45678-2.c -O0 (test for excess errors)
UNRESOLVED: gcc.dg/torture/pr45678-2.c -O0 compilation failed to produce executable
FAIL: gcc.dg/torture/pr45678-2.c -O1 (internal compiler error)
FAIL: gcc.dg/torture/pr45678-2.c -O1 (test for excess errors)
UNRESOLVED: gcc.dg/torture/pr45678-2.c -O1 compilation failed to produce executable
FAIL: gcc.dg/torture/pr45678-2.c -O2 (internal compiler error)
FAIL: gcc.dg/torture/pr45678-2.c -O2 (test for excess errors)
UNRESOLVED: gcc.dg/torture/pr45678-2.c -O2 compilation failed to produce executable
FAIL: gcc.dg/torture/pr45678-2.c -O3 -g (internal compiler error)
FAIL: gcc.dg/torture/pr45678-2.c -O3 -g (test for excess errors)
UNRESOLVED: gcc.dg/torture/pr45678-2.c -O3 -g compilation failed to produce executable
FAIL: gcc.dg/torture/pr45678-2.c -Os (internal compiler error)
FAIL: gcc.dg/torture/pr45678-2.c -Os (test for excess errors)
UNRESOLVED: gcc.dg/torture/pr45678-2.c -Os compilation failed to produce executable
FAIL: gcc.dg/torture/pr45678-2.c -O2 -flto -fno-use-linker-plugin -flto-partition=none (internal compiler error)
FAIL: gcc.dg/torture/pr45678-2.c -O2 -flto -fno-use-linker-plugin -flto-partition=none (test for excess errors)
UNRESOLVED: gcc.dg/torture/pr45678-2.c -O2 -flto -fno-use-linker-plugin -flto-partition=none compilation failed to produce executable
FAIL: gcc.dg/torture/pr47968.c -O0 (internal compiler error)
FAIL: gcc.dg/torture/pr47968.c -O0 (test for excess errors)
FAIL: gcc.dg/torture/pr47968.c -O1 (internal compiler error)
FAIL: gcc.dg/torture/pr47968.c -O1 (test for excess errors)
FAIL: gcc.dg/torture/pr47968.c -O2 (internal compiler error)
FAIL: gcc.dg/torture/pr47968.c -O2 (test for excess errors)
FAIL: gcc.dg/torture/pr47968.c -O3 -g (internal compiler error)
FAIL: gcc.dg/torture/pr47968.c -O3 -g (test for excess errors)
FAIL: gcc.dg/torture/pr47968.c -Os (internal compiler error)
FAIL: gcc.dg/torture/pr47968.c -Os (test for excess errors)
FAIL: gcc.dg/torture/pr47968.c -O2 -flto -fno-use-linker-plugin -flto-partition=none (internal compiler error)
FAIL: gcc.dg/torture/pr47968.c -O2 -flto -fno-use-linker-plugin -flto-partition=none (test for excess errors)
FAIL: gcc.dg/torture/pr47975.c -O0 (internal compiler error)
FAIL: gcc.dg/torture/pr47975.c -O0 (test for excess errors)
FAIL: gcc.dg/torture/pr47975.c -O1 (internal compiler error)
FAIL: gcc.dg/torture/pr47975.c -O1 (test for excess errors)
FAIL: gcc.dg/torture/pr47975.c -O2 (internal compiler error)
FAIL: gcc.dg/torture/pr47975.c -O2 (test for excess errors)
FAIL: gcc.dg/torture/pr47975.c -O3 -g (internal compiler error)
FAIL: gcc.dg/torture/pr47975.c -O3 -g (test for excess errors)
FAIL: gcc.dg/torture/pr47975.c -Os (internal compiler error)
FAIL: gcc.dg/torture/pr47975.c -Os (test for excess errors)
FAIL: gcc.dg/torture/pr47975.c -O2 -flto -fno-use-linker-plugin -flto-partition=none (internal compiler error)
FAIL: gcc.dg/torture/pr47975.c -O2 -flto -fno-use-linker-plugin -flto-partition=none (test for excess errors)
FAIL: gcc.dg/torture/pr50396.c -O0 (internal compiler error)
FAIL: gcc.dg/torture/pr50396.c -O0 (test for excess errors)
UNRESOLVED: gcc.dg/torture/pr50396.c -O0 compilation failed to produce executable
FAIL: gcc.dg/torture/pr50396.c -O1 (internal compiler error)
FAIL: gcc.dg/torture/pr50396.c -O1 (test for excess errors)
UNRESOLVED: gcc.dg/torture/pr50396.c -O1 compilation failed to produce executable
FAIL: gcc.dg/torture/pr50396.c -O2 (internal compiler error)
FAIL: gcc.dg/torture/pr50396.c -O2 (test for excess errors)
UNRESOLVED: gcc.dg/torture/pr50396.c -O2 compilation failed to produce executable
FAIL: gcc.dg/torture/pr50396.c -O3 -g (internal compiler error)
FAIL: gcc.dg/torture/pr50396.c -O3 -g (test for excess errors)
UNRESOLVED: gcc.dg/torture/pr50396.c -O3 -g compilation failed to produce executable
FAIL: gcc.dg/torture/pr50396.c -Os (internal compiler error)
FAIL: gcc.dg/torture/pr50396.c -Os (test for excess errors)
UNRESOLVED: gcc.dg/torture/pr50396.c -Os compilation failed to produce executable
FAIL: gcc.dg/torture/pr50396.c -O2 -flto -fno-use-linker-plugin -flto-partition=none (internal compiler error)
FAIL: gcc.dg/torture/pr50396.c -O2 -flto -fno-use-linker-plugin -flto-partition=none (test for excess errors)
UNRESOLVED: gcc.dg/torture/pr50396.c -O2 -flto -fno-use-linker-plugin -flto-partition=none compilation failed to produce executable
FAIL: gcc.dg/torture/pr50396.c -O2 -flto -fuse-linker-plugin -fno-fat-lto-objects (internal compiler error)
FAIL: gcc.dg/torture/pr50396.c -O2 -flto -fuse-linker-plugin -fno-fat-lto-objects (test for excess errors)
UNRESOLVED: gcc.dg/torture/pr50396.c -O2 -flto -fuse-linker-plugin -fno-fat-lto-objects compilation failed to produce executable
FAIL: gcc.dg/torture/pr52419.c -O0 (internal compiler error)
FAIL: gcc.dg/torture/pr52419.c -O0 (test for excess errors)
UNRESOLVED: gcc.dg/torture/pr52419.c -O0 compilation failed to produce executable
FAIL: gcc.dg/torture/pr54920.c -O0 (internal compiler error)
FAIL: gcc.dg/torture/pr54920.c -O0 (test for excess errors)
FAIL: gcc.dg/torture/pr57748-1.c -O0 (internal compiler error)
FAIL: gcc.dg/torture/pr57748-1.c -O0 (test for excess errors)
UNRESOLVED: gcc.dg/torture/pr57748-1.c -O0 compilation failed to produce executable
FAIL: gcc.dg/torture/pr57748-2.c -O0 (internal compiler error)
FAIL: gcc.dg/torture/pr57748-2.c -O0 (test for excess errors)
UNRESOLVED: gcc.dg/torture/pr57748-2.c -O0 compilation failed to produce executable
FAIL: gcc.dg/torture/pr57748-3.c -O0 (internal compiler error)
FAIL: gcc.dg/torture/pr57748-3.c -O0 (test for excess errors)
UNRESOLVED: gcc.dg/torture/pr57748-3.c -O0 compilation failed to produce executable
FAIL: gcc.dg/torture/pr57748-4.c -O0 (internal compiler error)
FAIL: gcc.dg/torture/pr57748-4.c -O0 (test for excess errors)
UNRESOLVED: gcc.dg/torture/pr57748-4.c -O0 compilation failed to produce executable
FAIL: gcc.dg/torture/vector-1.c -O0 (internal compiler error)
FAIL: gcc.dg/torture/vector-1.c -O0 (test for excess errors)
UNRESOLVED: gcc.dg/torture/vector-1.c -O0 compilation failed to produce executable
FAIL: gcc.dg/torture/vector-2.c -O0 (internal compiler error)
FAIL: gcc.dg/torture/vector-2.c -O0 (test for excess errors)
UNRESOLVED: gcc.dg/torture/vector-2.c -O0 compilation failed to produce executable
FAIL: gcc.dg/torture/vector-shift2.c -O0 (internal compiler error)
FAIL: gcc.dg/torture/vector-shift2.c -O0 (test for excess errors)
UNRESOLVED: gcc.dg/torture/vector-shift2.c -O0 compilation failed to produce executable
FAIL: gcc.dg/torture/vshuf-v16hi.c -O2 (internal compiler error)
FAIL: gcc.dg/torture/vshuf-v16hi.c -O2 (test for excess errors)
UNRESOLVED: gcc.dg/torture/vshuf-v16hi.c -O2 compilation failed to produce executable
FAIL: gcc.dg/torture/vshuf-v16sf.c -O2 (internal compiler error)
FAIL: gcc.dg/torture/vshuf-v16sf.c -O2 (test for excess errors)
UNRESOLVED: gcc.dg/torture/vshuf-v16sf.c -O2 compilation failed to produce executable
FAIL: gcc.dg/torture/vshuf-v16si.c -O2 (internal compiler error)
FAIL: gcc.dg/torture/vshuf-v16si.c -O2 (test for excess errors)
UNRESOLVED: gcc.dg/torture/vshuf-v16si.c -O2 compilation failed to produce executable
FAIL: gcc.dg/torture/vshuf-v2df.c -O2 (internal compiler error)
FAIL: gcc.dg/torture/vshuf-v2df.c -O2 (test for excess errors)
UNRESOLVED: gcc.dg/torture/vshuf-v2df.c -O2 compilation failed to produce executable
FAIL: gcc.dg/torture/vshuf-v2sf.c -O2 (internal compiler error)
FAIL: gcc.dg/torture/vshuf-v2sf.c -O2 (test for excess errors)
UNRESOLVED: gcc.dg/torture/vshuf-v2sf.c -O2 compilation failed to produce executable
FAIL: gcc.dg/torture/vshuf-v32hi.c -O2 (internal compiler error)
FAIL: gcc.dg/torture/vshuf-v32hi.c -O2 (test for excess errors)
UNRESOLVED: gcc.dg/torture/vshuf-v32hi.c -O2 compilation failed to produce executable
FAIL: gcc.dg/torture/vshuf-v32qi.c -O2 (internal compiler error)
FAIL: gcc.dg/torture/vshuf-v32qi.c -O2 (test for excess errors)
UNRESOLVED: gcc.dg/torture/vshuf-v32qi.c -O2 compilation failed to produce executable
FAIL: gcc.dg/torture/vshuf-v4df.c -O2 (internal compiler error)
FAIL: gcc.dg/torture/vshuf-v4df.c -O2 (test for excess errors)
UNRESOLVED: gcc.dg/torture/vshuf-v4df.c -O2 compilation failed to produce executable
FAIL: gcc.dg/torture/vshuf-v4di.c -O2 (internal compiler error)
FAIL: gcc.dg/torture/vshuf-v4di.c -O2 (test for excess errors)
UNRESOLVED: gcc.dg/torture/vshuf-v4di.c -O2 compilation failed to produce executable
FAIL: gcc.dg/torture/vshuf-v4sf.c -O2 (internal compiler error)
FAIL: gcc.dg/torture/vshuf-v4sf.c -O2 (test for excess errors)
UNRESOLVED: gcc.dg/torture/vshuf-v4sf.c -O2 compilation failed to produce executable
FAIL: gcc.dg/torture/vshuf-v64qi.c -O2 (internal compiler error)
FAIL: gcc.dg/torture/vshuf-v64qi.c -O2 (test for excess errors)
UNRESOLVED: gcc.dg/torture/vshuf-v64qi.c -O2 compilation failed to produce executable
FAIL: gcc.dg/torture/vshuf-v8df.c -O2 (internal compiler error)
FAIL: gcc.dg/torture/vshuf-v8df.c -O2 (test for excess errors)
UNRESOLVED: gcc.dg/torture/vshuf-v8df.c -O2 compilation failed to produce executable
FAIL: gcc.dg/torture/vshuf-v8di.c -O2 (internal compiler error)
FAIL: gcc.dg/torture/vshuf-v8di.c -O2 (test for excess errors)
UNRESOLVED: gcc.dg/torture/vshuf-v8di.c -O2 compilation failed to produce executable
FAIL: gcc.dg/torture/vshuf-v8sf.c -O2 (internal compiler error)
FAIL: gcc.dg/torture/vshuf-v8sf.c -O2 (test for excess errors)
UNRESOLVED: gcc.dg/torture/vshuf-v8sf.c -O2 compilation failed to produce executable
FAIL: gcc.dg/torture/vshuf-v8si.c -O2 (internal compiler error)
FAIL: gcc.dg/torture/vshuf-v8si.c -O2 (test for excess errors)
UNRESOLVED: gcc.dg/torture/vshuf-v8si.c -O2 compilation failed to produce executable
FAIL: gcc.dg/tree-prof/stringop-2.c scan-tree-dump optimized "MEM\\\\[\\\\(void .\\\\)&a\\\\] = 168430090"
FAIL: gcc.dg/tree-ssa/forwprop-20.c (internal compiler error)
FAIL: gcc.dg/tree-ssa/forwprop-20.c (test for excess errors)
FAIL: gcc.dg/tree-ssa/forwprop-5.c (internal compiler error)
FAIL: gcc.dg/tree-ssa/forwprop-5.c (test for excess errors)
FAIL: gcc.dg/tree-ssa/fre-vce-1.c (internal compiler error)
FAIL: gcc.dg/tree-ssa/fre-vce-1.c (test for excess errors)
FAIL: gcc.dg/tree-ssa/pr54915.c (internal compiler error)
FAIL: gcc.dg/tree-ssa/pr54915.c (test for excess errors)
FAIL: gcc.dg/tree-ssa/ssa-dom-thread-4.c scan-tree-dump-times dom1 "Threaded" 3
FAIL: gcc.dg/tree-ssa/ssa-fre-31.c (internal compiler error)
FAIL: gcc.dg/tree-ssa/ssa-fre-31.c (test for excess errors)
FAIL: gcc.dg/tree-ssa/ssa-fre-34.c (internal compiler error)
FAIL: gcc.dg/tree-ssa/ssa-fre-34.c (test for excess errors)
FAIL: gcc.dg/tree-ssa/vector-1.c (internal compiler error)
FAIL: gcc.dg/tree-ssa/vector-1.c (test for excess errors)
FAIL: gcc.dg/tree-ssa/vrp47.c scan-tree-dump-times vrp1 "[xy][^ ]* !=" 0
FAIL: gcc.dg/tree-ssa/vrp47.c scan-tree-dump-times vrp1 "x[^ ]* [|] y" 1
FAIL: gcc.target/m68k/20090709-1.c scan-assembler-times .LC0 3
FAIL: gcc.target/m68k/20100512-1.c scan-assembler-times __stack_chk_guard 4
FAIL: gcc.target/m68k/tls-gd.c scan-assembler foo@TLSGD\\\\(%a5\\\\)
FAIL: gcc.target/m68k/tls-ie-xgot.c scan-assembler #foo@TLSIE,%[ad][0-7]
FAIL: gcc.target/m68k/tls-ld-xgot.c scan-assembler lea \\\\(foo@TLSLDO,%a0\\\\)
FAIL: gcc.target/m68k/tls-ld-xtls.c scan-assembler foo@TLSLDM\\\\(%a5\\\\)
FAIL: gcc.target/m68k/tls-ld.c scan-assembler foo@TLSLDM\\\\(%a5\\\\)
FAIL: gcc.target/m68k/tls-ld.c scan-assembler lea \\\\(foo@TLSLDO,%a0\\\\)
FAIL: gcc.target/m68k/tls-le.c scan-assembler lea \\\\(foo@TLSLE,%a0\\\\)
=== gcc Summary ===
# of expected passes 79364
# of unexpected failures 580
# of unexpected successes 17
# of expected failures 131
# of unresolved testcases 100
# of unsupported tests 1566
/daten/aranym/gcc/gcc-20150724/Build/gcc/xgcc version 6.0.0 20150724 (experimental) [trunk revision 226132] (GCC)
Host is x86_64-suse-linux-gnu
=== gfortran tests ===
Running target aranym
FAIL: gfortran.dg/bessel_6.f90 -O0 execution test
FAIL: gfortran.dg/bessel_6.f90 -O1 execution test
FAIL: gfortran.dg/bessel_6.f90 -O2 execution test
FAIL: gfortran.dg/bessel_6.f90 -O3 -fomit-frame-pointer -funroll-loops -fpeel-loops -ftracer -finline-functions execution test
FAIL: gfortran.dg/bessel_6.f90 -O3 -g execution test
FAIL: gfortran.dg/bessel_6.f90 -Os execution test
FAIL: gfortran.dg/bessel_7.f90 -O0 execution test
FAIL: gfortran.dg/bessel_7.f90 -O1 execution test
FAIL: gfortran.dg/bessel_7.f90 -O2 execution test
FAIL: gfortran.dg/bessel_7.f90 -O3 -fomit-frame-pointer -funroll-loops -fpeel-loops -ftracer -finline-functions execution test
FAIL: gfortran.dg/bessel_7.f90 -O3 -g execution test
FAIL: gfortran.dg/bessel_7.f90 -Os execution test
FAIL: gfortran.dg/common_14.f90 -O (test for warnings, line 16)
FAIL: gfortran.dg/common_14.f90 -O (test for warnings, line 22)
FAIL: gfortran.dg/common_14.f90 -O (test for excess errors)
FAIL: gfortran.dg/common_16.f90 -O (test for warnings, line 10)
FAIL: gfortran.dg/common_16.f90 -O (test for excess errors)
FAIL: gfortran.dg/common_5.f -O (test for warnings, line 7)
FAIL: gfortran.dg/common_align_2.f90 -O0 (test for warnings, line 23)
FAIL: gfortran.dg/common_align_2.f90 -O0 execution test
FAIL: gfortran.dg/common_align_2.f90 -O1 (test for warnings, line 23)
FAIL: gfortran.dg/common_align_2.f90 -O1 execution test
FAIL: gfortran.dg/common_align_2.f90 -O2 (test for warnings, line 23)
FAIL: gfortran.dg/common_align_2.f90 -O2 execution test
FAIL: gfortran.dg/common_align_2.f90 -O3 -fomit-frame-pointer -funroll-loops -fpeel-loops -ftracer -finline-functions (test for warnings, line 23)
FAIL: gfortran.dg/common_align_2.f90 -O3 -fomit-frame-pointer -funroll-loops -fpeel-loops -ftracer -finline-functions execution test
FAIL: gfortran.dg/common_align_2.f90 -O3 -g (test for warnings, line 23)
FAIL: gfortran.dg/common_align_2.f90 -O3 -g execution test
FAIL: gfortran.dg/common_align_2.f90 -Os (test for warnings, line 23)
FAIL: gfortran.dg/common_align_2.f90 -Os execution test
FAIL: gfortran.dg/erf_3.F90 -O0 execution test
FAIL: gfortran.dg/erf_3.F90 -O1 execution test
FAIL: gfortran.dg/erf_3.F90 -O2 execution test
FAIL: gfortran.dg/erf_3.F90 -O3 -fomit-frame-pointer -funroll-loops -fpeel-loops -ftracer -finline-functions execution test
FAIL: gfortran.dg/erf_3.F90 -O3 -g execution test
FAIL: gfortran.dg/erf_3.F90 -Os execution test
FAIL: gfortran.dg/integer_exponentiation_3.F90 -O2 execution test
FAIL: gfortran.dg/integer_exponentiation_3.F90 -O3 -fomit-frame-pointer -funroll-loops -fpeel-loops -ftracer -finline-functions execution test
FAIL: gfortran.dg/integer_exponentiation_3.F90 -O3 -g execution test
FAIL: gfortran.dg/ieee/ieee_2.f90 -O1 execution test
FAIL: gfortran.dg/ieee/ieee_2.f90 -O2 execution test
FAIL: gfortran.dg/ieee/ieee_2.f90 -O3 -fomit-frame-pointer -funroll-loops -fpeel-loops -ftracer -finline-functions execution test
FAIL: gfortran.dg/ieee/ieee_2.f90 -O3 -g execution test
FAIL: gfortran.dg/ieee/ieee_2.f90 -Os execution test
FAIL: gfortran.dg/ieee/rounding_1.f90 -O1 execution test
FAIL: gfortran.dg/ieee/rounding_1.f90 -O2 execution test
FAIL: gfortran.dg/ieee/rounding_1.f90 -O3 -fomit-frame-pointer -funroll-loops -fpeel-loops -ftracer -finline-functions execution test
FAIL: gfortran.dg/ieee/rounding_1.f90 -O3 -g execution test
FAIL: gfortran.dg/ieee/rounding_1.f90 -Os execution test
=== gfortran Summary ===
# of expected passes 39565
# of unexpected failures 49
# of expected failures 72
# of unsupported tests 211
/daten/aranym/gcc/gcc-20150724/Build/gcc/testsuite/gfortran/../../gfortran version 6.0.0 20150724 (experimental) [trunk revision 226132] (GCC)
Host is x86_64-suse-linux-gnu
=== objc tests ===
Running target aranym
=== objc Summary ===
# of expected passes 2772
# of unsupported tests 68
/daten/aranym/gcc/gcc-20150724/Build/gcc/xgcc version 6.0.0 20150724 (experimental) [trunk revision 226132] (GCC)
Host is m68k-unknown-linux-gnu
=== boehm-gc tests ===
Running target aranym
FAIL: boehm-gc.c/gctest.c -O2 execution test
FAIL: boehm-gc.c/leak_test.c -O2 execution test
FAIL: boehm-gc.c/middle.c -O2 execution test
FAIL: boehm-gc.c/thread_leak_test.c -O2 execution test
FAIL: boehm-gc.lib/staticrootstest.c -O2 execution test
=== boehm-gc Summary ===
# of expected passes 7
# of unexpected failures 5
# of unsupported tests 1
Host is m68k-unknown-linux-gnu
=== libatomic tests ===
Running target aranym
=== libatomic Summary ===
# of expected passes 44
# of unsupported tests 5
Host is m68k-unknown-linux-gnu
=== libffi tests ===
Running target aranym
=== libffi Summary ===
# of expected passes 1914
# of unsupported tests 30
Host is m68k-unknown-linux-gnu
=== libgomp tests ===
Running target aranym
WARNING: program timed out.
FAIL: libgomp.fortran/strassen.f90 -O execution test
FAIL: libgomp.oacc-c/../libgomp.oacc-c-c++-common/acc_on_device-1.c -DACC_DEVICE_TYPE_host_nonshm=1 -DACC_MEM_SHARED=0 execution test
FAIL: libgomp.oacc-c/../libgomp.oacc-c-c++-common/clauses-1.c -DACC_DEVICE_TYPE_host_nonshm=1 -DACC_MEM_SHARED=0 execution test
FAIL: libgomp.oacc-c/../libgomp.oacc-c-c++-common/clauses-2.c -DACC_DEVICE_TYPE_host_nonshm=1 -DACC_MEM_SHARED=0 output pattern test, is
FAIL: libgomp.oacc-c/../libgomp.oacc-c-c++-common/data-1.c -DACC_DEVICE_TYPE_host_nonshm=1 -DACC_MEM_SHARED=0 execution test
FAIL: libgomp.oacc-c/../libgomp.oacc-c-c++-common/data-already-1.c -DACC_DEVICE_TYPE_host_nonshm=1 -DACC_MEM_SHARED=0 execution test
FAIL: libgomp.oacc-c/../libgomp.oacc-c-c++-common/data-already-2.c -DACC_DEVICE_TYPE_host_nonshm=1 -DACC_MEM_SHARED=0 execution test
FAIL: libgomp.oacc-c/../libgomp.oacc-c-c++-common/data-already-3.c -DACC_DEVICE_TYPE_host_nonshm=1 -DACC_MEM_SHARED=0 execution test
FAIL: libgomp.oacc-c/../libgomp.oacc-c-c++-common/data-already-5.c -DACC_DEVICE_TYPE_host_nonshm=1 -DACC_MEM_SHARED=0 execution test
FAIL: libgomp.oacc-c/../libgomp.oacc-c-c++-common/data-already-6.c -DACC_DEVICE_TYPE_host_nonshm=1 -DACC_MEM_SHARED=0 execution test
FAIL: libgomp.oacc-c/../libgomp.oacc-c-c++-common/data-already-7.c -DACC_DEVICE_TYPE_host_nonshm=1 -DACC_MEM_SHARED=0 execution test
FAIL: libgomp.oacc-c/../libgomp.oacc-c-c++-common/data-already-8.c -DACC_DEVICE_TYPE_host_nonshm=1 -DACC_MEM_SHARED=0 execution test
FAIL: libgomp.oacc-c/../libgomp.oacc-c-c++-common/deviceptr-1.c -DACC_DEVICE_TYPE_host_nonshm=1 -DACC_MEM_SHARED=0 execution test
FAIL: libgomp.oacc-c/../libgomp.oacc-c-c++-common/if-1.c -DACC_DEVICE_TYPE_host_nonshm=1 -DACC_MEM_SHARED=0 execution test
FAIL: libgomp.oacc-c/../libgomp.oacc-c-c++-common/kernels-1.c -DACC_DEVICE_TYPE_host_nonshm=1 -DACC_MEM_SHARED=0 execution test
FAIL: libgomp.oacc-c/../libgomp.oacc-c-c++-common/lib-12.c -DACC_DEVICE_TYPE_host_nonshm=1 -DACC_MEM_SHARED=0 execution test
FAIL: libgomp.oacc-c/../libgomp.oacc-c-c++-common/lib-19.c -DACC_DEVICE_TYPE_host_nonshm=1 -DACC_MEM_SHARED=0 execution test
FAIL: libgomp.oacc-c/../libgomp.oacc-c-c++-common/lib-37.c -DACC_DEVICE_TYPE_host_nonshm=1 -DACC_MEM_SHARED=0 execution test
FAIL: libgomp.oacc-c/../libgomp.oacc-c-c++-common/lib-38.c -DACC_DEVICE_TYPE_host_nonshm=1 -DACC_MEM_SHARED=0 execution test
FAIL: libgomp.oacc-c/../libgomp.oacc-c-c++-common/lib-45.c -DACC_DEVICE_TYPE_host_nonshm=1 -DACC_MEM_SHARED=0 execution test
FAIL: libgomp.oacc-c/../libgomp.oacc-c-c++-common/lib-46.c -DACC_DEVICE_TYPE_host_nonshm=1 -DACC_MEM_SHARED=0 execution test
FAIL: libgomp.oacc-c/../libgomp.oacc-c-c++-common/lib-49.c -DACC_DEVICE_TYPE_host_nonshm=1 -DACC_MEM_SHARED=0 execution test
FAIL: libgomp.oacc-c/../libgomp.oacc-c-c++-common/lib-50.c -DACC_DEVICE_TYPE_host_nonshm=1 -DACC_MEM_SHARED=0 execution test
FAIL: libgomp.oacc-c/../libgomp.oacc-c-c++-common/lib-51.c -DACC_DEVICE_TYPE_host_nonshm=1 -DACC_MEM_SHARED=0 execution test
FAIL: libgomp.oacc-c/../libgomp.oacc-c-c++-common/lib-55.c -DACC_DEVICE_TYPE_host_nonshm=1 -DACC_MEM_SHARED=0 execution test
FAIL: libgomp.oacc-c/../libgomp.oacc-c-c++-common/lib-56.c -DACC_DEVICE_TYPE_host_nonshm=1 -DACC_MEM_SHARED=0 execution test
FAIL: libgomp.oacc-c/../libgomp.oacc-c-c++-common/lib-59.c -DACC_DEVICE_TYPE_host_nonshm=1 -DACC_MEM_SHARED=0 execution test
FAIL: libgomp.oacc-c/../libgomp.oacc-c-c++-common/lib-60.c -DACC_DEVICE_TYPE_host_nonshm=1 -DACC_MEM_SHARED=0 execution test
FAIL: libgomp.oacc-c/../libgomp.oacc-c-c++-common/lib-61.c -DACC_DEVICE_TYPE_host_nonshm=1 -DACC_MEM_SHARED=0 execution test
FAIL: libgomp.oacc-c/../libgomp.oacc-c-c++-common/lib-66.c -DACC_DEVICE_TYPE_host_nonshm=1 -DACC_MEM_SHARED=0 execution test
FAIL: libgomp.oacc-c/../libgomp.oacc-c-c++-common/nested-1.c -DACC_DEVICE_TYPE_host_nonshm=1 -DACC_MEM_SHARED=0 execution test
FAIL: libgomp.oacc-c/../libgomp.oacc-c-c++-common/parallel-1.c -DACC_DEVICE_TYPE_host_nonshm=1 -DACC_MEM_SHARED=0 execution test
FAIL: libgomp.oacc-c/../libgomp.oacc-c-c++-common/present-1.c -DACC_DEVICE_TYPE_host_nonshm=1 -DACC_MEM_SHARED=0 output pattern test, is
FAIL: libgomp.oacc-c/../libgomp.oacc-c-c++-common/update-1-2.c -DACC_DEVICE_TYPE_host_nonshm=1 -DACC_MEM_SHARED=0 execution test
FAIL: libgomp.oacc-c/../libgomp.oacc-c-c++-common/update-1.c -DACC_DEVICE_TYPE_host_nonshm=1 -DACC_MEM_SHARED=0 execution test
FAIL: libgomp.oacc-c++/../libgomp.oacc-c-c++-common/acc_on_device-1.c -DACC_DEVICE_TYPE_host_nonshm=1 -DACC_MEM_SHARED=0 execution test
FAIL: libgomp.oacc-c++/../libgomp.oacc-c-c++-common/clauses-1.c -DACC_DEVICE_TYPE_host_nonshm=1 -DACC_MEM_SHARED=0 execution test
FAIL: libgomp.oacc-c++/../libgomp.oacc-c-c++-common/clauses-2.c -DACC_DEVICE_TYPE_host_nonshm=1 -DACC_MEM_SHARED=0 output pattern test, is
FAIL: libgomp.oacc-c++/../libgomp.oacc-c-c++-common/data-1.c -DACC_DEVICE_TYPE_host_nonshm=1 -DACC_MEM_SHARED=0 execution test
FAIL: libgomp.oacc-c++/../libgomp.oacc-c-c++-common/data-already-1.c -DACC_DEVICE_TYPE_host_nonshm=1 -DACC_MEM_SHARED=0 execution test
FAIL: libgomp.oacc-c++/../libgomp.oacc-c-c++-common/data-already-2.c -DACC_DEVICE_TYPE_host_nonshm=1 -DACC_MEM_SHARED=0 execution test
FAIL: libgomp.oacc-c++/../libgomp.oacc-c-c++-common/data-already-3.c -DACC_DEVICE_TYPE_host_nonshm=1 -DACC_MEM_SHARED=0 execution test
FAIL: libgomp.oacc-c++/../libgomp.oacc-c-c++-common/data-already-5.c -DACC_DEVICE_TYPE_host_nonshm=1 -DACC_MEM_SHARED=0 execution test
FAIL: libgomp.oacc-c++/../libgomp.oacc-c-c++-common/data-already-6.c -DACC_DEVICE_TYPE_host_nonshm=1 -DACC_MEM_SHARED=0 execution test
FAIL: libgomp.oacc-c++/../libgomp.oacc-c-c++-common/data-already-7.c -DACC_DEVICE_TYPE_host_nonshm=1 -DACC_MEM_SHARED=0 execution test
FAIL: libgomp.oacc-c++/../libgomp.oacc-c-c++-common/data-already-8.c -DACC_DEVICE_TYPE_host_nonshm=1 -DACC_MEM_SHARED=0 execution test
FAIL: libgomp.oacc-c++/../libgomp.oacc-c-c++-common/deviceptr-1.c -DACC_DEVICE_TYPE_host_nonshm=1 -DACC_MEM_SHARED=0 execution test
FAIL: libgomp.oacc-c++/../libgomp.oacc-c-c++-common/if-1.c -DACC_DEVICE_TYPE_host_nonshm=1 -DACC_MEM_SHARED=0 execution test
FAIL: libgomp.oacc-c++/../libgomp.oacc-c-c++-common/kernels-1.c -DACC_DEVICE_TYPE_host_nonshm=1 -DACC_MEM_SHARED=0 execution test
FAIL: libgomp.oacc-c++/../libgomp.oacc-c-c++-common/lib-12.c -DACC_DEVICE_TYPE_host_nonshm=1 -DACC_MEM_SHARED=0 execution test
FAIL: libgomp.oacc-c++/../libgomp.oacc-c-c++-common/lib-19.c -DACC_DEVICE_TYPE_host_nonshm=1 -DACC_MEM_SHARED=0 execution test
FAIL: libgomp.oacc-c++/../libgomp.oacc-c-c++-common/lib-37.c -DACC_DEVICE_TYPE_host_nonshm=1 -DACC_MEM_SHARED=0 execution test
FAIL: libgomp.oacc-c++/../libgomp.oacc-c-c++-common/lib-38.c -DACC_DEVICE_TYPE_host_nonshm=1 -DACC_MEM_SHARED=0 execution test
FAIL: libgomp.oacc-c++/../libgomp.oacc-c-c++-common/lib-45.c -DACC_DEVICE_TYPE_host_nonshm=1 -DACC_MEM_SHARED=0 execution test
FAIL: libgomp.oacc-c++/../libgomp.oacc-c-c++-common/lib-46.c -DACC_DEVICE_TYPE_host_nonshm=1 -DACC_MEM_SHARED=0 execution test
FAIL: libgomp.oacc-c++/../libgomp.oacc-c-c++-common/lib-49.c -DACC_DEVICE_TYPE_host_nonshm=1 -DACC_MEM_SHARED=0 execution test
FAIL: libgomp.oacc-c++/../libgomp.oacc-c-c++-common/lib-50.c -DACC_DEVICE_TYPE_host_nonshm=1 -DACC_MEM_SHARED=0 execution test
FAIL: libgomp.oacc-c++/../libgomp.oacc-c-c++-common/lib-51.c -DACC_DEVICE_TYPE_host_nonshm=1 -DACC_MEM_SHARED=0 execution test
FAIL: libgomp.oacc-c++/../libgomp.oacc-c-c++-common/lib-55.c -DACC_DEVICE_TYPE_host_nonshm=1 -DACC_MEM_SHARED=0 execution test
FAIL: libgomp.oacc-c++/../libgomp.oacc-c-c++-common/lib-56.c -DACC_DEVICE_TYPE_host_nonshm=1 -DACC_MEM_SHARED=0 execution test
FAIL: libgomp.oacc-c++/../libgomp.oacc-c-c++-common/lib-59.c -DACC_DEVICE_TYPE_host_nonshm=1 -DACC_MEM_SHARED=0 execution test
FAIL: libgomp.oacc-c++/../libgomp.oacc-c-c++-common/lib-60.c -DACC_DEVICE_TYPE_host_nonshm=1 -DACC_MEM_SHARED=0 execution test
FAIL: libgomp.oacc-c++/../libgomp.oacc-c-c++-common/lib-61.c -DACC_DEVICE_TYPE_host_nonshm=1 -DACC_MEM_SHARED=0 execution test
FAIL: libgomp.oacc-c++/../libgomp.oacc-c-c++-common/lib-66.c -DACC_DEVICE_TYPE_host_nonshm=1 -DACC_MEM_SHARED=0 execution test
FAIL: libgomp.oacc-c++/../libgomp.oacc-c-c++-common/nested-1.c -DACC_DEVICE_TYPE_host_nonshm=1 -DACC_MEM_SHARED=0 execution test
FAIL: libgomp.oacc-c++/../libgomp.oacc-c-c++-common/parallel-1.c -DACC_DEVICE_TYPE_host_nonshm=1 -DACC_MEM_SHARED=0 execution test
FAIL: libgomp.oacc-c++/../libgomp.oacc-c-c++-common/present-1.c -DACC_DEVICE_TYPE_host_nonshm=1 -DACC_MEM_SHARED=0 output pattern test, is
FAIL: libgomp.oacc-c++/../libgomp.oacc-c-c++-common/update-1-2.c -DACC_DEVICE_TYPE_host_nonshm=1 -DACC_MEM_SHARED=0 execution test
FAIL: libgomp.oacc-c++/../libgomp.oacc-c-c++-common/update-1.c -DACC_DEVICE_TYPE_host_nonshm=1 -DACC_MEM_SHARED=0 execution test
FAIL: libgomp.oacc-fortran/acc_on_device-1-1.f90 -DACC_DEVICE_TYPE_host_nonshm=1 -DACC_MEM_SHARED=0 -O execution test
FAIL: libgomp.oacc-fortran/acc_on_device-1-2.f -DACC_DEVICE_TYPE_host_nonshm=1 -DACC_MEM_SHARED=0 -O execution test
FAIL: libgomp.oacc-fortran/acc_on_device-1-3.f -DACC_DEVICE_TYPE_host_nonshm=1 -DACC_MEM_SHARED=0 -O execution test
FAIL: libgomp.oacc-fortran/data-already-1.f -DACC_DEVICE_TYPE_host_nonshm=1 -DACC_MEM_SHARED=0 -O execution test
FAIL: libgomp.oacc-fortran/data-already-2.f -DACC_DEVICE_TYPE_host_nonshm=1 -DACC_MEM_SHARED=0 -O execution test
FAIL: libgomp.oacc-fortran/data-already-3.f -DACC_DEVICE_TYPE_host_nonshm=1 -DACC_MEM_SHARED=0 -O execution test
FAIL: libgomp.oacc-fortran/data-already-5.f -DACC_DEVICE_TYPE_host_nonshm=1 -DACC_MEM_SHARED=0 -O execution test
FAIL: libgomp.oacc-fortran/data-already-6.f -DACC_DEVICE_TYPE_host_nonshm=1 -DACC_MEM_SHARED=0 -O execution test
FAIL: libgomp.oacc-fortran/data-already-7.f -DACC_DEVICE_TYPE_host_nonshm=1 -DACC_MEM_SHARED=0 -O execution test
FAIL: libgomp.oacc-fortran/data-already-8.f -DACC_DEVICE_TYPE_host_nonshm=1 -DACC_MEM_SHARED=0 -O execution test
=== libgomp Summary ===
# of expected passes 4897
# of unexpected failures 79
# of expected failures 8
# of unsupported tests 363
Host is m68k-unknown-linux-gnu
=== libjava tests ===
Running target aranym
FAIL: TestMultiple output - source compiled test
FAIL: TestParent output - source compiled test
=== libjava Summary ===
# of expected passes 2411
# of unexpected failures 2
# of expected failures 4
# of untested testcases 4
Host is m68k-unknown-linux-gnu
=== libstdc++ tests ===
Running target aranym
FAIL: 22_locale/numpunct/members/char/3.cc execution test
FAIL: 22_locale/time_get/get_date/wchar_t/4.cc execution test
=== libstdc++ Summary ===
# of expected passes 10393
# of unexpected failures 2
# of expected failures 66
# of unsupported tests 260
Compiler version: 6.0.0 20150724 (experimental) [trunk revision 226132] (GCC)
Platform: m68k-unknown-linux-gnu
configure flags: --prefix=/daten/cross/m68k-linux --build=x86_64-suse-linux --enable-shared --with-system-zlib CFLAGS='-O2 -g' CXXFLAGS='-O2 -g' --target=m68k-linux --with-sysroot --disable-multilib --enable-clocale=gnu