This is the mail archive of the
gcc-testresults@gcc.gnu.org
mailing list for the GCC project.
Results for 5.2.1 20150722 [gcc-5-branch revision 226056] (GCC) testsuite on i686-pc-linux-gnu
- From: hjl at gnu-29 dot sc dot intel dot com (H.J. Lu (ia32))
- To: gcc-testresults at gcc dot gnu dot org
- Date: Wed, 22 Jul 2015 02:59:08 -0700
- Subject: Results for 5.2.1 20150722 [gcc-5-branch revision 226056] (GCC) testsuite on i686-pc-linux-gnu
- Authentication-results: sourceware.org; auth=none
Native configuration is i686-pc-linux-gnu
=== gcc tests ===
Running target unix
FAIL: gcc.dg/lto/pr55113 c_lto_pr55113_0.o assemble, -flto -fshort-double -O0 (internal compiler error)
UNRESOLVED: gcc.dg/lto/pr55113 c_lto_pr55113_0.o-c_lto_pr55113_0.o execute -flto -fshort-double -O0
UNRESOLVED: gcc.dg/lto/pr55113 c_lto_pr55113_0.o-c_lto_pr55113_0.o link -flto -fshort-double -O0
=== gcc Summary ===
# of expected passes 113365
# of unexpected failures 1
# of expected failures 266
# of unresolved testcases 2
# of unsupported tests 1635
/export/gnu/import/git/gcc-test/bld/gcc/xgcc version 5.2.1 20150722 [gcc-5-branch revision 226056] (GCC)
=== gfortran tests ===
Running target unix
=== gfortran Summary ===
# of expected passes 48364
# of expected failures 79
# of unsupported tests 209
/export/gnu/import/git/gcc-test/bld/gcc/testsuite/gfortran/../../gfortran version 5.2.1 20150722 [gcc-5-branch revision 226056] (GCC)
=== g++ tests ===
Running target unix
XPASS: g++.dg/tls/thread_local-order2.C -std=c++11 execution test
XPASS: g++.dg/tls/thread_local-order2.C -std=c++14 execution test
=== g++ Summary ===
# of expected passes 92003
# of unexpected successes 2
# of expected failures 339
# of unsupported tests 3449
/export/gnu/import/git/gcc-test/bld/gcc/testsuite/g++/../../xg++ version 5.2.1 20150722 [gcc-5-branch revision 226056] (GCC)
=== objc tests ===
Running target unix
=== objc Summary ===
# of expected passes 3010
# of expected failures 6
# of unsupported tests 74
/export/gnu/import/git/gcc-test/bld/gcc/xgcc version 5.2.1 20150722 [gcc-5-branch revision 226056] (GCC)
=== boehm-gc tests ===
Running target unix
=== boehm-gc Summary ===
# of expected passes 12
# of unsupported tests 1
=== libatomic tests ===
Running target unix
=== libatomic Summary ===
# of expected passes 44
# of unsupported tests 5
=== libffi tests ===
Running target unix
=== libffi Summary ===
# of expected passes 2439
# of unsupported tests 30
=== libgomp tests ===
Running target unix
=== libgomp Summary ===
# of expected passes 5875
# of unsupported tests 254
=== libitm tests ===
Running target unix
=== libitm Summary ===
# of expected passes 26
# of expected failures 3
# of unsupported tests 1
=== libjava tests ===
Running target unix
=== libjava Summary ===
# of expected passes 2582
# of expected failures 4
=== libstdc++ tests ===
Running target unix
=== libstdc++ Summary ===
# of expected passes 10591
# of expected failures 65
# of unsupported tests 226
Compiler version: 5.2.1 20150722 [gcc-5-branch revision 226056] (GCC)
Platform: i686-pc-linux-gnu
configure flags: --prefix=/usr/5.2.1 --enable-clocale=gnu --with-system-zlib --enable-shared --with-demangler-in-ld --enable-libmpx --with-fpmath=sse --enable-languages=c,c++,fortran,java,lto,objc