This is the mail archive of the gcc-testresults@gcc.gnu.org mailing list for the GCC project.


Index Nav: [Date Index] [Subject Index] [Author Index] [Thread Index]
Message Nav: [Date Prev] [Date Next] [Thread Prev] [Thread Next]
Other format: [Raw text]

Results for 5.2.0 (GCC) testsuite on x86_64-w64-mingw32


LAST_UPDATED: Obtained from SVN: tags/gcc_5_2_0_release revision 225865

		=== acats tests ===
FAIL:	c23003b
FAIL:	c23003g
FAIL:	c23003i
FAIL:	c250002
FAIL:	c380004

		=== acats Summary ===
# of expected passes		2315
# of unexpected failures	5
Native configuration is x86_64-w64-mingw32

		=== g++ tests ===


Running target unix
FAIL: g++.dg/debug/dwarf2/lineno-simple1.C  -std=gnu++98  scan-assembler _ZN1CC[12]Ev:[^\\\\t]*(\\\\t.(fnstart|frame|mask|file)[^\\\\t]*)*\\\\t[^:]+:4\\\\n
FAIL: g++.dg/debug/dwarf2/lineno-simple1.C  -std=gnu++98  scan-assembler _ZN1C3fooEv:[^\\\\t]*(\\\\t.(fnstart|frame|mask|file)[^\\\\t]*)*\\\\t[^:]+:7\\\\n
FAIL: g++.dg/debug/dwarf2/lineno-simple1.C  -std=gnu++98  scan-assembler main:[^\\\\t]*(\\\\t.(fnstart|frame|mask|file)[^\\\\t]*)*\\\\t[^:]+:13\\\\n
FAIL: g++.dg/debug/dwarf2/lineno-simple1.C  -std=gnu++11  scan-assembler _ZN1CC[12]Ev:[^\\\\t]*(\\\\t.(fnstart|frame|mask|file)[^\\\\t]*)*\\\\t[^:]+:4\\\\n
FAIL: g++.dg/debug/dwarf2/lineno-simple1.C  -std=gnu++11  scan-assembler _ZN1C3fooEv:[^\\\\t]*(\\\\t.(fnstart|frame|mask|file)[^\\\\t]*)*\\\\t[^:]+:7\\\\n
FAIL: g++.dg/debug/dwarf2/lineno-simple1.C  -std=gnu++11  scan-assembler main:[^\\\\t]*(\\\\t.(fnstart|frame|mask|file)[^\\\\t]*)*\\\\t[^:]+:13\\\\n
FAIL: g++.dg/debug/dwarf2/lineno-simple1.C  -std=gnu++14  scan-assembler _ZN1CC[12]Ev:[^\\\\t]*(\\\\t.(fnstart|frame|mask|file)[^\\\\t]*)*\\\\t[^:]+:4\\\\n
FAIL: g++.dg/debug/dwarf2/lineno-simple1.C  -std=gnu++14  scan-assembler _ZN1C3fooEv:[^\\\\t]*(\\\\t.(fnstart|frame|mask|file)[^\\\\t]*)*\\\\t[^:]+:7\\\\n
FAIL: g++.dg/debug/dwarf2/lineno-simple1.C  -std=gnu++14  scan-assembler main:[^\\\\t]*(\\\\t.(fnstart|frame|mask|file)[^\\\\t]*)*\\\\t[^:]+:13\\\\n
FAIL: g++.dg/debug/dwarf2/nested-4.C  -std=gnu++98  scan-assembler-times debug_types 2
FAIL: g++.dg/debug/dwarf2/nested-4.C  -std=gnu++11  scan-assembler-times debug_types 2
FAIL: g++.dg/debug/dwarf2/nested-4.C  -std=gnu++14  scan-assembler-times debug_types 2
FAIL: g++.dg/debug/dwarf2/pr44641.C  -std=gnu++98  scan-assembler _ZN12MisplacedDbgI4FullEC[12]Ev:[^\\\\t]*(\\\\t.(fnstart|frame|mask|file)[^\\\\t]*)*\\\\t[^:]+:22\\\\n
FAIL: g++.dg/debug/dwarf2/pr44641.C  -std=gnu++98  scan-assembler _ZN12MisplacedDbgI4FullED0Ev:[^\\\\t]*(\\\\t.(fnstart|frame|mask|file)[^\\\\t]*)*\\\\t[^:]+:22\\\\n
FAIL: g++.dg/debug/dwarf2/pr44641.C  -std=gnu++98  scan-assembler _ZN12MisplacedDbgIP3ArgEC[12]Ev:[^\\\\t]*(\\\\t.(fnstart|frame|mask|file)[^\\\\t]*)*\\\\t[^:]+:29\\\\n
FAIL: g++.dg/debug/dwarf2/pr44641.C  -std=gnu++98  scan-assembler _ZN12MisplacedDbgIP3ArgED0Ev:[^\\\\t]*(\\\\t.(fnstart|frame|mask|file)[^\\\\t]*)*\\\\t[^:]+:29\\\\n
FAIL: g++.dg/debug/dwarf2/pr44641.C  -std=gnu++98  scan-assembler _ZN12MisplacedDbgI3ArgEC[12]Ev:[^\\\\t]*(\\\\t.(fnstart|frame|mask|file)[^\\\\t]*)*\\\\t[^:]+:35\\\\n
FAIL: g++.dg/debug/dwarf2/pr44641.C  -std=gnu++98  scan-assembler _ZN12MisplacedDbgI3ArgED0Ev:[^\\\\t]*(\\\\t.(fnstart|frame|mask|file)[^\\\\t]*)*\\\\t[^:]+:35\\\\n
FAIL: g++.dg/debug/dwarf2/pr44641.C  -std=gnu++11  scan-assembler _ZN12MisplacedDbgI4FullEC[12]Ev:[^\\\\t]*(\\\\t.(fnstart|frame|mask|file)[^\\\\t]*)*\\\\t[^:]+:22\\\\n
FAIL: g++.dg/debug/dwarf2/pr44641.C  -std=gnu++11  scan-assembler _ZN12MisplacedDbgI4FullED0Ev:[^\\\\t]*(\\\\t.(fnstart|frame|mask|file)[^\\\\t]*)*\\\\t[^:]+:22\\\\n
FAIL: g++.dg/debug/dwarf2/pr44641.C  -std=gnu++11  scan-assembler _ZN12MisplacedDbgIP3ArgEC[12]Ev:[^\\\\t]*(\\\\t.(fnstart|frame|mask|file)[^\\\\t]*)*\\\\t[^:]+:29\\\\n
FAIL: g++.dg/debug/dwarf2/pr44641.C  -std=gnu++11  scan-assembler _ZN12MisplacedDbgIP3ArgED0Ev:[^\\\\t]*(\\\\t.(fnstart|frame|mask|file)[^\\\\t]*)*\\\\t[^:]+:29\\\\n
FAIL: g++.dg/debug/dwarf2/pr44641.C  -std=gnu++11  scan-assembler _ZN12MisplacedDbgI3ArgEC[12]Ev:[^\\\\t]*(\\\\t.(fnstart|frame|mask|file)[^\\\\t]*)*\\\\t[^:]+:35\\\\n
FAIL: g++.dg/debug/dwarf2/pr44641.C  -std=gnu++11  scan-assembler _ZN12MisplacedDbgI3ArgED0Ev:[^\\\\t]*(\\\\t.(fnstart|frame|mask|file)[^\\\\t]*)*\\\\t[^:]+:35\\\\n
FAIL: g++.dg/debug/dwarf2/pr44641.C  -std=gnu++14  scan-assembler _ZN12MisplacedDbgI4FullEC[12]Ev:[^\\\\t]*(\\\\t.(fnstart|frame|mask|file)[^\\\\t]*)*\\\\t[^:]+:22\\\\n
FAIL: g++.dg/debug/dwarf2/pr44641.C  -std=gnu++14  scan-assembler _ZN12MisplacedDbgI4FullED0Ev:[^\\\\t]*(\\\\t.(fnstart|frame|mask|file)[^\\\\t]*)*\\\\t[^:]+:22\\\\n
FAIL: g++.dg/debug/dwarf2/pr44641.C  -std=gnu++14  scan-assembler _ZN12MisplacedDbgIP3ArgEC[12]Ev:[^\\\\t]*(\\\\t.(fnstart|frame|mask|file)[^\\\\t]*)*\\\\t[^:]+:29\\\\n
FAIL: g++.dg/debug/dwarf2/pr44641.C  -std=gnu++14  scan-assembler _ZN12MisplacedDbgIP3ArgED0Ev:[^\\\\t]*(\\\\t.(fnstart|frame|mask|file)[^\\\\t]*)*\\\\t[^:]+:29\\\\n
FAIL: g++.dg/debug/dwarf2/pr44641.C  -std=gnu++14  scan-assembler _ZN12MisplacedDbgI3ArgEC[12]Ev:[^\\\\t]*(\\\\t.(fnstart|frame|mask|file)[^\\\\t]*)*\\\\t[^:]+:35\\\\n
FAIL: g++.dg/debug/dwarf2/pr44641.C  -std=gnu++14  scan-assembler _ZN12MisplacedDbgI3ArgED0Ev:[^\\\\t]*(\\\\t.(fnstart|frame|mask|file)[^\\\\t]*)*\\\\t[^:]+:35\\\\n
FAIL: g++.dg/debug/dwarf2/pr46527.C  -std=gnu++98  scan-assembler _ZN6StructIdE13defined_laterEv:[^\\\\t]*(\\\\t.(fnstart|frame|mask|file)[^\\\\t]*)*\\\\t[^:]+:12\\\\n
FAIL: g++.dg/debug/dwarf2/pr46527.C  -std=gnu++11  scan-assembler _ZN6StructIdE13defined_laterEv:[^\\\\t]*(\\\\t.(fnstart|frame|mask|file)[^\\\\t]*)*\\\\t[^:]+:12\\\\n
FAIL: g++.dg/debug/dwarf2/pr46527.C  -std=gnu++14  scan-assembler _ZN6StructIdE13defined_laterEv:[^\\\\t]*(\\\\t.(fnstart|frame|mask|file)[^\\\\t]*)*\\\\t[^:]+:12\\\\n
FAIL: g++.dg/abi/anon2.C  -std=c++11  scan-assembler .weak(_definition)?[ \\t]_?_ZN2N11D1C3fn1ENS0_1BE
FAIL: g++.dg/abi/anon2.C  -std=c++11  scan-assembler .weak(_definition)?[ \\t]_?_ZN2N11D1C3fn2ES1_
FAIL: g++.dg/abi/anon2.C  -std=c++11  scan-assembler .weak(_definition)?[ \\t]_?_ZN2N31D1CIiE3fn1ENS0_1BE
FAIL: g++.dg/abi/anon2.C  -std=c++11  scan-assembler .weak(_definition)?[ \\t]_?_ZN2N31D1CIiE3fn2ES2_
FAIL: g++.dg/abi/anon2.C  -std=c++14  scan-assembler .weak(_definition)?[ \\t]_?_ZN2N11D1C3fn1ENS0_1BE
FAIL: g++.dg/abi/anon2.C  -std=c++14  scan-assembler .weak(_definition)?[ \\t]_?_ZN2N11D1C3fn2ES1_
FAIL: g++.dg/abi/anon2.C  -std=c++14  scan-assembler .weak(_definition)?[ \\t]_?_ZN2N31D1CIiE3fn1ENS0_1BE
FAIL: g++.dg/abi/anon2.C  -std=c++14  scan-assembler .weak(_definition)?[ \\t]_?_ZN2N31D1CIiE3fn2ES2_
FAIL: g++.dg/abi/anon3.C  -std=c++98  scan-assembler .weak(_definition)?[ \\t]_?_ZN4Heya4blahEv
FAIL: g++.dg/abi/anon3.C  -std=c++98  scan-assembler .weak(_definition)?[ \\t]_?_ZTI4Heya
FAIL: g++.dg/abi/anon3.C  -std=c++98  scan-assembler .weak(_definition)?[ \\t]_?_ZTV4Heya
FAIL: g++.dg/abi/anon3.C  -std=c++98  scan-assembler .weak(_definition)?[ \\t]_?_ZN4Heya1A1fEv
FAIL: g++.dg/abi/anon3.C  -std=c++98  scan-assembler .weak(_definition)?[ \\t]_?_ZTIN4Heya1AE
FAIL: g++.dg/abi/anon3.C  -std=c++98  scan-assembler .weak(_definition)?[ \\t]_?_ZTVN4Heya1AE
FAIL: g++.dg/abi/anon3.C  -std=c++11  scan-assembler .weak(_definition)?[ \\t]_?_ZN4Heya4blahEv
FAIL: g++.dg/abi/anon3.C  -std=c++11  scan-assembler .weak(_definition)?[ \\t]_?_ZTI4Heya
FAIL: g++.dg/abi/anon3.C  -std=c++11  scan-assembler .weak(_definition)?[ \\t]_?_ZTV4Heya
FAIL: g++.dg/abi/anon3.C  -std=c++11  scan-assembler .weak(_definition)?[ \\t]_?_ZN4Heya1A1fEv
FAIL: g++.dg/abi/anon3.C  -std=c++11  scan-assembler .weak(_definition)?[ \\t]_?_ZTIN4Heya1AE
FAIL: g++.dg/abi/anon3.C  -std=c++11  scan-assembler .weak(_definition)?[ \\t]_?_ZTVN4Heya1AE
FAIL: g++.dg/abi/anon3.C  -std=c++14  scan-assembler .weak(_definition)?[ \\t]_?_ZN4Heya4blahEv
FAIL: g++.dg/abi/anon3.C  -std=c++14  scan-assembler .weak(_definition)?[ \\t]_?_ZTI4Heya
FAIL: g++.dg/abi/anon3.C  -std=c++14  scan-assembler .weak(_definition)?[ \\t]_?_ZTV4Heya
FAIL: g++.dg/abi/anon3.C  -std=c++14  scan-assembler .weak(_definition)?[ \\t]_?_ZN4Heya1A1fEv
FAIL: g++.dg/abi/anon3.C  -std=c++14  scan-assembler .weak(_definition)?[ \\t]_?_ZTIN4Heya1AE
FAIL: g++.dg/abi/anon3.C  -std=c++14  scan-assembler .weak(_definition)?[ \\t]_?_ZTVN4Heya1AE
FAIL: g++.dg/abi/rtti1.C  -std=c++98  scan-assembler-dem-not \\\\ntypeinfo for A[: \\\\t\\\\n]
FAIL: g++.dg/abi/rtti1.C  -std=c++11  scan-assembler-dem-not \\\\ntypeinfo for A[: \\\\t\\\\n]
FAIL: g++.dg/abi/rtti1.C  -std=c++14  scan-assembler-dem-not \\\\ntypeinfo for A[: \\\\t\\\\n]
FAIL: g++.dg/abi/thunk5.C  -std=c++98  scan-assembler weak.*ZTv
FAIL: g++.dg/abi/thunk5.C  -std=c++11  scan-assembler weak.*ZTv
FAIL: g++.dg/abi/thunk5.C  -std=c++14  scan-assembler weak.*ZTv
FAIL: g++.dg/cpp0x/auto27.C  -std=c++98 no type (test for errors, line 3)
FAIL: g++.dg/cpp0x/constexpr-invisiref1.C  -std=c++11 (test for excess errors)
FAIL: g++.dg/cpp0x/constexpr-invisiref1.C  -std=c++14 (test for excess errors)
FAIL: g++.dg/cpp0x/decltype31.C  -std=c++11  (test for errors, line 11)
FAIL: g++.dg/cpp0x/decltype31.C  -std=c++14  (test for errors, line 11)
FAIL: g++.dg/cpp0x/decltype50.C  -std=c++11  (test for errors, line 7)
FAIL: g++.dg/cpp0x/decltype50.C  -std=c++11  (test for errors, line 9)
FAIL: g++.dg/cpp0x/decltype50.C  -std=c++11  (test for errors, line 12)
FAIL: g++.dg/cpp0x/decltype50.C  -std=c++11  (test for errors, line 16)
FAIL: g++.dg/cpp0x/decltype50.C  -std=c++11 (test for excess errors)
FAIL: g++.dg/cpp0x/decltype50.C  -std=c++14  (test for errors, line 7)
FAIL: g++.dg/cpp0x/decltype50.C  -std=c++14  (test for errors, line 9)
FAIL: g++.dg/cpp0x/decltype50.C  -std=c++14  (test for errors, line 12)
FAIL: g++.dg/cpp0x/decltype50.C  -std=c++14  (test for errors, line 16)
FAIL: g++.dg/cpp0x/decltype50.C  -std=c++14 (test for excess errors)
FAIL: g++.dg/cpp0x/lambda/lambda-eh2.C  -std=gnu++11 (test for excess errors)
UNRESOLVED: g++.dg/cpp0x/lambda/lambda-eh2.C  -std=gnu++11 compilation failed to produce executable
FAIL: g++.dg/cpp0x/lambda/lambda-eh2.C  -std=gnu++14 (test for excess errors)
UNRESOLVED: g++.dg/cpp0x/lambda/lambda-eh2.C  -std=gnu++14 compilation failed to produce executable
FAIL: g++.dg/cpp0x/static_assert9.C  -std=c++11  (test for errors, line 7)
FAIL: g++.dg/cpp0x/static_assert9.C  -std=c++14  (test for errors, line 7)
FAIL: g++.dg/cpp0x/stddef.C  -std=c++11 (test for excess errors)
FAIL: g++.dg/cpp0x/stddef.C  -std=c++14 (test for excess errors)
FAIL: g++.dg/cpp1y/pr58708.C  -std=c++14 (test for excess errors)
UNRESOLVED: g++.dg/cpp1y/pr58708.C  -std=c++14 compilation failed to produce executable
FAIL: g++.dg/diagnostic/bitfld2.C  -std=c++98 declaration (test for errors, line 6)
FAIL: g++.dg/diagnostic/bitfld2.C  -std=c++11 declaration (test for errors, line 6)
FAIL: g++.dg/diagnostic/bitfld2.C  -std=c++14 declaration (test for errors, line 6)
FAIL: g++.dg/eh/forced1.C  -std=c++98 execution test
FAIL: g++.dg/eh/forced1.C  -std=c++11 execution test
FAIL: g++.dg/eh/forced1.C  -std=c++14 execution test
FAIL: g++.dg/eh/new1.C  -std=c++14 execution test
FAIL: g++.dg/expr/bound-mem-fun.C  -std=c++98  (test for errors, line 16)
FAIL: g++.dg/expr/bound-mem-fun.C  -std=c++98 (test for excess errors)
FAIL: g++.dg/expr/bound-mem-fun.C  -std=c++11  (test for errors, line 16)
FAIL: g++.dg/expr/bound-mem-fun.C  -std=c++11 (test for excess errors)
FAIL: g++.dg/expr/bound-mem-fun.C  -std=c++14  (test for errors, line 16)
FAIL: g++.dg/expr/bound-mem-fun.C  -std=c++14 (test for excess errors)
FAIL: g++.dg/expr/pmf-1.C  -std=c++98  (test for warnings, line 10)
FAIL: g++.dg/expr/pmf-1.C  -std=c++98  (test for errors, line 16)
FAIL: g++.dg/expr/pmf-1.C  -std=c++98  (test for errors, line 17)
FAIL: g++.dg/expr/pmf-1.C  -std=c++11  (test for warnings, line 10)
FAIL: g++.dg/expr/pmf-1.C  -std=c++11  (test for errors, line 16)
FAIL: g++.dg/expr/pmf-1.C  -std=c++11  (test for errors, line 17)
FAIL: g++.dg/expr/pmf-1.C  -std=c++14  (test for warnings, line 10)
FAIL: g++.dg/expr/pmf-1.C  -std=c++14  (test for errors, line 16)
FAIL: g++.dg/expr/pmf-1.C  -std=c++14  (test for errors, line 17)
FAIL: g++.dg/expr/ptrmem5.C  -std=c++98 (internal compiler error)
FAIL: g++.dg/expr/ptrmem5.C  -std=c++98  (test for errors, line 7)
FAIL: g++.dg/expr/ptrmem5.C  -std=c++98 (test for excess errors)
FAIL: g++.dg/expr/ptrmem5.C  -std=c++11 (internal compiler error)
FAIL: g++.dg/expr/ptrmem5.C  -std=c++11  (test for errors, line 7)
FAIL: g++.dg/expr/ptrmem5.C  -std=c++11 (test for excess errors)
FAIL: g++.dg/expr/ptrmem5.C  -std=c++14 (internal compiler error)
FAIL: g++.dg/expr/ptrmem5.C  -std=c++14  (test for errors, line 7)
FAIL: g++.dg/expr/ptrmem5.C  -std=c++14 (test for excess errors)
FAIL: g++.dg/ext/dllexport1.C  -std=gnu++98  scan-assembler  -export:[\\\\\\\\"]*_ZN3Bar10inline_barEi
FAIL: g++.dg/ext/dllexport1.C  -std=gnu++11  scan-assembler  -export:[\\\\\\\\"]*_ZN3Bar10inline_barEi
FAIL: g++.dg/ext/dllexport1.C  -std=gnu++14  scan-assembler  -export:[\\\\\\\\"]*_ZN3Bar10inline_barEi
XPASS: g++.dg/ext/dllexport4.C  -std=gnu++98 (test for excess errors)
XPASS: g++.dg/ext/dllexport4.C  -std=gnu++11 (test for excess errors)
XPASS: g++.dg/ext/dllexport4.C  -std=gnu++14 (test for excess errors)
FAIL: g++.dg/ext/dllimport4.C  -std=c++98  (test for warnings, line 37)
FAIL: g++.dg/ext/dllimport4.C  -std=c++98 (test for excess errors)
FAIL: g++.dg/ext/dllimport4.C  -std=c++11  (test for warnings, line 37)
FAIL: g++.dg/ext/dllimport4.C  -std=c++11 (test for excess errors)
FAIL: g++.dg/ext/dllimport4.C  -std=c++14  (test for warnings, line 37)
FAIL: g++.dg/ext/dllimport4.C  -std=c++14 (test for excess errors)
FAIL: g++.dg/ext/dllimport7.C  -std=c++98 (test for excess errors)
FAIL: g++.dg/ext/dllimport7.C  -std=c++11 (test for excess errors)
FAIL: g++.dg/ext/dllimport7.C  -std=c++14 (test for excess errors)
FAIL: g++.dg/ext/selectany2.C  -std=c++98  (test for errors, line 21)
FAIL: g++.dg/ext/selectany2.C  -std=c++11  (test for errors, line 21)
FAIL: g++.dg/ext/selectany2.C  -std=c++14  (test for errors, line 21)
FAIL: g++.dg/ext/timevar1.C  -std=gnu++98 (test for excess errors)
FAIL: g++.dg/ext/timevar1.C  -std=gnu++11 (test for excess errors)
FAIL: g++.dg/ext/timevar1.C  -std=gnu++14 (test for excess errors)
FAIL: g++.dg/ext/timevar2.C  -std=gnu++98 (test for excess errors)
FAIL: g++.dg/ext/timevar2.C  -std=gnu++11 (test for excess errors)
FAIL: g++.dg/ext/timevar2.C  -std=gnu++14 (test for excess errors)
FAIL: g++.dg/ext/uow-3.C  -std=gnu++98  (test for errors, line 4)
FAIL: g++.dg/ext/uow-3.C  -std=gnu++98  (test for errors, line 6)
FAIL: g++.dg/ext/uow-3.C  -std=gnu++11  (test for errors, line 4)
FAIL: g++.dg/ext/uow-3.C  -std=gnu++11  (test for errors, line 6)
FAIL: g++.dg/ext/uow-3.C  -std=gnu++14  (test for errors, line 4)
FAIL: g++.dg/ext/uow-3.C  -std=gnu++14  (test for errors, line 6)
FAIL: g++.dg/ext/uow-4.C  -std=gnu++98  (test for errors, line 6)
FAIL: g++.dg/ext/uow-4.C  -std=gnu++98  (test for errors, line 8)
FAIL: g++.dg/ext/uow-4.C  -std=gnu++11  (test for errors, line 6)
FAIL: g++.dg/ext/uow-4.C  -std=gnu++11  (test for errors, line 8)
FAIL: g++.dg/ext/uow-4.C  -std=gnu++14  (test for errors, line 6)
FAIL: g++.dg/ext/uow-4.C  -std=gnu++14  (test for errors, line 8)
FAIL: g++.dg/init/cleanup3.C  -std=c++98  scan-assembler-not _tcf
FAIL: g++.dg/init/cleanup3.C  -std=c++11  scan-assembler-not _tcf
FAIL: g++.dg/init/cleanup3.C  -std=c++14  scan-assembler-not _tcf
FAIL: g++.dg/init/dso_handle2.C  -std=gnu++98  (test for errors, line 11)
FAIL: g++.dg/init/dso_handle2.C  -std=gnu++11  (test for errors, line 11)
FAIL: g++.dg/init/dso_handle2.C  -std=gnu++14  (test for errors, line 11)
FAIL: g++.dg/init/new40.C   execution test
FAIL: g++.dg/ipa/pr64146.C  -std=gnu++98  scan-ipa-dump icf "Equal symbols: 1"
FAIL: g++.dg/ipa/pr64146.C  -std=gnu++11  scan-ipa-dump icf "Equal symbols: 1"
FAIL: g++.dg/ipa/pr64146.C  -std=gnu++14  scan-ipa-dump icf "Equal symbols: 1"
FAIL: g++.dg/lookup/name-clash7.C  -std=c++98  (test for errors, line 3)
FAIL: g++.dg/lookup/name-clash7.C  -std=c++98  (test for errors, line 10)
FAIL: g++.dg/lookup/name-clash7.C  -std=c++11  (test for errors, line 3)
FAIL: g++.dg/lookup/name-clash7.C  -std=c++11  (test for errors, line 10)
FAIL: g++.dg/lookup/name-clash7.C  -std=c++14  (test for errors, line 3)
FAIL: g++.dg/lookup/name-clash7.C  -std=c++14  (test for errors, line 10)
FAIL: g++.dg/lookup/redecl1.C  -std=c++98  (test for errors, line 3)
FAIL: g++.dg/lookup/redecl1.C  -std=c++98  (test for errors, line 5)
FAIL: g++.dg/lookup/redecl1.C  -std=c++11  (test for errors, line 3)
FAIL: g++.dg/lookup/redecl1.C  -std=c++11  (test for errors, line 5)
FAIL: g++.dg/lookup/redecl1.C  -std=c++14  (test for errors, line 3)
FAIL: g++.dg/lookup/redecl1.C  -std=c++14  (test for errors, line 5)
FAIL: g++.dg/opt/pr55717.C  -std=gnu++98 (test for excess errors)
FAIL: g++.dg/opt/pr55717.C  -std=gnu++11 (test for excess errors)
FAIL: g++.dg/opt/pr55717.C  -std=gnu++14 (test for excess errors)
FAIL: g++.dg/other/anon5.C  -std=gnu++98 (test for excess errors)
FAIL: g++.dg/other/anon5.C  -std=gnu++11 (test for excess errors)
FAIL: g++.dg/other/anon5.C  -std=gnu++14 (test for excess errors)
FAIL: g++.dg/other/error34.C  -std=gnu++98 decl (test for errors, line 5)
FAIL: g++.dg/other/error34.C  -std=gnu++11 decl (test for errors, line 5)
FAIL: g++.dg/other/error34.C  -std=gnu++14 decl (test for errors, line 5)
FAIL: g++.dg/other/i386-9.C  -std=gnu++98 (test for excess errors)
UNRESOLVED: g++.dg/other/i386-9.C  -std=gnu++98 compilation failed to produce executable
FAIL: g++.dg/other/i386-9.C  -std=gnu++11 (test for excess errors)
UNRESOLVED: g++.dg/other/i386-9.C  -std=gnu++11 compilation failed to produce executable
FAIL: g++.dg/other/i386-9.C  -std=gnu++14 (test for excess errors)
UNRESOLVED: g++.dg/other/i386-9.C  -std=gnu++14 compilation failed to produce executable
FAIL: g++.dg/other/ptrmem8.C  -std=c++98 (internal compiler error)
FAIL: g++.dg/other/ptrmem8.C  -std=c++98  (test for errors, line 9)
FAIL: g++.dg/other/ptrmem8.C  -std=c++98  (test for errors, line 15)
FAIL: g++.dg/other/ptrmem8.C  -std=c++98 (test for excess errors)
FAIL: g++.dg/other/ptrmem8.C  -std=c++11 (internal compiler error)
FAIL: g++.dg/other/ptrmem8.C  -std=c++11  (test for errors, line 9)
FAIL: g++.dg/other/ptrmem8.C  -std=c++11  (test for errors, line 15)
FAIL: g++.dg/other/ptrmem8.C  -std=c++11 (test for excess errors)
FAIL: g++.dg/other/ptrmem8.C  -std=c++14 (internal compiler error)
FAIL: g++.dg/other/ptrmem8.C  -std=c++14  (test for errors, line 9)
FAIL: g++.dg/other/ptrmem8.C  -std=c++14  (test for errors, line 15)
FAIL: g++.dg/other/ptrmem8.C  -std=c++14 (test for excess errors)
FAIL: g++.dg/parse/error43.C  -std=gnu++98 (test for excess errors)
FAIL: g++.dg/parse/error43.C  -std=gnu++11 (test for excess errors)
FAIL: g++.dg/parse/error43.C  -std=gnu++14 (test for excess errors)
FAIL: g++.dg/parse/error45.C  -std=c++98  (test for errors, line 8)
FAIL: g++.dg/parse/error45.C  -std=c++98 (test for excess errors)
FAIL: g++.dg/parse/error45.C  -std=c++11  (test for errors, line 8)
FAIL: g++.dg/parse/error45.C  -std=c++11 (test for excess errors)
FAIL: g++.dg/parse/error45.C  -std=c++14  (test for errors, line 8)
FAIL: g++.dg/parse/error45.C  -std=c++14 (test for excess errors)
FAIL: g++.dg/pr49718.C  -std=gnu++98  scan-assembler-times __cyg_profile_func_enter 1
FAIL: g++.dg/pr49718.C  -std=gnu++11  scan-assembler-times __cyg_profile_func_enter 1
FAIL: g++.dg/pr49718.C  -std=gnu++14  scan-assembler-times __cyg_profile_func_enter 1
FAIL: g++.dg/rtti/typeid8.C  -std=c++98  (test for errors, line 25)
FAIL: g++.dg/rtti/typeid8.C  -std=c++11  (test for errors, line 25)
FAIL: g++.dg/rtti/typeid8.C  -std=c++14  (test for errors, line 25)
FAIL: g++.dg/stackprotectexplicit2.C  -std=gnu++98  scan-assembler-times stack_chk_fail 2
FAIL: g++.dg/stackprotectexplicit2.C  -std=gnu++11  scan-assembler-times stack_chk_fail 2
FAIL: g++.dg/stackprotectexplicit2.C  -std=gnu++14  scan-assembler-times stack_chk_fail 2
FAIL: g++.dg/template/crash37.C  -std=c++98  (test for errors, line 23)
FAIL: g++.dg/template/crash37.C  -std=c++11  (test for errors, line 23)
FAIL: g++.dg/template/crash37.C  -std=c++14  (test for errors, line 23)
FAIL: g++.dg/template/crash51.C  -std=c++98  (test for errors, line 10)
FAIL: g++.dg/template/crash51.C  -std=c++98 (test for excess errors)
FAIL: g++.dg/template/crash51.C  -std=c++11  (test for errors, line 10)
FAIL: g++.dg/template/crash51.C  -std=c++11 (test for excess errors)
FAIL: g++.dg/template/crash51.C  -std=c++14  (test for errors, line 10)
FAIL: g++.dg/template/crash51.C  -std=c++14 (test for excess errors)
FAIL: g++.dg/template/crash72.C  -std=c++98  (test for errors, line 16)
FAIL: g++.dg/template/crash72.C  -std=c++98 (test for excess errors)
FAIL: g++.dg/template/crash72.C  -std=c++11  (test for errors, line 16)
FAIL: g++.dg/template/crash72.C  -std=c++11 (test for excess errors)
FAIL: g++.dg/template/crash72.C  -std=c++14  (test for errors, line 16)
FAIL: g++.dg/template/crash72.C  -std=c++14 (test for excess errors)
FAIL: g++.dg/template/dependent-expr5.C  -std=c++98  (test for warnings, line 9)
FAIL: g++.dg/template/dependent-expr5.C  -std=c++98  (test for warnings, line 10)
FAIL: g++.dg/template/dependent-expr5.C  -std=c++98  (test for errors, line 47)
FAIL: g++.dg/template/dependent-expr5.C  -std=c++98 candidate note (test for warnings, line 47)
FAIL: g++.dg/template/dependent-expr5.C  -std=c++98  (test for errors, line 63)
FAIL: g++.dg/template/dependent-expr5.C  -std=c++98 candidate note (test for warnings, line 63)
FAIL: g++.dg/template/dependent-expr5.C  -std=c++98  (test for errors, line 99)
FAIL: g++.dg/template/dependent-expr5.C  -std=c++98 candidate note (test for warnings, line 99)
FAIL: g++.dg/template/dependent-expr5.C  -std=c++98  (test for errors, line 115)
FAIL: g++.dg/template/dependent-expr5.C  -std=c++98 candidate note (test for warnings, line 115)
FAIL: g++.dg/template/dependent-expr5.C  -std=c++98 (test for excess errors)
FAIL: g++.dg/template/dependent-expr5.C  -std=c++11  (test for warnings, line 9)
FAIL: g++.dg/template/dependent-expr5.C  -std=c++11  (test for warnings, line 10)
FAIL: g++.dg/template/dependent-expr5.C  -std=c++11  (test for errors, line 47)
FAIL: g++.dg/template/dependent-expr5.C  -std=c++11 candidate note (test for warnings, line 47)
FAIL: g++.dg/template/dependent-expr5.C  -std=c++11  (test for errors, line 63)
FAIL: g++.dg/template/dependent-expr5.C  -std=c++11 candidate note (test for warnings, line 63)
FAIL: g++.dg/template/dependent-expr5.C  -std=c++11  (test for errors, line 99)
FAIL: g++.dg/template/dependent-expr5.C  -std=c++11 candidate note (test for warnings, line 99)
FAIL: g++.dg/template/dependent-expr5.C  -std=c++11  (test for errors, line 115)
FAIL: g++.dg/template/dependent-expr5.C  -std=c++11 candidate note (test for warnings, line 115)
FAIL: g++.dg/template/dependent-expr5.C  -std=c++11 (test for excess errors)
FAIL: g++.dg/template/dependent-expr5.C  -std=c++14  (test for warnings, line 9)
FAIL: g++.dg/template/dependent-expr5.C  -std=c++14  (test for warnings, line 10)
FAIL: g++.dg/template/dependent-expr5.C  -std=c++14  (test for errors, line 47)
FAIL: g++.dg/template/dependent-expr5.C  -std=c++14 candidate note (test for warnings, line 47)
FAIL: g++.dg/template/dependent-expr5.C  -std=c++14  (test for errors, line 63)
FAIL: g++.dg/template/dependent-expr5.C  -std=c++14 candidate note (test for warnings, line 63)
FAIL: g++.dg/template/dependent-expr5.C  -std=c++14  (test for errors, line 99)
FAIL: g++.dg/template/dependent-expr5.C  -std=c++14 candidate note (test for warnings, line 99)
FAIL: g++.dg/template/dependent-expr5.C  -std=c++14  (test for errors, line 115)
FAIL: g++.dg/template/dependent-expr5.C  -std=c++14 candidate note (test for warnings, line 115)
FAIL: g++.dg/template/dependent-expr5.C  -std=c++14 (test for excess errors)
FAIL: g++.dg/template/dtor6.C  -std=c++98  (test for errors, line 8)
FAIL: g++.dg/template/dtor6.C  -std=c++98  (test for errors, line 14)
FAIL: g++.dg/template/dtor6.C  -std=c++98 (test for excess errors)
FAIL: g++.dg/template/dtor6.C  -std=c++11  (test for errors, line 8)
FAIL: g++.dg/template/dtor6.C  -std=c++11  (test for errors, line 14)
FAIL: g++.dg/template/dtor6.C  -std=c++11 (test for excess errors)
FAIL: g++.dg/template/dtor6.C  -std=c++14  (test for errors, line 8)
FAIL: g++.dg/template/dtor6.C  -std=c++14  (test for errors, line 14)
FAIL: g++.dg/template/dtor6.C  -std=c++14 (test for excess errors)
FAIL: g++.dg/template/overload6.C  -std=c++98  (test for errors, line 16)
FAIL: g++.dg/template/overload6.C  -std=c++98 (test for excess errors)
FAIL: g++.dg/template/overload6.C  -std=c++11  (test for errors, line 16)
FAIL: g++.dg/template/overload6.C  -std=c++11 (test for excess errors)
FAIL: g++.dg/template/overload6.C  -std=c++14  (test for errors, line 16)
FAIL: g++.dg/template/overload6.C  -std=c++14 (test for excess errors)
FAIL: g++.dg/warn/changes-meaning.C  -std=gnu++98  (test for warnings, line 4)
FAIL: g++.dg/warn/changes-meaning.C  -std=gnu++98  (test for warnings, line 9)
FAIL: g++.dg/warn/changes-meaning.C  -std=gnu++11  (test for warnings, line 4)
FAIL: g++.dg/warn/changes-meaning.C  -std=gnu++11  (test for warnings, line 9)
FAIL: g++.dg/warn/changes-meaning.C  -std=gnu++14  (test for warnings, line 4)
FAIL: g++.dg/warn/changes-meaning.C  -std=gnu++14  (test for warnings, line 9)
FAIL: g++.dg/warn/pmf1.C  -std=c++98  (test for errors, line 17)
FAIL: g++.dg/warn/pmf1.C  -std=c++11  (test for errors, line 17)
FAIL: g++.dg/warn/pmf1.C  -std=c++14  (test for errors, line 17)
FAIL: g++.dg/guality/pr55665.C   -O2  line 23 p == 40
FAIL: g++.dg/guality/pr55665.C   -O3 -fomit-frame-pointer  line 23 p == 40
FAIL: g++.dg/guality/pr55665.C   -O3 -g  line 23 p == 40
FAIL: g++.dg/lto/pr64076 cp_lto_pr64076_0.o-cp_lto_pr64076_1.o link, -O0 -flto -flto-partition=1to1 -fno-use-linker-plugin 
UNRESOLVED: g++.dg/lto/pr64076 cp_lto_pr64076_0.o-cp_lto_pr64076_1.o execute -O0 -flto -flto-partition=1to1 -fno-use-linker-plugin 
FAIL: g++.dg/lto/pr65475c cp_lto_pr65475c_0.o-cp_lto_pr65475c_1.o link, -O2
UNRESOLVED: g++.dg/lto/pr65475c cp_lto_pr65475c_0.o-cp_lto_pr65475c_1.o execute -O2
FAIL: g++.dg/lto/pr65475c cp_lto_pr65475c_0.o-cp_lto_pr65475c_1.o link, -w
UNRESOLVED: g++.dg/lto/pr65475c cp_lto_pr65475c_0.o-cp_lto_pr65475c_1.o execute -w
FAIL: g++.dg/tls/thread_local-order1.C  -std=c++11 execution test
FAIL: g++.dg/tls/thread_local-order1.C  -std=c++14 execution test
FAIL: g++.dg/tm/pr46941.C  -std=gnu++98  scan-assembler _ZGTtnw[mj]
FAIL: g++.dg/tm/pr46941.C  -std=gnu++98  scan-assembler _ZGTtna[mj]
FAIL: g++.dg/tm/pr46941.C  -std=gnu++11  scan-assembler _ZGTtnw[mj]
FAIL: g++.dg/tm/pr46941.C  -std=gnu++11  scan-assembler _ZGTtna[mj]
FAIL: g++.dg/tm/pr46941.C  -std=gnu++14  scan-assembler _ZGTtnw[mj]
FAIL: g++.dg/tm/pr46941.C  -std=gnu++14  scan-assembler _ZGTtna[mj]
FAIL: g++.dg/torture/pr58252.C   -O0   (test for warnings, line 17)
FAIL: g++.dg/torture/pr58252.C   -O1   (test for warnings, line 17)
FAIL: g++.dg/torture/pr58252.C   -O2   (test for warnings, line 17)
FAIL: g++.dg/torture/pr58252.C   -O3 -fomit-frame-pointer   (test for warnings, line 17)
FAIL: g++.dg/torture/pr58252.C   -O3 -fomit-frame-pointer -funroll-loops   (test for warnings, line 17)
FAIL: g++.dg/torture/pr58252.C   -O3 -fomit-frame-pointer -funroll-all-loops -finline-functions   (test for warnings, line 17)
FAIL: g++.dg/torture/pr58252.C   -O3 -g   (test for warnings, line 17)
FAIL: g++.dg/torture/pr58252.C   -Os   (test for warnings, line 17)
FAIL: g++.dg/torture/pr58252.C   -O2 -flto -fno-use-linker-plugin -flto-partition=none   (test for warnings, line 17)
FAIL: g++.dg/torture/pr58252.C   -O2 -flto -fuse-linker-plugin -fno-fat-lto-objects   (test for warnings, line 17)
FAIL: g++.old-deja/g++.benjamin/13908.C  -std=c++98 (internal compiler error)
FAIL: g++.old-deja/g++.benjamin/13908.C  -std=c++98  (test for errors, line 20)
FAIL: g++.old-deja/g++.benjamin/13908.C  -std=c++98 (test for excess errors)
FAIL: g++.old-deja/g++.benjamin/13908.C  -std=c++11 (internal compiler error)
FAIL: g++.old-deja/g++.benjamin/13908.C  -std=c++11  (test for errors, line 20)
FAIL: g++.old-deja/g++.benjamin/13908.C  -std=c++11 (test for excess errors)
FAIL: g++.old-deja/g++.benjamin/13908.C  -std=c++14 (internal compiler error)
FAIL: g++.old-deja/g++.benjamin/13908.C  -std=c++14  (test for errors, line 20)
FAIL: g++.old-deja/g++.benjamin/13908.C  -std=c++14 (test for excess errors)
FAIL: g++.old-deja/g++.brendan/arm3.C  -std=c++98  (test for errors, line 7)
FAIL: g++.old-deja/g++.brendan/arm3.C  -std=c++11  (test for errors, line 7)
FAIL: g++.old-deja/g++.brendan/arm3.C  -std=c++14  (test for errors, line 7)
FAIL: g++.old-deja/g++.brendan/prepost1.C  -std=c++98  (test for errors, line 5)
FAIL: g++.old-deja/g++.brendan/prepost1.C  -std=c++11  (test for errors, line 5)
FAIL: g++.old-deja/g++.brendan/prepost1.C  -std=c++14  (test for errors, line 5)
FAIL: g++.old-deja/g++.brendan/prepost2.C  -std=c++98  (test for errors, line 5)
FAIL: g++.old-deja/g++.brendan/prepost2.C  -std=c++98  (test for errors, line 6)
FAIL: g++.old-deja/g++.brendan/prepost2.C  -std=c++11  (test for errors, line 5)
FAIL: g++.old-deja/g++.brendan/prepost2.C  -std=c++11  (test for errors, line 6)
FAIL: g++.old-deja/g++.brendan/prepost2.C  -std=c++14  (test for errors, line 5)
FAIL: g++.old-deja/g++.brendan/prepost2.C  -std=c++14  (test for errors, line 6)
FAIL: g++.old-deja/g++.bugs/900213_03.C  -std=c++98  (test for errors, line 24)
FAIL: g++.old-deja/g++.bugs/900213_03.C  -std=c++11  (test for errors, line 24)
FAIL: g++.old-deja/g++.bugs/900213_03.C  -std=c++14  (test for errors, line 24)
FAIL: g++.old-deja/g++.jason/member.C  -std=c++98  (test for errors, line 28)
FAIL: g++.old-deja/g++.jason/member.C  -std=c++98  (test for errors, line 34)
FAIL: g++.old-deja/g++.jason/member.C  -std=c++11  (test for errors, line 28)
FAIL: g++.old-deja/g++.jason/member.C  -std=c++11  (test for errors, line 34)
FAIL: g++.old-deja/g++.jason/member.C  -std=c++14  (test for errors, line 28)
FAIL: g++.old-deja/g++.jason/member.C  -std=c++14  (test for errors, line 34)
FAIL: g++.old-deja/g++.jason/pmf2.C  -std=c++98  (test for errors, line 12)
FAIL: g++.old-deja/g++.jason/pmf2.C  -std=c++11  (test for errors, line 12)
FAIL: g++.old-deja/g++.jason/pmf2.C  -std=c++14  (test for errors, line 12)
FAIL: g++.old-deja/g++.jason/pmf5.C  -std=gnu++98 assuming (test for errors, line 18)
FAIL: g++.old-deja/g++.jason/pmf5.C  -std=gnu++98 note (test for warnings, line 18)
FAIL: g++.old-deja/g++.jason/pmf5.C  -std=gnu++11 assuming (test for errors, line 18)
FAIL: g++.old-deja/g++.jason/pmf5.C  -std=gnu++11 note (test for warnings, line 18)
FAIL: g++.old-deja/g++.jason/pmf5.C  -std=gnu++14 assuming (test for errors, line 18)
FAIL: g++.old-deja/g++.jason/pmf5.C  -std=gnu++14 note (test for warnings, line 18)
FAIL: g++.old-deja/g++.jason/scoping8.C  -std=c++98  (test for errors, line 4)
FAIL: g++.old-deja/g++.jason/scoping8.C  -std=c++98  (test for errors, line 7)
FAIL: g++.old-deja/g++.jason/scoping8.C  -std=c++11  (test for errors, line 4)
FAIL: g++.old-deja/g++.jason/scoping8.C  -std=c++11  (test for errors, line 7)
FAIL: g++.old-deja/g++.jason/scoping8.C  -std=c++14  (test for errors, line 4)
FAIL: g++.old-deja/g++.jason/scoping8.C  -std=c++14  (test for errors, line 7)
FAIL: g++.old-deja/g++.jason/typeid1.C  -std=c++98  (test for errors, line 11)
FAIL: g++.old-deja/g++.jason/typeid1.C  -std=c++11  (test for errors, line 11)
FAIL: g++.old-deja/g++.jason/typeid1.C  -std=c++14  (test for errors, line 11)
FAIL: g++.old-deja/g++.law/arm16.C  -std=gnu++98  (test for errors, line 14)
FAIL: g++.old-deja/g++.law/arm16.C  -std=gnu++11  (test for errors, line 14)
FAIL: g++.old-deja/g++.law/arm16.C  -std=gnu++14  (test for errors, line 14)
FAIL: g++.old-deja/g++.law/nest1.C  -std=c++98  (test for errors, line 9)
FAIL: g++.old-deja/g++.law/nest1.C  -std=c++98  (test for errors, line 13)
FAIL: g++.old-deja/g++.law/nest1.C  -std=c++11  (test for errors, line 9)
FAIL: g++.old-deja/g++.law/nest1.C  -std=c++11  (test for errors, line 13)
FAIL: g++.old-deja/g++.law/nest1.C  -std=c++14  (test for errors, line 9)
FAIL: g++.old-deja/g++.law/nest1.C  -std=c++14  (test for errors, line 13)
FAIL: g++.old-deja/g++.law/operators9.C  -std=c++98  (test for errors, line 12)
FAIL: g++.old-deja/g++.law/operators9.C  -std=c++11  (test for errors, line 12)
FAIL: g++.old-deja/g++.law/operators9.C  -std=c++14  (test for errors, line 12)
FAIL: g++.old-deja/g++.mike/net31.C  -std=c++98  (test for errors, line 65)
FAIL: g++.old-deja/g++.mike/net31.C  -std=c++11  (test for errors, line 65)
FAIL: g++.old-deja/g++.mike/net31.C  -std=c++14  (test for errors, line 65)
FAIL: g++.old-deja/g++.mike/net36.C  -std=c++98  (test for errors, line 18)
FAIL: g++.old-deja/g++.mike/net36.C  -std=c++11  (test for errors, line 18)
FAIL: g++.old-deja/g++.mike/net36.C  -std=c++14  (test for errors, line 18)
FAIL: g++.old-deja/g++.mike/p11110.C  -std=c++98  (test for errors, line 20)
FAIL: g++.old-deja/g++.mike/p11110.C  -std=c++98 (test for excess errors)
FAIL: g++.old-deja/g++.mike/p11110.C  -std=c++11  (test for errors, line 20)
FAIL: g++.old-deja/g++.mike/p11110.C  -std=c++11 (test for excess errors)
FAIL: g++.old-deja/g++.mike/p11110.C  -std=c++14  (test for errors, line 20)
FAIL: g++.old-deja/g++.mike/p11110.C  -std=c++14 (test for excess errors)
FAIL: g++.old-deja/g++.mike/p646.C  -std=gnu++98  (test for warnings, line 135)
FAIL: g++.old-deja/g++.mike/p646.C  -std=gnu++11  (test for warnings, line 135)
FAIL: g++.old-deja/g++.mike/p646.C  -std=gnu++14  (test for warnings, line 135)
FAIL: g++.old-deja/g++.mike/p755a.C  -std=c++14 execution test
FAIL: g++.old-deja/g++.oliva/overload1.C  -std=c++98  (test for errors, line 16)
FAIL: g++.old-deja/g++.oliva/overload1.C  -std=c++98 note (test for warnings, line 16)
FAIL: g++.old-deja/g++.oliva/overload1.C  -std=c++11  (test for errors, line 16)
FAIL: g++.old-deja/g++.oliva/overload1.C  -std=c++11 note (test for warnings, line 16)
FAIL: g++.old-deja/g++.oliva/overload1.C  -std=c++14  (test for errors, line 16)
FAIL: g++.old-deja/g++.oliva/overload1.C  -std=c++14 note (test for warnings, line 16)
FAIL: g++.old-deja/g++.other/decl6.C  -std=c++98  (test for errors, line 12)
FAIL: g++.old-deja/g++.other/decl6.C  -std=c++11  (test for errors, line 12)
FAIL: g++.old-deja/g++.other/decl6.C  -std=c++14  (test for errors, line 12)
FAIL: g++.old-deja/g++.other/init18.C  -std=c++98 execution test
FAIL: g++.old-deja/g++.other/init18.C  -std=c++11 execution test
FAIL: g++.old-deja/g++.other/init18.C  -std=c++14 execution test
FAIL: g++.old-deja/g++.other/init19.C  -std=c++98 execution test
FAIL: g++.old-deja/g++.other/init19.C  -std=c++11 execution test
FAIL: g++.old-deja/g++.other/init19.C  -std=c++14 execution test
FAIL: g++.old-deja/g++.other/pmf2.C  -std=c++98  (test for errors, line 17)
FAIL: g++.old-deja/g++.other/pmf2.C  -std=c++11  (test for errors, line 17)
FAIL: g++.old-deja/g++.other/pmf2.C  -std=c++14  (test for errors, line 17)
FAIL: g++.old-deja/g++.other/pmf3.C  -std=c++98  (test for errors, line 23)
FAIL: g++.old-deja/g++.other/pmf3.C  -std=c++98  (test for errors, line 24)
FAIL: g++.old-deja/g++.other/pmf3.C  -std=c++11  (test for errors, line 23)
FAIL: g++.old-deja/g++.other/pmf3.C  -std=c++11  (test for errors, line 24)
FAIL: g++.old-deja/g++.other/pmf3.C  -std=c++14  (test for errors, line 23)
FAIL: g++.old-deja/g++.other/pmf3.C  -std=c++14  (test for errors, line 24)
FAIL: g++.old-deja/g++.other/pmf7.C  -std=c++98  (test for errors, line 15)
FAIL: g++.old-deja/g++.other/pmf7.C  -std=c++11  (test for errors, line 15)
FAIL: g++.old-deja/g++.other/pmf7.C  -std=c++14  (test for errors, line 15)
FAIL: g++.old-deja/g++.other/ptrmem7.C  -std=c++98 err (test for errors, line 23)
FAIL: g++.old-deja/g++.other/ptrmem7.C  -std=c++98 note (test for warnings, line 23)
FAIL: g++.old-deja/g++.other/ptrmem7.C  -std=c++98 err (test for errors, line 25)
FAIL: g++.old-deja/g++.other/ptrmem7.C  -std=c++98 err (test for errors, line 26)
FAIL: g++.old-deja/g++.other/ptrmem7.C  -std=c++98  (test for errors, line 34)
FAIL: g++.old-deja/g++.other/ptrmem7.C  -std=c++98  (test for errors, line 35)
FAIL: g++.old-deja/g++.other/ptrmem7.C  -std=c++98  (test for errors, line 36)
FAIL: g++.old-deja/g++.other/ptrmem7.C  -std=c++98  (test for errors, line 38)
FAIL: g++.old-deja/g++.other/ptrmem7.C  -std=c++98  (test for errors, line 39)
FAIL: g++.old-deja/g++.other/ptrmem7.C  -std=c++11 err (test for errors, line 23)
FAIL: g++.old-deja/g++.other/ptrmem7.C  -std=c++11 note (test for warnings, line 23)
FAIL: g++.old-deja/g++.other/ptrmem7.C  -std=c++11 err (test for errors, line 25)
FAIL: g++.old-deja/g++.other/ptrmem7.C  -std=c++11 err (test for errors, line 26)
FAIL: g++.old-deja/g++.other/ptrmem7.C  -std=c++11  (test for errors, line 34)
FAIL: g++.old-deja/g++.other/ptrmem7.C  -std=c++11  (test for errors, line 35)
FAIL: g++.old-deja/g++.other/ptrmem7.C  -std=c++11  (test for errors, line 36)
FAIL: g++.old-deja/g++.other/ptrmem7.C  -std=c++11  (test for errors, line 38)
FAIL: g++.old-deja/g++.other/ptrmem7.C  -std=c++11  (test for errors, line 39)
FAIL: g++.old-deja/g++.other/ptrmem7.C  -std=c++14 err (test for errors, line 23)
FAIL: g++.old-deja/g++.other/ptrmem7.C  -std=c++14 note (test for warnings, line 23)
FAIL: g++.old-deja/g++.other/ptrmem7.C  -std=c++14 err (test for errors, line 25)
FAIL: g++.old-deja/g++.other/ptrmem7.C  -std=c++14 err (test for errors, line 26)
FAIL: g++.old-deja/g++.other/ptrmem7.C  -std=c++14  (test for errors, line 34)
FAIL: g++.old-deja/g++.other/ptrmem7.C  -std=c++14  (test for errors, line 35)
FAIL: g++.old-deja/g++.other/ptrmem7.C  -std=c++14  (test for errors, line 36)
FAIL: g++.old-deja/g++.other/ptrmem7.C  -std=c++14  (test for errors, line 38)
FAIL: g++.old-deja/g++.other/ptrmem7.C  -std=c++14  (test for errors, line 39)
FAIL: g++.old-deja/g++.pt/ptrmem10.C  -std=c++98 (test for excess errors)
FAIL: g++.old-deja/g++.pt/ptrmem10.C  -std=c++11 (test for excess errors)
FAIL: g++.old-deja/g++.pt/ptrmem10.C  -std=c++14 (test for excess errors)
FAIL: g++.old-deja/g++.robertl/eb131.C  -std=c++98  (test for warnings, line 13)
FAIL: g++.old-deja/g++.robertl/eb131.C  -std=c++98  (test for errors, line 18)
FAIL: g++.old-deja/g++.robertl/eb131.C  -std=c++98  (test for errors, line 19)
FAIL: g++.old-deja/g++.robertl/eb131.C  -std=c++11  (test for warnings, line 13)
FAIL: g++.old-deja/g++.robertl/eb131.C  -std=c++11  (test for errors, line 18)
FAIL: g++.old-deja/g++.robertl/eb131.C  -std=c++11  (test for errors, line 19)
FAIL: g++.old-deja/g++.robertl/eb131.C  -std=c++14  (test for warnings, line 13)
FAIL: g++.old-deja/g++.robertl/eb131.C  -std=c++14  (test for errors, line 18)
FAIL: g++.old-deja/g++.robertl/eb131.C  -std=c++14  (test for errors, line 19)
FAIL: g++.old-deja/g++.robertl/eb8.C  -std=c++98  (test for errors, line 5)
FAIL: g++.old-deja/g++.robertl/eb8.C  -std=c++98  (test for errors, line 6)
FAIL: g++.old-deja/g++.robertl/eb8.C  -std=c++11  (test for errors, line 5)
FAIL: g++.old-deja/g++.robertl/eb8.C  -std=c++11  (test for errors, line 6)
FAIL: g++.old-deja/g++.robertl/eb8.C  -std=c++14  (test for errors, line 5)
FAIL: g++.old-deja/g++.robertl/eb8.C  -std=c++14  (test for errors, line 6)

		=== g++ Summary ===

# of expected passes		84276
# of unexpected failures	459
# of unexpected successes	3
# of expected failures		279
# of unresolved testcases	9
# of unsupported tests		3784
/opt/devel/SCRATCH/tmp.APPRhuW9Ge/gcc-5.2.0/gcc-5.2.0/gcc/testsuite/g++/../../xg++  version 5.2.0 (GCC) 

		=== gcc tests ===


Running target unix
FAIL: gcc.c-torture/compile/limits-exprparen.c   -O0  (test for excess errors)
FAIL: gcc.c-torture/compile/limits-exprparen.c   -O1  (test for excess errors)
FAIL: gcc.c-torture/compile/limits-exprparen.c   -O2  (test for excess errors)
FAIL: gcc.c-torture/compile/limits-exprparen.c   -O3 -fomit-frame-pointer  (test for excess errors)
FAIL: gcc.c-torture/compile/limits-exprparen.c   -O3 -g  (test for excess errors)
FAIL: gcc.c-torture/compile/limits-exprparen.c   -Os  (test for excess errors)
FAIL: gcc.c-torture/compile/limits-exprparen.c   -O2 -flto -fno-use-linker-plugin -flto-partition=none  (test for excess errors)
FAIL: gcc.c-torture/compile/limits-exprparen.c   -O2 -flto -fuse-linker-plugin -fno-fat-lto-objects  (test for excess errors)
FAIL: gcc.c-torture/compile/pr55569.c   -O0  (test for excess errors)
FAIL: gcc.c-torture/compile/pr55569.c   -O1  (test for excess errors)
FAIL: gcc.c-torture/compile/pr55569.c   -O2  (test for excess errors)
FAIL: gcc.c-torture/compile/pr55569.c   -O3 -fomit-frame-pointer  (test for excess errors)
FAIL: gcc.c-torture/compile/pr55569.c   -O3 -fomit-frame-pointer -funroll-loops  (test for excess errors)
FAIL: gcc.c-torture/compile/pr55569.c   -O3 -fomit-frame-pointer -funroll-all-loops -finline-functions  (test for excess errors)
FAIL: gcc.c-torture/compile/pr55569.c   -O3 -g  (test for excess errors)
FAIL: gcc.c-torture/compile/pr55569.c   -Os  (test for excess errors)
FAIL: gcc.c-torture/compile/pr55569.c   -O2 -flto -fno-use-linker-plugin -flto-partition=none  (test for excess errors)
FAIL: gcc.c-torture/compile/pr55569.c   -O2 -flto -fuse-linker-plugin -fno-fat-lto-objects  (test for excess errors)
FAIL: gcc.dg/atomic/c11-atomic-exec-5.c   -O0  execution test
FAIL: gcc.dg/atomic/c11-atomic-exec-5.c   -O1  execution test
FAIL: gcc.dg/atomic/c11-atomic-exec-5.c   -O2  execution test
FAIL: gcc.dg/atomic/c11-atomic-exec-5.c   -O3 -fomit-frame-pointer  execution test
FAIL: gcc.dg/atomic/c11-atomic-exec-5.c   -O3 -fomit-frame-pointer -funroll-loops  execution test
FAIL: gcc.dg/atomic/c11-atomic-exec-5.c   -O3 -fomit-frame-pointer -funroll-all-loops -finline-functions  execution test
FAIL: gcc.dg/atomic/c11-atomic-exec-5.c   -O3 -g  execution test
FAIL: gcc.dg/atomic/c11-atomic-exec-5.c   -Os  execution test
FAIL: gcc.dg/atomic/c11-atomic-exec-5.c   -O2 -flto -fno-use-linker-plugin -flto-partition=none  execution test
FAIL: gcc.dg/atomic/c11-atomic-exec-5.c   -O2 -flto -fuse-linker-plugin -fno-fat-lto-objects  execution test
WARNING: program timed out.
WARNING: program timed out.
WARNING: program timed out.
WARNING: program timed out.
WARNING: program timed out.
WARNING: program timed out.
WARNING: program timed out.
WARNING: program timed out.
WARNING: program timed out.
WARNING: program timed out.
FAIL: gcc.dg/compat/vector-1b c_compat_x_tst.o-c_compat_y_tst.o execute 
FAIL: gcc.dg/compat/vector-2b c_compat_x_tst.o-c_compat_y_tst.o execute 
FAIL: gcc.dg/cpp/include7.c (test for excess errors)
FAIL: gcc.dg/Warray-bounds-11.c (test for excess errors)
FAIL: gcc.dg/anon-struct-1.c  (test for warnings, line 9)
FAIL: gcc.dg/anon-struct-1.c  (test for warnings, line 16)
FAIL: gcc.dg/anon-struct-1.c  (test for warnings, line 32)
FAIL: gcc.dg/anon-struct-1.c (test for excess errors)
FAIL: gcc.dg/anon-struct-11.c  (test for warnings, line 18)
FAIL: gcc.dg/anon-struct-11.c  (test for errors, line 37)
FAIL: gcc.dg/anon-struct-11.c  (test for warnings, line 50)
FAIL: gcc.dg/anon-struct-11.c  (test for warnings, line 53)
FAIL: gcc.dg/anon-struct-11.c  (test for errors, line 88)
FAIL: gcc.dg/anon-struct-11.c  (test for errors, line 90)
FAIL: gcc.dg/anon-struct-2.c  (test for warnings, line 9)
FAIL: gcc.dg/anon-struct-2.c  (test for warnings, line 16)
FAIL: gcc.dg/anon-struct-2.c  (test for warnings, line 32)
FAIL: gcc.dg/anon-struct-2.c (test for excess errors)
XPASS: gcc.dg/array-quals-1.c scan-assembler-not \\\\.data(?!\\\\.rel\\\\.ro)
FAIL: gcc.dg/attr-weakref-1.c (test for excess errors)
UNRESOLVED: gcc.dg/attr-weakref-1.c compilation failed to produce executable
FAIL: gcc.dg/c11-anon-struct-2.c  (test for errors, line 14)
FAIL: gcc.dg/c11-anon-struct-2.c  (test for errors, line 20)
FAIL: gcc.dg/c11-anon-struct-2.c  (test for errors, line 41)
FAIL: gcc.dg/c11-anon-struct-3.c  (test for errors, line 19)
FAIL: gcc.dg/c11-anon-struct-3.c  (test for errors, line 29)
XPASS: gcc.dg/dll-10.c (test for excess errors)
XPASS: gcc.dg/dll-9.c (test for excess errors)
FAIL: gcc.dg/pr52549.c (test for excess errors)
FAIL: gcc.dg/pr61053.c  (test for errors, line 34)
FAIL: gcc.dg/pr61053.c  (test for errors, line 37)
FAIL: gcc.dg/pr61053.c (test for excess errors)
FAIL: gcc.dg/pr62090-2.c (test for excess errors)
FAIL: gcc.dg/pr64536.c (test for excess errors)
FAIL: gcc.dg/uninit-19.c  (test for warnings, line 22)
FAIL: gcc.dg/uninit-19.c (test for excess errors)
FAIL: gcc.dg/format/ms-format2.c    bad argument types (test for warnings, line 20)
FAIL: gcc.dg/format/ms-format2.c    (test for excess errors)
FAIL: gcc.dg/format/ms-format2.c   -DWIDE  bad argument types (test for warnings, line 20)
FAIL: gcc.dg/format/ms-format2.c   -DWIDE  (test for excess errors)
FAIL: gcc.dg/graphite/id-15.c (test for excess errors)
FAIL: gcc.dg/graphite/scop-19.c scan-tree-dump-times graphite "number of SCoPs: 0" 1
FAIL: gcc.dg/guality/const-volatile.c   -O0  line 50 type:main == int (int, char **)
FAIL: gcc.dg/guality/const-volatile.c   -O0  line 50 type:i == int
FAIL: gcc.dg/guality/const-volatile.c   -O0  line 50 type:ci == const int
FAIL: gcc.dg/guality/const-volatile.c   -O0  line 50 type:vi == volatile int
FAIL: gcc.dg/guality/const-volatile.c   -O0  line 50 type:cvi == const volatile int
FAIL: gcc.dg/guality/const-volatile.c   -O0  line 50 type:pi == int *
FAIL: gcc.dg/guality/const-volatile.c   -O0  line 50 type:pci == const int *
FAIL: gcc.dg/guality/const-volatile.c   -O0  line 50 type:pvi == volatile int *
FAIL: gcc.dg/guality/const-volatile.c   -O0  line 50 type:pcvi == const volatile int *
FAIL: gcc.dg/guality/const-volatile.c   -O0  line 50 type:cip == int * const
FAIL: gcc.dg/guality/const-volatile.c   -O0  line 50 type:vip == int * volatile
FAIL: gcc.dg/guality/const-volatile.c   -O0  line 50 type:cvip == int * const volatile
FAIL: gcc.dg/guality/const-volatile.c   -O0  line 50 type:vs == volatile struct { const long cli; const signed char csc; }
FAIL: gcc.dg/guality/const-volatile.c   -O0  line 50 type:cvip == int * const volatile
FAIL: gcc.dg/guality/const-volatile.c   -O0  line 50 type:bar == struct bar { short s; const short cs; volatile short vs; const volatile short cvs; volatile long long vll; }
FAIL: gcc.dg/guality/const-volatile.c   -O0  line 50 type:foo == struct foo { const long cli; const signed char csc; }
FAIL: gcc.dg/guality/const-volatile.c   -O0  line 50 type:cfoo == const struct foo { const long cli; const signed char csc; }
FAIL: gcc.dg/guality/const-volatile.c   -O0  line 50 type:vfoo == volatile struct foo { const long cli; const signed char csc; }
FAIL: gcc.dg/guality/const-volatile.c   -O0  line 50 type:cvfoo == const volatile struct foo { const long cli; const signed char csc; }
FAIL: gcc.dg/guality/const-volatile.c   -O0  line 58 type:s == volatile signed char
FAIL: gcc.dg/guality/const-volatile.c   -O0  line 50 type:cs == const volatile signed char
FAIL: gcc.dg/guality/const-volatile.c   -O0  line 50 type:f == int (const char *, volatile struct foo *, const score)
FAIL: gcc.dg/guality/const-volatile.c   -O1  line 50 type:main == int (int, char **)
FAIL: gcc.dg/guality/const-volatile.c   -O1  line 50 type:i == int
FAIL: gcc.dg/guality/const-volatile.c   -O1  line 50 type:ci == const int
FAIL: gcc.dg/guality/const-volatile.c   -O1  line 50 type:vi == volatile int
FAIL: gcc.dg/guality/const-volatile.c   -O1  line 50 type:cvi == const volatile int
FAIL: gcc.dg/guality/const-volatile.c   -O1  line 50 type:pi == int *
FAIL: gcc.dg/guality/const-volatile.c   -O1  line 50 type:pci == const int *
FAIL: gcc.dg/guality/const-volatile.c   -O1  line 50 type:pvi == volatile int *
FAIL: gcc.dg/guality/const-volatile.c   -O1  line 50 type:pcvi == const volatile int *
FAIL: gcc.dg/guality/const-volatile.c   -O1  line 50 type:cip == int * const
FAIL: gcc.dg/guality/const-volatile.c   -O1  line 50 type:vip == int * volatile
FAIL: gcc.dg/guality/const-volatile.c   -O1  line 50 type:cvip == int * const volatile
FAIL: gcc.dg/guality/const-volatile.c   -O1  line 50 type:vs == volatile struct { const long cli; const signed char csc; }
FAIL: gcc.dg/guality/const-volatile.c   -O1  line 50 type:cvip == int * const volatile
FAIL: gcc.dg/guality/const-volatile.c   -O1  line 50 type:bar == struct bar { short s; const short cs; volatile short vs; const volatile short cvs; volatile long long vll; }
FAIL: gcc.dg/guality/const-volatile.c   -O1  line 50 type:foo == struct foo { const long cli; const signed char csc; }
FAIL: gcc.dg/guality/const-volatile.c   -O1  line 50 type:cfoo == const struct foo { const long cli; const signed char csc; }
FAIL: gcc.dg/guality/const-volatile.c   -O1  line 50 type:vfoo == volatile struct foo { const long cli; const signed char csc; }
FAIL: gcc.dg/guality/const-volatile.c   -O1  line 50 type:cvfoo == const volatile struct foo { const long cli; const signed char csc; }
FAIL: gcc.dg/guality/const-volatile.c   -O1  line 58 type:s == volatile signed char
FAIL: gcc.dg/guality/const-volatile.c   -O1  line 50 type:cs == const volatile signed char
FAIL: gcc.dg/guality/const-volatile.c   -O1  line 50 type:f == int (const char *, volatile struct foo *, const score)
FAIL: gcc.dg/guality/const-volatile.c   -O2  line 50 type:main == int (int, char **)
FAIL: gcc.dg/guality/const-volatile.c   -O2  line 50 type:i == int
FAIL: gcc.dg/guality/const-volatile.c   -O2  line 50 type:ci == const int
FAIL: gcc.dg/guality/const-volatile.c   -O2  line 50 type:vi == volatile int
FAIL: gcc.dg/guality/const-volatile.c   -O2  line 50 type:cvi == const volatile int
FAIL: gcc.dg/guality/const-volatile.c   -O2  line 50 type:pi == int *
FAIL: gcc.dg/guality/const-volatile.c   -O2  line 50 type:pci == const int *
FAIL: gcc.dg/guality/const-volatile.c   -O2  line 50 type:pvi == volatile int *
FAIL: gcc.dg/guality/const-volatile.c   -O2  line 50 type:pcvi == const volatile int *
FAIL: gcc.dg/guality/const-volatile.c   -O2  line 50 type:cip == int * const
FAIL: gcc.dg/guality/const-volatile.c   -O2  line 50 type:vip == int * volatile
FAIL: gcc.dg/guality/const-volatile.c   -O2  line 50 type:cvip == int * const volatile
FAIL: gcc.dg/guality/const-volatile.c   -O2  line 50 type:vs == volatile struct { const long cli; const signed char csc; }
FAIL: gcc.dg/guality/const-volatile.c   -O2  line 50 type:cvip == int * const volatile
FAIL: gcc.dg/guality/const-volatile.c   -O2  line 50 type:bar == struct bar { short s; const short cs; volatile short vs; const volatile short cvs; volatile long long vll; }
FAIL: gcc.dg/guality/const-volatile.c   -O2  line 50 type:foo == struct foo { const long cli; const signed char csc; }
FAIL: gcc.dg/guality/const-volatile.c   -O2  line 50 type:cfoo == const struct foo { const long cli; const signed char csc; }
FAIL: gcc.dg/guality/const-volatile.c   -O2  line 50 type:vfoo == volatile struct foo { const long cli; const signed char csc; }
FAIL: gcc.dg/guality/const-volatile.c   -O2  line 50 type:cvfoo == const volatile struct foo { const long cli; const signed char csc; }
FAIL: gcc.dg/guality/const-volatile.c   -O2  line 58 type:s == volatile signed char
FAIL: gcc.dg/guality/const-volatile.c   -O2  line 50 type:cs == const volatile signed char
FAIL: gcc.dg/guality/const-volatile.c   -O2  line 50 type:f == int (const char *, volatile struct foo *, const score)
FAIL: gcc.dg/guality/const-volatile.c   -O3 -fomit-frame-pointer  line 50 type:main == int (int, char **)
FAIL: gcc.dg/guality/const-volatile.c   -O3 -fomit-frame-pointer  line 50 type:i == int
FAIL: gcc.dg/guality/const-volatile.c   -O3 -fomit-frame-pointer  line 50 type:ci == const int
FAIL: gcc.dg/guality/const-volatile.c   -O3 -fomit-frame-pointer  line 50 type:vi == volatile int
FAIL: gcc.dg/guality/const-volatile.c   -O3 -fomit-frame-pointer  line 50 type:cvi == const volatile int
FAIL: gcc.dg/guality/const-volatile.c   -O3 -fomit-frame-pointer  line 50 type:pi == int *
FAIL: gcc.dg/guality/const-volatile.c   -O3 -fomit-frame-pointer  line 50 type:pci == const int *
FAIL: gcc.dg/guality/const-volatile.c   -O3 -fomit-frame-pointer  line 50 type:pvi == volatile int *
FAIL: gcc.dg/guality/const-volatile.c   -O3 -fomit-frame-pointer  line 50 type:pcvi == const volatile int *
FAIL: gcc.dg/guality/const-volatile.c   -O3 -fomit-frame-pointer  line 50 type:cip == int * const
FAIL: gcc.dg/guality/const-volatile.c   -O3 -fomit-frame-pointer  line 50 type:vip == int * volatile
FAIL: gcc.dg/guality/const-volatile.c   -O3 -fomit-frame-pointer  line 50 type:cvip == int * const volatile
FAIL: gcc.dg/guality/const-volatile.c   -O3 -fomit-frame-pointer  line 50 type:vs == volatile struct { const long cli; const signed char csc; }
FAIL: gcc.dg/guality/const-volatile.c   -O3 -fomit-frame-pointer  line 50 type:cvip == int * const volatile
FAIL: gcc.dg/guality/const-volatile.c   -O3 -fomit-frame-pointer  line 50 type:bar == struct bar { short s; const short cs; volatile short vs; const volatile short cvs; volatile long long vll; }
FAIL: gcc.dg/guality/const-volatile.c   -O3 -fomit-frame-pointer  line 50 type:foo == struct foo { const long cli; const signed char csc; }
FAIL: gcc.dg/guality/const-volatile.c   -O3 -fomit-frame-pointer  line 50 type:cfoo == const struct foo { const long cli; const signed char csc; }
FAIL: gcc.dg/guality/const-volatile.c   -O3 -fomit-frame-pointer  line 50 type:vfoo == volatile struct foo { const long cli; const signed char csc; }
FAIL: gcc.dg/guality/const-volatile.c   -O3 -fomit-frame-pointer  line 50 type:cvfoo == const volatile struct foo { const long cli; const signed char csc; }
FAIL: gcc.dg/guality/const-volatile.c   -O3 -fomit-frame-pointer  line 58 type:s == volatile signed char
FAIL: gcc.dg/guality/const-volatile.c   -O3 -fomit-frame-pointer  line 50 type:cs == const volatile signed char
FAIL: gcc.dg/guality/const-volatile.c   -O3 -fomit-frame-pointer  line 50 type:f == int (const char *, volatile struct foo *, const score)
FAIL: gcc.dg/guality/const-volatile.c   -O3 -g  line 50 type:main == int (int, char **)
FAIL: gcc.dg/guality/const-volatile.c   -O3 -g  line 50 type:i == int
FAIL: gcc.dg/guality/const-volatile.c   -O3 -g  line 50 type:ci == const int
FAIL: gcc.dg/guality/const-volatile.c   -O3 -g  line 50 type:vi == volatile int
FAIL: gcc.dg/guality/const-volatile.c   -O3 -g  line 50 type:cvi == const volatile int
FAIL: gcc.dg/guality/const-volatile.c   -O3 -g  line 50 type:pi == int *
FAIL: gcc.dg/guality/const-volatile.c   -O3 -g  line 50 type:pci == const int *
FAIL: gcc.dg/guality/const-volatile.c   -O3 -g  line 50 type:pvi == volatile int *
FAIL: gcc.dg/guality/const-volatile.c   -O3 -g  line 50 type:pcvi == const volatile int *
FAIL: gcc.dg/guality/const-volatile.c   -O3 -g  line 50 type:cip == int * const
FAIL: gcc.dg/guality/const-volatile.c   -O3 -g  line 50 type:vip == int * volatile
FAIL: gcc.dg/guality/const-volatile.c   -O3 -g  line 50 type:cvip == int * const volatile
FAIL: gcc.dg/guality/const-volatile.c   -O3 -g  line 50 type:vs == volatile struct { const long cli; const signed char csc; }
FAIL: gcc.dg/guality/const-volatile.c   -O3 -g  line 50 type:cvip == int * const volatile
FAIL: gcc.dg/guality/const-volatile.c   -O3 -g  line 50 type:bar == struct bar { short s; const short cs; volatile short vs; const volatile short cvs; volatile long long vll; }
FAIL: gcc.dg/guality/const-volatile.c   -O3 -g  line 50 type:foo == struct foo { const long cli; const signed char csc; }
FAIL: gcc.dg/guality/const-volatile.c   -O3 -g  line 50 type:cfoo == const struct foo { const long cli; const signed char csc; }
FAIL: gcc.dg/guality/const-volatile.c   -O3 -g  line 50 type:vfoo == volatile struct foo { const long cli; const signed char csc; }
FAIL: gcc.dg/guality/const-volatile.c   -O3 -g  line 50 type:cvfoo == const volatile struct foo { const long cli; const signed char csc; }
FAIL: gcc.dg/guality/const-volatile.c   -O3 -g  line 58 type:s == volatile signed char
FAIL: gcc.dg/guality/const-volatile.c   -O3 -g  line 50 type:cs == const volatile signed char
FAIL: gcc.dg/guality/const-volatile.c   -O3 -g  line 50 type:f == int (const char *, volatile struct foo *, const score)
FAIL: gcc.dg/guality/const-volatile.c   -Os  line 50 type:main == int (int, char **)
FAIL: gcc.dg/guality/const-volatile.c   -Os  line 50 type:i == int
FAIL: gcc.dg/guality/const-volatile.c   -Os  line 50 type:ci == const int
FAIL: gcc.dg/guality/const-volatile.c   -Os  line 50 type:vi == volatile int
FAIL: gcc.dg/guality/const-volatile.c   -Os  line 50 type:cvi == const volatile int
FAIL: gcc.dg/guality/const-volatile.c   -Os  line 50 type:pi == int *
FAIL: gcc.dg/guality/const-volatile.c   -Os  line 50 type:pci == const int *
FAIL: gcc.dg/guality/const-volatile.c   -Os  line 50 type:pvi == volatile int *
FAIL: gcc.dg/guality/const-volatile.c   -Os  line 50 type:pcvi == const volatile int *
FAIL: gcc.dg/guality/const-volatile.c   -Os  line 50 type:cip == int * const
FAIL: gcc.dg/guality/const-volatile.c   -Os  line 50 type:vip == int * volatile
FAIL: gcc.dg/guality/const-volatile.c   -Os  line 50 type:cvip == int * const volatile
FAIL: gcc.dg/guality/const-volatile.c   -Os  line 50 type:vs == volatile struct { const long cli; const signed char csc; }
FAIL: gcc.dg/guality/const-volatile.c   -Os  line 50 type:cvip == int * const volatile
FAIL: gcc.dg/guality/const-volatile.c   -Os  line 50 type:bar == struct bar { short s; const short cs; volatile short vs; const volatile short cvs; volatile long long vll; }
FAIL: gcc.dg/guality/const-volatile.c   -Os  line 50 type:foo == struct foo { const long cli; const signed char csc; }
FAIL: gcc.dg/guality/const-volatile.c   -Os  line 50 type:cfoo == const struct foo { const long cli; const signed char csc; }
FAIL: gcc.dg/guality/const-volatile.c   -Os  line 50 type:vfoo == volatile struct foo { const long cli; const signed char csc; }
FAIL: gcc.dg/guality/const-volatile.c   -Os  line 50 type:cvfoo == const volatile struct foo { const long cli; const signed char csc; }
FAIL: gcc.dg/guality/const-volatile.c   -Os  line 58 type:s == volatile signed char
FAIL: gcc.dg/guality/const-volatile.c   -Os  line 50 type:cs == const volatile signed char
FAIL: gcc.dg/guality/const-volatile.c   -Os  line 50 type:f == int (const char *, volatile struct foo *, const score)
FAIL: gcc.dg/guality/const-volatile.c   -O2 -flto -fno-use-linker-plugin -flto-partition=none  line 50 type:main == int (int, char **)
FAIL: gcc.dg/guality/const-volatile.c   -O2 -flto -fno-use-linker-plugin -flto-partition=none  line 50 type:i == int
FAIL: gcc.dg/guality/const-volatile.c   -O2 -flto -fno-use-linker-plugin -flto-partition=none  line 50 type:ci == const int
FAIL: gcc.dg/guality/const-volatile.c   -O2 -flto -fno-use-linker-plugin -flto-partition=none  line 50 type:vi == volatile int
FAIL: gcc.dg/guality/const-volatile.c   -O2 -flto -fno-use-linker-plugin -flto-partition=none  line 50 type:cvi == const volatile int
FAIL: gcc.dg/guality/const-volatile.c   -O2 -flto -fno-use-linker-plugin -flto-partition=none  line 50 type:pi == int *
FAIL: gcc.dg/guality/const-volatile.c   -O2 -flto -fno-use-linker-plugin -flto-partition=none  line 50 type:pci == const int *
FAIL: gcc.dg/guality/const-volatile.c   -O2 -flto -fno-use-linker-plugin -flto-partition=none  line 50 type:pvi == volatile int *
FAIL: gcc.dg/guality/const-volatile.c   -O2 -flto -fno-use-linker-plugin -flto-partition=none  line 50 type:pcvi == const volatile int *
FAIL: gcc.dg/guality/const-volatile.c   -O2 -flto -fno-use-linker-plugin -flto-partition=none  line 50 type:cip == int * const
FAIL: gcc.dg/guality/const-volatile.c   -O2 -flto -fno-use-linker-plugin -flto-partition=none  line 50 type:vip == int * volatile
FAIL: gcc.dg/guality/const-volatile.c   -O2 -flto -fno-use-linker-plugin -flto-partition=none  line 50 type:cvip == int * const volatile
FAIL: gcc.dg/guality/const-volatile.c   -O2 -flto -fno-use-linker-plugin -flto-partition=none  line 50 type:vs == volatile struct { const long cli; const signed char csc; }
FAIL: gcc.dg/guality/const-volatile.c   -O2 -flto -fno-use-linker-plugin -flto-partition=none  line 50 type:cvip == int * const volatile
FAIL: gcc.dg/guality/const-volatile.c   -O2 -flto -fno-use-linker-plugin -flto-partition=none  line 50 type:bar == struct bar { short s; const short cs; volatile short vs; const volatile short cvs; volatile long long vll; }
FAIL: gcc.dg/guality/const-volatile.c   -O2 -flto -fno-use-linker-plugin -flto-partition=none  line 50 type:foo == struct foo { const long cli; const signed char csc; }
FAIL: gcc.dg/guality/const-volatile.c   -O2 -flto -fno-use-linker-plugin -flto-partition=none  line 50 type:cfoo == const struct foo { const long cli; const signed char csc; }
FAIL: gcc.dg/guality/const-volatile.c   -O2 -flto -fno-use-linker-plugin -flto-partition=none  line 50 type:vfoo == volatile struct foo { const long cli; const signed char csc; }
FAIL: gcc.dg/guality/const-volatile.c   -O2 -flto -fno-use-linker-plugin -flto-partition=none  line 50 type:cvfoo == const volatile struct foo { const long cli; const signed char csc; }
FAIL: gcc.dg/guality/const-volatile.c   -O2 -flto -fno-use-linker-plugin -flto-partition=none  line 58 type:s == volatile signed char
FAIL: gcc.dg/guality/const-volatile.c   -O2 -flto -fno-use-linker-plugin -flto-partition=none  line 50 type:cs == const volatile signed char
FAIL: gcc.dg/guality/const-volatile.c   -O2 -flto -fno-use-linker-plugin -flto-partition=none  line 50 type:f == int (const char *, volatile struct foo *, const score)
FAIL: gcc.dg/guality/const-volatile.c   -O2 -flto -fuse-linker-plugin -fno-fat-lto-objects  line 50 type:main == int (int, char **)
FAIL: gcc.dg/guality/const-volatile.c   -O2 -flto -fuse-linker-plugin -fno-fat-lto-objects  line 50 type:i == int
FAIL: gcc.dg/guality/const-volatile.c   -O2 -flto -fuse-linker-plugin -fno-fat-lto-objects  line 50 type:ci == const int
FAIL: gcc.dg/guality/const-volatile.c   -O2 -flto -fuse-linker-plugin -fno-fat-lto-objects  line 50 type:vi == volatile int
FAIL: gcc.dg/guality/const-volatile.c   -O2 -flto -fuse-linker-plugin -fno-fat-lto-objects  line 50 type:cvi == const volatile int
FAIL: gcc.dg/guality/const-volatile.c   -O2 -flto -fuse-linker-plugin -fno-fat-lto-objects  line 50 type:pi == int *
FAIL: gcc.dg/guality/const-volatile.c   -O2 -flto -fuse-linker-plugin -fno-fat-lto-objects  line 50 type:pci == const int *
FAIL: gcc.dg/guality/const-volatile.c   -O2 -flto -fuse-linker-plugin -fno-fat-lto-objects  line 50 type:pvi == volatile int *
FAIL: gcc.dg/guality/const-volatile.c   -O2 -flto -fuse-linker-plugin -fno-fat-lto-objects  line 50 type:pcvi == const volatile int *
FAIL: gcc.dg/guality/const-volatile.c   -O2 -flto -fuse-linker-plugin -fno-fat-lto-objects  line 50 type:cip == int * const
FAIL: gcc.dg/guality/const-volatile.c   -O2 -flto -fuse-linker-plugin -fno-fat-lto-objects  line 50 type:vip == int * volatile
FAIL: gcc.dg/guality/const-volatile.c   -O2 -flto -fuse-linker-plugin -fno-fat-lto-objects  line 50 type:cvip == int * const volatile
FAIL: gcc.dg/guality/const-volatile.c   -O2 -flto -fuse-linker-plugin -fno-fat-lto-objects  line 50 type:vs == volatile struct { const long cli; const signed char csc; }
FAIL: gcc.dg/guality/const-volatile.c   -O2 -flto -fuse-linker-plugin -fno-fat-lto-objects  line 50 type:cvip == int * const volatile
FAIL: gcc.dg/guality/const-volatile.c   -O2 -flto -fuse-linker-plugin -fno-fat-lto-objects  line 50 type:bar == struct bar { short s; const short cs; volatile short vs; const volatile short cvs; volatile long long vll; }
FAIL: gcc.dg/guality/const-volatile.c   -O2 -flto -fuse-linker-plugin -fno-fat-lto-objects  line 50 type:foo == struct foo { const long cli; const signed char csc; }
FAIL: gcc.dg/guality/const-volatile.c   -O2 -flto -fuse-linker-plugin -fno-fat-lto-objects  line 50 type:cfoo == const struct foo { const long cli; const signed char csc; }
FAIL: gcc.dg/guality/const-volatile.c   -O2 -flto -fuse-linker-plugin -fno-fat-lto-objects  line 50 type:vfoo == volatile struct foo { const long cli; const signed char csc; }
FAIL: gcc.dg/guality/const-volatile.c   -O2 -flto -fuse-linker-plugin -fno-fat-lto-objects  line 50 type:cvfoo == const volatile struct foo { const long cli; const signed char csc; }
FAIL: gcc.dg/guality/const-volatile.c   -O2 -flto -fuse-linker-plugin -fno-fat-lto-objects  line 58 type:s == volatile signed char
FAIL: gcc.dg/guality/const-volatile.c   -O2 -flto -fuse-linker-plugin -fno-fat-lto-objects  line 50 type:cs == const volatile signed char
FAIL: gcc.dg/guality/const-volatile.c   -O2 -flto -fuse-linker-plugin -fno-fat-lto-objects  line 50 type:f == int (const char *, volatile struct foo *, const score)
XPASS: gcc.dg/guality/example.c   -O0  execution test
XPASS: gcc.dg/guality/example.c   -O1  execution test
XPASS: gcc.dg/guality/guality.c   -O0  execution test
XPASS: gcc.dg/guality/guality.c   -O1  execution test
XPASS: gcc.dg/guality/guality.c   -O2  execution test
XPASS: gcc.dg/guality/guality.c   -O3 -fomit-frame-pointer  execution test
XPASS: gcc.dg/guality/guality.c   -O3 -g  execution test
XPASS: gcc.dg/guality/guality.c   -Os  execution test
XPASS: gcc.dg/guality/guality.c   -O2 -flto -fno-use-linker-plugin -flto-partition=none  execution test
XPASS: gcc.dg/guality/guality.c   -O2 -flto -fuse-linker-plugin -fno-fat-lto-objects  execution test
XPASS: gcc.dg/guality/inline-params.c   -O2  execution test
XPASS: gcc.dg/guality/inline-params.c   -O3 -fomit-frame-pointer  execution test
XPASS: gcc.dg/guality/inline-params.c   -O3 -g  execution test
XPASS: gcc.dg/guality/inline-params.c   -Os  execution test
XPASS: gcc.dg/guality/inline-params.c   -O2 -flto -fno-use-linker-plugin -flto-partition=none  execution test
FAIL: gcc.dg/guality/pr36728-1.c   -O2  line 16 arg2 == 2
FAIL: gcc.dg/guality/pr36728-1.c   -O2  line 18 arg2 == 2
FAIL: gcc.dg/guality/pr36728-1.c   -O3 -fomit-frame-pointer  line 16 arg2 == 2
FAIL: gcc.dg/guality/pr36728-1.c   -O3 -fomit-frame-pointer  line 18 arg2 == 2
FAIL: gcc.dg/guality/pr36728-1.c   -O3 -g  line 16 arg2 == 2
FAIL: gcc.dg/guality/pr36728-1.c   -O3 -g  line 18 arg2 == 2
FAIL: gcc.dg/guality/pr36728-1.c   -Os  line 16 arg2 == 2
FAIL: gcc.dg/guality/pr36728-1.c   -Os  line 18 arg2 == 2
FAIL: gcc.dg/guality/pr36728-1.c   -O2 -flto -fno-use-linker-plugin -flto-partition=none  line 16 arg2 == 2
FAIL: gcc.dg/guality/pr36728-1.c   -O2 -flto -fno-use-linker-plugin -flto-partition=none  line 18 arg2 == 2
FAIL: gcc.dg/guality/pr36728-1.c   -O2 -flto -fuse-linker-plugin -fno-fat-lto-objects  line 16 arg2 == 2
FAIL: gcc.dg/guality/pr36728-1.c   -O2 -flto -fuse-linker-plugin -fno-fat-lto-objects  line 18 arg2 == 2
FAIL: gcc.dg/guality/pr36728-3.c   -O2  line 14 arg2 == 2
FAIL: gcc.dg/guality/pr36728-3.c   -O2  line 16 arg2 == 2
FAIL: gcc.dg/guality/pr36728-3.c   -O3 -fomit-frame-pointer  line 14 arg2 == 2
FAIL: gcc.dg/guality/pr36728-3.c   -O3 -fomit-frame-pointer  line 16 arg2 == 2
FAIL: gcc.dg/guality/pr36728-3.c   -O3 -g  line 14 arg2 == 2
FAIL: gcc.dg/guality/pr36728-3.c   -O3 -g  line 16 arg2 == 2
FAIL: gcc.dg/guality/pr36728-3.c   -Os  line 14 arg2 == 2
FAIL: gcc.dg/guality/pr36728-3.c   -Os  line 16 arg2 == 2
FAIL: gcc.dg/guality/pr36728-3.c   -O2 -flto -fno-use-linker-plugin -flto-partition=none  line 14 arg2 == 2
FAIL: gcc.dg/guality/pr36728-3.c   -O2 -flto -fno-use-linker-plugin -flto-partition=none  line 16 arg2 == 2
FAIL: gcc.dg/guality/pr36728-3.c   -O2 -flto -fuse-linker-plugin -fno-fat-lto-objects  line 14 arg2 == 2
FAIL: gcc.dg/guality/pr36728-3.c   -O2 -flto -fuse-linker-plugin -fno-fat-lto-objects  line 16 arg2 == 2
XPASS: gcc.dg/guality/pr41353-1.c   -O0  line 28 j == 28 + 37
FAIL: gcc.dg/guality/pr41616-1.c   -O2 -flto -fuse-linker-plugin -fno-fat-lto-objects  execution test
FAIL: gcc.dg/guality/pr43051-1.c   -O2  line 35 v == 1
FAIL: gcc.dg/guality/pr43051-1.c   -O2  line 36 e == &a[1]
FAIL: gcc.dg/guality/pr43051-1.c   -O2  line 39 c == &a[0]
FAIL: gcc.dg/guality/pr43051-1.c   -O2  line 40 v == 1
FAIL: gcc.dg/guality/pr43051-1.c   -O2  line 41 e == &a[1]
FAIL: gcc.dg/guality/pr43051-1.c   -O3 -fomit-frame-pointer  line 35 v == 1
FAIL: gcc.dg/guality/pr43051-1.c   -O3 -fomit-frame-pointer  line 36 e == &a[1]
FAIL: gcc.dg/guality/pr43051-1.c   -O3 -fomit-frame-pointer  line 39 c == &a[0]
FAIL: gcc.dg/guality/pr43051-1.c   -O3 -fomit-frame-pointer  line 40 v == 1
FAIL: gcc.dg/guality/pr43051-1.c   -O3 -fomit-frame-pointer  line 41 e == &a[1]
FAIL: gcc.dg/guality/pr43051-1.c   -O3 -fomit-frame-pointer -funroll-loops  line 35 v == 1
FAIL: gcc.dg/guality/pr43051-1.c   -O3 -fomit-frame-pointer -funroll-loops  line 36 e == &a[1]
FAIL: gcc.dg/guality/pr43051-1.c   -O3 -fomit-frame-pointer -funroll-loops  line 39 c == &a[0]
FAIL: gcc.dg/guality/pr43051-1.c   -O3 -fomit-frame-pointer -funroll-loops  line 40 v == 1
FAIL: gcc.dg/guality/pr43051-1.c   -O3 -fomit-frame-pointer -funroll-loops  line 41 e == &a[1]
FAIL: gcc.dg/guality/pr43051-1.c   -O3 -fomit-frame-pointer -funroll-all-loops -finline-functions  line 35 v == 1
FAIL: gcc.dg/guality/pr43051-1.c   -O3 -fomit-frame-pointer -funroll-all-loops -finline-functions  line 36 e == &a[1]
FAIL: gcc.dg/guality/pr43051-1.c   -O3 -fomit-frame-pointer -funroll-all-loops -finline-functions  line 39 c == &a[0]
FAIL: gcc.dg/guality/pr43051-1.c   -O3 -fomit-frame-pointer -funroll-all-loops -finline-functions  line 40 v == 1
FAIL: gcc.dg/guality/pr43051-1.c   -O3 -fomit-frame-pointer -funroll-all-loops -finline-functions  line 41 e == &a[1]
FAIL: gcc.dg/guality/pr43051-1.c   -O3 -g  line 35 v == 1
FAIL: gcc.dg/guality/pr43051-1.c   -O3 -g  line 36 e == &a[1]
FAIL: gcc.dg/guality/pr43051-1.c   -O3 -g  line 39 c == &a[0]
FAIL: gcc.dg/guality/pr43051-1.c   -O3 -g  line 40 v == 1
FAIL: gcc.dg/guality/pr43051-1.c   -O3 -g  line 41 e == &a[1]
FAIL: gcc.dg/guality/pr43051-1.c   -Os  line 35 v == 1
FAIL: gcc.dg/guality/pr43051-1.c   -Os  line 36 e == &a[1]
FAIL: gcc.dg/guality/pr43051-1.c   -Os  line 39 c == &a[0]
FAIL: gcc.dg/guality/pr43051-1.c   -Os  line 40 v == 1
FAIL: gcc.dg/guality/pr43051-1.c   -Os  line 41 e == &a[1]
FAIL: gcc.dg/guality/pr43051-1.c   -O2 -flto -fno-use-linker-plugin -flto-partition=none  line 35 v == 1
FAIL: gcc.dg/guality/pr43051-1.c   -O2 -flto -fno-use-linker-plugin -flto-partition=none  line 36 e == &a[1]
FAIL: gcc.dg/guality/pr43051-1.c   -O2 -flto -fno-use-linker-plugin -flto-partition=none  line 39 c == &a[0]
FAIL: gcc.dg/guality/pr43051-1.c   -O2 -flto -fno-use-linker-plugin -flto-partition=none  line 40 v == 1
FAIL: gcc.dg/guality/pr43051-1.c   -O2 -flto -fno-use-linker-plugin -flto-partition=none  line 41 e == &a[1]
FAIL: gcc.dg/guality/pr43051-1.c   -O2 -flto -fuse-linker-plugin -fno-fat-lto-objects  line 35 v == 1
FAIL: gcc.dg/guality/pr43051-1.c   -O2 -flto -fuse-linker-plugin -fno-fat-lto-objects  line 36 e == &a[1]
FAIL: gcc.dg/guality/pr43051-1.c   -O2 -flto -fuse-linker-plugin -fno-fat-lto-objects  line 39 c == &a[0]
FAIL: gcc.dg/guality/pr43051-1.c   -O2 -flto -fuse-linker-plugin -fno-fat-lto-objects  line 40 v == 1
FAIL: gcc.dg/guality/pr43051-1.c   -O2 -flto -fuse-linker-plugin -fno-fat-lto-objects  line 41 e == &a[1]
FAIL: gcc.dg/guality/pr43177.c   -O2  line 15 l == 10
FAIL: gcc.dg/guality/pr43177.c   -O2  line 15 x == 7
FAIL: gcc.dg/guality/pr43177.c   -O2  line 24 l == 10
FAIL: gcc.dg/guality/pr43177.c   -O2  line 24 x == 7
FAIL: gcc.dg/guality/pr43177.c   -O3 -fomit-frame-pointer  line 15 l == 10
FAIL: gcc.dg/guality/pr43177.c   -O3 -fomit-frame-pointer  line 15 x == 7
FAIL: gcc.dg/guality/pr43177.c   -O3 -fomit-frame-pointer  line 24 l == 10
FAIL: gcc.dg/guality/pr43177.c   -O3 -fomit-frame-pointer  line 24 x == 7
FAIL: gcc.dg/guality/pr43177.c   -O3 -g  line 15 l == 10
FAIL: gcc.dg/guality/pr43177.c   -O3 -g  line 15 x == 7
FAIL: gcc.dg/guality/pr43177.c   -O3 -g  line 24 l == 10
FAIL: gcc.dg/guality/pr43177.c   -O3 -g  line 24 x == 7
FAIL: gcc.dg/guality/pr43177.c   -Os  line 15 l == 10
FAIL: gcc.dg/guality/pr43177.c   -Os  line 15 x == 7
FAIL: gcc.dg/guality/pr43177.c   -Os  line 24 l == 10
FAIL: gcc.dg/guality/pr43177.c   -Os  line 24 x == 7
FAIL: gcc.dg/guality/pr43177.c   -O2 -flto -fno-use-linker-plugin -flto-partition=none  line 15 l == 10
FAIL: gcc.dg/guality/pr43177.c   -O2 -flto -fno-use-linker-plugin -flto-partition=none  line 15 x == 7
FAIL: gcc.dg/guality/pr43177.c   -O2 -flto -fno-use-linker-plugin -flto-partition=none  line 24 l == 10
FAIL: gcc.dg/guality/pr43177.c   -O2 -flto -fno-use-linker-plugin -flto-partition=none  line 24 x == 7
FAIL: gcc.dg/guality/pr43177.c   -O2 -flto -fuse-linker-plugin -fno-fat-lto-objects  line 15 l == 10
FAIL: gcc.dg/guality/pr43177.c   -O2 -flto -fuse-linker-plugin -fno-fat-lto-objects  line 15 x == 7
FAIL: gcc.dg/guality/pr43329-1.c   -O1  line 12 varx == 25
FAIL: gcc.dg/guality/pr45882.c   -O2 -flto -fuse-linker-plugin -fno-fat-lto-objects  line 16 d == 112
FAIL: gcc.dg/guality/pr45882.c   -O2 -flto -fuse-linker-plugin -fno-fat-lto-objects  line 16 e == 142
FAIL: gcc.dg/guality/pr54200.c   -Os  line 20 z == 3
FAIL: gcc.dg/guality/pr54519-1.c   -O2 -flto -fno-use-linker-plugin -flto-partition=none  line 20 y == 25
FAIL: gcc.dg/guality/pr54519-1.c   -O2 -flto -fno-use-linker-plugin -flto-partition=none  line 20 z == 6
FAIL: gcc.dg/guality/pr54519-1.c   -O2 -flto -fno-use-linker-plugin -flto-partition=none  line 23 y == 117
FAIL: gcc.dg/guality/pr54519-1.c   -O2 -flto -fno-use-linker-plugin -flto-partition=none  line 23 z == 8
FAIL: gcc.dg/guality/pr54519-2.c   -O2 -flto -fno-use-linker-plugin -flto-partition=none  line 17 y == 25
FAIL: gcc.dg/guality/pr54519-2.c   -O2 -flto -fuse-linker-plugin -fno-fat-lto-objects  line 17 y == 25
FAIL: gcc.dg/guality/pr54519-3.c   -O2 -flto -fno-use-linker-plugin -flto-partition=none  line 20 y == 25
FAIL: gcc.dg/guality/pr54519-3.c   -O2 -flto -fno-use-linker-plugin -flto-partition=none  line 20 z == 6
FAIL: gcc.dg/guality/pr54519-3.c   -O2 -flto -fno-use-linker-plugin -flto-partition=none  line 23 y == 117
FAIL: gcc.dg/guality/pr54519-3.c   -O2 -flto -fno-use-linker-plugin -flto-partition=none  line 23 z == 8
FAIL: gcc.dg/guality/pr54519-3.c   -O2 -flto -fuse-linker-plugin -fno-fat-lto-objects  line 20 x == 36
FAIL: gcc.dg/guality/pr54519-3.c   -O2 -flto -fuse-linker-plugin -fno-fat-lto-objects  line 20 y == 25
FAIL: gcc.dg/guality/pr54519-3.c   -O2 -flto -fuse-linker-plugin -fno-fat-lto-objects  line 20 z == 6
FAIL: gcc.dg/guality/pr54519-3.c   -O2 -flto -fuse-linker-plugin -fno-fat-lto-objects  line 23 x == 98
FAIL: gcc.dg/guality/pr54519-3.c   -O2 -flto -fuse-linker-plugin -fno-fat-lto-objects  line 23 y == 117
FAIL: gcc.dg/guality/pr54519-3.c   -O2 -flto -fuse-linker-plugin -fno-fat-lto-objects  line 23 z == 8
FAIL: gcc.dg/guality/pr54519-4.c   -O2 -flto -fno-use-linker-plugin -flto-partition=none  line 17 y == 25
FAIL: gcc.dg/guality/pr54519-4.c   -O2 -flto -fuse-linker-plugin -fno-fat-lto-objects  line 17 x == 6
FAIL: gcc.dg/guality/pr54519-4.c   -O2 -flto -fuse-linker-plugin -fno-fat-lto-objects  line 17 y == 25
FAIL: gcc.dg/guality/pr54519-5.c   -O2 -flto -fno-use-linker-plugin -flto-partition=none  line 17 y == 25
FAIL: gcc.dg/guality/pr54519-5.c   -O2 -flto -fuse-linker-plugin -fno-fat-lto-objects  line 17 y == 25
FAIL: gcc.dg/guality/pr54693-2.c   -O2 -flto -fuse-linker-plugin -fno-fat-lto-objects  line 21 i == v + 1
FAIL: gcc.dg/guality/pr56154-1.c   -O1  line pr56154-1.c:17 x.a == 4
FAIL: gcc.dg/guality/pr56154-1.c   -O1  line pr56154-1.c:20 x.a == 6
FAIL: gcc.dg/guality/pr56154-1.c   -O2  line pr56154-1.c:17 x.a == 4
FAIL: gcc.dg/guality/pr56154-1.c   -O2  line pr56154-1.c:20 x.a == 6
FAIL: gcc.dg/guality/pr56154-1.c   -O3 -fomit-frame-pointer  line pr56154-1.c:17 x.a == 4
FAIL: gcc.dg/guality/pr56154-1.c   -O3 -fomit-frame-pointer  line pr56154-1.c:20 x.a == 6
FAIL: gcc.dg/guality/pr56154-1.c   -O3 -g  line pr56154-1.c:17 x.a == 4
FAIL: gcc.dg/guality/pr56154-1.c   -O3 -g  line pr56154-1.c:20 x.a == 6
FAIL: gcc.dg/guality/pr56154-1.c   -Os  line pr56154-1.c:17 x.a == 4
FAIL: gcc.dg/guality/pr56154-1.c   -Os  line pr56154-1.c:20 x.a == 6
FAIL: gcc.dg/guality/pr56154-2.c   -O1  line pr56154-2.c:30 x == 28
FAIL: gcc.dg/guality/pr56154-2.c   -O2  line pr56154-2.c:30 x == 28
FAIL: gcc.dg/guality/pr56154-2.c   -O3 -fomit-frame-pointer  line pr56154-2.c:30 x == 28
FAIL: gcc.dg/guality/pr56154-2.c   -O3 -g  line pr56154-2.c:30 x == 28
FAIL: gcc.dg/guality/pr56154-2.c   -Os  line pr56154-2.c:30 x == 28
FAIL: gcc.dg/guality/pr56154-3.c   -O1  line pr56154-3.c:22 x == 28
FAIL: gcc.dg/guality/pr56154-3.c   -O2  line pr56154-3.c:22 x == 28
FAIL: gcc.dg/guality/pr56154-3.c   -O3 -fomit-frame-pointer  line pr56154-3.c:22 x == 28
FAIL: gcc.dg/guality/pr56154-3.c   -O3 -g  line pr56154-3.c:22 x == 28
FAIL: gcc.dg/guality/pr56154-3.c   -Os  line pr56154-3.c:22 x == 28
FAIL: gcc.dg/guality/pr63300-const-volatile.c   -O0  line 9 type:v == const volatile int
FAIL: gcc.dg/guality/pr63300-const-volatile.c   -O1  line 9 type:v == const volatile int
FAIL: gcc.dg/guality/pr63300-const-volatile.c   -O2  line 9 type:v == const volatile int
FAIL: gcc.dg/guality/pr63300-const-volatile.c   -O3 -fomit-frame-pointer  line 9 type:v == const volatile int
FAIL: gcc.dg/guality/pr63300-const-volatile.c   -O3 -g  line 9 type:v == const volatile int
FAIL: gcc.dg/guality/pr63300-const-volatile.c   -Os  line 9 type:v == const volatile int
FAIL: gcc.dg/guality/pr63300-const-volatile.c   -O2 -flto -fno-use-linker-plugin -flto-partition=none  line 9 type:v == const volatile int
FAIL: gcc.dg/guality/pr63300-const-volatile.c   -O2 -flto -fuse-linker-plugin -fno-fat-lto-objects  line 9 type:v == const volatile int
FAIL: gcc.dg/guality/restrict.c   -O0  line 30 type:ip == int *
FAIL: gcc.dg/guality/restrict.c   -O0  line 30 type:cip == const int *
FAIL: gcc.dg/guality/restrict.c   -O0  line 30 type:irp == int * restrict
FAIL: gcc.dg/guality/restrict.c   -O0  line 30 type:icp == int * const
FAIL: gcc.dg/guality/restrict.c   -O0  line 30 type:cirp == const int * restrict
FAIL: gcc.dg/guality/restrict.c   -O0  line 30 type:icrp == int * const restrict
FAIL: gcc.dg/guality/restrict.c   -O0  line 30 type:cicrp == const int * const restrict
FAIL: gcc.dg/guality/restrict.c   -O0  line 30 type:cvirp == int * const volatile restrict
FAIL: gcc.dg/guality/restrict.c   -O0  line 30 type:pcvir == const volatile int * restrict
FAIL: gcc.dg/guality/restrict.c   -O0  line 30 type:main == int (int, char **)
FAIL: gcc.dg/guality/restrict.c   -O0  line 30 type:cpy == void *(void * restrict, const void * restrict, unsigned int)
FAIL: gcc.dg/guality/restrict.c   -O1  line 30 type:ip == int *
FAIL: gcc.dg/guality/restrict.c   -O1  line 30 type:cip == const int *
FAIL: gcc.dg/guality/restrict.c   -O1  line 30 type:irp == int * restrict
FAIL: gcc.dg/guality/restrict.c   -O1  line 30 type:icp == int * const
FAIL: gcc.dg/guality/restrict.c   -O1  line 30 type:cirp == const int * restrict
FAIL: gcc.dg/guality/restrict.c   -O1  line 30 type:icrp == int * const restrict
FAIL: gcc.dg/guality/restrict.c   -O1  line 30 type:cicrp == const int * const restrict
FAIL: gcc.dg/guality/restrict.c   -O1  line 30 type:cvirp == int * const volatile restrict
FAIL: gcc.dg/guality/restrict.c   -O1  line 30 type:pcvir == const volatile int * restrict
FAIL: gcc.dg/guality/restrict.c   -O1  line 30 type:main == int (int, char **)
FAIL: gcc.dg/guality/restrict.c   -O1  line 30 type:cpy == void *(void * restrict, const void * restrict, unsigned int)
FAIL: gcc.dg/guality/restrict.c   -O2  line 30 type:ip == int *
FAIL: gcc.dg/guality/restrict.c   -O2  line 30 type:cip == const int *
FAIL: gcc.dg/guality/restrict.c   -O2  line 30 type:irp == int * restrict
FAIL: gcc.dg/guality/restrict.c   -O2  line 30 type:icp == int * const
FAIL: gcc.dg/guality/restrict.c   -O2  line 30 type:cirp == const int * restrict
FAIL: gcc.dg/guality/restrict.c   -O2  line 30 type:icrp == int * const restrict
FAIL: gcc.dg/guality/restrict.c   -O2  line 30 type:cicrp == const int * const restrict
FAIL: gcc.dg/guality/restrict.c   -O2  line 30 type:cvirp == int * const volatile restrict
FAIL: gcc.dg/guality/restrict.c   -O2  line 30 type:pcvir == const volatile int * restrict
FAIL: gcc.dg/guality/restrict.c   -O2  line 30 type:main == int (int, char **)
FAIL: gcc.dg/guality/restrict.c   -O2  line 30 type:cpy == void *(void * restrict, const void * restrict, unsigned int)
FAIL: gcc.dg/guality/restrict.c   -O3 -fomit-frame-pointer  line 30 type:ip == int *
FAIL: gcc.dg/guality/restrict.c   -O3 -fomit-frame-pointer  line 30 type:cip == const int *
FAIL: gcc.dg/guality/restrict.c   -O3 -fomit-frame-pointer  line 30 type:irp == int * restrict
FAIL: gcc.dg/guality/restrict.c   -O3 -fomit-frame-pointer  line 30 type:icp == int * const
FAIL: gcc.dg/guality/restrict.c   -O3 -fomit-frame-pointer  line 30 type:cirp == const int * restrict
FAIL: gcc.dg/guality/restrict.c   -O3 -fomit-frame-pointer  line 30 type:icrp == int * const restrict
FAIL: gcc.dg/guality/restrict.c   -O3 -fomit-frame-pointer  line 30 type:cicrp == const int * const restrict
FAIL: gcc.dg/guality/restrict.c   -O3 -fomit-frame-pointer  line 30 type:cvirp == int * const volatile restrict
FAIL: gcc.dg/guality/restrict.c   -O3 -fomit-frame-pointer  line 30 type:pcvir == const volatile int * restrict
FAIL: gcc.dg/guality/restrict.c   -O3 -fomit-frame-pointer  line 30 type:main == int (int, char **)
FAIL: gcc.dg/guality/restrict.c   -O3 -fomit-frame-pointer  line 30 type:cpy == void *(void * restrict, const void * restrict, unsigned int)
FAIL: gcc.dg/guality/restrict.c   -O3 -fomit-frame-pointer -funroll-loops  line 30 type:ip == int *
FAIL: gcc.dg/guality/restrict.c   -O3 -fomit-frame-pointer -funroll-loops  line 30 type:cip == const int *
FAIL: gcc.dg/guality/restrict.c   -O3 -fomit-frame-pointer -funroll-loops  line 30 type:irp == int * restrict
FAIL: gcc.dg/guality/restrict.c   -O3 -fomit-frame-pointer -funroll-loops  line 30 type:icp == int * const
FAIL: gcc.dg/guality/restrict.c   -O3 -fomit-frame-pointer -funroll-loops  line 30 type:cirp == const int * restrict
FAIL: gcc.dg/guality/restrict.c   -O3 -fomit-frame-pointer -funroll-loops  line 30 type:icrp == int * const restrict
FAIL: gcc.dg/guality/restrict.c   -O3 -fomit-frame-pointer -funroll-loops  line 30 type:cicrp == const int * const restrict
FAIL: gcc.dg/guality/restrict.c   -O3 -fomit-frame-pointer -funroll-loops  line 30 type:cvirp == int * const volatile restrict
FAIL: gcc.dg/guality/restrict.c   -O3 -fomit-frame-pointer -funroll-loops  line 30 type:pcvir == const volatile int * restrict
FAIL: gcc.dg/guality/restrict.c   -O3 -fomit-frame-pointer -funroll-loops  line 30 type:main == int (int, char **)
FAIL: gcc.dg/guality/restrict.c   -O3 -fomit-frame-pointer -funroll-loops  line 30 type:cpy == void *(void * restrict, const void * restrict, unsigned int)
FAIL: gcc.dg/guality/restrict.c   -O3 -fomit-frame-pointer -funroll-all-loops -finline-functions  line 30 type:ip == int *
FAIL: gcc.dg/guality/restrict.c   -O3 -fomit-frame-pointer -funroll-all-loops -finline-functions  line 30 type:cip == const int *
FAIL: gcc.dg/guality/restrict.c   -O3 -fomit-frame-pointer -funroll-all-loops -finline-functions  line 30 type:irp == int * restrict
FAIL: gcc.dg/guality/restrict.c   -O3 -fomit-frame-pointer -funroll-all-loops -finline-functions  line 30 type:icp == int * const
FAIL: gcc.dg/guality/restrict.c   -O3 -fomit-frame-pointer -funroll-all-loops -finline-functions  line 30 type:cirp == const int * restrict
FAIL: gcc.dg/guality/restrict.c   -O3 -fomit-frame-pointer -funroll-all-loops -finline-functions  line 30 type:icrp == int * const restrict
FAIL: gcc.dg/guality/restrict.c   -O3 -fomit-frame-pointer -funroll-all-loops -finline-functions  line 30 type:cicrp == const int * const restrict
FAIL: gcc.dg/guality/restrict.c   -O3 -fomit-frame-pointer -funroll-all-loops -finline-functions  line 30 type:cvirp == int * const volatile restrict
FAIL: gcc.dg/guality/restrict.c   -O3 -fomit-frame-pointer -funroll-all-loops -finline-functions  line 30 type:pcvir == const volatile int * restrict
FAIL: gcc.dg/guality/restrict.c   -O3 -fomit-frame-pointer -funroll-all-loops -finline-functions  line 30 type:main == int (int, char **)
FAIL: gcc.dg/guality/restrict.c   -O3 -fomit-frame-pointer -funroll-all-loops -finline-functions  line 30 type:cpy == void *(void * restrict, const void * restrict, unsigned int)
FAIL: gcc.dg/guality/restrict.c   -O3 -g  line 30 type:ip == int *
FAIL: gcc.dg/guality/restrict.c   -O3 -g  line 30 type:cip == const int *
FAIL: gcc.dg/guality/restrict.c   -O3 -g  line 30 type:irp == int * restrict
FAIL: gcc.dg/guality/restrict.c   -O3 -g  line 30 type:icp == int * const
FAIL: gcc.dg/guality/restrict.c   -O3 -g  line 30 type:cirp == const int * restrict
FAIL: gcc.dg/guality/restrict.c   -O3 -g  line 30 type:icrp == int * const restrict
FAIL: gcc.dg/guality/restrict.c   -O3 -g  line 30 type:cicrp == const int * const restrict
FAIL: gcc.dg/guality/restrict.c   -O3 -g  line 30 type:cvirp == int * const volatile restrict
FAIL: gcc.dg/guality/restrict.c   -O3 -g  line 30 type:pcvir == const volatile int * restrict
FAIL: gcc.dg/guality/restrict.c   -O3 -g  line 30 type:main == int (int, char **)
FAIL: gcc.dg/guality/restrict.c   -O3 -g  line 30 type:cpy == void *(void * restrict, const void * restrict, unsigned int)
FAIL: gcc.dg/guality/restrict.c   -Os  line 30 type:ip == int *
FAIL: gcc.dg/guality/restrict.c   -Os  line 30 type:cip == const int *
FAIL: gcc.dg/guality/restrict.c   -Os  line 30 type:irp == int * restrict
FAIL: gcc.dg/guality/restrict.c   -Os  line 30 type:icp == int * const
FAIL: gcc.dg/guality/restrict.c   -Os  line 30 type:cirp == const int * restrict
FAIL: gcc.dg/guality/restrict.c   -Os  line 30 type:icrp == int * const restrict
FAIL: gcc.dg/guality/restrict.c   -Os  line 30 type:cicrp == const int * const restrict
FAIL: gcc.dg/guality/restrict.c   -Os  line 30 type:cvirp == int * const volatile restrict
FAIL: gcc.dg/guality/restrict.c   -Os  line 30 type:pcvir == const volatile int * restrict
FAIL: gcc.dg/guality/restrict.c   -Os  line 30 type:main == int (int, char **)
FAIL: gcc.dg/guality/restrict.c   -Os  line 30 type:cpy == void *(void * restrict, const void * restrict, unsigned int)
FAIL: gcc.dg/guality/restrict.c   -O2 -flto -fno-use-linker-plugin -flto-partition=none  line 30 type:ip == int *
FAIL: gcc.dg/guality/restrict.c   -O2 -flto -fno-use-linker-plugin -flto-partition=none  line 30 type:cip == const int *
FAIL: gcc.dg/guality/restrict.c   -O2 -flto -fno-use-linker-plugin -flto-partition=none  line 30 type:irp == int * restrict
FAIL: gcc.dg/guality/restrict.c   -O2 -flto -fno-use-linker-plugin -flto-partition=none  line 30 type:icp == int * const
FAIL: gcc.dg/guality/restrict.c   -O2 -flto -fno-use-linker-plugin -flto-partition=none  line 30 type:cirp == const int * restrict
FAIL: gcc.dg/guality/restrict.c   -O2 -flto -fno-use-linker-plugin -flto-partition=none  line 30 type:icrp == int * const restrict
FAIL: gcc.dg/guality/restrict.c   -O2 -flto -fno-use-linker-plugin -flto-partition=none  line 30 type:cicrp == const int * const restrict
FAIL: gcc.dg/guality/restrict.c   -O2 -flto -fno-use-linker-plugin -flto-partition=none  line 30 type:cvirp == int * const volatile restrict
FAIL: gcc.dg/guality/restrict.c   -O2 -flto -fno-use-linker-plugin -flto-partition=none  line 30 type:pcvir == const volatile int * restrict
FAIL: gcc.dg/guality/restrict.c   -O2 -flto -fno-use-linker-plugin -flto-partition=none  line 30 type:main == int (int, char **)
FAIL: gcc.dg/guality/restrict.c   -O2 -flto -fno-use-linker-plugin -flto-partition=none  line 30 type:cpy == void *(void * restrict, const void * restrict, unsigned int)
FAIL: gcc.dg/guality/restrict.c   -O2 -flto -fuse-linker-plugin -fno-fat-lto-objects  line 30 type:ip == int *
FAIL: gcc.dg/guality/restrict.c   -O2 -flto -fuse-linker-plugin -fno-fat-lto-objects  line 30 type:cip == const int *
FAIL: gcc.dg/guality/restrict.c   -O2 -flto -fuse-linker-plugin -fno-fat-lto-objects  line 30 type:irp == int * restrict
FAIL: gcc.dg/guality/restrict.c   -O2 -flto -fuse-linker-plugin -fno-fat-lto-objects  line 30 type:icp == int * const
FAIL: gcc.dg/guality/restrict.c   -O2 -flto -fuse-linker-plugin -fno-fat-lto-objects  line 30 type:cirp == const int * restrict
FAIL: gcc.dg/guality/restrict.c   -O2 -flto -fuse-linker-plugin -fno-fat-lto-objects  line 30 type:icrp == int * const restrict
FAIL: gcc.dg/guality/restrict.c   -O2 -flto -fuse-linker-plugin -fno-fat-lto-objects  line 30 type:cicrp == const int * const restrict
FAIL: gcc.dg/guality/restrict.c   -O2 -flto -fuse-linker-plugin -fno-fat-lto-objects  line 30 type:cvirp == int * const volatile restrict
FAIL: gcc.dg/guality/restrict.c   -O2 -flto -fuse-linker-plugin -fno-fat-lto-objects  line 30 type:pcvir == const volatile int * restrict
FAIL: gcc.dg/guality/restrict.c   -O2 -flto -fuse-linker-plugin -fno-fat-lto-objects  line 30 type:main == int (int, char **)
FAIL: gcc.dg/guality/restrict.c   -O2 -flto -fuse-linker-plugin -fno-fat-lto-objects  line 30 type:cpy == void *(void * restrict, const void * restrict, unsigned int)
FAIL: gcc.dg/guality/sra-1.c   -O2  line 21 a.i == 4
FAIL: gcc.dg/guality/sra-1.c   -O2  line 21 a.j == 14
FAIL: gcc.dg/guality/sra-1.c   -O2  line 32 a[0] == 4
FAIL: gcc.dg/guality/sra-1.c   -O2  line 32 a[1] == 14
FAIL: gcc.dg/guality/sra-1.c   -O3 -fomit-frame-pointer  line 21 a.i == 4
FAIL: gcc.dg/guality/sra-1.c   -O3 -fomit-frame-pointer  line 21 a.j == 14
FAIL: gcc.dg/guality/sra-1.c   -O3 -fomit-frame-pointer  line 32 a[0] == 4
FAIL: gcc.dg/guality/sra-1.c   -O3 -fomit-frame-pointer  line 32 a[1] == 14
FAIL: gcc.dg/guality/sra-1.c   -O3 -g  line 21 a.i == 4
FAIL: gcc.dg/guality/sra-1.c   -O3 -g  line 21 a.j == 14
FAIL: gcc.dg/guality/sra-1.c   -O3 -g  line 32 a[0] == 4
FAIL: gcc.dg/guality/sra-1.c   -O3 -g  line 32 a[1] == 14
FAIL: gcc.dg/guality/sra-1.c   -Os  line 21 a.i == 4
FAIL: gcc.dg/guality/sra-1.c   -Os  line 21 a.j == 14
FAIL: gcc.dg/guality/sra-1.c   -Os  line 32 a[0] == 4
FAIL: gcc.dg/guality/sra-1.c   -Os  line 32 a[1] == 14
FAIL: gcc.dg/guality/sra-1.c   -O2 -flto -fno-use-linker-plugin -flto-partition=none  line 21 a.i == 4
FAIL: gcc.dg/guality/sra-1.c   -O2 -flto -fno-use-linker-plugin -flto-partition=none  line 21 a.j == 14
FAIL: gcc.dg/guality/sra-1.c   -O2 -flto -fno-use-linker-plugin -flto-partition=none  line 32 a[0] == 4
FAIL: gcc.dg/guality/sra-1.c   -O2 -flto -fno-use-linker-plugin -flto-partition=none  line 32 a[1] == 14
FAIL: gcc.dg/guality/sra-1.c   -O2 -flto -fuse-linker-plugin -fno-fat-lto-objects  line 21 a.i == 4
FAIL: gcc.dg/guality/sra-1.c   -O2 -flto -fuse-linker-plugin -fno-fat-lto-objects  line 21 a.j == 14
FAIL: gcc.dg/guality/vla-1.c   -O1  line 17 sizeof (a) == 6
FAIL: gcc.dg/guality/vla-1.c   -O2  line 17 sizeof (a) == 6
FAIL: gcc.dg/guality/vla-1.c   -O3 -fomit-frame-pointer  line 17 sizeof (a) == 6
FAIL: gcc.dg/guality/vla-1.c   -O3 -g  line 17 sizeof (a) == 6
FAIL: gcc.dg/guality/vla-1.c   -Os  line 17 sizeof (a) == 6
FAIL: gcc.dg/guality/vla-1.c   -O2 -flto -fno-use-linker-plugin -flto-partition=none  line 17 sizeof (a) == 6
FAIL: gcc.dg/guality/vla-1.c   -O2 -flto -fuse-linker-plugin -fno-fat-lto-objects  line 17 sizeof (a) == 6
FAIL: gcc.dg/guality/vla-2.c   -O0  line 16 sizeof (a) == 5 * sizeof (int)
FAIL: gcc.dg/guality/vla-2.c   -O0  line 25 sizeof (a) == 6 * sizeof (int)
FAIL: gcc.dg/guality/vla-2.c   -O1  line 16 sizeof (a) == 5 * sizeof (int)
FAIL: gcc.dg/guality/vla-2.c   -O1  line 25 sizeof (a) == 6 * sizeof (int)
FAIL: gcc.dg/guality/vla-2.c   -O2  line 25 sizeof (a) == 6 * sizeof (int)
FAIL: gcc.dg/guality/vla-2.c   -O3 -fomit-frame-pointer  line 25 sizeof (a) == 6 * sizeof (int)
FAIL: gcc.dg/guality/vla-2.c   -O3 -g  line 25 sizeof (a) == 6 * sizeof (int)
FAIL: gcc.dg/guality/vla-2.c   -Os  line 25 sizeof (a) == 6 * sizeof (int)
FAIL: gcc.dg/guality/vla-2.c   -O2 -flto -fno-use-linker-plugin -flto-partition=none  line 25 sizeof (a) == 6 * sizeof (int)
FAIL: gcc.dg/guality/vla-2.c   -O2 -flto -fuse-linker-plugin -fno-fat-lto-objects  line 25 sizeof (a) == 6 * sizeof (int)
FAIL: gcc.dg/ipa/pr63595.c (test for excess errors)
FAIL: gcc.dg/lto/pr61526 c_lto_pr61526_0.o-c_lto_pr61526_1.o link,  -fPIC -flto -flto-partition=1to1 
UNRESOLVED: gcc.dg/lto/pr61526 c_lto_pr61526_0.o-c_lto_pr61526_1.o execute  -fPIC -flto -flto-partition=1to1 
FAIL: gcc.dg/lto/pr64415 c_lto_pr64415_0.o-c_lto_pr64415_1.o link,  -O -flto -fpic 
UNRESOLVED: gcc.dg/lto/pr64415 c_lto_pr64415_0.o-c_lto_pr64415_1.o execute  -O -flto -fpic 
FAIL: gcc.dg/torture/pr57584.c   -O0  (test for excess errors)
FAIL: gcc.dg/torture/pr57584.c   -O1  (test for excess errors)
FAIL: gcc.dg/torture/pr57584.c   -O2  (test for excess errors)
FAIL: gcc.dg/torture/pr57584.c   -O3 -fomit-frame-pointer  (test for excess errors)
FAIL: gcc.dg/torture/pr57584.c   -O3 -fomit-frame-pointer -funroll-loops  (test for excess errors)
FAIL: gcc.dg/torture/pr57584.c   -O3 -fomit-frame-pointer -funroll-all-loops -finline-functions  (test for excess errors)
FAIL: gcc.dg/torture/pr57584.c   -O3 -g  (test for excess errors)
FAIL: gcc.dg/torture/pr57584.c   -Os  (test for excess errors)
FAIL: gcc.dg/torture/pr57584.c   -O2 -flto -fno-use-linker-plugin -flto-partition=none  (test for excess errors)
FAIL: gcc.dg/torture/pr57584.c   -O2 -flto -fuse-linker-plugin -fno-fat-lto-objects  (test for excess errors)
FAIL: gcc.dg/torture/pr59330.c   -O2 -flto -fuse-linker-plugin -fno-fat-lto-objects  (test for excess errors)
UNRESOLVED: gcc.dg/torture/pr59330.c   -O2 -flto -fuse-linker-plugin -fno-fat-lto-objects  compilation failed to produce executable
FAIL: gcc.dg/torture/pr66345.c   -O0  (test for excess errors)
FAIL: gcc.dg/torture/pr66345.c   -O1  (test for excess errors)
FAIL: gcc.dg/torture/pr66345.c   -O2  (test for excess errors)
FAIL: gcc.dg/torture/pr66345.c   -O3 -fomit-frame-pointer  (test for excess errors)
FAIL: gcc.dg/torture/pr66345.c   -O3 -g  (test for excess errors)
FAIL: gcc.dg/torture/pr66345.c   -Os  (test for excess errors)
FAIL: gcc.dg/torture/pr66345.c   -O2 -flto -fno-use-linker-plugin -flto-partition=none  (test for excess errors)
FAIL: gcc.dg/torture/pr66345.c   -O2 -flto -fuse-linker-plugin -fno-fat-lto-objects  (test for excess errors)
FAIL: gcc.dg/tree-prof/comp-goto-1.c compilation,  -fprofile-generate -D_PROFILE_GENERATE
UNRESOLVED: gcc.dg/tree-prof/comp-goto-1.c execution,    -fprofile-generate -D_PROFILE_GENERATE
UNRESOLVED: gcc.dg/tree-prof/comp-goto-1.c compilation,  -fprofile-use -D_PROFILE_USE
UNRESOLVED: gcc.dg/tree-prof/comp-goto-1.c execution,    -fprofile-use -D_PROFILE_USE
FAIL: gcc.dg/tree-prof/time-profiler-2.c compilation,  -fprofile-generate -D_PROFILE_GENERATE
UNRESOLVED: gcc.dg/tree-prof/time-profiler-2.c execution,    -fprofile-generate -D_PROFILE_GENERATE
UNRESOLVED: gcc.dg/tree-prof/time-profiler-2.c compilation,  -fprofile-use -D_PROFILE_USE
UNRESOLVED: gcc.dg/tree-prof/time-profiler-2.c execution,    -fprofile-use -D_PROFILE_USE
FAIL: gcc.dg/tree-ssa/ssa-dom-thread-8.c (test for excess errors)
XPASS: gcc.dg/tree-ssa/ssa-store-ccp-2.c scan-tree-dump-times optimized "conststaticvariable" 1
FAIL: gcc.dg/vect/vect-align-2.c scan-tree-dump-times vect "Alignment of access forced using peeling" 0
FAIL: gcc.dg/vect/vect-align-2.c -flto -ffat-lto-objects  scan-tree-dump-times vect "Alignment of access forced using peeling" 0
FAIL: gcc.dg/vect/vect-simd-clone-4.c execution test
FAIL: gcc.dg/vect/vect-simd-clone-4.c -flto -ffat-lto-objects execution test
FAIL: gcc.target/i386/amd64-abi-9.c scan-assembler-times xorl[\\\\t ]*\\\\%eax,[\\\\t ]*%eax 2
FAIL: gcc.target/i386/avx-1.c (test for excess errors)
FAIL: gcc.target/i386/avx-extract-1.c execution test
FAIL: gcc.target/i386/avx-pr57233.c execution test
FAIL: gcc.target/i386/avx-pr63594-2.c execution test
FAIL: gcc.target/i386/avx-set-v16hi-4.c execution test
FAIL: gcc.target/i386/avx-set-v16hi-5.c execution test
FAIL: gcc.target/i386/avx-set-v32qi-4.c execution test
FAIL: gcc.target/i386/avx-set-v32qi-5.c execution test
FAIL: gcc.target/i386/avx-set-v4df-4.c execution test
FAIL: gcc.target/i386/avx-set-v4df-5.c execution test
FAIL: gcc.target/i386/avx-set-v4di-4.c execution test
FAIL: gcc.target/i386/avx-set-v4di-5.c execution test
FAIL: gcc.target/i386/avx-set-v8sf-4.c execution test
FAIL: gcc.target/i386/avx-set-v8sf-5.c execution test
FAIL: gcc.target/i386/avx-set-v8si-4.c execution test
FAIL: gcc.target/i386/avx-set-v8si-5.c execution test
FAIL: gcc.target/i386/avx256-unaligned-load-7.c execution test
FAIL: gcc.target/i386/avx256-unaligned-store-7.c execution test
FAIL: gcc.target/i386/avx512f-ceil-sfix-vec-2.c scan-assembler-times vrndscalepd[^\\n]*zmm[0-9](?:\\n|[ \\\\t]+#) 2
FAIL: gcc.target/i386/avx512f-ceil-sfix-vec-2.c scan-assembler-times vcvttpd2dq[^\\n]*zmm[0-9].{7}(?:\\n|[ \\\\t]+#) 2
FAIL: gcc.target/i386/avx512f-floor-sfix-vec-2.c scan-assembler-times vrndscalepd[^\\n]*zmm[0-9](?:\\n|[ \\\\t]+#) 2
FAIL: gcc.target/i386/avx512f-floor-sfix-vec-2.c scan-assembler-times vcvttpd2dq[^\\n]*zmm[0-9].{7}(?:\\n|[ \\\\t]+#) 2
FAIL: gcc.target/i386/avx512vl-vpslld-2.c (test for excess errors)
UNRESOLVED: gcc.target/i386/avx512vl-vpslld-2.c compilation failed to produce executable
FAIL: gcc.target/i386/avx512vl-vpsrad-2.c (test for excess errors)
UNRESOLVED: gcc.target/i386/avx512vl-vpsrad-2.c compilation failed to produce executable
FAIL: gcc.target/i386/avx512vl-vpsrld-2.c (test for excess errors)
UNRESOLVED: gcc.target/i386/avx512vl-vpsrld-2.c compilation failed to produce executable
FAIL: gcc.target/i386/conversion-2.c scan-assembler (ax|di), %xmm1
FAIL: gcc.target/i386/conversion-2.c scan-assembler (ax|di), %xmm3
FAIL: gcc.target/i386/fuse-caller-save-xmm.c scan-assembler-times addpd\\t\\\\.?LC0.*, %xmm0 1
FAIL: gcc.target/i386/fuse-caller-save-xmm.c scan-assembler-times movapd\\t%xmm0, %xmm1 1
FAIL: gcc.target/i386/fuse-caller-save.c scan-assembler-times addl\\t%[re]?d[ix], %[re]?ax 1
FAIL: gcc.target/i386/m256-1.c execution test
FAIL: gcc.target/i386/m256-2.c execution test
FAIL: gcc.target/i386/memcpy-strategy-3.c scan-assembler-times memcpy 2
FAIL: gcc.target/i386/memset-strategy-1.c scan-assembler-times memset 2
FAIL: gcc.target/i386/merge-1.c scan-assembler-times movsd 1
FAIL: gcc.target/i386/pr34256.c scan-assembler-times mov 4
FAIL: gcc.target/i386/pr36222-1.c scan-assembler-not movdqa
FAIL: gcc.target/i386/pr37248-2.c scan-tree-dump optimized "& (3758096391|0x0e0000007);"
FAIL: gcc.target/i386/pr37248-2.c scan-tree-dump optimized "== (3758096391|0x0e0000007);"
FAIL: gcc.target/i386/pr45336-3.c scan-assembler pextrb
FAIL: gcc.target/i386/pr45336-3.c scan-assembler pextrw
FAIL: gcc.target/i386/pr45336-4.c scan-assembler pextrb
FAIL: gcc.target/i386/pr45336-4.c scan-assembler pextrw
FAIL: gcc.target/i386/pr57655.c  (test for errors, line 8)
FAIL: gcc.target/i386/pr59021.c scan-assembler-not vzeroupper
FAIL: gcc.target/i386/pr59501-1.c (test for excess errors)
FAIL: gcc.target/i386/pr59501-1.c execution test
FAIL: gcc.target/i386/pr59501-1a.c (test for excess errors)
FAIL: gcc.target/i386/pr59501-1a.c scan-assembler-not r10
FAIL: gcc.target/i386/pr59501-2.c execution test
FAIL: gcc.target/i386/pr59501-2a.c scan-assembler-not r10
FAIL: gcc.target/i386/pr59501-3.c (test for excess errors)
FAIL: gcc.target/i386/pr59501-3.c execution test
FAIL: gcc.target/i386/pr59501-3a.c (test for excess errors)
FAIL: gcc.target/i386/pr59501-4.c execution test
XPASS: gcc.target/i386/pr59501-4a.c scan-assembler-not and[^\\n\\r]*sp
FAIL: gcc.target/i386/pr59501-5.c (test for excess errors)
FAIL: gcc.target/i386/pr59501-5.c execution test
FAIL: gcc.target/i386/pr59501-6.c execution test
FAIL: gcc.target/i386/pr59929.c (test for excess errors)
FAIL: gcc.target/i386/pr63542-2.c (test for excess errors)
FAIL: gcc.target/i386/pr66470.c (internal compiler error)
FAIL: gcc.target/i386/pr66470.c (test for excess errors)
FAIL: gcc.target/i386/shrink_wrap_1.c (test for excess errors)
FAIL: gcc.target/i386/shrink_wrap_1.c scan-rtl-dump pro_and_epilogue "Performing shrink-wrapping"
FAIL: gcc.target/i386/vararg-10.c execution test
FAIL: gcc.target/i386/vararg-5.c execution test
FAIL: gcc.target/i386/vararg-6.c execution test
FAIL: gcc.target/i386/vararg-9.c execution test
FAIL: gcc.target/x86_64/abi/callabi/vaarg-4a.c execution test

		=== gcc Summary ===

# of expected passes		108805
# of unexpected failures	631
# of unexpected successes	21
# of expected failures		286
# of unresolved testcases	13
# of unsupported tests		1909
/opt/devel/SCRATCH/tmp.APPRhuW9Ge/gcc-5.2.0/gcc-5.2.0/gcc/xgcc  version 5.2.0 (GCC) 

		=== gfortran tests ===


Running target unix
FAIL: gfortran.dg/badline.f   -O   (test for warnings, line 2)
FAIL: gfortran.dg/badline.f   -O  (test for excess errors)
FAIL: gfortran.dg/bind_c_array_params_2.f90   -O   scan-assembler-times [ \\t][\$,_0-9]*myBindC 1
FAIL: gfortran.dg/class_to_type_4.f90   -O0  execution test
FAIL: gfortran.dg/class_to_type_4.f90   -O1  execution test
FAIL: gfortran.dg/class_to_type_4.f90   -O2  execution test
FAIL: gfortran.dg/class_to_type_4.f90   -O3 -fomit-frame-pointer  execution test
FAIL: gfortran.dg/class_to_type_4.f90   -O3 -fomit-frame-pointer -funroll-loops  execution test
FAIL: gfortran.dg/class_to_type_4.f90   -O3 -fomit-frame-pointer -funroll-all-loops -finline-functions  execution test
FAIL: gfortran.dg/class_to_type_4.f90   -O3 -g  execution test
FAIL: gfortran.dg/class_to_type_4.f90   -Os  execution test
FAIL: gfortran.dg/ctrl-z.f90   -O  (test for excess errors)
FAIL: gfortran.dg/dev_null.F90   -O0  execution test
FAIL: gfortran.dg/dev_null.F90   -O1  execution test
FAIL: gfortran.dg/dev_null.F90   -O2  execution test
FAIL: gfortran.dg/dev_null.F90   -O3 -fomit-frame-pointer  execution test
FAIL: gfortran.dg/dev_null.F90   -O3 -fomit-frame-pointer -funroll-loops  execution test
FAIL: gfortran.dg/dev_null.F90   -O3 -fomit-frame-pointer -funroll-all-loops -finline-functions  execution test
FAIL: gfortran.dg/dev_null.F90   -O3 -g  execution test
FAIL: gfortran.dg/dev_null.F90   -Os  execution test
FAIL: gfortran.dg/f2003_io_5.f03   -O0  execution test
FAIL: gfortran.dg/f2003_io_5.f03   -O1  execution test
FAIL: gfortran.dg/f2003_io_5.f03   -O2  execution test
FAIL: gfortran.dg/f2003_io_5.f03   -O3 -fomit-frame-pointer  execution test
FAIL: gfortran.dg/f2003_io_5.f03   -O3 -fomit-frame-pointer -funroll-loops  execution test
FAIL: gfortran.dg/f2003_io_5.f03   -O3 -fomit-frame-pointer -funroll-all-loops -finline-functions  execution test
FAIL: gfortran.dg/f2003_io_5.f03   -O3 -g  execution test
FAIL: gfortran.dg/f2003_io_5.f03   -Os  execution test
FAIL: gfortran.dg/finalize_10.f90   -O   scan-tree-dump original "__builtin_memcpy \\\\(\\\\(void .\\\\) y->_data, \\\\(void .\\\\) y->_vptr->_def_init, \\\\((unsigned long|unsigned int|character\\\\(kind=4\\\\))\\\\) y->_vptr->_size\\\\);"
FAIL: gfortran.dg/global_references_1.f90   -O   (test for errors, line 12)
FAIL: gfortran.dg/global_references_1.f90   -O   (test for errors, line 29)
FAIL: gfortran.dg/global_references_1.f90   -O  (test for excess errors)
FAIL: gfortran.dg/maxlocval_4.f90   -O0  execution test
FAIL: gfortran.dg/maxlocval_4.f90   -O1  execution test
FAIL: gfortran.dg/maxlocval_4.f90   -O2  execution test
FAIL: gfortran.dg/maxlocval_4.f90   -O3 -fomit-frame-pointer  execution test
FAIL: gfortran.dg/maxlocval_4.f90   -O3 -fomit-frame-pointer -funroll-loops  execution test
FAIL: gfortran.dg/maxlocval_4.f90   -O3 -fomit-frame-pointer -funroll-all-loops -finline-functions  execution test
FAIL: gfortran.dg/maxlocval_4.f90   -O3 -g  execution test
FAIL: gfortran.dg/maxlocval_4.f90   -Os  execution test
FAIL: gfortran.dg/minlocval_3.f90   -O0  execution test
FAIL: gfortran.dg/minlocval_3.f90   -O1  execution test
FAIL: gfortran.dg/minlocval_3.f90   -O2  execution test
FAIL: gfortran.dg/minlocval_3.f90   -O3 -fomit-frame-pointer  execution test
FAIL: gfortran.dg/minlocval_3.f90   -O3 -fomit-frame-pointer -funroll-loops  execution test
FAIL: gfortran.dg/minlocval_3.f90   -O3 -fomit-frame-pointer -funroll-all-loops -finline-functions  execution test
FAIL: gfortran.dg/minlocval_3.f90   -O3 -g  execution test
FAIL: gfortran.dg/minlocval_3.f90   -Os  execution test
FAIL: gfortran.dg/minlocval_4.f90   -O0  execution test
FAIL: gfortran.dg/minlocval_4.f90   -O1  execution test
FAIL: gfortran.dg/minlocval_4.f90   -O2  execution test
FAIL: gfortran.dg/minlocval_4.f90   -O3 -fomit-frame-pointer  execution test
FAIL: gfortran.dg/minlocval_4.f90   -O3 -fomit-frame-pointer -funroll-loops  execution test
FAIL: gfortran.dg/minlocval_4.f90   -O3 -fomit-frame-pointer -funroll-all-loops -finline-functions  execution test
FAIL: gfortran.dg/minlocval_4.f90   -O3 -g  execution test
FAIL: gfortran.dg/minlocval_4.f90   -Os  execution test
FAIL: gfortran.dg/namelist_11.f   -O0  execution test
FAIL: gfortran.dg/namelist_11.f   -O1  execution test
FAIL: gfortran.dg/namelist_11.f   -O2  execution test
FAIL: gfortran.dg/namelist_11.f   -O3 -fomit-frame-pointer  execution test
FAIL: gfortran.dg/namelist_11.f   -O3 -fomit-frame-pointer -funroll-loops  execution test
FAIL: gfortran.dg/namelist_11.f   -O3 -fomit-frame-pointer -funroll-all-loops -finline-functions  execution test
FAIL: gfortran.dg/namelist_11.f   -O3 -g  execution test
FAIL: gfortran.dg/namelist_11.f   -Os  execution test
FAIL: gfortran.dg/namelist_12.f   -O0  execution test
FAIL: gfortran.dg/namelist_12.f   -O1  execution test
FAIL: gfortran.dg/namelist_12.f   -O2  execution test
FAIL: gfortran.dg/namelist_12.f   -O3 -fomit-frame-pointer  execution test
FAIL: gfortran.dg/namelist_12.f   -O3 -fomit-frame-pointer -funroll-loops  execution test
FAIL: gfortran.dg/namelist_12.f   -O3 -fomit-frame-pointer -funroll-all-loops -finline-functions  execution test
FAIL: gfortran.dg/namelist_12.f   -O3 -g  execution test
FAIL: gfortran.dg/namelist_12.f   -Os  execution test
FAIL: gfortran.dg/namelist_15.f90   -O0  execution test
FAIL: gfortran.dg/namelist_15.f90   -O1  execution test
FAIL: gfortran.dg/namelist_15.f90   -O2  execution test
FAIL: gfortran.dg/namelist_15.f90   -O3 -fomit-frame-pointer  execution test
FAIL: gfortran.dg/namelist_15.f90   -O3 -fomit-frame-pointer -funroll-loops  execution test
FAIL: gfortran.dg/namelist_15.f90   -O3 -fomit-frame-pointer -funroll-all-loops -finline-functions  execution test
FAIL: gfortran.dg/namelist_15.f90   -O3 -g  execution test
FAIL: gfortran.dg/namelist_15.f90   -Os  execution test
FAIL: gfortran.dg/namelist_21.f90   -O0  execution test
FAIL: gfortran.dg/namelist_21.f90   -O1  execution test
FAIL: gfortran.dg/namelist_21.f90   -O2  execution test
FAIL: gfortran.dg/namelist_21.f90   -O3 -fomit-frame-pointer  execution test
FAIL: gfortran.dg/namelist_21.f90   -O3 -fomit-frame-pointer -funroll-loops  execution test
FAIL: gfortran.dg/namelist_21.f90   -O3 -fomit-frame-pointer -funroll-all-loops -finline-functions  execution test
FAIL: gfortran.dg/namelist_21.f90   -O3 -g  execution test
FAIL: gfortran.dg/namelist_21.f90   -Os  execution test
FAIL: gfortran.dg/namelist_22.f90   -O0  execution test
FAIL: gfortran.dg/namelist_22.f90   -O1  execution test
FAIL: gfortran.dg/namelist_22.f90   -O2  execution test
FAIL: gfortran.dg/namelist_22.f90   -O3 -fomit-frame-pointer  execution test
FAIL: gfortran.dg/namelist_22.f90   -O3 -fomit-frame-pointer -funroll-loops  execution test
FAIL: gfortran.dg/namelist_22.f90   -O3 -fomit-frame-pointer -funroll-all-loops -finline-functions  execution test
FAIL: gfortran.dg/namelist_22.f90   -O3 -g  execution test
FAIL: gfortran.dg/namelist_22.f90   -Os  execution test
FAIL: gfortran.dg/namelist_81.f90   -O0  execution test
FAIL: gfortran.dg/namelist_81.f90   -O1  execution test
FAIL: gfortran.dg/namelist_81.f90   -O2  execution test
FAIL: gfortran.dg/namelist_81.f90   -O3 -fomit-frame-pointer  execution test
FAIL: gfortran.dg/namelist_81.f90   -O3 -fomit-frame-pointer -funroll-loops  execution test
FAIL: gfortran.dg/namelist_81.f90   -O3 -fomit-frame-pointer -funroll-all-loops -finline-functions  execution test
FAIL: gfortran.dg/namelist_81.f90   -O3 -g  execution test
FAIL: gfortran.dg/namelist_81.f90   -Os  execution test
FAIL: gfortran.dg/namelist_84.f90   -O0  execution test
FAIL: gfortran.dg/namelist_84.f90   -O1  execution test
FAIL: gfortran.dg/namelist_84.f90   -O2  execution test
FAIL: gfortran.dg/namelist_84.f90   -O3 -fomit-frame-pointer  execution test
FAIL: gfortran.dg/namelist_84.f90   -O3 -fomit-frame-pointer -funroll-loops  execution test
FAIL: gfortran.dg/namelist_84.f90   -O3 -fomit-frame-pointer -funroll-all-loops -finline-functions  execution test
FAIL: gfortran.dg/namelist_84.f90   -O3 -g  execution test
FAIL: gfortran.dg/namelist_84.f90   -Os  execution test
FAIL: gfortran.dg/namelist_86.f90   -O0  execution test
FAIL: gfortran.dg/namelist_86.f90   -O1  execution test
FAIL: gfortran.dg/namelist_86.f90   -O2  execution test
FAIL: gfortran.dg/namelist_86.f90   -O3 -fomit-frame-pointer  execution test
FAIL: gfortran.dg/namelist_86.f90   -O3 -fomit-frame-pointer -funroll-loops  execution test
FAIL: gfortran.dg/namelist_86.f90   -O3 -fomit-frame-pointer -funroll-all-loops -finline-functions  execution test
FAIL: gfortran.dg/namelist_86.f90   -O3 -g  execution test
FAIL: gfortran.dg/namelist_86.f90   -Os  execution test
FAIL: gfortran.dg/pr46804.f90   -O0  (test for excess errors)
FAIL: gfortran.dg/pr46804.f90   -O1  (test for excess errors)
FAIL: gfortran.dg/pr46804.f90   -O2  (test for excess errors)
FAIL: gfortran.dg/pr46804.f90   -O3 -fomit-frame-pointer  (test for excess errors)
FAIL: gfortran.dg/pr46804.f90   -O3 -fomit-frame-pointer -funroll-loops  (test for excess errors)
FAIL: gfortran.dg/pr46804.f90   -O3 -fomit-frame-pointer -funroll-all-loops -finline-functions  (test for excess errors)
FAIL: gfortran.dg/pr46804.f90   -O3 -g  (test for excess errors)
FAIL: gfortran.dg/pr46804.f90   -Os  (test for excess errors)
FAIL: gfortran.dg/pr55330.f90   -O  (test for excess errors)
FAIL: gfortran.dg/scalar_mask_2.f90   -O0  execution test
FAIL: gfortran.dg/scalar_mask_2.f90   -O1  execution test
FAIL: gfortran.dg/scalar_mask_2.f90   -O2  execution test
FAIL: gfortran.dg/scalar_mask_2.f90   -O3 -fomit-frame-pointer  execution test
FAIL: gfortran.dg/scalar_mask_2.f90   -O3 -fomit-frame-pointer -funroll-loops  execution test
FAIL: gfortran.dg/scalar_mask_2.f90   -O3 -fomit-frame-pointer -funroll-all-loops -finline-functions  execution test
FAIL: gfortran.dg/scalar_mask_2.f90   -O3 -g  execution test
FAIL: gfortran.dg/scalar_mask_2.f90   -Os  execution test
FAIL: gfortran.dg/warn_alias.f90   -O   (test for warnings, line 12)
FAIL: gfortran.dg/warn_alias.f90   -O   (test for warnings, line 13)
FAIL: gfortran.dg/warn_alias.f90   -O   (test for warnings, line 14)
FAIL: gfortran.dg/warn_alias.f90   -O  (test for excess errors)
FAIL: gfortran.dg/write_to_null.F90   -O0  execution test
FAIL: gfortran.dg/write_to_null.F90   -O1  execution test
FAIL: gfortran.dg/write_to_null.F90   -O2  execution test
FAIL: gfortran.dg/write_to_null.F90   -O3 -fomit-frame-pointer  execution test
FAIL: gfortran.dg/write_to_null.F90   -O3 -fomit-frame-pointer -funroll-loops  execution test
FAIL: gfortran.dg/write_to_null.F90   -O3 -fomit-frame-pointer -funroll-all-loops -finline-functions  execution test
FAIL: gfortran.dg/write_to_null.F90   -O3 -g  execution test
FAIL: gfortran.dg/write_to_null.F90   -Os  execution test
FAIL: gfortran.dg/ieee/intrinsics_2.F90   -O0  execution test
FAIL: gfortran.dg/ieee/intrinsics_2.F90   -O1  execution test
FAIL: gfortran.dg/ieee/intrinsics_2.F90   -O2  execution test
FAIL: gfortran.dg/ieee/intrinsics_2.F90   -O3 -fomit-frame-pointer  execution test
FAIL: gfortran.dg/ieee/intrinsics_2.F90   -O3 -fomit-frame-pointer -funroll-loops  execution test
FAIL: gfortran.dg/ieee/intrinsics_2.F90   -O3 -fomit-frame-pointer -funroll-all-loops -finline-functions  execution test
FAIL: gfortran.dg/ieee/intrinsics_2.F90   -O3 -g  execution test
FAIL: gfortran.dg/ieee/intrinsics_2.F90   -Os  execution test
FAIL: gfortran.dg/lto/20091016-1 f_lto_20091016-1_0.o assemble, -flto -g -fPIC -r -nostdlib
FAIL: gfortran.dg/lto/20091016-1 f_lto_20091016-1_0.o assemble, -O -flto -g -fPIC -r -nostdlib

		=== gfortran Summary ===

# of expected passes		48321
# of unexpected failures	159
# of expected failures		88
# of unsupported tests		121
/opt/devel/SCRATCH/tmp.APPRhuW9Ge/gcc-5.2.0/gcc-5.2.0/gcc/testsuite/gfortran/../../gfortran  version 5.2.0 (GCC) 

		=== gnat tests ===


Running target unix
FAIL: gnat.dg/array11.adb  (test for warnings, line 12)
FAIL: gnat.dg/entry_queues.adb execution test
FAIL: gnat.dg/null_pointer_deref1.adb execution test
FAIL: gnat.dg/object_overflow1.adb  (test for warnings, line 8)
FAIL: gnat.dg/object_overflow2.adb  (test for warnings, line 8)
FAIL: gnat.dg/object_overflow3.adb  (test for warnings, line 14)
FAIL: gnat.dg/object_overflow4.adb  (test for warnings, line 15)
FAIL: gnat.dg/object_overflow5.adb  (test for warnings, line 15)

		=== gnat Summary ===

# of expected passes		1323
# of unexpected failures	8
# of expected failures		20
# of unsupported tests		6
/opt/devel/SCRATCH/tmp.APPRhuW9Ge/gcc-5.2.0/gcc-5.2.0/gcc/gnatmake version 5.2.0

		=== obj-c++ tests ===


Running target unix
FAIL: obj-c++.dg/bitfield-1.mm -fgnu-runtime PR23610 (test for bogus messages, line 45)
FAIL: obj-c++.dg/bitfield-1.mm -fgnu-runtime PR23610 (test for bogus messages, line 59)
FAIL: obj-c++.dg/bitfield-1.mm -fgnu-runtime PR23610 (test for bogus messages, line 62)
FAIL: obj-c++.dg/bitfield-1.mm -fgnu-runtime PR23610 (test for bogus messages, line 77)
FAIL: obj-c++.dg/bitfield-1.mm -fgnu-runtime PR23610 (test for bogus messages, line 78)
FAIL: obj-c++.dg/bitfield-1.mm -fgnu-runtime execution test
FAIL: obj-c++.dg/bitfield-4.mm -fgnu-runtime PR23610 (test for bogus messages, line 34)
FAIL: obj-c++.dg/objc-gc-3.mm -fgnu-runtime (test for excess errors)
FAIL: obj-c++.dg/proto-lossage-4.mm -fgnu-runtime (test for excess errors)

		=== obj-c++ Summary ===

# of expected passes		1444
# of unexpected failures	9
# of expected failures		2
# of unsupported tests		86
/opt/devel/SCRATCH/tmp.APPRhuW9Ge/gcc-5.2.0/gcc-5.2.0/gcc/testsuite/obj-c++/../../xg++  version 5.2.0 (GCC) 

		=== objc tests ===


Running target unix
FAIL: objc.dg/bitfield-3.m -fgnu-runtime  (test for warnings, line 27)
FAIL: objc.dg/bitfield-5.m -fgnu-runtime  (test for warnings, line 40)
FAIL: objc.dg/bitfield-5.m -fgnu-runtime execution test
FAIL: objc.dg/objc-gc-4.m -fgnu-runtime (test for excess errors)
FAIL: objc/execute/exceptions/finally-1.m execution,  -O0 -fgnu-runtime
FAIL: objc/execute/exceptions/finally-1.m execution,  -O1 -fgnu-runtime
FAIL: objc/execute/exceptions/finally-1.m execution,  -O2 -fgnu-runtime
FAIL: objc/execute/exceptions/finally-1.m execution,  -O3 -fomit-frame-pointer -fgnu-runtime
FAIL: objc/execute/exceptions/finally-1.m execution,  -O3 -g -fgnu-runtime
FAIL: objc/execute/exceptions/finally-1.m execution,  -Os -fgnu-runtime
FAIL: objc/execute/bf-10.m execution,  -O0 -fgnu-runtime
FAIL: objc/execute/bf-10.m execution,  -O1 -fgnu-runtime
FAIL: objc/execute/bf-10.m execution,  -O2 -fgnu-runtime
FAIL: objc/execute/bf-10.m execution,  -O3 -fomit-frame-pointer -fgnu-runtime
FAIL: objc/execute/bf-10.m execution,  -O3 -g -fgnu-runtime
FAIL: objc/execute/bf-10.m execution,  -Os -fgnu-runtime

		=== objc Summary ===

# of expected passes		2994
# of unexpected failures	16
# of expected failures		6
# of unsupported tests		74
/opt/devel/SCRATCH/tmp.APPRhuW9Ge/gcc-5.2.0/gcc-5.2.0/gcc/xgcc  version 5.2.0 (GCC) 

		=== libatomic tests ===


Running target unix

		=== libatomic Summary ===

# of expected passes		54
		=== libgomp tests ===


Running target unix
WARNING: program timed out.
FAIL: libgomp.c/affinity-1.c execution test
FAIL: libgomp.c/cancel-taskgroup-1.c (test for excess errors)
UNRESOLVED: libgomp.c/cancel-taskgroup-1.c compilation failed to produce executable
FAIL: libgomp.c/examples-4/e.50.1.c execution test
FAIL: libgomp.c/examples-4/e.50.3.c execution test
FAIL: libgomp.c/examples-4/e.50.4.c execution test
WARNING: program timed out.
FAIL: libgomp.c/examples-4/e.51.3.c execution test
WARNING: program timed out.
FAIL: libgomp.c/examples-4/e.52.1.c execution test
WARNING: program timed out.
FAIL: libgomp.c/examples-4/e.52.2.c execution test
WARNING: program timed out.
FAIL: libgomp.c/examples-4/e.53.4.c execution test
WARNING: program timed out.
FAIL: libgomp.c/examples-4/e.53.5.c execution test
WARNING: program timed out.
FAIL: libgomp.c/examples-4/e.54.6.c execution test
WARNING: program timed out.
FAIL: libgomp.c/for-3.c execution test
WARNING: program timed out.
FAIL: libgomp.c/pr26943-4.c execution test
WARNING: program timed out.
FAIL: libgomp.c/pr32362-1.c execution test
WARNING: program timed out.
FAIL: libgomp.c/pr36802-2.c execution test
WARNING: program timed out.
FAIL: libgomp.c/pr66199-2.c execution test
WARNING: program timed out.
FAIL: libgomp.c/target-2.c execution test
WARNING: program timed out.
FAIL: libgomp.c/target-critical-1.c execution test
FAIL: libgomp.c++/cancel-taskgroup-1.C (test for excess errors)
UNRESOLVED: libgomp.c++/cancel-taskgroup-1.C compilation failed to produce executable
WARNING: program timed out.
FAIL: libgomp.c++/for-11.C execution test
WARNING: program timed out.
FAIL: libgomp.c++/target-1.C execution test
WARNING: program timed out.
FAIL: libgomp.c++/target-2.C execution test
WARNING: program timed out.
FAIL: libgomp.c++/target-3.C execution test
WARNING: program timed out.
FAIL: libgomp.fortran/allocatable1.f90   -O1  execution test
WARNING: program timed out.
FAIL: libgomp.fortran/allocatable1.f90   -O2  execution test
WARNING: program timed out.
FAIL: libgomp.fortran/allocatable1.f90   -O3 -fomit-frame-pointer  execution test
WARNING: program timed out.
FAIL: libgomp.fortran/allocatable1.f90   -O3 -fomit-frame-pointer -funroll-all-loops -finline-functions  execution test
WARNING: program timed out.
FAIL: libgomp.fortran/allocatable1.f90   -O3 -g  execution test
WARNING: program timed out.
FAIL: libgomp.fortran/allocatable1.f90   -Os  execution test
FAIL: libgomp.fortran/declare-simd-1.f90   -O1  execution test
FAIL: libgomp.fortran/declare-simd-1.f90   -Os  execution test
WARNING: program timed out.
FAIL: libgomp.fortran/examples-4/e.50.1.f90   -O0  execution test
WARNING: program timed out.
FAIL: libgomp.fortran/examples-4/e.50.1.f90   -O2  execution test
WARNING: program timed out.
FAIL: libgomp.fortran/examples-4/e.50.1.f90   -O3 -fomit-frame-pointer -funroll-all-loops -finline-functions  execution test
WARNING: program timed out.
FAIL: libgomp.fortran/examples-4/e.50.1.f90   -O3 -g  execution test
WARNING: program timed out.
FAIL: libgomp.fortran/examples-4/e.50.1.f90   -Os  execution test
WARNING: program timed out.
FAIL: libgomp.fortran/examples-4/e.50.2.f90   -O3 -fomit-frame-pointer -funroll-loops  execution test
WARNING: program timed out.
FAIL: libgomp.fortran/examples-4/e.50.2.f90   -O3 -fomit-frame-pointer -funroll-all-loops -finline-functions  execution test
WARNING: program timed out.
FAIL: libgomp.fortran/examples-4/e.50.2.f90   -Os  execution test
WARNING: program timed out.
FAIL: libgomp.fortran/examples-4/e.50.3.f90   -O0  execution test
WARNING: program timed out.
FAIL: libgomp.fortran/examples-4/e.50.3.f90   -O1  execution test
WARNING: program timed out.
FAIL: libgomp.fortran/examples-4/e.50.3.f90   -O2  execution test
WARNING: program timed out.
FAIL: libgomp.fortran/examples-4/e.50.3.f90   -O3 -fomit-frame-pointer  execution test
WARNING: program timed out.
FAIL: libgomp.fortran/examples-4/e.50.3.f90   -O3 -fomit-frame-pointer -funroll-all-loops -finline-functions  execution test
WARNING: program timed out.
FAIL: libgomp.fortran/examples-4/e.50.3.f90   -O3 -g  execution test
WARNING: program timed out.
FAIL: libgomp.fortran/examples-4/e.50.4.f90   -O0  execution test
WARNING: program timed out.
FAIL: libgomp.fortran/examples-4/e.50.4.f90   -O3 -fomit-frame-pointer  execution test
WARNING: program timed out.
FAIL: libgomp.fortran/examples-4/e.50.4.f90   -Os  execution test
WARNING: program timed out.
FAIL: libgomp.fortran/examples-4/e.51.1.f90   -O0  execution test
WARNING: program timed out.
FAIL: libgomp.fortran/examples-4/e.51.1.f90   -O1  execution test
WARNING: program timed out.
FAIL: libgomp.fortran/examples-4/e.51.1.f90   -O2  execution test
WARNING: program timed out.
FAIL: libgomp.fortran/examples-4/e.51.1.f90   -O3 -fomit-frame-pointer -funroll-loops  execution test
WARNING: program timed out.
FAIL: libgomp.fortran/examples-4/e.51.1.f90   -Os  execution test
WARNING: program timed out.
FAIL: libgomp.fortran/examples-4/e.51.2.f90   -O3 -g  execution test
WARNING: program timed out.
FAIL: libgomp.fortran/examples-4/e.51.3.f90   -O0  execution test
WARNING: program timed out.
FAIL: libgomp.fortran/examples-4/e.51.3.f90   -O1  execution test
WARNING: program timed out.
FAIL: libgomp.fortran/examples-4/e.51.3.f90   -O3 -fomit-frame-pointer  execution test
WARNING: program timed out.
FAIL: libgomp.fortran/examples-4/e.51.3.f90   -O3 -fomit-frame-pointer -funroll-loops  execution test
WARNING: program timed out.
FAIL: libgomp.fortran/examples-4/e.51.3.f90   -O3 -g  execution test
WARNING: program timed out.
FAIL: libgomp.fortran/examples-4/e.51.3.f90   -Os  execution test
WARNING: program timed out.
FAIL: libgomp.fortran/examples-4/e.51.4.f90   -O1  execution test
WARNING: program timed out.
FAIL: libgomp.fortran/examples-4/e.51.4.f90   -O3 -fomit-frame-pointer  execution test
WARNING: program timed out.
FAIL: libgomp.fortran/examples-4/e.51.4.f90   -O3 -fomit-frame-pointer -funroll-loops  execution test
WARNING: program timed out.
FAIL: libgomp.fortran/examples-4/e.51.4.f90   -Os  execution test
WARNING: program timed out.
FAIL: libgomp.fortran/examples-4/e.51.5.f90   -O0  execution test
WARNING: program timed out.
FAIL: libgomp.fortran/examples-4/e.51.5.f90   -O1  execution test
WARNING: program timed out.
FAIL: libgomp.fortran/examples-4/e.51.5.f90   -O2  execution test
WARNING: program timed out.
FAIL: libgomp.fortran/examples-4/e.51.5.f90   -O3 -fomit-frame-pointer  execution test
WARNING: program timed out.
FAIL: libgomp.fortran/examples-4/e.51.5.f90   -O3 -fomit-frame-pointer -funroll-all-loops -finline-functions  execution test
WARNING: program timed out.
FAIL: libgomp.fortran/examples-4/e.52.1.f90   -O1  execution test
WARNING: program timed out.
FAIL: libgomp.fortran/examples-4/e.52.1.f90   -O2  execution test
WARNING: program timed out.
FAIL: libgomp.fortran/examples-4/e.52.1.f90   -O3 -fomit-frame-pointer  execution test
WARNING: program timed out.
FAIL: libgomp.fortran/examples-4/e.52.1.f90   -O3 -fomit-frame-pointer -funroll-loops  execution test
WARNING: program timed out.
FAIL: libgomp.fortran/examples-4/e.52.1.f90   -O3 -g  execution test
WARNING: program timed out.
FAIL: libgomp.fortran/examples-4/e.52.2.f90   -O0  execution test
WARNING: program timed out.
FAIL: libgomp.fortran/examples-4/e.52.2.f90   -O1  execution test
WARNING: program timed out.
FAIL: libgomp.fortran/examples-4/e.52.2.f90   -O3 -fomit-frame-pointer  execution test
WARNING: program timed out.
FAIL: libgomp.fortran/examples-4/e.52.2.f90   -O3 -fomit-frame-pointer -funroll-loops  execution test
WARNING: program timed out.
FAIL: libgomp.fortran/examples-4/e.52.2.f90   -O3 -g  execution test
WARNING: program timed out.
FAIL: libgomp.fortran/examples-4/e.53.3.f90   -O0  execution test
WARNING: program timed out.
FAIL: libgomp.fortran/examples-4/e.53.3.f90   -O1  execution test
WARNING: program timed out.
FAIL: libgomp.fortran/examples-4/e.53.3.f90   -O2  execution test
WARNING: program timed out.
FAIL: libgomp.fortran/examples-4/e.53.3.f90   -O3 -fomit-frame-pointer -funroll-loops  execution test
WARNING: program timed out.
FAIL: libgomp.fortran/examples-4/e.53.3.f90   -O3 -fomit-frame-pointer -funroll-all-loops -finline-functions  execution test
WARNING: program timed out.
FAIL: libgomp.fortran/examples-4/e.53.4.f90   -O0  execution test
WARNING: program timed out.
FAIL: libgomp.fortran/examples-4/e.53.4.f90   -O2  execution test
WARNING: program timed out.
FAIL: libgomp.fortran/examples-4/e.53.4.f90   -O3 -fomit-frame-pointer  execution test
WARNING: program timed out.
FAIL: libgomp.fortran/examples-4/e.53.4.f90   -O3 -fomit-frame-pointer -funroll-all-loops -finline-functions  execution test
WARNING: program timed out.
FAIL: libgomp.fortran/examples-4/e.53.4.f90   -O3 -g  execution test
WARNING: program timed out.
FAIL: libgomp.fortran/examples-4/e.53.4.f90   -Os  execution test
WARNING: program timed out.
FAIL: libgomp.fortran/examples-4/e.54.2.f90   -O1  execution test
WARNING: program timed out.
FAIL: libgomp.fortran/examples-4/e.54.6.f90   -O0  execution test
WARNING: program timed out.
FAIL: libgomp.fortran/examples-4/e.54.6.f90   -O2  execution test
WARNING: program timed out.
FAIL: libgomp.fortran/examples-4/e.54.6.f90   -O3 -fomit-frame-pointer  execution test
WARNING: program timed out.
FAIL: libgomp.fortran/examples-4/e.54.6.f90   -O3 -fomit-frame-pointer -funroll-loops  execution test
WARNING: program timed out.
FAIL: libgomp.fortran/examples-4/e.54.6.f90   -O3 -fomit-frame-pointer -funroll-all-loops -finline-functions  execution test
WARNING: program timed out.
FAIL: libgomp.fortran/examples-4/e.54.6.f90   -O3 -g  execution test
WARNING: program timed out.
FAIL: libgomp.fortran/examples-4/e.54.6.f90   -Os  execution test
WARNING: program timed out.
FAIL: libgomp.fortran/nestedfn5.f90   -O1  execution test
WARNING: program timed out.
FAIL: libgomp.fortran/nestedfn5.f90   -O2  execution test
WARNING: program timed out.
FAIL: libgomp.fortran/nestedfn5.f90   -O3 -fomit-frame-pointer  execution test
WARNING: program timed out.
FAIL: libgomp.fortran/nestedfn5.f90   -O3 -fomit-frame-pointer -funroll-loops  execution test
WARNING: program timed out.
FAIL: libgomp.fortran/nestedfn5.f90   -O3 -fomit-frame-pointer -funroll-all-loops -finline-functions  execution test
WARNING: program timed out.
FAIL: libgomp.fortran/nestedfn5.f90   -O3 -g  execution test
WARNING: program timed out.
FAIL: libgomp.fortran/nestedfn5.f90   -Os  execution test
WARNING: program timed out.
FAIL: libgomp.fortran/pr66199-2.f90   -O0  execution test
WARNING: program timed out.
FAIL: libgomp.fortran/pr66199-2.f90   -O2  execution test
WARNING: program timed out.
FAIL: libgomp.fortran/pr66199-2.f90   -O3 -fomit-frame-pointer  execution test
WARNING: program timed out.
FAIL: libgomp.fortran/pr66199-2.f90   -O3 -fomit-frame-pointer -funroll-loops  execution test
WARNING: program timed out.
FAIL: libgomp.fortran/pr66199-2.f90   -O3 -g  execution test
WARNING: program timed out.
FAIL: libgomp.fortran/pr66199-2.f90   -Os  execution test
WARNING: program timed out.
FAIL: libgomp.fortran/target1.f90   -O2  execution test
WARNING: program timed out.
FAIL: libgomp.fortran/target1.f90   -O3 -fomit-frame-pointer  execution test
WARNING: program timed out.
FAIL: libgomp.fortran/target1.f90   -O3 -fomit-frame-pointer -funroll-all-loops -finline-functions  execution test
WARNING: program timed out.
FAIL: libgomp.fortran/target1.f90   -Os  execution test
WARNING: program timed out.
FAIL: libgomp.fortran/target4.f90   -O0  execution test
WARNING: program timed out.
FAIL: libgomp.fortran/target4.f90   -O3 -fomit-frame-pointer  execution test
WARNING: program timed out.
FAIL: libgomp.fortran/target4.f90   -O3 -fomit-frame-pointer -funroll-loops  execution test
WARNING: program timed out.
FAIL: libgomp.fortran/target4.f90   -O3 -fomit-frame-pointer -funroll-all-loops -finline-functions  execution test
WARNING: program timed out.
FAIL: libgomp.fortran/target4.f90   -O3 -g  execution test
WARNING: program timed out.
FAIL: libgomp.fortran/target4.f90   -Os  execution test
WARNING: program timed out.
FAIL: libgomp.fortran/target6.f90   -O1  execution test
WARNING: program timed out.
FAIL: libgomp.fortran/target6.f90   -O2  execution test
WARNING: program timed out.
FAIL: libgomp.fortran/target6.f90   -O3 -fomit-frame-pointer  execution test
WARNING: program timed out.
FAIL: libgomp.fortran/target6.f90   -Os  execution test
WARNING: program timed out.
FAIL: libgomp.fortran/target7.f90   -O0  execution test
WARNING: program timed out.
FAIL: libgomp.fortran/target7.f90   -O1  execution test
WARNING: program timed out.
FAIL: libgomp.fortran/target7.f90   -O2  execution test
WARNING: program timed out.
FAIL: libgomp.fortran/target7.f90   -O3 -fomit-frame-pointer  execution test
WARNING: program timed out.
FAIL: libgomp.fortran/target7.f90   -O3 -fomit-frame-pointer -funroll-loops  execution test
WARNING: program timed out.
FAIL: libgomp.fortran/target7.f90   -O3 -fomit-frame-pointer -funroll-all-loops -finline-functions  execution test
WARNING: program timed out.
FAIL: libgomp.fortran/target8.f90   -O1  execution test
WARNING: program timed out.
FAIL: libgomp.fortran/target8.f90   -O3 -fomit-frame-pointer  execution test
WARNING: program timed out.
FAIL: libgomp.fortran/target8.f90   -O3 -fomit-frame-pointer -funroll-loops  execution test
WARNING: program timed out.
FAIL: libgomp.fortran/target8.f90   -O3 -fomit-frame-pointer -funroll-all-loops -finline-functions  execution test
WARNING: program timed out.
FAIL: libgomp.fortran/target8.f90   -O3 -g  execution test
WARNING: program timed out.
FAIL: libgomp.fortran/target8.f90   -Os  execution test
FAIL: libgomp.oacc-c/../libgomp.oacc-c-c++-common/lib-88.c -DACC_DEVICE_TYPE_host=1 -DACC_MEM_SHARED=1 (test for excess errors)
FAIL: libgomp.oacc-c/../libgomp.oacc-c-c++-common/lib-89.c -DACC_DEVICE_TYPE_host=1 -DACC_MEM_SHARED=1 (test for excess errors)
FAIL: libgomp.oacc-c/../libgomp.oacc-c-c++-common/lib-92.c -DACC_DEVICE_TYPE_host=1 -DACC_MEM_SHARED=1 (test for excess errors)
FAIL: libgomp.oacc-c++/../libgomp.oacc-c-c++-common/lib-88.c -DACC_DEVICE_TYPE_host=1 -DACC_MEM_SHARED=1 (test for excess errors)
FAIL: libgomp.oacc-c++/../libgomp.oacc-c-c++-common/lib-89.c -DACC_DEVICE_TYPE_host=1 -DACC_MEM_SHARED=1 (test for excess errors)
UNRESOLVED: libgomp.oacc-c++/../libgomp.oacc-c-c++-common/lib-89.c -DACC_DEVICE_TYPE_host=1 -DACC_MEM_SHARED=1 compilation failed to produce executable
FAIL: libgomp.oacc-c++/../libgomp.oacc-c-c++-common/lib-92.c -DACC_DEVICE_TYPE_host=1 -DACC_MEM_SHARED=1 (test for excess errors)
UNRESOLVED: libgomp.oacc-c++/../libgomp.oacc-c-c++-common/lib-92.c -DACC_DEVICE_TYPE_host=1 -DACC_MEM_SHARED=1 compilation failed to produce executable
FAIL: libgomp.oacc-c++/../libgomp.oacc-c-c++-common/reduction-4.c -DACC_DEVICE_TYPE_host=1 -DACC_MEM_SHARED=1 (test for excess errors)
UNRESOLVED: libgomp.oacc-c++/../libgomp.oacc-c-c++-common/reduction-4.c -DACC_DEVICE_TYPE_host=1 -DACC_MEM_SHARED=1 compilation failed to produce executable

		=== libgomp Summary ===

# of expected passes		4620
# of unexpected failures	144
# of unresolved testcases	5
# of unsupported tests		207
		=== libstdc++ tests ===


Running target unix
FAIL: 17_intro/headers/c++1998/all_attributes.cc (test for excess errors)
FAIL: 18_support/cxa_vec.cc (test for excess errors)
UNRESOLVED: 18_support/cxa_vec.cc compilation failed to produce executable
FAIL: 19_diagnostics/error_code/cons/1.cc (test for excess errors)
UNRESOLVED: 19_diagnostics/error_code/cons/1.cc compilation failed to produce executable
FAIL: 19_diagnostics/error_code/operators/bool.cc (test for excess errors)
UNRESOLVED: 19_diagnostics/error_code/operators/bool.cc compilation failed to produce executable
FAIL: 19_diagnostics/error_code/operators/equal.cc (test for excess errors)
UNRESOLVED: 19_diagnostics/error_code/operators/equal.cc compilation failed to produce executable
FAIL: 19_diagnostics/error_code/operators/not_equal.cc (test for excess errors)
UNRESOLVED: 19_diagnostics/error_code/operators/not_equal.cc compilation failed to produce executable
FAIL: 19_diagnostics/error_condition/cons/1.cc (test for excess errors)
UNRESOLVED: 19_diagnostics/error_condition/cons/1.cc compilation failed to produce executable
FAIL: 19_diagnostics/error_condition/operators/bool.cc (test for excess errors)
UNRESOLVED: 19_diagnostics/error_condition/operators/bool.cc compilation failed to produce executable
FAIL: 19_diagnostics/error_condition/operators/equal.cc (test for excess errors)
UNRESOLVED: 19_diagnostics/error_condition/operators/equal.cc compilation failed to produce executable
FAIL: 19_diagnostics/error_condition/operators/not_equal.cc (test for excess errors)
UNRESOLVED: 19_diagnostics/error_condition/operators/not_equal.cc compilation failed to produce executable
FAIL: 19_diagnostics/headers/system_error/errc_std_c++0x.cc (test for excess errors)
FAIL: 19_diagnostics/system_error/cons-1.cc (test for excess errors)
UNRESOLVED: 19_diagnostics/system_error/cons-1.cc compilation failed to produce executable
FAIL: 21_strings/basic_string/capacity/wchar_t/18654.cc execution test
FAIL: 21_strings/basic_string/numeric_conversions/wchar_t/stod.cc execution test
FAIL: 22_locale/classification/isblank.cc execution test
FAIL: 22_locale/num_put/put/char/6.cc execution test
FAIL: 22_locale/num_put/put/wchar_t/6.cc execution test
FAIL: 22_locale/time_put/put/char/1.cc execution test
FAIL: 22_locale/time_put/put/char/5.cc execution test
FAIL: 22_locale/time_put/put/wchar_t/1.cc execution test
FAIL: 22_locale/time_put/put/wchar_t/5.cc execution test
FAIL: 23_containers/deque/allocator/ext_ptr.cc (test for excess errors)
UNRESOLVED: 23_containers/deque/allocator/ext_ptr.cc compilation failed to produce executable
FAIL: 23_containers/vector/allocator/ext_ptr.cc (test for excess errors)
UNRESOLVED: 23_containers/vector/allocator/ext_ptr.cc compilation failed to produce executable
FAIL: 23_containers/vector/bool/allocator/ext_ptr.cc (test for excess errors)
UNRESOLVED: 23_containers/vector/bool/allocator/ext_ptr.cc compilation failed to produce executable
FAIL: 23_containers/vector/ext_pointer/citerators.cc (test for excess errors)
UNRESOLVED: 23_containers/vector/ext_pointer/citerators.cc compilation failed to produce executable
FAIL: 23_containers/vector/ext_pointer/data_access.cc (test for excess errors)
UNRESOLVED: 23_containers/vector/ext_pointer/data_access.cc compilation failed to produce executable
FAIL: 23_containers/vector/ext_pointer/explicit_instantiation/1.cc (test for excess errors)
FAIL: 23_containers/vector/ext_pointer/explicit_instantiation/2.cc (test for excess errors)
FAIL: 23_containers/vector/ext_pointer/explicit_instantiation/3.cc (test for excess errors)
FAIL: 23_containers/vector/ext_pointer/modifiers/element.cc (test for excess errors)
UNRESOLVED: 23_containers/vector/ext_pointer/modifiers/element.cc compilation failed to produce executable
FAIL: 23_containers/vector/ext_pointer/modifiers/erase.cc (test for excess errors)
UNRESOLVED: 23_containers/vector/ext_pointer/modifiers/erase.cc compilation failed to produce executable
FAIL: 23_containers/vector/ext_pointer/modifiers/insert.cc (test for excess errors)
UNRESOLVED: 23_containers/vector/ext_pointer/modifiers/insert.cc compilation failed to produce executable
FAIL: 23_containers/vector/ext_pointer/resize.cc (test for excess errors)
UNRESOLVED: 23_containers/vector/ext_pointer/resize.cc compilation failed to produce executable
FAIL: 23_containers/vector/ext_pointer/types/1.cc (test for excess errors)
UNRESOLVED: 23_containers/vector/ext_pointer/types/1.cc compilation failed to produce executable
FAIL: 23_containers/vector/ext_pointer/types/2.cc (test for excess errors)
UNRESOLVED: 23_containers/vector/ext_pointer/types/2.cc compilation failed to produce executable
FAIL: 26_numerics/complex/56111.cc (test for excess errors)
FAIL: 27_io/basic_istream/extractors_arithmetic/char/12.cc execution test
FAIL: 27_io/basic_istream/extractors_arithmetic/wchar_t/12.cc execution test
FAIL: 27_io/basic_istream/ignore/wchar_t/1.cc (test for excess errors)
UNRESOLVED: 27_io/basic_istream/ignore/wchar_t/1.cc compilation failed to produce executable
FAIL: 27_io/basic_istream/ignore/wchar_t/2.cc (test for excess errors)
UNRESOLVED: 27_io/basic_istream/ignore/wchar_t/2.cc compilation failed to produce executable
FAIL: 27_io/basic_istream/ignore/wchar_t/7220.cc (test for excess errors)
UNRESOLVED: 27_io/basic_istream/ignore/wchar_t/7220.cc compilation failed to produce executable
FAIL: 27_io/basic_istream/peek/wchar_t/1.cc (test for excess errors)
UNRESOLVED: 27_io/basic_istream/peek/wchar_t/1.cc compilation failed to produce executable
FAIL: 27_io/basic_ostream/inserters_arithmetic/char/1.cc execution test
FAIL: 27_io/basic_ostream/inserters_arithmetic/char/hexfloat.cc execution test
FAIL: 27_io/basic_ostream/inserters_arithmetic/wchar_t/1.cc execution test
FAIL: 27_io/basic_ostream/seekp/wchar_t/2346-fstream.cc (test for excess errors)
UNRESOLVED: 27_io/basic_ostream/seekp/wchar_t/2346-fstream.cc compilation failed to produce executable
FAIL: 27_io/basic_ostream/seekp/wchar_t/2346-sstream.cc (test for excess errors)
UNRESOLVED: 27_io/basic_ostream/seekp/wchar_t/2346-sstream.cc compilation failed to produce executable
FAIL: 27_io/ios_base/storage/11584.cc execution test
FAIL: 28_regex/traits/wchar_t/isctype.cc execution test
FAIL: ext/codecvt/wchar_t.cc execution test
FAIL: ext/mt_allocator/check_new.cc execution test
FAIL: ext/pool_allocator/check_new.cc execution test

		=== libstdc++ Summary ===

# of expected passes		9083
# of unexpected failures	52
# of expected failures		65
# of unresolved testcases	27
# of unsupported tests		825

Compiler version: 5.2.0 (GCC) 
Platform: x86_64-w64-mingw32
configure flags: --prefix=/opt/devel/gnu/gcc/MINGW_NT/x86_64-w64-mingw32/mingw-w64-runtime-trunk-svn/gcc-5.2.0 --with-gnu-as --with-as=/opt/devel/gnu/gcc/MINGW_NT/x86_64-w64-mingw32/mingw-w64-runtime-trunk-svn/gcc-5.2.0/bin/as --with-gnu-ld --with-ld=/opt/devel/gnu/gcc/MINGW_NT/x86_64-w64-mingw32/mingw-w64-runtime-trunk-svn/gcc-5.2.0/bin/ld --build=x86_64-w64-mingw32 --enable-threads=posix --enable-languages=c,ada,c++,fortran,java,lto,objc,obj-c++ --with-gmp-include=/opt/devel/SCRATCH/tmp.APPRhuW9Ge/install/include --with-gmp-lib=/opt/devel/SCRATCH/tmp.APPRhuW9Ge/install/lib64 --with-mpfr-include=/opt/devel/SCRATCH/tmp.APPRhuW9Ge/install/include --with-mpfr-lib=/opt/devel/SCRATCH/tmp.APPRhuW9Ge/install/lib64 --with-mpc-include=/opt/devel/SCRATCH/tmp.APPRhuW9Ge/install/include --with-mpc-lib=/opt/devel/SCRATCH/tmp.APPRhuW9Ge/install/lib64 --with-isl-include=/opt/devel/SCRATCH/tmp.APPRhuW9Ge/install/include --with-isl-lib=/opt/devel/SCRATCH/tmp.APPRhuW9Ge/install/lib64 --with-local-pr
efix=/opt/devel/tec/devel/MINGW_NT/x86_64-w64-mingw32/mingw-w64-runtime-trunk-svn/gcc-5.2.0 --enable-libgomp --enable-fully-dynamic-string --disable-multilib --enable-checking=release --disable-werror --with-sysroot=/x86_64-w64-trunk

binutils:
binutils-2.25


Build system:
MINGW64_NT-6.1 andromeda 2.0.0(0.273/5/3) 2014-05-22 10:56 x86_64 Msys

cc for building:
gcc
gcc.exe (GCC) 5.2.0
Copyright (C) 2015 Free Software Foundation, Inc.
This is free software; see the source for copying conditions.  There is NO
warranty; not even for MERCHANTABILITY or FITNESS FOR A PARTICULAR PURPOSE.


as for building:
GNU assembler (GNU Binutils) 2.25
Copyright (C) 2014 Free Software Foundation, Inc.
This program is free software; you may redistribute it under the terms of
the GNU General Public License version 3 or later.
This program has absolutely no warranty.
This assembler was configured for a target of \`x86_64-w64-mingw32'.

ld for building:
GNU ld (GNU Binutils) 2.25
Copyright (C) 2014 Free Software Foundation, Inc.
This program is free software; you may redistribute it under the terms of
the GNU General Public License version 3 or (at your option) a later version.
This program has absolutely no warranty.


Index Nav: [Date Index] [Subject Index] [Author Index] [Thread Index]
Message Nav: [Date Prev] [Date Next] [Thread Prev] [Thread Next]