This is the mail archive of the
gcc-testresults@gcc.gnu.org
mailing list for the GCC project.
Results for 6.0.0 20150716 (experimental) 225857 (GCC) testsuite on armv7l-unknown-linux-gnueabihf
- From: ramana dot gcc+gcc-testresults-madras at gmail dot com (Ramana Radhakrishnan (on madras))
- To: gcc-testresults at gcc dot gnu dot org
- Date: Thu, 16 Jul 2015 20:42:53 +0100 (BST)
- Subject: Results for 6.0.0 20150716 (experimental) 225857 (GCC) testsuite on armv7l-unknown-linux-gnueabihf
- Authentication-results: sourceware.org; auth=none
LAST_UPDATED: Thu Jul 16 12:22:25 UTC 2015 (revision de46ad2:4a01222:d1134db897aeaf4d6c583c65cdac18410babbcd7)
Native configuration is armv7l-unknown-linux-gnueabihf
=== libatomic tests ===
Running target unix
=== libatomic Summary ===
# of expected passes 44
# of unsupported tests 5
=== libgomp tests ===
Running target unix
=== libgomp Summary ===
# of expected passes 5059
# of expected failures 8
# of unsupported tests 301
=== libitm tests ===
Running target unix
=== libitm Summary ===
# of expected passes 26
# of expected failures 3
# of unsupported tests 1
=== libstdc++ tests ===
Running target unix
=== libstdc++ Summary ===
# of expected passes 9959
# of expected failures 65
# of unsupported tests 545
=== gcc tests ===
Running target unix
FAIL: c-c++-common/asan/heap-overflow-1.c -O1 output pattern test, is =================================================================
FAIL: c-c++-common/asan/heap-overflow-1.c -O2 output pattern test, is =================================================================
FAIL: c-c++-common/asan/heap-overflow-1.c -O2 -flto -fno-use-linker-plugin -flto-partition=none output pattern test, is =================================================================
FAIL: c-c++-common/asan/heap-overflow-1.c -O2 -flto -fuse-linker-plugin -fno-fat-lto-objects output pattern test, is =================================================================
FAIL: c-c++-common/asan/heap-overflow-1.c -O3 -g output pattern test, is =================================================================
FAIL: c-c++-common/asan/heap-overflow-1.c -Os output pattern test, is =================================================================
FAIL: c-c++-common/asan/sanity-check-pure-c-1.c -O1 output pattern test, is =================================================================
FAIL: c-c++-common/asan/sanity-check-pure-c-1.c -O2 output pattern test, is =================================================================
FAIL: c-c++-common/asan/sanity-check-pure-c-1.c -O2 -flto -fno-use-linker-plugin -flto-partition=none output pattern test, is =================================================================
FAIL: c-c++-common/asan/sanity-check-pure-c-1.c -O2 -flto -fuse-linker-plugin -fno-fat-lto-objects output pattern test, is =================================================================
FAIL: c-c++-common/asan/sanity-check-pure-c-1.c -O3 -g output pattern test, is =================================================================
FAIL: c-c++-common/asan/sanity-check-pure-c-1.c -Os output pattern test, is =================================================================
FAIL: c-c++-common/asan/strncpy-overflow-1.c -O1 output pattern test, is =================================================================
FAIL: c-c++-common/asan/strncpy-overflow-1.c -O2 output pattern test, is =================================================================
FAIL: c-c++-common/asan/strncpy-overflow-1.c -O2 -flto -fno-use-linker-plugin -flto-partition=none output pattern test, is =================================================================
FAIL: c-c++-common/asan/strncpy-overflow-1.c -O2 -flto -fuse-linker-plugin -fno-fat-lto-objects output pattern test, is =================================================================
FAIL: c-c++-common/asan/strncpy-overflow-1.c -O3 -g output pattern test, is =================================================================
FAIL: c-c++-common/asan/strncpy-overflow-1.c -Os output pattern test, is =================================================================
FAIL: c-c++-common/asan/use-after-free-1.c -O1 output pattern test, is =================================================================
FAIL: c-c++-common/asan/use-after-free-1.c -O2 output pattern test, is =================================================================
FAIL: c-c++-common/asan/use-after-free-1.c -O2 -flto -fno-use-linker-plugin -flto-partition=none output pattern test, is =================================================================
FAIL: c-c++-common/asan/use-after-free-1.c -O2 -flto -fuse-linker-plugin -fno-fat-lto-objects output pattern test, is =================================================================
FAIL: c-c++-common/asan/use-after-free-1.c -O3 -g output pattern test, is =================================================================
FAIL: c-c++-common/asan/use-after-free-1.c -Os output pattern test, is =================================================================
FAIL: gcc.dg/debug/dwarf2/stacked-qualified-types-3.c scan-assembler-times DIE \\\\([^\\n]*\\\\) DW_TAG_(?:const|volatile|atomic|restrict)_type 8
FAIL: gcc.dg/fixed-point/unary.c execution test
XPASS: gcc.dg/graphite/vect-pr43423.c scan-tree-dump-times vect "vectorized 2 loops" 1
XPASS: gcc.dg/guality/example.c -O0 execution test
XPASS: gcc.dg/guality/example.c -O1 execution test
XPASS: gcc.dg/guality/guality.c -O0 execution test
XPASS: gcc.dg/guality/guality.c -O1 execution test
XPASS: gcc.dg/guality/guality.c -O2 execution test
XPASS: gcc.dg/guality/guality.c -O2 -flto -fno-use-linker-plugin -flto-partition=none execution test
XPASS: gcc.dg/guality/guality.c -O2 -flto -fuse-linker-plugin -fno-fat-lto-objects execution test
XPASS: gcc.dg/guality/guality.c -O3 -g execution test
XPASS: gcc.dg/guality/guality.c -Os execution test
XPASS: gcc.dg/guality/inline-params.c -O2 execution test
XPASS: gcc.dg/guality/inline-params.c -O2 -flto -fno-use-linker-plugin -flto-partition=none execution test
XPASS: gcc.dg/guality/inline-params.c -O3 -g execution test
XPASS: gcc.dg/guality/inline-params.c -Os execution test
FAIL: gcc.dg/guality/nrv-1.c -O2 -flto -fuse-linker-plugin -fno-fat-lto-objects line 20 a2.i[0] == 42
FAIL: gcc.dg/guality/pr36728-1.c -O2 line 16 y == 2
FAIL: gcc.dg/guality/pr36728-1.c -O2 line 18 y == 2
FAIL: gcc.dg/guality/pr36728-1.c -O2 -flto -fno-use-linker-plugin -flto-partition=none line 16 y == 2
FAIL: gcc.dg/guality/pr36728-1.c -O2 -flto -fno-use-linker-plugin -flto-partition=none line 18 y == 2
FAIL: gcc.dg/guality/pr36728-1.c -O2 -flto -fuse-linker-plugin -fno-fat-lto-objects line 16 y == 2
FAIL: gcc.dg/guality/pr36728-1.c -O3 -g line 16 y == 2
FAIL: gcc.dg/guality/pr36728-1.c -O3 -g line 18 y == 2
FAIL: gcc.dg/guality/pr36728-2.c -O2 line 18 *x == (char) 25
FAIL: gcc.dg/guality/pr36728-2.c -O2 line 18 y == 2
FAIL: gcc.dg/guality/pr36728-2.c -O2 -flto -fno-use-linker-plugin -flto-partition=none line 18 *x == (char) 25
FAIL: gcc.dg/guality/pr36728-2.c -O2 -flto -fno-use-linker-plugin -flto-partition=none line 18 y == 2
FAIL: gcc.dg/guality/pr36728-2.c -O3 -g line 18 *x == (char) 25
FAIL: gcc.dg/guality/pr36728-2.c -O3 -g line 18 y == 2
XPASS: gcc.dg/guality/pr41353-1.c -O0 line 28 j == 28 + 37
FAIL: gcc.dg/guality/pr41616-1.c -O2 -flto -fuse-linker-plugin -fno-fat-lto-objects execution test
FAIL: gcc.dg/guality/pr43051-1.c -O1 line 34 c == &a[0]
FAIL: gcc.dg/guality/pr43051-1.c -O2 line 34 c == &a[0]
FAIL: gcc.dg/guality/pr43051-1.c -O2 line 40 v == 1
FAIL: gcc.dg/guality/pr43051-1.c -O2 -flto -fno-use-linker-plugin -flto-partition=none line 34 c == &a[0]
FAIL: gcc.dg/guality/pr43051-1.c -O2 -flto -fno-use-linker-plugin -flto-partition=none line 40 v == 1
FAIL: gcc.dg/guality/pr43051-1.c -O2 -flto -fuse-linker-plugin -fno-fat-lto-objects line 34 c == &a[0]
FAIL: gcc.dg/guality/pr43051-1.c -O2 -flto -fuse-linker-plugin -fno-fat-lto-objects line 40 v == 1
FAIL: gcc.dg/guality/pr43051-1.c -O3 -fomit-frame-pointer -funroll-loops -fpeel-loops -ftracer -finline-functions line 34 c == &a[0]
FAIL: gcc.dg/guality/pr43051-1.c -Os line 40 v == 1
FAIL: gcc.dg/guality/pr43077-1.c -O1 line 42 varb == 2
FAIL: gcc.dg/guality/pr43077-1.c -O2 line 42 varc == 3
FAIL: gcc.dg/guality/pr43077-1.c -O2 -flto -fno-use-linker-plugin -flto-partition=none line 42 varb == 2
FAIL: gcc.dg/guality/pr43077-1.c -O2 -flto -fuse-linker-plugin -fno-fat-lto-objects line 42 varb == 2
FAIL: gcc.dg/guality/pr43077-1.c -O3 -g line 42 varc == 3
FAIL: gcc.dg/guality/pr43077-1.c -Os line 42 varc == 3
FAIL: gcc.dg/guality/pr43177.c -O2 line 15 l == 10
FAIL: gcc.dg/guality/pr43177.c -O2 line 15 x == 7
FAIL: gcc.dg/guality/pr43177.c -O2 line 24 l == 10
FAIL: gcc.dg/guality/pr43177.c -O2 line 24 x == 7
FAIL: gcc.dg/guality/pr43177.c -O2 -flto -fno-use-linker-plugin -flto-partition=none line 15 l == 10
FAIL: gcc.dg/guality/pr43177.c -O2 -flto -fno-use-linker-plugin -flto-partition=none line 15 x == 7
FAIL: gcc.dg/guality/pr43177.c -O2 -flto -fno-use-linker-plugin -flto-partition=none line 24 l == 10
FAIL: gcc.dg/guality/pr43177.c -O2 -flto -fno-use-linker-plugin -flto-partition=none line 24 x == 7
FAIL: gcc.dg/guality/pr43177.c -O2 -flto -fuse-linker-plugin -fno-fat-lto-objects line 15 l == 10
FAIL: gcc.dg/guality/pr43177.c -O2 -flto -fuse-linker-plugin -fno-fat-lto-objects line 15 x == 7
FAIL: gcc.dg/guality/pr43177.c -O3 -g line 15 l == 10
FAIL: gcc.dg/guality/pr43177.c -O3 -g line 15 x == 7
FAIL: gcc.dg/guality/pr43177.c -O3 -g line 24 l == 10
FAIL: gcc.dg/guality/pr43177.c -O3 -g line 24 x == 7
FAIL: gcc.dg/guality/pr43177.c -Os line 15 l == 10
FAIL: gcc.dg/guality/pr43177.c -Os line 15 x == 7
FAIL: gcc.dg/guality/pr43177.c -Os line 24 l == 10
FAIL: gcc.dg/guality/pr43177.c -Os line 24 x == 7
FAIL: gcc.dg/guality/pr43479.c -O1 line 13 h == 9
FAIL: gcc.dg/guality/pr43479.c -O1 line 18 h == 9
FAIL: gcc.dg/guality/pr43479.c -O2 line 13 h == 9
FAIL: gcc.dg/guality/pr43479.c -O2 line 18 h == 9
FAIL: gcc.dg/guality/pr43479.c -O2 -flto -fno-use-linker-plugin -flto-partition=none line 13 h == 9
FAIL: gcc.dg/guality/pr43479.c -O2 -flto -fno-use-linker-plugin -flto-partition=none line 18 h == 9
FAIL: gcc.dg/guality/pr43479.c -O2 -flto -fuse-linker-plugin -fno-fat-lto-objects line 13 h == 9
FAIL: gcc.dg/guality/pr43479.c -O2 -flto -fuse-linker-plugin -fno-fat-lto-objects line 18 h == 9
FAIL: gcc.dg/guality/pr43479.c -O3 -g line 13 h == 9
FAIL: gcc.dg/guality/pr43479.c -O3 -g line 18 h == 9
FAIL: gcc.dg/guality/pr43479.c -Os line 13 h == 9
FAIL: gcc.dg/guality/pr43479.c -Os line 18 h == 9
FAIL: gcc.dg/guality/pr43593.c -O1 line 16 j == &i
FAIL: gcc.dg/guality/pr43593.c -O2 line 16 j == &i
FAIL: gcc.dg/guality/pr43593.c -O2 -flto -fno-use-linker-plugin -flto-partition=none line 16 j == &i
FAIL: gcc.dg/guality/pr43593.c -O2 -flto -fuse-linker-plugin -fno-fat-lto-objects line 16 j == &i
FAIL: gcc.dg/guality/pr43593.c -O3 -g line 16 j == &i
FAIL: gcc.dg/guality/pr43593.c -Os line 16 j == &i
FAIL: gcc.dg/guality/pr45882.c -O2 -flto -fuse-linker-plugin -fno-fat-lto-objects line 16 d == 112
FAIL: gcc.dg/guality/pr45882.c -O2 -flto -fuse-linker-plugin -fno-fat-lto-objects line 16 e == 142
FAIL: gcc.dg/guality/pr54200.c -O1 line 20 z == 3
FAIL: gcc.dg/guality/pr54200.c -O2 line 20 z == 3
FAIL: gcc.dg/guality/pr54200.c -O2 -flto -fno-use-linker-plugin -flto-partition=none line 20 z == 3
FAIL: gcc.dg/guality/pr54200.c -O2 -flto -fuse-linker-plugin -fno-fat-lto-objects line 20 z == 3
FAIL: gcc.dg/guality/pr54200.c -O3 -g line 20 z == 3
FAIL: gcc.dg/guality/pr54200.c -Os line 20 z == 3
FAIL: gcc.dg/guality/pr54519-1.c -O2 -flto -fno-use-linker-plugin -flto-partition=none line 20 y == 25
FAIL: gcc.dg/guality/pr54519-1.c -O2 -flto -fno-use-linker-plugin -flto-partition=none line 20 z == 6
FAIL: gcc.dg/guality/pr54519-1.c -O2 -flto -fno-use-linker-plugin -flto-partition=none line 23 y == 117
FAIL: gcc.dg/guality/pr54519-1.c -O2 -flto -fno-use-linker-plugin -flto-partition=none line 23 z == 8
FAIL: gcc.dg/guality/pr54519-1.c -O2 -flto -fuse-linker-plugin -fno-fat-lto-objects line 20 y == 25
FAIL: gcc.dg/guality/pr54519-1.c -O2 -flto -fuse-linker-plugin -fno-fat-lto-objects line 20 z == 6
FAIL: gcc.dg/guality/pr54519-2.c -O2 -flto -fno-use-linker-plugin -flto-partition=none line 17 y == 25
FAIL: gcc.dg/guality/pr54519-2.c -O2 -flto -fuse-linker-plugin -fno-fat-lto-objects line 17 y == 25
FAIL: gcc.dg/guality/pr54519-3.c -O2 -flto -fno-use-linker-plugin -flto-partition=none line 20 y == 25
FAIL: gcc.dg/guality/pr54519-3.c -O2 -flto -fno-use-linker-plugin -flto-partition=none line 20 z == 6
FAIL: gcc.dg/guality/pr54519-3.c -O2 -flto -fno-use-linker-plugin -flto-partition=none line 23 y == 117
FAIL: gcc.dg/guality/pr54519-3.c -O2 -flto -fno-use-linker-plugin -flto-partition=none line 23 z == 8
FAIL: gcc.dg/guality/pr54519-3.c -O2 -flto -fuse-linker-plugin -fno-fat-lto-objects line 20 x == 36
FAIL: gcc.dg/guality/pr54519-3.c -O2 -flto -fuse-linker-plugin -fno-fat-lto-objects line 20 y == 25
FAIL: gcc.dg/guality/pr54519-3.c -O2 -flto -fuse-linker-plugin -fno-fat-lto-objects line 20 z == 6
FAIL: gcc.dg/guality/pr54519-3.c -O2 -flto -fuse-linker-plugin -fno-fat-lto-objects line 23 x == 98
FAIL: gcc.dg/guality/pr54519-3.c -O2 -flto -fuse-linker-plugin -fno-fat-lto-objects line 23 y == 117
FAIL: gcc.dg/guality/pr54519-3.c -O2 -flto -fuse-linker-plugin -fno-fat-lto-objects line 23 z == 8
FAIL: gcc.dg/guality/pr54519-4.c -O2 -flto -fno-use-linker-plugin -flto-partition=none line 17 y == 25
FAIL: gcc.dg/guality/pr54519-4.c -O2 -flto -fuse-linker-plugin -fno-fat-lto-objects line 17 x == 6
FAIL: gcc.dg/guality/pr54519-4.c -O2 -flto -fuse-linker-plugin -fno-fat-lto-objects line 17 y == 25
FAIL: gcc.dg/guality/pr54519-5.c -O2 line 17 x == 6
FAIL: gcc.dg/guality/pr54519-5.c -O2 -flto -fno-use-linker-plugin -flto-partition=none line 17 x == 6
FAIL: gcc.dg/guality/pr54519-5.c -O2 -flto -fno-use-linker-plugin -flto-partition=none line 17 y == 25
FAIL: gcc.dg/guality/pr54519-5.c -O2 -flto -fuse-linker-plugin -fno-fat-lto-objects line 17 y == 25
FAIL: gcc.dg/guality/pr54693.c -O1 line 22 i == c - 48
FAIL: gcc.dg/guality/pr54693.c -O2 line 22 i == c - 48
FAIL: gcc.dg/guality/pr54693.c -O2 -flto -fno-use-linker-plugin -flto-partition=none line 22 i == c - 48
FAIL: gcc.dg/guality/pr54693.c -O2 -flto -fuse-linker-plugin -fno-fat-lto-objects line 22 i == c - 48
FAIL: gcc.dg/guality/pr54693.c -O3 -g line 22 i == c - 48
FAIL: gcc.dg/guality/pr54970.c -O1 line 15 a[0] == 1
FAIL: gcc.dg/guality/pr54970.c -O1 line 20 a[0] == 1
FAIL: gcc.dg/guality/pr54970.c -O1 line 25 a[0] == 1
FAIL: gcc.dg/guality/pr54970.c -O1 line 31 a[0] == 4
FAIL: gcc.dg/guality/pr54970.c -O1 line 36 a[0] == 4
FAIL: gcc.dg/guality/pr54970.c -O1 line 45 a[0] == 4
FAIL: gcc.dg/guality/pr54970.c -O1 line 45 p[-2] == 4
FAIL: gcc.dg/guality/pr54970.c -O1 line 45 q[-1] == 4
FAIL: gcc.dg/guality/pr54970.c -O2 line 15 a[0] == 1
FAIL: gcc.dg/guality/pr54970.c -O2 line 20 a[0] == 1
FAIL: gcc.dg/guality/pr54970.c -O2 line 25 a[0] == 1
FAIL: gcc.dg/guality/pr54970.c -O2 line 31 a[0] == 4
FAIL: gcc.dg/guality/pr54970.c -O2 line 36 a[0] == 4
FAIL: gcc.dg/guality/pr54970.c -O2 line 45 a[0] == 4
FAIL: gcc.dg/guality/pr54970.c -O2 line 45 p[-2] == 4
FAIL: gcc.dg/guality/pr54970.c -O2 line 45 q[-1] == 4
FAIL: gcc.dg/guality/pr54970.c -O2 -flto -fno-use-linker-plugin -flto-partition=none line 15 a[0] == 1
FAIL: gcc.dg/guality/pr54970.c -O2 -flto -fno-use-linker-plugin -flto-partition=none line 20 a[0] == 1
FAIL: gcc.dg/guality/pr54970.c -O2 -flto -fno-use-linker-plugin -flto-partition=none line 25 a[0] == 1
FAIL: gcc.dg/guality/pr54970.c -O2 -flto -fno-use-linker-plugin -flto-partition=none line 31 a[0] == 4
FAIL: gcc.dg/guality/pr54970.c -O2 -flto -fno-use-linker-plugin -flto-partition=none line 36 a[0] == 4
FAIL: gcc.dg/guality/pr54970.c -O2 -flto -fno-use-linker-plugin -flto-partition=none line 45 a[0] == 4
FAIL: gcc.dg/guality/pr54970.c -O2 -flto -fno-use-linker-plugin -flto-partition=none line 45 p[-2] == 4
FAIL: gcc.dg/guality/pr54970.c -O2 -flto -fno-use-linker-plugin -flto-partition=none line 45 q[-1] == 4
FAIL: gcc.dg/guality/pr54970.c -O2 -flto -fuse-linker-plugin -fno-fat-lto-objects line 15 a[0] == 1
FAIL: gcc.dg/guality/pr54970.c -O2 -flto -fuse-linker-plugin -fno-fat-lto-objects line 20 a[0] == 1
FAIL: gcc.dg/guality/pr54970.c -O2 -flto -fuse-linker-plugin -fno-fat-lto-objects line 25 a[0] == 1
FAIL: gcc.dg/guality/pr54970.c -O2 -flto -fuse-linker-plugin -fno-fat-lto-objects line 31 a[0] == 4
FAIL: gcc.dg/guality/pr54970.c -O2 -flto -fuse-linker-plugin -fno-fat-lto-objects line 36 a[0] == 4
FAIL: gcc.dg/guality/pr54970.c -O2 -flto -fuse-linker-plugin -fno-fat-lto-objects line 45 a[0] == 4
FAIL: gcc.dg/guality/pr54970.c -O2 -flto -fuse-linker-plugin -fno-fat-lto-objects line 45 p[-2] == 4
FAIL: gcc.dg/guality/pr54970.c -O2 -flto -fuse-linker-plugin -fno-fat-lto-objects line 45 q[-1] == 4
FAIL: gcc.dg/guality/pr54970.c -O3 -g line 15 a[0] == 1
FAIL: gcc.dg/guality/pr54970.c -O3 -g line 20 a[0] == 1
FAIL: gcc.dg/guality/pr54970.c -O3 -g line 25 a[0] == 1
FAIL: gcc.dg/guality/pr54970.c -O3 -g line 31 a[0] == 4
FAIL: gcc.dg/guality/pr54970.c -O3 -g line 36 a[0] == 4
FAIL: gcc.dg/guality/pr54970.c -O3 -g line 45 a[0] == 4
FAIL: gcc.dg/guality/pr54970.c -O3 -g line 45 p[-2] == 4
FAIL: gcc.dg/guality/pr54970.c -O3 -g line 45 q[-1] == 4
FAIL: gcc.dg/guality/pr54970.c -Os line 15 a[0] == 1
FAIL: gcc.dg/guality/pr54970.c -Os line 25 a[0] == 1
FAIL: gcc.dg/guality/pr54970.c -Os line 31 a[0] == 4
FAIL: gcc.dg/guality/pr54970.c -Os line 36 a[0] == 4
FAIL: gcc.dg/guality/pr54970.c -Os line 45 a[0] == 4
FAIL: gcc.dg/guality/pr54970.c -Os line 45 p[-2] == 4
FAIL: gcc.dg/guality/pr54970.c -Os line 45 q[-1] == 4
FAIL: gcc.dg/guality/pr58791-3.c -O1 line pr58791-3.c:19 h == 9
FAIL: gcc.dg/guality/pr58791-3.c -O1 line pr58791-3.c:19 i == 15
FAIL: gcc.dg/guality/pr58791-3.c -O1 line pr58791-3.c:19 l == 10
FAIL: gcc.dg/guality/pr58791-3.c -O1 line pr58791-3.c:19 m == 16
FAIL: gcc.dg/guality/pr58791-3.c -Os line pr58791-3.c:19 h == 9
FAIL: gcc.dg/guality/pr58791-3.c -Os line pr58791-3.c:19 i == 15
FAIL: gcc.dg/guality/pr58791-3.c -Os line pr58791-3.c:19 l == 10
FAIL: gcc.dg/guality/pr58791-3.c -Os line pr58791-3.c:19 m == 16
FAIL: gcc.dg/guality/pr58791-5.c -O1 line pr58791-5.c:20 b4 == 4681
FAIL: gcc.dg/guality/pr58791-5.c -O2 line pr58791-5.c:20 b4 == 4681
FAIL: gcc.dg/guality/pr58791-5.c -O2 -flto -fno-use-linker-plugin -flto-partition=none line pr58791-5.c:20 b4 == 4681
FAIL: gcc.dg/guality/pr58791-5.c -O2 -flto -fuse-linker-plugin -fno-fat-lto-objects line pr58791-5.c:20 b4 == 4681
FAIL: gcc.dg/guality/pr58791-5.c -O3 -g line pr58791-5.c:20 b4 == 4681
FAIL: gcc.dg/guality/pr58791-5.c -Os line pr58791-5.c:20 b4 == 4681
FAIL: gcc.dg/guality/sra-1.c -O2 line 21 a.i == 4
FAIL: gcc.dg/guality/sra-1.c -O2 line 21 a.j == 14
FAIL: gcc.dg/guality/sra-1.c -O2 line 43 a.i == 4
FAIL: gcc.dg/guality/sra-1.c -O2 line 43 a.j == 14
FAIL: gcc.dg/guality/sra-1.c -O2 -flto -fno-use-linker-plugin -flto-partition=none line 21 a.i == 4
FAIL: gcc.dg/guality/sra-1.c -O2 -flto -fno-use-linker-plugin -flto-partition=none line 21 a.j == 14
FAIL: gcc.dg/guality/sra-1.c -O2 -flto -fno-use-linker-plugin -flto-partition=none line 43 a.i == 4
FAIL: gcc.dg/guality/sra-1.c -O2 -flto -fno-use-linker-plugin -flto-partition=none line 43 a.j == 14
FAIL: gcc.dg/guality/sra-1.c -O2 -flto -fuse-linker-plugin -fno-fat-lto-objects line 21 a.i == 4
FAIL: gcc.dg/guality/sra-1.c -O2 -flto -fuse-linker-plugin -fno-fat-lto-objects line 21 a.j == 14
FAIL: gcc.dg/guality/sra-1.c -O2 -flto -fuse-linker-plugin -fno-fat-lto-objects line 43 a.i == 4
FAIL: gcc.dg/guality/sra-1.c -O2 -flto -fuse-linker-plugin -fno-fat-lto-objects line 43 a.j == 14
FAIL: gcc.dg/guality/sra-1.c -O3 -g line 21 a.i == 4
FAIL: gcc.dg/guality/sra-1.c -O3 -g line 21 a.j == 14
FAIL: gcc.dg/guality/sra-1.c -O3 -g line 43 a.i == 4
FAIL: gcc.dg/guality/sra-1.c -O3 -g line 43 a.j == 14
FAIL: gcc.dg/guality/sra-1.c -Os line 21 a.i == 4
FAIL: gcc.dg/guality/sra-1.c -Os line 21 a.j == 14
FAIL: gcc.dg/guality/sra-1.c -Os line 43 a.i == 4
FAIL: gcc.dg/guality/sra-1.c -Os line 43 a.j == 14
FAIL: gcc.dg/guality/vla-1.c -O0 line 17 sizeof (a) == 6
FAIL: gcc.dg/guality/vla-1.c -O0 line 24 sizeof (a) == 17 * sizeof (short)
FAIL: gcc.dg/guality/vla-1.c -O1 line 17 sizeof (a) == 6
FAIL: gcc.dg/guality/vla-1.c -O1 line 24 sizeof (a) == 17 * sizeof (short)
FAIL: gcc.dg/guality/vla-1.c -O2 line 17 sizeof (a) == 6
FAIL: gcc.dg/guality/vla-1.c -O2 line 24 sizeof (a) == 17 * sizeof (short)
FAIL: gcc.dg/guality/vla-1.c -O2 -flto -fno-use-linker-plugin -flto-partition=none line 17 sizeof (a) == 6
FAIL: gcc.dg/guality/vla-1.c -O2 -flto -fno-use-linker-plugin -flto-partition=none line 24 sizeof (a) == 17 * sizeof (short)
FAIL: gcc.dg/guality/vla-1.c -O2 -flto -fuse-linker-plugin -fno-fat-lto-objects line 17 sizeof (a) == 6
FAIL: gcc.dg/guality/vla-1.c -O2 -flto -fuse-linker-plugin -fno-fat-lto-objects line 24 sizeof (a) == 17 * sizeof (short)
FAIL: gcc.dg/guality/vla-1.c -O3 -g line 17 sizeof (a) == 6
FAIL: gcc.dg/guality/vla-1.c -O3 -g line 24 sizeof (a) == 17 * sizeof (short)
FAIL: gcc.dg/guality/vla-1.c -Os line 17 sizeof (a) == 6
FAIL: gcc.dg/guality/vla-1.c -Os line 24 sizeof (a) == 17 * sizeof (short)
FAIL: gcc.dg/guality/vla-2.c -O0 line 16 sizeof (a) == 5 * sizeof (int)
FAIL: gcc.dg/guality/vla-2.c -O0 line 25 sizeof (a) == 6 * sizeof (int)
FAIL: gcc.dg/guality/vla-2.c -O1 line 16 sizeof (a) == 5 * sizeof (int)
FAIL: gcc.dg/guality/vla-2.c -O1 line 25 sizeof (a) == 6 * sizeof (int)
FAIL: gcc.dg/guality/vla-2.c -O2 line 16 sizeof (a) == 5 * sizeof (int)
FAIL: gcc.dg/guality/vla-2.c -O2 line 25 sizeof (a) == 6 * sizeof (int)
FAIL: gcc.dg/guality/vla-2.c -O2 -flto -fno-use-linker-plugin -flto-partition=none line 16 sizeof (a) == 5 * sizeof (int)
FAIL: gcc.dg/guality/vla-2.c -O2 -flto -fno-use-linker-plugin -flto-partition=none line 25 sizeof (a) == 6 * sizeof (int)
FAIL: gcc.dg/guality/vla-2.c -O2 -flto -fuse-linker-plugin -fno-fat-lto-objects line 16 sizeof (a) == 5 * sizeof (int)
FAIL: gcc.dg/guality/vla-2.c -O2 -flto -fuse-linker-plugin -fno-fat-lto-objects line 25 sizeof (a) == 6 * sizeof (int)
FAIL: gcc.dg/guality/vla-2.c -O3 -g line 16 sizeof (a) == 5 * sizeof (int)
FAIL: gcc.dg/guality/vla-2.c -O3 -g line 25 sizeof (a) == 6 * sizeof (int)
FAIL: gcc.dg/guality/vla-2.c -Os line 16 sizeof (a) == 5 * sizeof (int)
FAIL: gcc.dg/guality/vla-2.c -Os line 25 sizeof (a) == 6 * sizeof (int)
FAIL: gcc.dg/tree-ssa/sra-12.c scan-tree-dump-times release_ssa "l;" 0
FAIL: gcc.dg/tree-ssa/ssa-dom-cse-2.c scan-tree-dump optimized "return 28;"
FAIL: gcc.dg/vect/vect-over-widen-3-big-array.c -flto -ffat-lto-objects scan-tree-dump-times vect "vect_recog_over_widening_pattern: detected" 2
FAIL: gcc.dg/vect/vect-over-widen-3-big-array.c scan-tree-dump-times vect "vect_recog_over_widening_pattern: detected" 2
FAIL: gcc.target/arm/copysign_softfloat_1.c (test for excess errors)
UNRESOLVED: gcc.target/arm/copysign_softfloat_1.c compilation failed to produce executable
FAIL: gcc.target/arm/pr42575.c scan-assembler-not mov
FAIL: gcc.target/arm/unaligned-memcpy-2.c scan-assembler-times ldrd 0
FAIL: gcc.target/arm/unaligned-memcpy-2.c scan-assembler-times strd 1
FAIL: gcc.target/arm/unaligned-memcpy-3.c scan-assembler-times ldrd 1
FAIL: gcc.target/arm/unaligned-memcpy-3.c scan-assembler-times strd 0
=== gcc Summary ===
# of expected passes 97975
# of unexpected failures 249
# of unexpected successes 15
# of expected failures 273
# of unresolved testcases 1
# of unsupported tests 1975
/work/loop-tester/builds/build-225857/gcc/xgcc version 6.0.0 20150716 (experimental) 225857 (GCC)
=== gfortran tests ===
Running target unix
FAIL: gfortran.dg/graphite/pr42393.f90 -O (test for excess errors)
WARNING: program timed out.
FAIL: gfortran.dg/ieee/ieee_6.f90 -O0 execution test
FAIL: gfortran.dg/ieee/ieee_6.f90 -O1 execution test
FAIL: gfortran.dg/ieee/ieee_6.f90 -O2 execution test
FAIL: gfortran.dg/ieee/ieee_6.f90 -O3 -fomit-frame-pointer -funroll-loops -fpeel-loops -ftracer -finline-functions execution test
FAIL: gfortran.dg/ieee/ieee_6.f90 -O3 -g execution test
FAIL: gfortran.dg/ieee/ieee_6.f90 -Os execution test
FAIL: gfortran.dg/vect/pr48329.f90 -O scan-tree-dump-times vect "vectorized 1 loops" 1
=== gfortran Summary ===
# of expected passes 39395
# of unexpected failures 8
# of expected failures 73
# of unsupported tests 338
/work/loop-tester/builds/build-225857/gcc/testsuite/gfortran/../../gfortran version 6.0.0 20150716 (experimental) 225857 (GCC)
=== g++ tests ===
Running target unix
FAIL: c-c++-common/asan/heap-overflow-1.c -O1 output pattern test, is =================================================================
FAIL: c-c++-common/asan/heap-overflow-1.c -O2 output pattern test, is =================================================================
FAIL: c-c++-common/asan/heap-overflow-1.c -O2 -flto -fno-use-linker-plugin -flto-partition=none output pattern test, is =================================================================
FAIL: c-c++-common/asan/heap-overflow-1.c -O2 -flto -fuse-linker-plugin -fno-fat-lto-objects output pattern test, is =================================================================
FAIL: c-c++-common/asan/heap-overflow-1.c -O3 -g output pattern test, is =================================================================
FAIL: c-c++-common/asan/heap-overflow-1.c -Os output pattern test, is =================================================================
FAIL: c-c++-common/asan/sanity-check-pure-c-1.c -O1 output pattern test, is =================================================================
FAIL: c-c++-common/asan/sanity-check-pure-c-1.c -O2 output pattern test, is =================================================================
FAIL: c-c++-common/asan/sanity-check-pure-c-1.c -O2 -flto -fno-use-linker-plugin -flto-partition=none output pattern test, is =================================================================
FAIL: c-c++-common/asan/sanity-check-pure-c-1.c -O2 -flto -fuse-linker-plugin -fno-fat-lto-objects output pattern test, is =================================================================
FAIL: c-c++-common/asan/sanity-check-pure-c-1.c -O3 -g output pattern test, is =================================================================
FAIL: c-c++-common/asan/sanity-check-pure-c-1.c -Os output pattern test, is =================================================================
FAIL: c-c++-common/asan/strncpy-overflow-1.c -O1 output pattern test, is =================================================================
FAIL: c-c++-common/asan/strncpy-overflow-1.c -O2 output pattern test, is =================================================================
FAIL: c-c++-common/asan/strncpy-overflow-1.c -O2 -flto -fno-use-linker-plugin -flto-partition=none output pattern test, is =================================================================
FAIL: c-c++-common/asan/strncpy-overflow-1.c -O2 -flto -fuse-linker-plugin -fno-fat-lto-objects output pattern test, is =================================================================
FAIL: c-c++-common/asan/strncpy-overflow-1.c -O3 -g output pattern test, is =================================================================
FAIL: c-c++-common/asan/strncpy-overflow-1.c -Os output pattern test, is =================================================================
FAIL: c-c++-common/asan/use-after-free-1.c -O1 output pattern test, is =================================================================
FAIL: c-c++-common/asan/use-after-free-1.c -O2 output pattern test, is =================================================================
FAIL: c-c++-common/asan/use-after-free-1.c -O2 -flto -fno-use-linker-plugin -flto-partition=none output pattern test, is =================================================================
FAIL: c-c++-common/asan/use-after-free-1.c -O2 -flto -fuse-linker-plugin -fno-fat-lto-objects output pattern test, is =================================================================
FAIL: c-c++-common/asan/use-after-free-1.c -O3 -g output pattern test, is =================================================================
FAIL: c-c++-common/asan/use-after-free-1.c -Os output pattern test, is =================================================================
FAIL: g++.dg/guality/pr55665.C -O2 line 23 p == 40
FAIL: g++.dg/guality/pr55665.C -O3 -g line 23 p == 40
UNRESOLVED: g++.dg/lto/pr65276 cp_lto_pr65276_0.o-cp_lto_pr65276_1.o execute -flto -O0 -std=c++11
FAIL: g++.dg/lto/pr65276 cp_lto_pr65276_0.o-cp_lto_pr65276_1.o link, -flto -O0 -std=c++11
XPASS: g++.dg/tls/thread_local-order2.C -std=c++11 execution test
XPASS: g++.dg/tls/thread_local-order2.C -std=c++14 execution test
=== g++ Summary ===
# of expected passes 86849
# of unexpected failures 27
# of unexpected successes 2
# of expected failures 336
# of unresolved testcases 1
# of unsupported tests 3760
/work/loop-tester/builds/build-225857/gcc/testsuite/g++/../../xg++ version 6.0.0 20150716 (experimental) 225857 (GCC)
Compiler version: 6.0.0 20150716 (experimental) 225857 (GCC)
Platform: armv7l-unknown-linux-gnueabihf
configure flags: --enable-languages=c,c++,fortran --prefix=/work/loop-tester/installs/install-225857 --with-cpu=cortex-a15 --with-fpu=neon-vfpv4 --with-float=hard --with-build-config=bootstrap-time --prefix=/work/loop-tester/installs/install-225857