This is the mail archive of the
gcc-testresults@gcc.gnu.org
mailing list for the GCC project.
Results for 5.1.1 20150707 (GCC) testsuite on x86_64-apple-darwin13.4.0
- From: Jack Howarth <howarth dot at dot gcc dot testresults at gmail dot com>
- To: gcc-testresults at gcc dot gnu dot org
- Date: Wed, 8 Jul 2015 11:09:06 -0400
- Subject: Results for 5.1.1 20150707 (GCC) testsuite on x86_64-apple-darwin13.4.0
- Authentication-results: sourceware.org; auth=none
gcc-5.2.0-RC-20150707 with
https://gcc.gnu.org/bugzilla/attachment.cgi?id=35773 applied...
LAST_UPDATED: Obtained from SVN: branches/gcc-5-branch revision 225502
Native configuration is x86_64-apple-darwin13.4.0
=== g++ tests ===
Running target unix/-m32
FAIL: g++.dg/debug/dwarf2/imported-decl-2.C -std=gnu++98
scan-assembler-times ascii "AAAA\\\\\\\\0".*ascii "BBBB\\\\\\\\0".*DIE
.0x[0-9a-f]*. DW_TAG_imported_declaration 1
FAIL: g++.dg/debug/dwarf2/imported-decl-2.C -std=gnu++11
scan-assembler-times ascii "AAAA\\\\\\\\0".*ascii "BBBB\\\\\\\\0".*DIE
.0x[0-9a-f]*. DW_TAG_imported_declaration 1
FAIL: g++.dg/debug/dwarf2/imported-decl-2.C -std=gnu++14
scan-assembler-times ascii "AAAA\\\\\\\\0".*ascii "BBBB\\\\\\\\0".*DIE
.0x[0-9a-f]*. DW_TAG_imported_declaration 1
FAIL: g++.dg/ext/sync-4.C -std=gnu++98 execution test
FAIL: g++.dg/ext/sync-4.C -std=gnu++11 execution test
FAIL: g++.dg/ext/sync-4.C -std=gnu++14 execution test
FAIL: g++.dg/lto/pr65276 cp_lto_pr65276_0.o-cp_lto_pr65276_1.o link,
-flto -O0 -std=c++11
UNRESOLVED: g++.dg/lto/pr65276 cp_lto_pr65276_0.o-cp_lto_pr65276_1.o
execute -flto -O0 -std=c++11
FAIL: g++.dg/lto/pr65549 cp_lto_pr65549_0.o assemble, -std=gnu++14 -flto -g
UNRESOLVED: g++.dg/lto/pr65549 cp_lto_pr65549_0.o-cp_lto_pr65549_0.o
link -std=gnu++14 -flto -g
UNRESOLVED: g++.dg/lto/pr65549 cp_lto_pr65549_0.o-cp_lto_pr65549_0.o
execute -std=gnu++14 -flto -g
FAIL: g++.dg/lto/pr65549 cp_lto_pr65549_0.o assemble, -std=gnu++14
-flto -g -O2 -fno-inline -flto-partition=max
UNRESOLVED: g++.dg/lto/pr65549 cp_lto_pr65549_0.o-cp_lto_pr65549_0.o
link -std=gnu++14 -flto -g -O2 -fno-inline -flto-partition=max
UNRESOLVED: g++.dg/lto/pr65549 cp_lto_pr65549_0.o-cp_lto_pr65549_0.o
execute -std=gnu++14 -flto -g -O2 -fno-inline -flto-partition=max
=== g++ Summary for unix/-m32 ===
# of expected passes 89216
# of unexpected failures 9
# of expected failures 338
# of unresolved testcases 5
# of unsupported tests 3803
Running target unix/-m64
FAIL: g++.dg/debug/dwarf2/imported-decl-2.C -std=gnu++98
scan-assembler-times ascii "AAAA\\\\\\\\0".*ascii "BBBB\\\\\\\\0".*DIE
.0x[0-9a-f]*. DW_TAG_imported_declaration 1
FAIL: g++.dg/debug/dwarf2/imported-decl-2.C -std=gnu++11
scan-assembler-times ascii "AAAA\\\\\\\\0".*ascii "BBBB\\\\\\\\0".*DIE
.0x[0-9a-f]*. DW_TAG_imported_declaration 1
FAIL: g++.dg/debug/dwarf2/imported-decl-2.C -std=gnu++14
scan-assembler-times ascii "AAAA\\\\\\\\0".*ascii "BBBB\\\\\\\\0".*DIE
.0x[0-9a-f]*. DW_TAG_imported_declaration 1
FAIL: g++.dg/ext/sync-4.C -std=gnu++98 execution test
FAIL: g++.dg/ext/sync-4.C -std=gnu++11 execution test
FAIL: g++.dg/ext/sync-4.C -std=gnu++14 execution test
FAIL: g++.dg/lto/pr65276 cp_lto_pr65276_0.o-cp_lto_pr65276_1.o link,
-flto -O0 -std=c++11
UNRESOLVED: g++.dg/lto/pr65276 cp_lto_pr65276_0.o-cp_lto_pr65276_1.o
execute -flto -O0 -std=c++11
FAIL: g++.dg/tree-prof/partition1.C compilation, -fprofile-use -D_PROFILE_USE
UNRESOLVED: g++.dg/tree-prof/partition1.C execution, -fprofile-use
-D_PROFILE_USE
FAIL: g++.dg/tree-prof/pr57451.C compilation, -fprofile-use -D_PROFILE_USE
UNRESOLVED: g++.dg/tree-prof/pr57451.C execution, -fprofile-use
-D_PROFILE_USE
=== g++ Summary for unix/-m64 ===
# of expected passes 90618
# of unexpected failures 9
# of expected failures 338
# of unresolved testcases 3
# of unsupported tests 4044
=== g++ Summary ===
# of expected passes 179834
# of unexpected failures 18
# of expected failures 676
# of unresolved testcases 8
# of unsupported tests 7847
/sw/src/fink.build/gcc5-5.1.1-1/darwin_objdir/gcc/testsuite/g++/../../xg++
version 5.1.1 20150707 (GCC)
=== gcc tests ===
Running target unix/-m32
FAIL: gcc.dg/debug/pr65771.c -gstabs+1 -O (test for excess errors)
FAIL: gcc.dg/debug/pr65771.c -gstabs+1 -O3 (test for excess errors)
FAIL: gcc.dg/debug/pr65771.c -gstabs+ -O (test for excess errors)
FAIL: gcc.dg/debug/pr65771.c -gstabs+ -O3 (test for excess errors)
FAIL: gcc.dg/debug/pr65771.c -gstabs+3 -O (test for excess errors)
FAIL: gcc.dg/debug/pr65771.c -gstabs+3 -O3 (test for excess errors)
FAIL: gcc.dg/20021014-1.c execution test
FAIL: gcc.dg/aru-2.c execution test
FAIL: gcc.dg/darwin-weakimport-3.c scan-assembler-not coalesced
FAIL: gcc.dg/pr43643.c execution test
FAIL: gcc.dg/pr61053.c (test for excess errors)
FAIL: gcc.dg/uninit-19.c (test for warnings, line 22)
FAIL: gcc.dg/uninit-19.c (test for excess errors)
FAIL: gcc.dg/graphite/scop-19.c scan-tree-dump-times graphite "number
of SCoPs: 0" 1
FAIL: gcc.dg/lto/pr61526 c_lto_pr61526_0.o-c_lto_pr61526_1.o link,
-fPIC -flto -flto-partition=1to1
UNRESOLVED: gcc.dg/lto/pr61526 c_lto_pr61526_0.o-c_lto_pr61526_1.o
execute -fPIC -flto -flto-partition=1to1
FAIL: gcc.dg/torture/builtin-self.c -O0 scan-assembler-not \\tcall
FAIL: gcc.dg/torture/ftrapv-1.c -O0 execution test
FAIL: gcc.dg/torture/ftrapv-1.c -O1 execution test
FAIL: gcc.dg/torture/ftrapv-1.c -O2 execution test
FAIL: gcc.dg/torture/ftrapv-1.c -O3 -fomit-frame-pointer execution test
FAIL: gcc.dg/torture/ftrapv-1.c -O3 -fomit-frame-pointer
-funroll-loops execution test
FAIL: gcc.dg/torture/ftrapv-1.c -O3 -fomit-frame-pointer
-funroll-all-loops -finline-functions execution test
FAIL: gcc.dg/torture/ftrapv-1.c -O3 -g execution test
FAIL: gcc.dg/torture/ftrapv-1.c -Os execution test
FAIL: gcc.dg/torture/ftrapv-1.c -O2 -flto -flto-partition=none execution test
FAIL: gcc.dg/torture/ftrapv-1.c -O2 -flto execution test
FAIL: gcc.target/i386/memcpy-strategy-3.c scan-assembler-times memcpy 2
FAIL: gcc.target/i386/memset-strategy-1.c scan-assembler-times memset 2
=== gcc Summary for unix/-m32 ===
# of expected passes 107918
# of unexpected failures 28
# of expected failures 269
# of unresolved testcases 1
# of unsupported tests 3789
Running target unix/-m64
FAIL: c-c++-common/asan/strncpy-overflow-1.c -O0 execution test
FAIL: gcc.dg/debug/pr65771.c -gstabs+1 -O (test for excess errors)
FAIL: gcc.dg/debug/pr65771.c -gstabs+1 -O3 (test for excess errors)
FAIL: gcc.dg/debug/pr65771.c -gstabs+ -O (test for excess errors)
FAIL: gcc.dg/debug/pr65771.c -gstabs+ -O3 (test for excess errors)
FAIL: gcc.dg/debug/pr65771.c -gstabs+3 -O (test for excess errors)
FAIL: gcc.dg/debug/pr65771.c -gstabs+3 -O3 (test for excess errors)
FAIL: gcc.dg/uninit-19.c (test for warnings, line 22)
FAIL: gcc.dg/uninit-19.c (test for excess errors)
FAIL: gcc.dg/graphite/scop-19.c scan-tree-dump-times graphite "number
of SCoPs: 0" 1
FAIL: gcc.dg/lto/pr61526 c_lto_pr61526_0.o-c_lto_pr61526_1.o link,
-fPIC -flto -flto-partition=1to1
UNRESOLVED: gcc.dg/lto/pr61526 c_lto_pr61526_0.o-c_lto_pr61526_1.o
execute -fPIC -flto -flto-partition=1to1
FAIL: gcc.dg/torture/ftrapv-1.c -O0 execution test
FAIL: gcc.dg/torture/ftrapv-1.c -O1 execution test
FAIL: gcc.dg/torture/ftrapv-1.c -O2 execution test
FAIL: gcc.dg/torture/ftrapv-1.c -O3 -fomit-frame-pointer execution test
FAIL: gcc.dg/torture/ftrapv-1.c -O3 -fomit-frame-pointer
-funroll-loops execution test
FAIL: gcc.dg/torture/ftrapv-1.c -O3 -fomit-frame-pointer
-funroll-all-loops -finline-functions execution test
FAIL: gcc.dg/torture/ftrapv-1.c -O3 -g execution test
FAIL: gcc.dg/torture/ftrapv-1.c -Os execution test
FAIL: gcc.dg/torture/ftrapv-1.c -O2 -flto -flto-partition=none execution test
FAIL: gcc.dg/torture/ftrapv-1.c -O2 -flto execution test
FAIL: gcc.dg/tree-prof/20041218-1.c compilation, -fprofile-use -D_PROFILE_USE
UNRESOLVED: gcc.dg/tree-prof/20041218-1.c execution, -fprofile-use
-D_PROFILE_USE
FAIL: gcc.dg/tree-prof/crossmodule-indircall-1.c compilation,
-fprofile-use -D_PROFILE_USE
UNRESOLVED: gcc.dg/tree-prof/crossmodule-indircall-1.c execution,
-fprofile-use -D_PROFILE_USE
FAIL: gcc.dg/tree-prof/pr34999.c compilation, -fprofile-use -D_PROFILE_USE
UNRESOLVED: gcc.dg/tree-prof/pr34999.c execution, -fprofile-use
-D_PROFILE_USE
FAIL: gcc.dg/tree-prof/pr45354.c compilation, -fprofile-use -D_PROFILE_USE
UNRESOLVED: gcc.dg/tree-prof/pr45354.c execution, -fprofile-use
-D_PROFILE_USE
FAIL: gcc.dg/tree-prof/pr49299-1.c compilation, -fprofile-use -D_PROFILE_USE
UNRESOLVED: gcc.dg/tree-prof/pr49299-1.c execution, -fprofile-use
-D_PROFILE_USE
FAIL: gcc.dg/tree-prof/pr49299-2.c compilation, -fprofile-use -D_PROFILE_USE
UNRESOLVED: gcc.dg/tree-prof/pr49299-2.c execution, -fprofile-use
-D_PROFILE_USE
FAIL: gcc.dg/tree-prof/pr50907.c compilation, -fprofile-use -D_PROFILE_USE
UNRESOLVED: gcc.dg/tree-prof/pr50907.c execution, -fprofile-use
-D_PROFILE_USE
FAIL: gcc.target/i386/memcpy-strategy-3.c scan-assembler-times memcpy 2
FAIL: gcc.target/i386/memset-strategy-1.c scan-assembler-times memset 2
FAIL: gcc.target/i386/pr49866.c (test for excess errors)
FAIL: gcc.target/i386/pr61599-1.c (test for excess errors)
UNRESOLVED: gcc.target/i386/pr61599-1.c compilation failed to produce executable
FAIL: gcc.target/i386/pr63538.c scan-assembler movabs
=== gcc Summary for unix/-m64 ===
# of expected passes 108779
# of unexpected failures 33
# of expected failures 263
# of unresolved testcases 9
# of unsupported tests 3978
=== gcc Summary ===
# of expected passes 216697
# of unexpected failures 61
# of expected failures 532
# of unresolved testcases 10
# of unsupported tests 7767
/sw/src/fink.build/gcc5-5.1.1-1/darwin_objdir/gcc/xgcc version 5.1.1
20150707 (GCC)
=== gfortran tests ===
Running target unix/-m32
=== gfortran Summary for unix/-m32 ===
# of expected passes 48192
# of expected failures 79
# of unsupported tests 218
Running target unix/-m64
=== gfortran Summary for unix/-m64 ===
# of expected passes 48479
# of expected failures 79
# of unsupported tests 80
=== gfortran Summary ===
# of expected passes 96671
# of expected failures 158
# of unsupported tests 298
/sw/src/fink.build/gcc5-5.1.1-1/darwin_objdir/gcc/testsuite/gfortran/../../gfortran
version 5.1.1 20150707 (GCC)
=== obj-c++ tests ===
Running target unix/-m32
FAIL: obj-c++.dg/cxx-ivars-3.mm -fnext-runtime execution test
FAIL: obj-c++.dg/gnu-api-2-objc.mm -fnext-runtime execution test
=== obj-c++ Summary for unix/-m32 ===
# of expected passes 3163
# of unexpected failures 2
# of expected failures 2
# of unsupported tests 68
Running target unix/-m64
FAIL: obj-c++.dg/gnu-api-2-objc.mm -fnext-runtime execution test
FAIL: obj-c++.dg/try-catch-2.mm -fnext-runtime execution test
FAIL: obj-c++.dg/try-catch-9.mm -fnext-runtime execution test
=== obj-c++ Summary for unix/-m64 ===
# of expected passes 3103
# of unexpected failures 3
# of expected failures 19
# of unsupported tests 74
=== obj-c++ Summary ===
# of expected passes 6266
# of unexpected failures 5
# of expected failures 21
# of unsupported tests 142
/sw/src/fink.build/gcc5-5.1.1-1/darwin_objdir/gcc/testsuite/obj-c++/../../xg++
version 5.1.1 20150707 (GCC)
=== objc tests ===
Running target unix/-m32
FAIL: objc.dg/call-super-2.m -fnext-runtime (test for warnings, line 74)
FAIL: objc.dg/call-super-2.m -fnext-runtime (test for warnings, line 104)
FAIL: objc.dg/gnu-api-2-objc.m -fnext-runtime execution test
FAIL: objc.dg/ivar-scope-4.m -fnext-runtime execution test
=== objc Summary for unix/-m32 ===
# of expected passes 6140
# of unexpected failures 4
# of expected failures 6
# of unsupported tests 85
Running target unix/-m64
FAIL: objc.dg/call-super-2.m -fnext-runtime (test for warnings, line 74)
FAIL: objc.dg/call-super-2.m -fnext-runtime (test for warnings, line 104)
FAIL: objc.dg/exceptions-2.m -fnext-runtime execution test
FAIL: objc.dg/gnu-api-2-objc.m -fnext-runtime execution test
=== objc Summary for unix/-m64 ===
# of expected passes 5984
# of unexpected failures 4
# of expected failures 6
# of unsupported tests 91
=== objc Summary ===
# of expected passes 12124
# of unexpected failures 8
# of expected failures 12
# of unsupported tests 176
/sw/src/fink.build/gcc5-5.1.1-1/darwin_objdir/gcc/xgcc version 5.1.1
20150707 (GCC)
=== boehm-gc tests ===
Running target unix/-m32
=== boehm-gc Summary for unix/-m32 ===
# of expected passes 12
# of unsupported tests 1
Running target unix/-m64
=== boehm-gc Summary for unix/-m64 ===
# of expected passes 12
# of unsupported tests 1
=== boehm-gc Summary ===
# of expected passes 24
# of unsupported tests 2
=== libatomic tests ===
Running target unix/-m32
=== libatomic Summary for unix/-m32 ===
# of expected passes 44
# of unsupported tests 5
Running target unix/-m64
=== libatomic Summary for unix/-m64 ===
# of expected passes 54
=== libatomic Summary ===
# of expected passes 98
# of unsupported tests 5
=== libffi tests ===
Running target unix/-m32
=== libffi Summary for unix/-m32 ===
# of expected passes 1914
# of unsupported tests 30
Running target unix/-m64
=== libffi Summary for unix/-m64 ===
# of expected passes 1914
# of unsupported tests 30
=== libffi Summary ===
# of expected passes 3828
# of unsupported tests 60
=== libgomp tests ===
Running target unix/-m32
FAIL: libgomp.c++/pr66702-1.C (test for excess errors)
UNRESOLVED: libgomp.c++/pr66702-1.C compilation failed to produce executable
FAIL: libgomp.c++/pr66702-2.C (test for excess errors)
UNRESOLVED: libgomp.c++/pr66702-2.C compilation failed to produce executable
FAIL: libgomp.oacc-c/../libgomp.oacc-c-c++-common/acc_on_device-1.c
-DACC_DEVICE_TYPE_host_nonshm=1 -DACC_MEM_SHARED=0 execution test
FAIL: libgomp.oacc-c/../libgomp.oacc-c-c++-common/if-1.c
-DACC_DEVICE_TYPE_host_nonshm=1 -DACC_MEM_SHARED=0 execution test
FAIL: libgomp.oacc-c++/../libgomp.oacc-c-c++-common/acc_on_device-1.c
-DACC_DEVICE_TYPE_host_nonshm=1 -DACC_MEM_SHARED=0 execution test
FAIL: libgomp.oacc-c++/../libgomp.oacc-c-c++-common/if-1.c
-DACC_DEVICE_TYPE_host_nonshm=1 -DACC_MEM_SHARED=0 execution test
FAIL: libgomp.oacc-fortran/acc_on_device-1-1.f90
-DACC_DEVICE_TYPE_host_nonshm=1 -DACC_MEM_SHARED=0 -O execution test
FAIL: libgomp.oacc-fortran/acc_on_device-1-2.f
-DACC_DEVICE_TYPE_host_nonshm=1 -DACC_MEM_SHARED=0 -O execution test
FAIL: libgomp.oacc-fortran/acc_on_device-1-3.f
-DACC_DEVICE_TYPE_host_nonshm=1 -DACC_MEM_SHARED=0 -O execution test
=== libgomp Summary for unix/-m32 ===
# of expected passes 5808
# of unexpected failures 9
# of unresolved testcases 2
# of unsupported tests 282
Running target unix/-m64
FAIL: libgomp.c++/pr66702-1.C (test for excess errors)
UNRESOLVED: libgomp.c++/pr66702-1.C compilation failed to produce executable
FAIL: libgomp.c++/pr66702-2.C (test for excess errors)
UNRESOLVED: libgomp.c++/pr66702-2.C compilation failed to produce executable
FAIL: libgomp.oacc-c/../libgomp.oacc-c-c++-common/acc_on_device-1.c
-DACC_DEVICE_TYPE_host_nonshm=1 -DACC_MEM_SHARED=0 execution test
FAIL: libgomp.oacc-c/../libgomp.oacc-c-c++-common/if-1.c
-DACC_DEVICE_TYPE_host_nonshm=1 -DACC_MEM_SHARED=0 execution test
FAIL: libgomp.oacc-c++/../libgomp.oacc-c-c++-common/acc_on_device-1.c
-DACC_DEVICE_TYPE_host_nonshm=1 -DACC_MEM_SHARED=0 execution test
FAIL: libgomp.oacc-c++/../libgomp.oacc-c-c++-common/if-1.c
-DACC_DEVICE_TYPE_host_nonshm=1 -DACC_MEM_SHARED=0 execution test
FAIL: libgomp.oacc-fortran/acc_on_device-1-1.f90
-DACC_DEVICE_TYPE_host_nonshm=1 -DACC_MEM_SHARED=0 -O execution test
FAIL: libgomp.oacc-fortran/acc_on_device-1-2.f
-DACC_DEVICE_TYPE_host_nonshm=1 -DACC_MEM_SHARED=0 -O execution test
FAIL: libgomp.oacc-fortran/acc_on_device-1-3.f
-DACC_DEVICE_TYPE_host_nonshm=1 -DACC_MEM_SHARED=0 -O execution test
=== libgomp Summary for unix/-m64 ===
# of expected passes 5808
# of unexpected failures 9
# of unresolved testcases 2
# of unsupported tests 282
=== libgomp Summary ===
# of expected passes 11616
# of unexpected failures 18
# of unresolved testcases 4
# of unsupported tests 564
=== libitm tests ===
Running target unix/-m32
=== libitm Summary for unix/-m32 ===
# of expected passes 26
# of expected failures 3
# of unsupported tests 1
Running target unix/-m64
=== libitm Summary for unix/-m64 ===
# of expected passes 26
# of expected failures 3
# of unsupported tests 1
=== libitm Summary ===
# of expected passes 52
# of expected failures 6
# of unsupported tests 2
=== libjava tests ===
Running target unix/-m32
FAIL: PR16923.c compilation
=== libjava Summary for unix/-m32 ===
# of expected passes 2580
# of unexpected failures 1
# of expected failures 4
Running target unix/-m64
FAIL: Throw_2 execution - source compiled test
FAIL: Throw_2 -findirect-dispatch execution - source compiled test
FAIL: Throw_2 -O3 execution - source compiled test
FAIL: Throw_2 -O3 -findirect-dispatch execution - source compiled test
=== libjava Summary for unix/-m64 ===
# of expected passes 2574
# of unexpected failures 4
# of expected failures 4
# of untested testcases 4
=== libjava Summary ===
# of expected passes 5154
# of unexpected failures 5
# of expected failures 8
# of untested testcases 4
=== libstdc++ tests ===
Running target unix/-m32
=== libstdc++ Summary for unix/-m32 ===
# of expected passes 9254
# of expected failures 65
# of unsupported tests 683
Running target unix/-m64
=== libstdc++ Summary for unix/-m64 ===
# of expected passes 9252
# of expected failures 65
# of unsupported tests 684
=== libstdc++ Summary ===
# of expected passes 18506
# of expected failures 130
# of unsupported tests 1367
Compiler version: 5.1.1 20150707 (GCC)
Platform: x86_64-apple-darwin13.4.0
configure flags: --prefix=/sw --prefix=/sw/lib/gcc5
--mandir=/sw/share/man --infodir=/sw/lib/gcc5/info
--enable-languages=c,c++,fortran,lto,objc,obj-c++,java --with-gmp=/sw
--with-libiconv-prefix=/sw --with-isl=/sw --with-mpc=/sw
--with-system-zlib --x-includes=/opt/X11/include
--x-libraries=/opt/X11/lib --program-suffix=-fsf-5