This is the mail archive of the
gcc-testresults@gcc.gnu.org
mailing list for the GCC project.
Results for 6.0.0 20150621 (experimental) [trunk revision 224712] (GCC) testsuite on x86_64-unknown-linux-gnu
- From: Sebastian Baginski <sebastian dot baginski at mcsinnovation dot com>
- To: gcc-testresults at gcc dot gnu dot org
- Date: Tue, 23 Jun 2015 13:45:48 +0200
- Subject: Results for 6.0.0 20150621 (experimental) [trunk revision 224712] (GCC) testsuite on x86_64-unknown-linux-gnu
- Authentication-results: sourceware.org; auth=none
Linux 3.13.0-55-generic x86_64 x86_64
ldd (Ubuntu EGLIBC 2.19-0ubuntu6.6) 2.19
GNU ld (GNU Binutils for Ubuntu) 2.24
GNU Make 3.81
DejaGnu:
Expect version is 5.45
Tcl version is 8.6
Framework version is 1.5
Native configuration is x86_64-unknown-linux-gnu
=== gcc tests ===
Running target unix
FAIL: gcc.dg/cpp/_Pragma3.c (test for excess errors)
FAIL: gcc.dg/debug/dwarf2/stacked-qualified-types-3.c
scan-assembler-times DIE \\\\([^\\n]*\\\\)
DW_TAG_(?:const|volatile|atomic|restrict)_type 8
FAIL: gcc.target/i386/pr49781-1.c scan-assembler-not lea[lq]?[
\\t]\\\\((%|)r[a-z0-9]*
FAIL: gcc.target/i386/pr61403.c scan-assembler blend
=== gcc Summary ===
# of expected passes 114041
# of unexpected failures 4
# of expected failures 258
# of unsupported tests 2329
/home/seb/tests/gcc5/host-x86_64-unknown-linux-gnu/gcc/xgcc version
6.0.0 20150621 (experimental) (GCC)
=== g++ tests ===
Running target unix
FAIL: g++.dg/ipa/ipa-icf-4.C -std=gnu++11 scan-ipa-dump icf "Equal
symbols: [67]"
FAIL: g++.dg/ipa/ipa-icf-4.C -std=gnu++14 scan-ipa-dump icf "Equal
symbols: [67]"
FAIL: g++.dg/ipa/ipa-icf-4.C -std=gnu++98 scan-ipa-dump icf "Equal
symbols: [67]"
XPASS: g++.dg/tls/thread_local-order2.C -std=c++11 execution test
XPASS: g++.dg/tls/thread_local-order2.C -std=c++14 execution test
=== g++ Summary ===
# of expected passes 94314
# of unexpected failures 3
# of unexpected successes 2
# of expected failures 339
# of unsupported tests 3727
/home/seb/tests/gcc5/host-x86_64-unknown-linux-gnu/gcc/testsuite/g++/../../xg++
version 6.0.0 20150621 (experimental) (GCC)
=== objc tests ===
Running target unix
=== objc Summary ===
# of expected passes 3010
# of expected failures 6
# of unsupported tests 74
/home/seb/tests/gcc5/host-x86_64-unknown-linux-gnu/gcc/xgcc version
6.0.0 20150621 (experimental) (GCC)
=== tests ===
Running target unix
=== Summary ===
=== libatomic tests ===
Running target unix
=== libatomic Summary ===
# of expected passes 54
=== libitm tests ===
Running target unix
=== libitm Summary ===
# of expected passes 26
# of expected failures 3
# of unsupported tests 1
=== libstdc++ tests ===
Running target unix
=== libstdc++ Summary ===
# of expected passes 10053
# of expected failures 65
# of unsupported tests 545
Compiler version: 6.0.0 20150621 (experimental) (GCC)
Platform: x86_64-unknown-linux-gnu
configure flags: --prefix=/home/seb/install/gcc6/
--enable-languages=c,c++,objc --disable-multilib --enable-shared
--enable-lto --enable-vtable-verify