This is the mail archive of the gcc-testresults@gcc.gnu.org mailing list for the GCC project.


Index Nav: [Date Index] [Subject Index] [Author Index] [Thread Index]
Message Nav: [Date Prev] [Date Next] [Thread Prev] [Thread Next]
Other format: [Raw text]

Results for 5.1.0 (GCC) testsuite on hppa64-hp-hpux11.00


Native configuration is hppa64-hp-hpux11.00

		=== g++ tests ===


Running target unix
FAIL: g++.dg/cpp0x/udlit-string-literal.C  -std=c++11 (test for excess errors)
FAIL: g++.dg/cpp0x/udlit-string-literal.C  -std=c++14 (test for excess errors)
WARNING: program timed out.
WARNING: program timed out.
FAIL: g++.dg/torture/pr65655.C   -O0  (test for excess errors)
WARNING: program timed out.
FAIL: g++.dg/torture/pr65655.C   -O1  (test for excess errors)
WARNING: program timed out.
FAIL: g++.dg/torture/pr65655.C   -O2  (test for excess errors)
WARNING: program timed out.
FAIL: g++.dg/torture/pr65655.C   -O3 -fomit-frame-pointer  (test for excess errors)
WARNING: program timed out.
FAIL: g++.dg/torture/pr65655.C   -O3 -g  (test for excess errors)
WARNING: program timed out.
FAIL: g++.dg/torture/pr65655.C   -Os  (test for excess errors)
WARNING: program timed out.
FAIL: g++.dg/torture/pr65655.C   -O2 -flto -flto-partition=none  (test for excess errors)
WARNING: program timed out.
FAIL: g++.dg/torture/pr65655.C   -O2 -flto  (test for excess errors)

		=== g++ Summary ===

# of expected passes		79414
# of unexpected failures	10
# of expected failures		282
# of unsupported tests		3969
/home/gnu/gcc/objdir/gcc/testsuite/g++/../../xg++  version 5.1.0 (GCC) 

		=== gcc tests ===


Running target unix
WARNING: program timed out.
FAIL: gcc.c-torture/compile/limits-externdecl.c   -O0  (test for excess errors)
WARNING: program timed out.
FAIL: gcc.c-torture/compile/limits-externdecl.c   -O1  (test for excess errors)
WARNING: program timed out.
FAIL: gcc.c-torture/compile/limits-externdecl.c   -O2  (test for excess errors)
WARNING: program timed out.
FAIL: gcc.c-torture/compile/limits-externdecl.c   -O3 -fomit-frame-pointer  (test for excess errors)
WARNING: program timed out.
FAIL: gcc.c-torture/compile/limits-externdecl.c   -O3 -g  (test for excess errors)
WARNING: program timed out.
FAIL: gcc.c-torture/compile/limits-externdecl.c   -Os  (test for excess errors)
WARNING: program timed out.
FAIL: gcc.c-torture/compile/limits-externdecl.c   -O2 -flto -flto-partition=none  (test for excess errors)
WARNING: program timed out.
FAIL: gcc.c-torture/compile/limits-externdecl.c   -O2 -flto  (test for excess errors)
WARNING: program timed out.
FAIL: gcc.c-torture/compile/limits-fndefn.c   -O2  (test for excess errors)
WARNING: program timed out.
FAIL: gcc.c-torture/compile/limits-fndefn.c   -O3 -fomit-frame-pointer  (test for excess errors)
WARNING: program timed out.
FAIL: gcc.c-torture/compile/limits-fndefn.c   -O3 -g  (test for excess errors)
WARNING: program timed out.
FAIL: gcc.c-torture/compile/limits-fndefn.c   -O2 -flto -flto-partition=none  (test for excess errors)
WARNING: program timed out.
FAIL: gcc.c-torture/compile/limits-fndefn.c   -O2 -flto  (test for excess errors)
WARNING: program timed out.
FAIL: gcc.c-torture/compile/limits-structnest.c   -O2  (test for excess errors)
WARNING: program timed out.
FAIL: gcc.c-torture/compile/limits-structnest.c   -O3 -fomit-frame-pointer  (test for excess errors)
WARNING: program timed out.
FAIL: gcc.c-torture/compile/limits-structnest.c   -O3 -g  (test for excess errors)
WARNING: program timed out.
FAIL: gcc.c-torture/compile/limits-structnest.c   -Os  (test for excess errors)
WARNING: program timed out.
FAIL: gcc.c-torture/compile/limits-structnest.c   -O2 -flto -flto-partition=none  (test for excess errors)
WARNING: program timed out.
FAIL: gcc.c-torture/compile/limits-structnest.c   -O2 -flto  (test for excess errors)
FAIL: gcc.dg/atomic/c11-atomic-exec-5.c   -O0  execution test
FAIL: gcc.dg/atomic/c11-atomic-exec-5.c   -O1  execution test
FAIL: gcc.dg/atomic/c11-atomic-exec-5.c   -O2  execution test
FAIL: gcc.dg/atomic/c11-atomic-exec-5.c   -O3 -fomit-frame-pointer  execution test
FAIL: gcc.dg/atomic/c11-atomic-exec-5.c   -O3 -fomit-frame-pointer -funroll-loops  execution test
FAIL: gcc.dg/atomic/c11-atomic-exec-5.c   -O3 -fomit-frame-pointer -funroll-all-loops -finline-functions  execution test
FAIL: gcc.dg/atomic/c11-atomic-exec-5.c   -O3 -g  execution test
FAIL: gcc.dg/atomic/c11-atomic-exec-5.c   -Os  execution test
FAIL: gcc.dg/atomic/c11-atomic-exec-5.c   -O2 -flto -flto-partition=none  execution test
FAIL: gcc.dg/atomic/c11-atomic-exec-5.c   -O2 -flto  execution test
FAIL: gcc.dg/20030711-1.c execution test
WARNING: program timed out.
FAIL: gcc.dg/c11-atomic-2.c (test for excess errors)
WARNING: program timed out.
FAIL: gcc.dg/c99-intconst-1.c (test for excess errors)
FAIL: gcc.dg/pr64434.c scan-rtl-dump-times expand "Swap operands" 1
XPASS: gcc.dg/sibcall-3.c execution test
XPASS: gcc.dg/sibcall-4.c execution test
FAIL: gcc.dg/uninit-19.c  (test for warnings, line 22)
FAIL: gcc.dg/uninit-19.c (test for excess errors)
WARNING: program timed out.

		=== gcc Summary ===

# of expected passes		83858
# of unexpected failures	35
# of unexpected successes	2
# of expected failures		131
# of unsupported tests		1906
/home/gnu/gcc/objdir/gcc/xgcc  version 5.1.0 (GCC) 

		=== gfortran tests ===


Running target unix
WARNING: program timed out.
FAIL: gfortran.dg/minlocval_3.f90   -O3 -fomit-frame-pointer  (test for excess errors)
UNRESOLVED: gfortran.dg/minlocval_3.f90   -O3 -fomit-frame-pointer  compilation failed to produce executable
WARNING: program timed out.
FAIL: gfortran.dg/minlocval_3.f90   -O3 -fomit-frame-pointer -funroll-loops  (test for excess errors)
UNRESOLVED: gfortran.dg/minlocval_3.f90   -O3 -fomit-frame-pointer -funroll-loops  compilation failed to produce executable
WARNING: program timed out.
FAIL: gfortran.dg/minlocval_3.f90   -O3 -fomit-frame-pointer -funroll-all-loops -finline-functions  (test for excess errors)
UNRESOLVED: gfortran.dg/minlocval_3.f90   -O3 -fomit-frame-pointer -funroll-all-loops -finline-functions  compilation failed to produce executable
WARNING: program timed out.
FAIL: gfortran.dg/minlocval_3.f90   -O3 -g  (test for excess errors)
UNRESOLVED: gfortran.dg/minlocval_3.f90   -O3 -g  compilation failed to produce executable

		=== gfortran Summary ===

# of expected passes		46721
# of unexpected failures	4
# of expected failures		80
# of unresolved testcases	4
# of unsupported tests		416
/home/gnu/gcc/objdir/gcc/testsuite/gfortran/../../gfortran  version 5.1.0 (GCC) 

		=== obj-c++ tests ===


Running target unix

		=== obj-c++ Summary ===

# of expected passes		1445
# of expected failures		10
# of unsupported tests		86
/home/gnu/gcc/objdir/gcc/testsuite/obj-c++/../../xg++  version 5.1.0 (GCC) 

		=== objc tests ===


Running target unix

		=== objc Summary ===

# of expected passes		3014
# of unsupported tests		75
/home/gnu/gcc/objdir/gcc/xgcc  version 5.1.0 (GCC) 

		=== libatomic tests ===


Running target unix

		=== libatomic Summary ===

# of expected passes		44
# of unsupported tests		5
		=== libgomp tests ===


Running target unix
FAIL: libgomp.oacc-c/../libgomp.oacc-c-c++-common/acc_on_device-1.c -DACC_DEVICE_TYPE_host_nonshm=1 -DACC_MEM_SHARED=0 execution test
FAIL: libgomp.oacc-c/../libgomp.oacc-c-c++-common/if-1.c -DACC_DEVICE_TYPE_host_nonshm=1 -DACC_MEM_SHARED=0 execution test
FAIL: libgomp.oacc-c++/../libgomp.oacc-c-c++-common/acc_on_device-1.c -DACC_DEVICE_TYPE_host_nonshm=1 -DACC_MEM_SHARED=0 execution test
FAIL: libgomp.oacc-c++/../libgomp.oacc-c-c++-common/if-1.c -DACC_DEVICE_TYPE_host_nonshm=1 -DACC_MEM_SHARED=0 execution test
FAIL: libgomp.oacc-fortran/acc_on_device-1-1.f90 -DACC_DEVICE_TYPE_host_nonshm=1 -DACC_MEM_SHARED=0  -O  execution test
FAIL: libgomp.oacc-fortran/acc_on_device-1-2.f -DACC_DEVICE_TYPE_host_nonshm=1 -DACC_MEM_SHARED=0  -O  execution test
FAIL: libgomp.oacc-fortran/acc_on_device-1-3.f -DACC_DEVICE_TYPE_host_nonshm=1 -DACC_MEM_SHARED=0  -O  execution test

		=== libgomp Summary ===

# of expected passes		5695
# of unexpected failures	7
# of unsupported tests		293
		=== libstdc++ tests ===


Running target unix
WARNING: program timed out.
FAIL: 20_util/scoped_allocator/2.cc (test for excess errors)
UNRESOLVED: 20_util/scoped_allocator/2.cc compilation failed to produce executable
FAIL: 21_strings/basic_string/literals/types.cc (test for excess errors)
FAIL: 21_strings/basic_string/literals/values.cc (test for excess errors)
UNRESOLVED: 21_strings/basic_string/literals/values.cc compilation failed to produce executable
FAIL: 22_locale/conversions/buffer/1.cc (test for excess errors)
UNRESOLVED: 22_locale/conversions/buffer/1.cc compilation failed to produce executable
FAIL: 22_locale/conversions/buffer/requirements/typedefs.cc (test for excess errors)
FAIL: 22_locale/conversions/string/1.cc (test for excess errors)
FAIL: 22_locale/conversions/string/2.cc (test for excess errors)
UNRESOLVED: 22_locale/conversions/string/2.cc compilation failed to produce executable
FAIL: 22_locale/conversions/string/3.cc (test for excess errors)
UNRESOLVED: 22_locale/conversions/string/3.cc compilation failed to produce executable
FAIL: 22_locale/conversions/string/requirements/typedefs-2.cc (test for excess errors)
FAIL: 22_locale/conversions/string/requirements/typedefs.cc (test for excess errors)
WARNING: program timed out.
FAIL: 28_regex/algorithms/regex_search/ecma/assertion.cc (test for excess errors)
UNRESOLVED: 28_regex/algorithms/regex_search/ecma/assertion.cc compilation failed to produce executable
FAIL: experimental/string_view/literals/types.cc (test for excess errors)
FAIL: experimental/string_view/literals/values.cc (test for excess errors)
UNRESOLVED: experimental/string_view/literals/values.cc compilation failed to produce executable

		=== libstdc++ Summary ===

# of expected passes		7560
# of unexpected failures	13
# of expected failures		64
# of unresolved testcases	7
# of unsupported tests		799

Compiler version: 5.1.0 (GCC) 
Platform: hppa64-hp-hpux11.00
configure flags:Test Run By dave on Mon Jun  1 07:09:59 2015


Index Nav: [Date Index] [Subject Index] [Author Index] [Thread Index]
Message Nav: [Date Prev] [Date Next] [Thread Prev] [Thread Next]