This is the mail archive of the gcc-testresults@gcc.gnu.org mailing list for the GCC project.


Index Nav: [Date Index] [Subject Index] [Author Index] [Thread Index]
Message Nav: [Date Prev] [Date Next] [Thread Prev] [Thread Next]
Other format: [Raw text]

Results for 5.1.0 (GCC) testsuite on hppa1.1-hp-hpux10.20


Native configuration is hppa1.1-hp-hpux10.20

		=== g++ tests ===


Running target unix
WARNING: program timed out.
FAIL: tmpdir-g++.dg-struct-layout-1/t002 cp_compat_y_tst.o compile
FAIL: g++.dg/cpp0x/lambda/lambda-mangle.C  -std=gnu++11  scan-assembler weak[^\\n\\r]*_?_ZZ1giENKUlvE_clEv
FAIL: g++.dg/cpp0x/lambda/lambda-mangle.C  -std=gnu++11  scan-assembler weak[^\\n\\r]*_?_ZZN1S1fEiiEd0_NKUlvE_clEv
FAIL: g++.dg/cpp0x/lambda/lambda-mangle.C  -std=gnu++11  scan-assembler weak[^\\n\\r]*_?_ZNK1RIiE1xMUlvE_clEv
FAIL: g++.dg/cpp0x/lambda/lambda-mangle.C  -std=gnu++14  scan-assembler weak[^\\n\\r]*_?_ZZ1giENKUlvE_clEv
FAIL: g++.dg/cpp0x/lambda/lambda-mangle.C  -std=gnu++14  scan-assembler weak[^\\n\\r]*_?_ZZN1S1fEiiEd0_NKUlvE_clEv
FAIL: g++.dg/cpp0x/lambda/lambda-mangle.C  -std=gnu++14  scan-assembler weak[^\\n\\r]*_?_ZNK1RIiE1xMUlvE_clEv
FAIL: g++.dg/cpp0x/udlit-string-literal.C  -std=c++11 (test for excess errors)
FAIL: g++.dg/cpp0x/udlit-string-literal.C  -std=c++14 (test for excess errors)
WARNING: program timed out.
FAIL: g++.dg/eh/cleanup1.C  -std=c++98 (test for excess errors)
WARNING: program timed out.
FAIL: g++.dg/eh/cleanup1.C  -std=c++11 (test for excess errors)
WARNING: program timed out.
FAIL: g++.dg/eh/cleanup1.C  -std=c++14 (test for excess errors)
WARNING: program timed out.
WARNING: program timed out.
FAIL: g++.dg/template/linkage1.C  -std=c++98  scan-assembler (weak|glob)[^\\n]*_Z3fooIXadL_Z13external_funcvEEEvv
FAIL: g++.dg/template/linkage1.C  -std=c++11  scan-assembler (weak|glob)[^\\n]*_Z3fooIXadL_Z13external_funcvEEEvv
FAIL: g++.dg/template/linkage1.C  -std=c++14  scan-assembler (weak|glob)[^\\n]*_Z3fooIXadL_Z13external_funcvEEEvv
FAIL: c-c++-common/pr36282-3.c  -std=c++98 (test for excess errors)
FAIL: c-c++-common/pr36282-3.c  -std=c++11 (test for excess errors)
FAIL: c-c++-common/pr36282-3.c  -std=c++14 (test for excess errors)
FAIL: c-c++-common/simulate-thread/bitfields-2.c   -O2 -g -std=c++98  thread simulation test
FAIL: c-c++-common/simulate-thread/bitfields-2.c   -O3 -g -std=c++11  thread simulation test
FAIL: c-c++-common/simulate-thread/bitfields-2.c   -Os -g  thread simulation test
WARNING: program timed out.
FAIL: g++.dg/torture/pr65655.C   -O0  (test for excess errors)
WARNING: program timed out.
FAIL: g++.dg/torture/pr65655.C   -O1  (test for excess errors)
WARNING: program timed out.
FAIL: g++.dg/torture/pr65655.C   -O2  (test for excess errors)
WARNING: program timed out.
FAIL: g++.dg/torture/pr65655.C   -O3 -fomit-frame-pointer  (test for excess errors)
WARNING: program timed out.
FAIL: g++.dg/torture/pr65655.C   -O3 -g  (test for excess errors)
WARNING: program timed out.
FAIL: g++.dg/torture/pr65655.C   -Os  (test for excess errors)

		=== g++ Summary ===

# of expected passes		70535
# of unexpected failures	27
# of expected failures		244
# of unsupported tests		4123
/xxx/gnu/gcc/objdir/gcc/testsuite/g++/../../xg++  version 5.1.0 (GCC) 

		=== gcc tests ===


Running target unix
WARNING: program timed out.
FAIL: gcc.c-torture/compile/20001226-1.c   -O2  (test for excess errors)
WARNING: program timed out.
FAIL: gcc.c-torture/compile/20001226-1.c   -O3 -fomit-frame-pointer  (test for excess errors)
WARNING: program timed out.
FAIL: gcc.c-torture/compile/20001226-1.c   -O3 -g  (test for excess errors)
WARNING: program timed out.
FAIL: gcc.c-torture/compile/20001226-1.c   -Os  (test for excess errors)
WARNING: program timed out.
FAIL: gcc.c-torture/compile/limits-blockid.c   -O1  (test for excess errors)
WARNING: program timed out.
FAIL: gcc.c-torture/compile/limits-blockid.c   -O3 -fomit-frame-pointer  (test for excess errors)
WARNING: program timed out.
FAIL: gcc.c-torture/compile/limits-blockid.c   -O3 -g  (test for excess errors)
WARNING: program timed out.
FAIL: gcc.c-torture/compile/limits-declparen.c   -O0  (test for excess errors)
WARNING: program timed out.
FAIL: gcc.c-torture/compile/limits-externalid.c   -O2  (test for excess errors)
WARNING: program timed out.
FAIL: gcc.c-torture/compile/limits-externalid.c   -O3 -fomit-frame-pointer  (test for excess errors)
WARNING: program timed out.
FAIL: gcc.c-torture/compile/limits-externalid.c   -O3 -g  (test for excess errors)
WARNING: program timed out.
FAIL: gcc.c-torture/compile/limits-externalid.c   -Os  (test for excess errors)
WARNING: program timed out.
FAIL: gcc.c-torture/compile/limits-externdecl.c   -O0  (test for excess errors)
WARNING: program timed out.
FAIL: gcc.c-torture/compile/limits-externdecl.c   -O1  (test for excess errors)
WARNING: program timed out.
FAIL: gcc.c-torture/compile/limits-externdecl.c   -O2  (test for excess errors)
WARNING: program timed out.
FAIL: gcc.c-torture/compile/limits-externdecl.c   -O3 -fomit-frame-pointer  (test for excess errors)
WARNING: program timed out.
FAIL: gcc.c-torture/compile/limits-externdecl.c   -O3 -g  (test for excess errors)
WARNING: program timed out.
FAIL: gcc.c-torture/compile/limits-externdecl.c   -Os  (test for excess errors)
WARNING: program timed out.
FAIL: gcc.c-torture/compile/limits-fndefn.c   -O1  (test for excess errors)
WARNING: program timed out.
FAIL: gcc.c-torture/compile/limits-fndefn.c   -O2  (test for excess errors)
WARNING: program timed out.
FAIL: gcc.c-torture/compile/limits-fndefn.c   -O3 -fomit-frame-pointer  (test for excess errors)
WARNING: program timed out.
FAIL: gcc.c-torture/compile/limits-fndefn.c   -O3 -g  (test for excess errors)
WARNING: program timed out.
FAIL: gcc.c-torture/compile/limits-fndefn.c   -Os  (test for excess errors)
FAIL: gcc.c-torture/compile/limits-structnest.c   -O2  (test for excess errors)
FAIL: gcc.c-torture/compile/limits-structnest.c   -O3 -fomit-frame-pointer  (test for excess errors)
FAIL: gcc.c-torture/compile/limits-structnest.c   -O3 -g  (test for excess errors)
FAIL: gcc.c-torture/compile/limits-structnest.c   -Os  (test for excess errors)
WARNING: program timed out.
FAIL: gcc.c-torture/compile/pr46534.c   -O0  (test for excess errors)
WARNING: program timed out.
FAIL: gcc.c-torture/compile/pr46534.c   -O1  (test for excess errors)
WARNING: program timed out.
FAIL: gcc.c-torture/compile/pr46534.c   -O2  (test for excess errors)
WARNING: program timed out.
FAIL: gcc.c-torture/compile/pr46534.c   -O3 -fomit-frame-pointer  (test for excess errors)
WARNING: program timed out.
FAIL: gcc.c-torture/compile/pr46534.c   -O3 -g  (test for excess errors)
WARNING: program timed out.
FAIL: gcc.c-torture/compile/pr46534.c   -Os  (test for excess errors)
WARNING: program timed out.
FAIL: tmpdir-gcc.dg-struct-layout-1/t025 c_compat_y_tst.o compile
UNRESOLVED: tmpdir-gcc.dg-struct-layout-1/t025 c_compat_x_tst.o-c_compat_y_tst.o link 
UNRESOLVED: tmpdir-gcc.dg-struct-layout-1/t025 c_compat_x_tst.o-c_compat_y_tst.o execute 
WARNING: program timed out.
FAIL: gcc.dg/20020425-1.c (test for excess errors)
WARNING: program timed out.
FAIL: gcc.dg/binary-constants-1.c (test for excess errors)
FAIL: gcc.dg/binop-xor1.c scan-tree-dump-times optimized "\\\\^" 1
WARNING: program timed out.
FAIL: gcc.dg/c11-atomic-2.c (test for excess errors)
FAIL: gcc.dg/c11-complex-1.c execution test
WARNING: program timed out.
FAIL: gcc.dg/c99-intconst-1.c (test for excess errors)
FAIL: gcc.dg/pr43419.c (test for excess errors)
WARNING: program timed out.
FAIL: gcc.dg/pr48141.c (test for excess errors)
WARNING: program timed out.
FAIL: gcc.dg/pr59920-3.c (test for excess errors)
FAIL: gcc.dg/pr64434.c scan-rtl-dump-times expand "Swap operands" 1
FAIL: c-c++-common/pr36282-3.c  -Wc++-compat  (test for excess errors)
FAIL: c-c++-common/pr36282-4.c  -Wc++-compat  (test for excess errors)
FAIL: c-c++-common/simulate-thread/bitfields-2.c   -O2 -g  thread simulation test
FAIL: c-c++-common/simulate-thread/bitfields-2.c   -O3 -g  thread simulation test
FAIL: gcc.dg/torture/builtin-complex-1.c   -O0  execution test
FAIL: gcc.dg/torture/builtin-complex-1.c   -O1  execution test
FAIL: gcc.dg/torture/builtin-complex-1.c   -O2  execution test
FAIL: gcc.dg/torture/builtin-complex-1.c   -Os  execution test
FAIL: gcc.dg/torture/pr41094.c   -O0  execution test
FAIL: gcc.dg/tree-ssa/nonzero-1.c (test for excess errors)
FAIL: gcc.dg/tree-ssa/ssa-dom-thread-4.c scan-tree-dump-times dom1 "Threaded" 3
FAIL: gcc.dg/tree-ssa/ssa-ifcombine-ccmp-1.c scan-tree-dump optimized "&"
FAIL: gcc.dg/tree-ssa/ssa-ifcombine-ccmp-4.c scan-tree-dump optimized "&"
FAIL: gcc.dg/tree-ssa/ssa-ifcombine-ccmp-5.c scan-tree-dump-times optimized "&" 2
FAIL: gcc.dg/tree-ssa/ssa-ifcombine-ccmp-6.c scan-tree-dump-times optimized "\\\\|" 2

		=== gcc Summary ===

# of expected passes		67655
# of unexpected failures	59
# of expected failures		112
# of unresolved testcases	2
# of unsupported tests		1949
/xxx/gnu/gcc/objdir/gcc/xgcc  version 5.1.0 (GCC) 

		=== gfortran tests ===


Running target unix
FAIL: gfortran.dg/coarray/alloc_comp_1.f90 -fcoarray=lib  -O2  -lcaf_single  (test for excess errors)
FAIL: gfortran.dg/coarray/alloc_comp_1.f90 -fcoarray=lib  -O2  -lcaf_single  execution test
FAIL: gfortran.dg/coarray/allocate_errgmsg.f90 -fcoarray=lib  -O2  -lcaf_single  (test for excess errors)
FAIL: gfortran.dg/coarray/allocate_errgmsg.f90 -fcoarray=lib  -O2  -lcaf_single  execution test
FAIL: gfortran.dg/coarray/atomic_1.f90 -fcoarray=lib  -O2  -lcaf_single  (test for excess errors)
FAIL: gfortran.dg/coarray/atomic_1.f90 -fcoarray=lib  -O2  -lcaf_single  execution test
FAIL: gfortran.dg/coarray/atomic_2.f90 -fcoarray=single  -O2   (test for excess errors)
FAIL: gfortran.dg/coarray/atomic_2.f90 -fcoarray=single  -O2   execution test
FAIL: gfortran.dg/coarray/atomic_2.f90 -fcoarray=lib  -O2  -lcaf_single  (test for excess errors)
FAIL: gfortran.dg/coarray/atomic_2.f90 -fcoarray=lib  -O2  -lcaf_single  execution test
FAIL: gfortran.dg/coarray/codimension.f90 -fcoarray=lib  -O2  -lcaf_single  (test for excess errors)
FAIL: gfortran.dg/coarray/codimension.f90 -fcoarray=lib  -O2  -lcaf_single  execution test
FAIL: gfortran.dg/coarray/codimension_2.f90 -fcoarray=lib  -O2  -lcaf_single  (test for excess errors)
FAIL: gfortran.dg/coarray/coindexed_1.f90 -fcoarray=lib  -O2  -lcaf_single  (test for excess errors)
FAIL: gfortran.dg/coarray/coindexed_1.f90 -fcoarray=lib  -O2  -lcaf_single  execution test
FAIL: gfortran.dg/coarray/collectives_1.f90 -fcoarray=lib  -O2  -lcaf_single  (test for excess errors)
FAIL: gfortran.dg/coarray/collectives_1.f90 -fcoarray=lib  -O2  -lcaf_single  execution test
FAIL: gfortran.dg/coarray/collectives_2.f90 -fcoarray=lib  -O2  -lcaf_single  (test for excess errors)
FAIL: gfortran.dg/coarray/collectives_2.f90 -fcoarray=lib  -O2  -lcaf_single  execution test
FAIL: gfortran.dg/coarray/collectives_3.f90 -fcoarray=lib  -O2  -lcaf_single  (test for excess errors)
FAIL: gfortran.dg/coarray/collectives_3.f90 -fcoarray=lib  -O2  -lcaf_single  execution test
FAIL: gfortran.dg/coarray/collectives_4.f90 -fcoarray=lib  -O2  -lcaf_single  (test for excess errors)
FAIL: gfortran.dg/coarray/collectives_4.f90 -fcoarray=lib  -O2  -lcaf_single  execution test
FAIL: gfortran.dg/coarray/cosubscript_1.f90 -fcoarray=lib  -O2  -lcaf_single  (test for excess errors)
FAIL: gfortran.dg/coarray/cosubscript_1.f90 -fcoarray=lib  -O2  -lcaf_single  execution test
FAIL: gfortran.dg/coarray/dummy_1.f90 -fcoarray=lib  -O2  -lcaf_single  (test for excess errors)
FAIL: gfortran.dg/coarray/dummy_1.f90 -fcoarray=lib  -O2  -lcaf_single  execution test
FAIL: gfortran.dg/coarray/get_array.f90 -fcoarray=lib  -O2  -lcaf_single  (test for excess errors)
FAIL: gfortran.dg/coarray/get_array.f90 -fcoarray=lib  -O2  -lcaf_single  execution test
FAIL: gfortran.dg/coarray/image_index_1.f90 -fcoarray=lib  -O2  -lcaf_single  (test for excess errors)
FAIL: gfortran.dg/coarray/image_index_1.f90 -fcoarray=lib  -O2  -lcaf_single  execution test
FAIL: gfortran.dg/coarray/image_index_2.f90 -fcoarray=lib  -O2  -lcaf_single  (test for excess errors)
FAIL: gfortran.dg/coarray/image_index_2.f90 -fcoarray=lib  -O2  -lcaf_single  execution test
FAIL: gfortran.dg/coarray/image_index_3.f90 -fcoarray=lib  -O2  -lcaf_single  (test for excess errors)
FAIL: gfortran.dg/coarray/image_index_3.f90 -fcoarray=lib  -O2  -lcaf_single  execution test
FAIL: gfortran.dg/coarray/lib_realloc_1.f90 -fcoarray=lib  -O2  -lcaf_single  (test for excess errors)
FAIL: gfortran.dg/coarray/lib_realloc_1.f90 -fcoarray=lib  -O2  -lcaf_single  execution test
FAIL: gfortran.dg/coarray/lock_1.f90 -fcoarray=lib  -O2  -lcaf_single  (test for excess errors)
FAIL: gfortran.dg/coarray/lock_1.f90 -fcoarray=lib  -O2  -lcaf_single  execution test
FAIL: gfortran.dg/coarray/lock_2.f90 -fcoarray=lib  -O2  -lcaf_single  (test for excess errors)
FAIL: gfortran.dg/coarray/lock_2.f90 -fcoarray=lib  -O2  -lcaf_single  execution test
FAIL: gfortran.dg/coarray/move_alloc_1.f90 -fcoarray=lib  -O2  -lcaf_single  (test for excess errors)
FAIL: gfortran.dg/coarray/move_alloc_1.f90 -fcoarray=lib  -O2  -lcaf_single  execution test
FAIL: gfortran.dg/coarray/poly_run_1.f90 -fcoarray=lib  -O2  -lcaf_single  (test for excess errors)
FAIL: gfortran.dg/coarray/poly_run_1.f90 -fcoarray=lib  -O2  -lcaf_single  execution test
FAIL: gfortran.dg/coarray/poly_run_2.f90 -fcoarray=lib  -O2  -lcaf_single  (test for excess errors)
FAIL: gfortran.dg/coarray/poly_run_2.f90 -fcoarray=lib  -O2  -lcaf_single  execution test
FAIL: gfortran.dg/coarray/poly_run_3.f90 -fcoarray=lib  -O2  -lcaf_single  (test for excess errors)
FAIL: gfortran.dg/coarray/poly_run_3.f90 -fcoarray=lib  -O2  -lcaf_single  execution test
FAIL: gfortran.dg/coarray/registering_1.f90 -fcoarray=lib  -O2  -lcaf_single  (test for excess errors)
FAIL: gfortran.dg/coarray/registering_1.f90 -fcoarray=lib  -O2  -lcaf_single  execution test
FAIL: gfortran.dg/coarray/scalar_alloc_1.f90 -fcoarray=lib  -O2  -lcaf_single  (test for excess errors)
FAIL: gfortran.dg/coarray/scalar_alloc_1.f90 -fcoarray=lib  -O2  -lcaf_single  execution test
FAIL: gfortran.dg/coarray/scalar_alloc_2.f90 -fcoarray=lib  -O2  -lcaf_single  (test for excess errors)
FAIL: gfortran.dg/coarray/scalar_alloc_2.f90 -fcoarray=lib  -O2  -lcaf_single  execution test
FAIL: gfortran.dg/coarray/send_array.f90 -fcoarray=lib  -O2  -lcaf_single  (test for excess errors)
FAIL: gfortran.dg/coarray/send_array.f90 -fcoarray=lib  -O2  -lcaf_single  execution test
FAIL: gfortran.dg/coarray/sendget_array.f90 -fcoarray=lib  -O2  -lcaf_single  (test for excess errors)
FAIL: gfortran.dg/coarray/sendget_array.f90 -fcoarray=lib  -O2  -lcaf_single  execution test
FAIL: gfortran.dg/coarray/subobject_1.f90 -fcoarray=lib  -O2  -lcaf_single  (test for excess errors)
FAIL: gfortran.dg/coarray/subobject_1.f90 -fcoarray=lib  -O2  -lcaf_single  execution test
FAIL: gfortran.dg/coarray/sync_1.f90 -fcoarray=lib  -O2  -lcaf_single  (test for excess errors)
FAIL: gfortran.dg/coarray/sync_1.f90 -fcoarray=lib  -O2  -lcaf_single  execution test
FAIL: gfortran.dg/coarray/sync_3.f90 -fcoarray=lib  -O2  -lcaf_single  (test for excess errors)
FAIL: gfortran.dg/coarray/sync_3.f90 -fcoarray=lib  -O2  -lcaf_single  output pattern test, is remote_spawn failed, should match Fortran runtime error: Invalid image number -1 in SYNC IMAGES
FAIL: gfortran.dg/coarray/this_image_1.f90 -fcoarray=lib  -O2  -lcaf_single  (test for excess errors)
FAIL: gfortran.dg/coarray/this_image_1.f90 -fcoarray=lib  -O2  -lcaf_single  execution test
FAIL: gfortran.dg/coarray/this_image_2.f90 -fcoarray=lib  -O2  -lcaf_single  (test for excess errors)
FAIL: gfortran.dg/coarray/this_image_2.f90 -fcoarray=lib  -O2  -lcaf_single  execution test
WARNING: program timed out.
FAIL: gfortran.dg/array_constructor_33.f90   -O  (test for excess errors)
FAIL: gfortran.dg/coarray_lib_comm_1.f90   -O0  (test for excess errors)
FAIL: gfortran.dg/coarray_lib_comm_1.f90   -O0  execution test
FAIL: gfortran.dg/coarray_lib_comm_1.f90   -O1  (test for excess errors)
FAIL: gfortran.dg/coarray_lib_comm_1.f90   -O1  execution test
FAIL: gfortran.dg/coarray_lib_comm_1.f90   -O2  (test for excess errors)
FAIL: gfortran.dg/coarray_lib_comm_1.f90   -O2  execution test
FAIL: gfortran.dg/coarray_lib_comm_1.f90   -O3 -fomit-frame-pointer  (test for excess errors)
FAIL: gfortran.dg/coarray_lib_comm_1.f90   -O3 -fomit-frame-pointer  execution test
FAIL: gfortran.dg/coarray_lib_comm_1.f90   -O3 -fomit-frame-pointer -funroll-loops  (test for excess errors)
FAIL: gfortran.dg/coarray_lib_comm_1.f90   -O3 -fomit-frame-pointer -funroll-loops  execution test
FAIL: gfortran.dg/coarray_lib_comm_1.f90   -O3 -fomit-frame-pointer -funroll-all-loops -finline-functions  (test for excess errors)
FAIL: gfortran.dg/coarray_lib_comm_1.f90   -O3 -fomit-frame-pointer -funroll-all-loops -finline-functions  execution test
FAIL: gfortran.dg/coarray_lib_comm_1.f90   -O3 -g  (test for excess errors)
FAIL: gfortran.dg/coarray_lib_comm_1.f90   -O3 -g  execution test
FAIL: gfortran.dg/coarray_lib_comm_1.f90   -Os  (test for excess errors)
FAIL: gfortran.dg/coarray_lib_comm_1.f90   -Os  execution test
FAIL: gfortran.dg/erf_2.F90   -O0  execution test
FAIL: gfortran.dg/erf_2.F90   -O1  execution test
FAIL: gfortran.dg/erf_2.F90   -O2  execution test
FAIL: gfortran.dg/erf_2.F90   -O3 -fomit-frame-pointer  execution test
FAIL: gfortran.dg/erf_2.F90   -O3 -fomit-frame-pointer -funroll-loops  execution test
FAIL: gfortran.dg/erf_2.F90   -O3 -fomit-frame-pointer -funroll-all-loops -finline-functions  execution test
FAIL: gfortran.dg/erf_2.F90   -O3 -g  execution test
FAIL: gfortran.dg/erf_2.F90   -Os  execution test
FAIL: gfortran.dg/integer_exponentiation_4.f90   -O   (test for errors, line 24)
FAIL: gfortran.dg/integer_exponentiation_4.f90   -O   (test for errors, line 25)
FAIL: gfortran.dg/integer_exponentiation_4.f90   -O   (test for errors, line 26)
FAIL: gfortran.dg/integer_exponentiation_4.f90   -O   (test for errors, line 27)
FAIL: gfortran.dg/integer_exponentiation_4.f90   -O   (test for errors, line 35)
FAIL: gfortran.dg/integer_exponentiation_4.f90   -O   (test for errors, line 36)
FAIL: gfortran.dg/integer_exponentiation_4.f90   -O   (test for errors, line 37)
FAIL: gfortran.dg/integer_exponentiation_4.f90   -O   (test for errors, line 38)
FAIL: gfortran.dg/integer_exponentiation_4.f90   -O   (test for errors, line 41)
FAIL: gfortran.dg/integer_exponentiation_4.f90   -O   (test for errors, line 42)
FAIL: gfortran.dg/integer_exponentiation_4.f90   -O  (test for excess errors)
WARNING: program timed out.
FAIL: gfortran.dg/minlocval_3.f90   -O2  (test for excess errors)
WARNING: gfortran.dg/minlocval_3.f90   -O2  compilation failed to produce executable
WARNING: program timed out.
FAIL: gfortran.dg/minlocval_3.f90   -O3 -fomit-frame-pointer  (test for excess errors)
WARNING: gfortran.dg/minlocval_3.f90   -O3 -fomit-frame-pointer  compilation failed to produce executable
WARNING: program timed out.
FAIL: gfortran.dg/minlocval_3.f90   -O3 -fomit-frame-pointer -funroll-loops  (test for excess errors)
WARNING: gfortran.dg/minlocval_3.f90   -O3 -fomit-frame-pointer -funroll-loops  compilation failed to produce executable
WARNING: program timed out.
FAIL: gfortran.dg/minlocval_3.f90   -O3 -fomit-frame-pointer -funroll-all-loops -finline-functions  (test for excess errors)
WARNING: gfortran.dg/minlocval_3.f90   -O3 -fomit-frame-pointer -funroll-all-loops -finline-functions  compilation failed to produce executable
WARNING: program timed out.
FAIL: gfortran.dg/minlocval_3.f90   -O3 -g  (test for excess errors)
WARNING: gfortran.dg/minlocval_3.f90   -O3 -g  compilation failed to produce executable

		=== gfortran Summary ===

# of expected passes		45149
# of unexpected failures	110
# of expected failures		66
# of unsupported tests		425
/xxx/gnu/gcc/objdir/gcc/testsuite/gfortran/../../gfortran  version 5.1.0 (GCC) 

		=== obj-c++ tests ===


Running target unix

		=== obj-c++ Summary ===

# of expected passes		1411
# of expected failures		2
# of unsupported tests		69
/xxx/gnu/gcc/objdir/gcc/testsuite/obj-c++/../../xg++  version 5.1.0 (GCC) 

		=== objc tests ===


Running target unix

		=== objc Summary ===

# of expected passes		2934
# of unsupported tests		67
/xxx/gnu/gcc/objdir/gcc/xgcc  version 5.1.0 (GCC) 

		=== libstdc++ tests ===


Running target unix
WARNING: program timed out.
FAIL: 20_util/scoped_allocator/2.cc (test for excess errors)
WARNING: 20_util/scoped_allocator/2.cc compilation failed to produce executable
FAIL: 21_strings/basic_string/literals/types.cc (test for excess errors)
FAIL: 21_strings/basic_string/literals/values.cc (test for excess errors)
WARNING: 21_strings/basic_string/literals/values.cc compilation failed to produce executable
WARNING: program timed out.
FAIL: 21_strings/basic_string/requirements/exception/basic.cc (test for excess errors)
WARNING: 21_strings/basic_string/requirements/exception/basic.cc compilation failed to produce executable
FAIL: 22_locale/conversions/buffer/1.cc (test for excess errors)
WARNING: 22_locale/conversions/buffer/1.cc compilation failed to produce executable
FAIL: 22_locale/conversions/buffer/requirements/typedefs.cc (test for excess errors)
FAIL: 22_locale/conversions/string/1.cc (test for excess errors)
FAIL: 22_locale/conversions/string/2.cc (test for excess errors)
WARNING: 22_locale/conversions/string/2.cc compilation failed to produce executable
FAIL: 22_locale/conversions/string/3.cc (test for excess errors)
WARNING: 22_locale/conversions/string/3.cc compilation failed to produce executable
FAIL: 22_locale/conversions/string/requirements/typedefs-2.cc (test for excess errors)
FAIL: 22_locale/conversions/string/requirements/typedefs.cc (test for excess errors)
WARNING: program timed out.
FAIL: 23_containers/deque/requirements/exception/basic.cc (test for excess errors)
WARNING: 23_containers/deque/requirements/exception/basic.cc compilation failed to produce executable
WARNING: program timed out.
FAIL: 23_containers/deque/requirements/exception/propagation_consistent.cc (test for excess errors)
WARNING: 23_containers/deque/requirements/exception/propagation_consistent.cc compilation failed to produce executable
WARNING: program timed out.
FAIL: 23_containers/forward_list/requirements/exception/basic.cc (test for excess errors)
WARNING: 23_containers/forward_list/requirements/exception/basic.cc compilation failed to produce executable
WARNING: program timed out.
FAIL: 23_containers/forward_list/requirements/exception/propagation_consistent.cc (test for excess errors)
WARNING: 23_containers/forward_list/requirements/exception/propagation_consistent.cc compilation failed to produce executable
WARNING: program timed out.
FAIL: 23_containers/list/requirements/exception/basic.cc (test for excess errors)
WARNING: 23_containers/list/requirements/exception/basic.cc compilation failed to produce executable
WARNING: program timed out.
FAIL: 23_containers/list/requirements/exception/propagation_consistent.cc (test for excess errors)
FAIL: 23_containers/list/requirements/exception/propagation_consistent.cc execution test
WARNING: program timed out.
FAIL: 23_containers/map/requirements/exception/basic.cc (test for excess errors)
WARNING: 23_containers/map/requirements/exception/basic.cc compilation failed to produce executable
WARNING: program timed out.
FAIL: 23_containers/map/requirements/exception/propagation_consistent.cc (test for excess errors)
WARNING: 23_containers/map/requirements/exception/propagation_consistent.cc compilation failed to produce executable
WARNING: program timed out.
FAIL: 23_containers/multimap/requirements/exception/basic.cc (test for excess errors)
WARNING: 23_containers/multimap/requirements/exception/basic.cc compilation failed to produce executable
WARNING: program timed out.
FAIL: 23_containers/multimap/requirements/exception/propagation_consistent.cc (test for excess errors)
WARNING: 23_containers/multimap/requirements/exception/propagation_consistent.cc compilation failed to produce executable
WARNING: program timed out.
FAIL: 23_containers/multiset/requirements/exception/basic.cc (test for excess errors)
WARNING: 23_containers/multiset/requirements/exception/basic.cc compilation failed to produce executable
WARNING: program timed out.
FAIL: 23_containers/multiset/requirements/exception/propagation_consistent.cc (test for excess errors)
WARNING: 23_containers/multiset/requirements/exception/propagation_consistent.cc compilation failed to produce executable
WARNING: program timed out.
FAIL: 23_containers/set/requirements/exception/basic.cc (test for excess errors)
WARNING: 23_containers/set/requirements/exception/basic.cc compilation failed to produce executable
WARNING: program timed out.
FAIL: 23_containers/set/requirements/exception/propagation_consistent.cc (test for excess errors)
WARNING: 23_containers/set/requirements/exception/propagation_consistent.cc compilation failed to produce executable
WARNING: program timed out.
FAIL: 23_containers/unordered_map/requirements/exception/basic.cc (test for excess errors)
WARNING: 23_containers/unordered_map/requirements/exception/basic.cc compilation failed to produce executable
WARNING: program timed out.
FAIL: 23_containers/unordered_map/requirements/exception/generation_prohibited.cc (test for excess errors)
WARNING: 23_containers/unordered_map/requirements/exception/generation_prohibited.cc compilation failed to produce executable
WARNING: program timed out.
FAIL: 23_containers/unordered_map/requirements/exception/propagation_consistent.cc (test for excess errors)
WARNING: 23_containers/unordered_map/requirements/exception/propagation_consistent.cc compilation failed to produce executable
WARNING: program timed out.
FAIL: 23_containers/unordered_multimap/requirements/exception/basic.cc (test for excess errors)
WARNING: 23_containers/unordered_multimap/requirements/exception/basic.cc compilation failed to produce executable
WARNING: program timed out.
FAIL: 23_containers/unordered_multimap/requirements/exception/generation_prohibited.cc (test for excess errors)
WARNING: 23_containers/unordered_multimap/requirements/exception/generation_prohibited.cc compilation failed to produce executable
WARNING: program timed out.
FAIL: 23_containers/unordered_multimap/requirements/exception/propagation_consistent.cc (test for excess errors)
WARNING: 23_containers/unordered_multimap/requirements/exception/propagation_consistent.cc compilation failed to produce executable
WARNING: program timed out.
FAIL: 23_containers/unordered_multiset/requirements/exception/basic.cc (test for excess errors)
WARNING: 23_containers/unordered_multiset/requirements/exception/basic.cc compilation failed to produce executable
WARNING: program timed out.
FAIL: 23_containers/unordered_multiset/requirements/exception/propagation_consistent.cc (test for excess errors)
WARNING: 23_containers/unordered_multiset/requirements/exception/propagation_consistent.cc compilation failed to produce executable
WARNING: program timed out.
FAIL: 23_containers/unordered_set/requirements/exception/basic.cc (test for excess errors)
WARNING: 23_containers/unordered_set/requirements/exception/basic.cc compilation failed to produce executable
WARNING: program timed out.
FAIL: 23_containers/unordered_set/requirements/exception/propagation_consistent.cc (test for excess errors)
WARNING: 23_containers/unordered_set/requirements/exception/propagation_consistent.cc compilation failed to produce executable
WARNING: program timed out.
FAIL: 23_containers/vector/requirements/exception/basic.cc (test for excess errors)
WARNING: 23_containers/vector/requirements/exception/basic.cc compilation failed to produce executable
WARNING: program timed out.
FAIL: 23_containers/vector/requirements/exception/propagation_consistent.cc (test for excess errors)
WARNING: 23_containers/vector/requirements/exception/propagation_consistent.cc compilation failed to produce executable
WARNING: program timed out.
FAIL: 25_algorithms/partial_sort/random_test.cc execution test
WARNING: program timed out.
FAIL: 25_algorithms/partial_sort_copy/random_test.cc execution test
XPASS: 26_numerics/headers/cmath/c99_classification_macros_c.cc (test for excess errors)
FAIL: 27_io/basic_istream/extractors_arithmetic/char/12.cc execution test
WARNING: program timed out.
FAIL: 28_regex/algorithms/regex_match/awk/cstring_01.cc (test for excess errors)
WARNING: 28_regex/algorithms/regex_match/awk/cstring_01.cc compilation failed to produce executable
WARNING: program timed out.
FAIL: 28_regex/algorithms/regex_match/basic/empty_range.cc (test for excess errors)
WARNING: 28_regex/algorithms/regex_match/basic/empty_range.cc compilation failed to produce executable
WARNING: program timed out.
FAIL: 28_regex/algorithms/regex_match/basic/string_01.cc (test for excess errors)
WARNING: 28_regex/algorithms/regex_match/basic/string_01.cc compilation failed to produce executable
WARNING: program timed out.
FAIL: 28_regex/algorithms/regex_match/basic/string_range_00_03.cc (test for excess errors)
WARNING: 28_regex/algorithms/regex_match/basic/string_range_00_03.cc compilation failed to produce executable
WARNING: program timed out.
FAIL: 28_regex/algorithms/regex_match/basic/string_range_01_03.cc (test for excess errors)
WARNING: 28_regex/algorithms/regex_match/basic/string_range_01_03.cc compilation failed to produce executable
WARNING: program timed out.
FAIL: 28_regex/algorithms/regex_match/basic/string_range_02_03.cc (test for excess errors)
WARNING: 28_regex/algorithms/regex_match/basic/string_range_02_03.cc compilation failed to produce executable
WARNING: program timed out.
FAIL: 28_regex/algorithms/regex_match/cstring_bracket_01.cc (test for excess errors)
WARNING: 28_regex/algorithms/regex_match/cstring_bracket_01.cc compilation failed to produce executable
WARNING: program timed out.
FAIL: 28_regex/algorithms/regex_match/ecma/char/53622.cc (test for excess errors)
WARNING: 28_regex/algorithms/regex_match/ecma/char/53622.cc compilation failed to produce executable
WARNING: program timed out.
FAIL: 28_regex/algorithms/regex_match/ecma/char/57173.cc (test for excess errors)
WARNING: 28_regex/algorithms/regex_match/ecma/char/57173.cc compilation failed to produce executable
WARNING: program timed out.
FAIL: 28_regex/algorithms/regex_match/ecma/char/58576.cc (test for excess errors)
WARNING: 28_regex/algorithms/regex_match/ecma/char/58576.cc compilation failed to produce executable
WARNING: program timed out.
FAIL: 28_regex/algorithms/regex_match/ecma/char/61601.cc (test for excess errors)
WARNING: 28_regex/algorithms/regex_match/ecma/char/61601.cc compilation failed to produce executable
WARNING: program timed out.
FAIL: 28_regex/algorithms/regex_match/ecma/char/anymatcher.cc (test for excess errors)
WARNING: 28_regex/algorithms/regex_match/ecma/char/anymatcher.cc compilation failed to produce executable
WARNING: program timed out.
FAIL: 28_regex/algorithms/regex_match/ecma/char/backref.cc (test for excess errors)
WARNING: 28_regex/algorithms/regex_match/ecma/char/backref.cc compilation failed to produce executable
WARNING: program timed out.
FAIL: 28_regex/algorithms/regex_match/ecma/char/empty_range.cc (test for excess errors)
WARNING: 28_regex/algorithms/regex_match/ecma/char/empty_range.cc compilation failed to produce executable
WARNING: program timed out.
FAIL: 28_regex/algorithms/regex_match/ecma/char/emptygroup.cc (test for excess errors)
WARNING: 28_regex/algorithms/regex_match/ecma/char/emptygroup.cc compilation failed to produce executable
WARNING: program timed out.
FAIL: 28_regex/algorithms/regex_match/ecma/char/hex.cc (test for excess errors)
WARNING: 28_regex/algorithms/regex_match/ecma/char/hex.cc compilation failed to produce executable
WARNING: program timed out.
FAIL: 28_regex/algorithms/regex_match/ecma/char/quoted_char.cc (test for excess errors)
WARNING: 28_regex/algorithms/regex_match/ecma/char/quoted_char.cc compilation failed to produce executable
WARNING: program timed out.
FAIL: 28_regex/algorithms/regex_match/ecma/char/ungreedy.cc (test for excess errors)
WARNING: 28_regex/algorithms/regex_match/ecma/char/ungreedy.cc compilation failed to produce executable
WARNING: program timed out.
FAIL: 28_regex/algorithms/regex_match/extended/cstring_plus.cc (test for excess errors)
WARNING: 28_regex/algorithms/regex_match/extended/cstring_plus.cc compilation failed to produce executable
WARNING: program timed out.
FAIL: 28_regex/algorithms/regex_match/extended/cstring_questionmark.cc (test for excess errors)
WARNING: 28_regex/algorithms/regex_match/extended/cstring_questionmark.cc compilation failed to produce executable
WARNING: program timed out.
FAIL: 28_regex/algorithms/regex_match/extended/cstring_range.cc (test for excess errors)
WARNING: 28_regex/algorithms/regex_match/extended/cstring_range.cc compilation failed to produce executable
WARNING: program timed out.
FAIL: 28_regex/algorithms/regex_match/extended/string_any.cc (test for excess errors)
WARNING: 28_regex/algorithms/regex_match/extended/string_any.cc compilation failed to produce executable
WARNING: program timed out.
FAIL: 28_regex/algorithms/regex_match/extended/string_range_00_03.cc (test for excess errors)
WARNING: 28_regex/algorithms/regex_match/extended/string_range_00_03.cc compilation failed to produce executable
WARNING: program timed out.
FAIL: 28_regex/algorithms/regex_match/extended/string_range_01_03.cc (test for excess errors)
WARNING: 28_regex/algorithms/regex_match/extended/string_range_01_03.cc compilation failed to produce executable
WARNING: program timed out.
FAIL: 28_regex/algorithms/regex_match/extended/string_range_02_03.cc (test for excess errors)
WARNING: 28_regex/algorithms/regex_match/extended/string_range_02_03.cc compilation failed to produce executable
WARNING: program timed out.
FAIL: 28_regex/algorithms/regex_replace/char/51711.cc (test for excess errors)
WARNING: program timed out.
FAIL: 28_regex/algorithms/regex_replace/char/basic_replace.cc (test for excess errors)
WARNING: 28_regex/algorithms/regex_replace/char/basic_replace.cc compilation failed to produce executable
WARNING: program timed out.
FAIL: 28_regex/algorithms/regex_replace/char/dr2213.cc (test for excess errors)
WARNING: 28_regex/algorithms/regex_replace/char/dr2213.cc compilation failed to produce executable
WARNING: program timed out.
FAIL: 28_regex/algorithms/regex_search/61424.cc (test for excess errors)
WARNING: 28_regex/algorithms/regex_search/61424.cc compilation failed to produce executable
WARNING: program timed out.
FAIL: 28_regex/algorithms/regex_search/61720.cc (test for excess errors)
WARNING: 28_regex/algorithms/regex_search/61720.cc compilation failed to produce executable
WARNING: program timed out.
FAIL: 28_regex/algorithms/regex_search/basic/string_01.cc (test for excess errors)
WARNING: 28_regex/algorithms/regex_search/basic/string_01.cc compilation failed to produce executable
WARNING: program timed out.
FAIL: 28_regex/algorithms/regex_search/ecma/assertion.cc (test for excess errors)
WARNING: 28_regex/algorithms/regex_search/ecma/assertion.cc compilation failed to produce executable
WARNING: program timed out.
FAIL: 28_regex/algorithms/regex_search/ecma/flags.cc (test for excess errors)
WARNING: 28_regex/algorithms/regex_search/ecma/flags.cc compilation failed to produce executable
WARNING: program timed out.
FAIL: 28_regex/algorithms/regex_search/ecma/greedy.cc (test for excess errors)
WARNING: 28_regex/algorithms/regex_search/ecma/greedy.cc compilation failed to produce executable
WARNING: program timed out.
FAIL: 28_regex/algorithms/regex_search/ecma/string_01.cc (test for excess errors)
WARNING: 28_regex/algorithms/regex_search/ecma/string_01.cc compilation failed to produce executable
WARNING: program timed out.
FAIL: 28_regex/basic_regex/assign/char/cstring.cc (test for excess errors)
WARNING: 28_regex/basic_regex/assign/char/cstring.cc compilation failed to produce executable
WARNING: program timed out.
FAIL: 28_regex/basic_regex/assign/char/cstring_op.cc (test for excess errors)
WARNING: program timed out.
FAIL: 28_regex/basic_regex/assign/char/moveable.cc (test for excess errors)
WARNING: 28_regex/basic_regex/assign/char/moveable.cc compilation failed to produce executable
WARNING: program timed out.
FAIL: 28_regex/basic_regex/assign/char/pstring.cc (test for excess errors)
WARNING: program timed out.
FAIL: 28_regex/basic_regex/assign/char/range.cc (test for excess errors)
WARNING: program timed out.
FAIL: 28_regex/basic_regex/assign/char/string.cc (test for excess errors)
WARNING: 28_regex/basic_regex/assign/char/string.cc compilation failed to produce executable
WARNING: program timed out.
FAIL: 28_regex/basic_regex/assign/char/string_op.cc (test for excess errors)
WARNING: program timed out.
FAIL: 28_regex/basic_regex/ctors/47724.cc (test for excess errors)
WARNING: 28_regex/basic_regex/ctors/47724.cc compilation failed to produce executable
WARNING: program timed out.
FAIL: 28_regex/basic_regex/ctors/basic/cstring.cc (test for excess errors)
WARNING: program timed out.
FAIL: 28_regex/basic_regex/ctors/basic/pstring_char.cc (test for excess errors)
WARNING: 28_regex/basic_regex/ctors/basic/pstring_char.cc compilation failed to produce executable
WARNING: program timed out.
FAIL: 28_regex/basic_regex/ctors/basic/raw_string.cc (test for excess errors)
WARNING: 28_regex/basic_regex/ctors/basic/raw_string.cc compilation failed to produce executable
WARNING: program timed out.
FAIL: 28_regex/basic_regex/ctors/basic/string_range_01_02_03.cc (test for excess errors)
WARNING: 28_regex/basic_regex/ctors/basic/string_range_01_02_03.cc compilation failed to produce executable
WARNING: program timed out.
FAIL: 28_regex/basic_regex/ctors/char/cstring.cc (test for excess errors)
WARNING: program timed out.
FAIL: 28_regex/basic_regex/ctors/char/cstring_awk.cc (test for excess errors)
WARNING: program timed out.
FAIL: 28_regex/basic_regex/ctors/char/cstring_ecma.cc (test for excess errors)
WARNING: program timed out.
FAIL: 28_regex/basic_regex/ctors/char/cstring_egrep.cc (test for excess errors)
WARNING: program timed out.
FAIL: 28_regex/basic_regex/ctors/char/cstring_grep.cc (test for excess errors)
WARNING: program timed out.
FAIL: 28_regex/basic_regex/ctors/char/range.cc (test for excess errors)
WARNING: program timed out.
FAIL: 28_regex/basic_regex/ctors/copy_char.cc (test for excess errors)
WARNING: 28_regex/basic_regex/ctors/copy_char.cc compilation failed to produce executable
WARNING: program timed out.
FAIL: 28_regex/basic_regex/ctors/extended/cstring.cc (test for excess errors)
WARNING: 28_regex/basic_regex/ctors/extended/cstring.cc compilation failed to produce executable
WARNING: program timed out.
FAIL: 28_regex/basic_regex/ctors/extended/string_range_01_02_03.cc (test for excess errors)
WARNING: 28_regex/basic_regex/ctors/extended/string_range_01_02_03.cc compilation failed to produce executable
WARNING: program timed out.
FAIL: 28_regex/basic_regex/ctors/move_char.cc (test for excess errors)
WARNING: 28_regex/basic_regex/ctors/move_char.cc compilation failed to produce executable
WARNING: program timed out.
FAIL: 28_regex/basic_regex/ctors/string_char.cc (test for excess errors)
WARNING: program timed out.
FAIL: 28_regex/basic_regex/imbue/string.cc (test for excess errors)
WARNING: 28_regex/basic_regex/imbue/string.cc compilation failed to produce executable
WARNING: program timed out.
FAIL: 28_regex/basic_regex/multiple_quantifiers.cc (test for excess errors)
WARNING: 28_regex/basic_regex/multiple_quantifiers.cc compilation failed to produce executable
WARNING: program timed out.
FAIL: 28_regex/constants/syntax_option_type.cc (test for excess errors)
WARNING: 28_regex/constants/syntax_option_type.cc compilation failed to produce executable
WARNING: program timed out.
FAIL: 28_regex/init-list.cc (test for excess errors)
WARNING: 28_regex/init-list.cc compilation failed to produce executable
WARNING: program timed out.
FAIL: 28_regex/iterators/regex_iterator/char/64140.cc (test for excess errors)
WARNING: 28_regex/iterators/regex_iterator/char/64140.cc compilation failed to produce executable
WARNING: program timed out.
FAIL: 28_regex/iterators/regex_iterator/char/string_01.cc (test for excess errors)
WARNING: 28_regex/iterators/regex_iterator/char/string_01.cc compilation failed to produce executable
WARNING: program timed out.
FAIL: 28_regex/iterators/regex_iterator/char/string_position_01.cc (test for excess errors)
WARNING: 28_regex/iterators/regex_iterator/char/string_position_01.cc compilation failed to produce executable
WARNING: program timed out.
FAIL: 28_regex/iterators/regex_token_iterator/64303.cc (test for excess errors)
WARNING: 28_regex/iterators/regex_token_iterator/64303.cc compilation failed to produce executable
WARNING: program timed out.
FAIL: 28_regex/iterators/regex_token_iterator/char/string_01.cc (test for excess errors)
WARNING: 28_regex/iterators/regex_token_iterator/char/string_01.cc compilation failed to produce executable
WARNING: program timed out.
FAIL: 28_regex/match_results/format.cc (test for excess errors)
WARNING: 28_regex/match_results/format.cc compilation failed to produce executable
WARNING: program timed out.
FAIL: 28_regex/match_results/out_of_range_submatches.cc (test for excess errors)
WARNING: 28_regex/match_results/out_of_range_submatches.cc compilation failed to produce executable
WARNING: program timed out.
FAIL: 28_regex/match_results/swap.cc (test for excess errors)
WARNING: 28_regex/match_results/swap.cc compilation failed to produce executable
WARNING: program timed out.
FAIL: 28_regex/traits/char/user_defined.cc (test for excess errors)
WARNING: 28_regex/traits/char/user_defined.cc compilation failed to produce executable
FAIL: experimental/string_view/literals/types.cc (test for excess errors)
FAIL: experimental/string_view/literals/values.cc (test for excess errors)
WARNING: experimental/string_view/literals/values.cc compilation failed to produce executable
FAIL: ext/random/arcsine_distribution/cons/default.cc (test for excess errors)
WARNING: ext/random/arcsine_distribution/cons/default.cc compilation failed to produce executable
FAIL: ext/random/arcsine_distribution/cons/parms.cc (test for excess errors)
WARNING: ext/random/arcsine_distribution/cons/parms.cc compilation failed to produce executable
FAIL: ext/random/arcsine_distribution/operators/equal.cc (test for excess errors)
WARNING: ext/random/arcsine_distribution/operators/equal.cc compilation failed to produce executable
FAIL: ext/random/arcsine_distribution/operators/inequal.cc (test for excess errors)
WARNING: ext/random/arcsine_distribution/operators/inequal.cc compilation failed to produce executable
FAIL: ext/random/arcsine_distribution/operators/serialize.cc (test for excess errors)
WARNING: ext/random/arcsine_distribution/operators/serialize.cc compilation failed to produce executable
FAIL: ext/random/arcsine_distribution/requirements/explicit_instantiation/1.cc (test for excess errors)
FAIL: ext/random/arcsine_distribution/requirements/typedefs.cc (test for excess errors)
FAIL: ext/random/beta_distribution/cons/default.cc (test for excess errors)
WARNING: ext/random/beta_distribution/cons/default.cc compilation failed to produce executable
FAIL: ext/random/beta_distribution/cons/parms.cc (test for excess errors)
WARNING: ext/random/beta_distribution/cons/parms.cc compilation failed to produce executable
FAIL: ext/random/beta_distribution/operators/equal.cc (test for excess errors)
WARNING: ext/random/beta_distribution/operators/equal.cc compilation failed to produce executable
FAIL: ext/random/beta_distribution/operators/inequal.cc (test for excess errors)
WARNING: ext/random/beta_distribution/operators/inequal.cc compilation failed to produce executable
FAIL: ext/random/beta_distribution/operators/serialize.cc (test for excess errors)
WARNING: ext/random/beta_distribution/operators/serialize.cc compilation failed to produce executable
FAIL: ext/random/beta_distribution/requirements/explicit_instantiation/1.cc (test for excess errors)
FAIL: ext/random/beta_distribution/requirements/typedefs.cc (test for excess errors)
FAIL: ext/random/hoyt_distribution/cons/default.cc (test for excess errors)
WARNING: ext/random/hoyt_distribution/cons/default.cc compilation failed to produce executable
FAIL: ext/random/hoyt_distribution/cons/parms.cc (test for excess errors)
WARNING: ext/random/hoyt_distribution/cons/parms.cc compilation failed to produce executable
FAIL: ext/random/hoyt_distribution/operators/equal.cc (test for excess errors)
WARNING: ext/random/hoyt_distribution/operators/equal.cc compilation failed to produce executable
FAIL: ext/random/hoyt_distribution/operators/inequal.cc (test for excess errors)
WARNING: ext/random/hoyt_distribution/operators/inequal.cc compilation failed to produce executable
FAIL: ext/random/hoyt_distribution/operators/serialize.cc (test for excess errors)
WARNING: ext/random/hoyt_distribution/operators/serialize.cc compilation failed to produce executable
FAIL: ext/random/hoyt_distribution/requirements/explicit_instantiation/1.cc (test for excess errors)
FAIL: ext/random/hoyt_distribution/requirements/typedefs.cc (test for excess errors)
FAIL: ext/random/hypergeometric_distribution/cons/default.cc (test for excess errors)
WARNING: ext/random/hypergeometric_distribution/cons/default.cc compilation failed to produce executable
FAIL: ext/random/hypergeometric_distribution/cons/parms.cc (test for excess errors)
WARNING: ext/random/hypergeometric_distribution/cons/parms.cc compilation failed to produce executable
FAIL: ext/random/hypergeometric_distribution/operators/equal.cc (test for excess errors)
WARNING: ext/random/hypergeometric_distribution/operators/equal.cc compilation failed to produce executable
FAIL: ext/random/hypergeometric_distribution/operators/inequal.cc (test for excess errors)
WARNING: ext/random/hypergeometric_distribution/operators/inequal.cc compilation failed to produce executable
FAIL: ext/random/hypergeometric_distribution/operators/serialize.cc (test for excess errors)
WARNING: ext/random/hypergeometric_distribution/operators/serialize.cc compilation failed to produce executable
FAIL: ext/random/hypergeometric_distribution/requirements/explicit_instantiation/1.cc (test for excess errors)
FAIL: ext/random/hypergeometric_distribution/requirements/typedefs.cc (test for excess errors)
FAIL: ext/random/k_distribution/cons/default.cc (test for excess errors)
WARNING: ext/random/k_distribution/cons/default.cc compilation failed to produce executable
FAIL: ext/random/k_distribution/cons/parms.cc (test for excess errors)
WARNING: ext/random/k_distribution/cons/parms.cc compilation failed to produce executable
FAIL: ext/random/k_distribution/operators/equal.cc (test for excess errors)
WARNING: ext/random/k_distribution/operators/equal.cc compilation failed to produce executable
FAIL: ext/random/k_distribution/operators/inequal.cc (test for excess errors)
WARNING: ext/random/k_distribution/operators/inequal.cc compilation failed to produce executable
FAIL: ext/random/k_distribution/operators/serialize.cc (test for excess errors)
WARNING: ext/random/k_distribution/operators/serialize.cc compilation failed to produce executable
FAIL: ext/random/k_distribution/requirements/explicit_instantiation/1.cc (test for excess errors)
FAIL: ext/random/k_distribution/requirements/typedefs.cc (test for excess errors)
FAIL: ext/random/logistic_distribution/cons/default.cc (test for excess errors)
WARNING: ext/random/logistic_distribution/cons/default.cc compilation failed to produce executable
FAIL: ext/random/logistic_distribution/cons/parms.cc (test for excess errors)
WARNING: ext/random/logistic_distribution/cons/parms.cc compilation failed to produce executable
FAIL: ext/random/logistic_distribution/operators/equal.cc (test for excess errors)
WARNING: ext/random/logistic_distribution/operators/equal.cc compilation failed to produce executable
FAIL: ext/random/logistic_distribution/operators/inequal.cc (test for excess errors)
WARNING: ext/random/logistic_distribution/operators/inequal.cc compilation failed to produce executable
FAIL: ext/random/logistic_distribution/operators/serialize.cc (test for excess errors)
WARNING: ext/random/logistic_distribution/operators/serialize.cc compilation failed to produce executable
FAIL: ext/random/logistic_distribution/requirements/typedefs.cc (test for excess errors)
FAIL: ext/random/nakagami_distribution/cons/default.cc (test for excess errors)
WARNING: ext/random/nakagami_distribution/cons/default.cc compilation failed to produce executable
FAIL: ext/random/nakagami_distribution/cons/parms.cc (test for excess errors)
WARNING: ext/random/nakagami_distribution/cons/parms.cc compilation failed to produce executable
FAIL: ext/random/nakagami_distribution/operators/equal.cc (test for excess errors)
WARNING: ext/random/nakagami_distribution/operators/equal.cc compilation failed to produce executable
FAIL: ext/random/nakagami_distribution/operators/inequal.cc (test for excess errors)
WARNING: ext/random/nakagami_distribution/operators/inequal.cc compilation failed to produce executable
FAIL: ext/random/nakagami_distribution/operators/serialize.cc (test for excess errors)
WARNING: ext/random/nakagami_distribution/operators/serialize.cc compilation failed to produce executable
FAIL: ext/random/nakagami_distribution/requirements/explicit_instantiation/1.cc (test for excess errors)
FAIL: ext/random/nakagami_distribution/requirements/typedefs.cc (test for excess errors)
FAIL: ext/random/normal_mv_distribution/cons/default.cc (test for excess errors)
WARNING: ext/random/normal_mv_distribution/cons/default.cc compilation failed to produce executable
FAIL: ext/random/normal_mv_distribution/cons/parms.cc (test for excess errors)
WARNING: ext/random/normal_mv_distribution/cons/parms.cc compilation failed to produce executable
FAIL: ext/random/normal_mv_distribution/operators/equal.cc (test for excess errors)
WARNING: ext/random/normal_mv_distribution/operators/equal.cc compilation failed to produce executable
FAIL: ext/random/normal_mv_distribution/operators/inequal.cc (test for excess errors)
WARNING: ext/random/normal_mv_distribution/operators/inequal.cc compilation failed to produce executable
FAIL: ext/random/normal_mv_distribution/operators/serialize.cc (test for excess errors)
WARNING: ext/random/normal_mv_distribution/operators/serialize.cc compilation failed to produce executable
FAIL: ext/random/normal_mv_distribution/requirements/explicit_instantiation/1.cc (test for excess errors)
FAIL: ext/random/normal_mv_distribution/requirements/typedefs.cc (test for excess errors)
FAIL: ext/random/pareto_distribution/cons/default.cc (test for excess errors)
WARNING: ext/random/pareto_distribution/cons/default.cc compilation failed to produce executable
FAIL: ext/random/pareto_distribution/cons/parms.cc (test for excess errors)
WARNING: ext/random/pareto_distribution/cons/parms.cc compilation failed to produce executable
FAIL: ext/random/pareto_distribution/operators/equal.cc (test for excess errors)
WARNING: ext/random/pareto_distribution/operators/equal.cc compilation failed to produce executable
FAIL: ext/random/pareto_distribution/operators/inequal.cc (test for excess errors)
WARNING: ext/random/pareto_distribution/operators/inequal.cc compilation failed to produce executable
FAIL: ext/random/pareto_distribution/operators/serialize.cc (test for excess errors)
WARNING: ext/random/pareto_distribution/operators/serialize.cc compilation failed to produce executable
FAIL: ext/random/pareto_distribution/requirements/explicit_instantiation/1.cc (test for excess errors)
FAIL: ext/random/pareto_distribution/requirements/typedefs.cc (test for excess errors)
FAIL: ext/random/rice_distribution/cons/default.cc (test for excess errors)
WARNING: ext/random/rice_distribution/cons/default.cc compilation failed to produce executable
FAIL: ext/random/rice_distribution/cons/parms.cc (test for excess errors)
WARNING: ext/random/rice_distribution/cons/parms.cc compilation failed to produce executable
FAIL: ext/random/rice_distribution/operators/equal.cc (test for excess errors)
WARNING: ext/random/rice_distribution/operators/equal.cc compilation failed to produce executable
FAIL: ext/random/rice_distribution/operators/inequal.cc (test for excess errors)
WARNING: ext/random/rice_distribution/operators/inequal.cc compilation failed to produce executable
FAIL: ext/random/rice_distribution/operators/serialize.cc (test for excess errors)
WARNING: ext/random/rice_distribution/operators/serialize.cc compilation failed to produce executable
FAIL: ext/random/rice_distribution/requirements/explicit_instantiation/1.cc (test for excess errors)
FAIL: ext/random/rice_distribution/requirements/typedefs.cc (test for excess errors)
FAIL: ext/random/triangular_distribution/cons/default.cc (test for excess errors)
WARNING: ext/random/triangular_distribution/cons/default.cc compilation failed to produce executable
FAIL: ext/random/triangular_distribution/cons/parms.cc (test for excess errors)
WARNING: ext/random/triangular_distribution/cons/parms.cc compilation failed to produce executable
FAIL: ext/random/triangular_distribution/operators/equal.cc (test for excess errors)
WARNING: ext/random/triangular_distribution/operators/equal.cc compilation failed to produce executable
FAIL: ext/random/triangular_distribution/operators/inequal.cc (test for excess errors)
WARNING: ext/random/triangular_distribution/operators/inequal.cc compilation failed to produce executable
FAIL: ext/random/triangular_distribution/operators/serialize.cc (test for excess errors)
WARNING: ext/random/triangular_distribution/operators/serialize.cc compilation failed to produce executable
FAIL: ext/random/triangular_distribution/requirements/explicit_instantiation/1.cc (test for excess errors)
FAIL: ext/random/triangular_distribution/requirements/typedefs.cc (test for excess errors)
FAIL: ext/random/uniform_on_sphere_distribution/cons/default.cc (test for excess errors)
WARNING: ext/random/uniform_on_sphere_distribution/cons/default.cc compilation failed to produce executable
FAIL: ext/random/uniform_on_sphere_distribution/operators/equal.cc (test for excess errors)
WARNING: ext/random/uniform_on_sphere_distribution/operators/equal.cc compilation failed to produce executable
FAIL: ext/random/uniform_on_sphere_distribution/operators/generate.cc (test for excess errors)
WARNING: ext/random/uniform_on_sphere_distribution/operators/generate.cc compilation failed to produce executable
FAIL: ext/random/uniform_on_sphere_distribution/operators/inequal.cc (test for excess errors)
WARNING: ext/random/uniform_on_sphere_distribution/operators/inequal.cc compilation failed to produce executable
FAIL: ext/random/uniform_on_sphere_distribution/operators/serialize.cc (test for excess errors)
WARNING: ext/random/uniform_on_sphere_distribution/operators/serialize.cc compilation failed to produce executable
FAIL: ext/random/von_mises_distribution/cons/default.cc (test for excess errors)
WARNING: ext/random/von_mises_distribution/cons/default.cc compilation failed to produce executable
FAIL: ext/random/von_mises_distribution/cons/parms.cc (test for excess errors)
WARNING: ext/random/von_mises_distribution/cons/parms.cc compilation failed to produce executable
FAIL: ext/random/von_mises_distribution/operators/equal.cc (test for excess errors)
WARNING: ext/random/von_mises_distribution/operators/equal.cc compilation failed to produce executable
FAIL: ext/random/von_mises_distribution/operators/inequal.cc (test for excess errors)
WARNING: ext/random/von_mises_distribution/operators/inequal.cc compilation failed to produce executable
FAIL: ext/random/von_mises_distribution/operators/serialize.cc (test for excess errors)
WARNING: ext/random/von_mises_distribution/operators/serialize.cc compilation failed to produce executable
FAIL: ext/random/von_mises_distribution/requirements/explicit_instantiation/1.cc (test for excess errors)
FAIL: ext/random/von_mises_distribution/requirements/typedefs.cc (test for excess errors)
WARNING: program timed out.
FAIL: ext/vstring/requirements/exception/basic.cc (test for excess errors)
WARNING: ext/vstring/requirements/exception/basic.cc compilation failed to produce executable
WARNING: program timed out.
FAIL: ext/vstring/requirements/exception/propagation_consistent.cc (test for excess errors)
WARNING: ext/vstring/requirements/exception/propagation_consistent.cc compilation failed to produce executable

		=== libstdc++ Summary ===

# of expected passes		7147
# of unexpected failures	204
# of unexpected successes	1
# of expected failures		63
# of unsupported tests		567

Compiler version: 5.1.0 (GCC) 
Platform: hppa1.1-hp-hpux10.20
configure flags:Test Run By dave on Wed May  6 03:47:41 2015


Index Nav: [Date Index] [Subject Index] [Author Index] [Thread Index]
Message Nav: [Date Prev] [Date Next] [Thread Prev] [Thread Next]