This is the mail archive of the
gcc-testresults@gcc.gnu.org
mailing list for the GCC project.
Results for 6.0.0 20150510 (experimental) [trunk revision 222981] (GCC) testsuite on hppa2.0w-hp-hpux11.11
- From: John David Anglin <dave at hiauly3 dot hia dot nrc dot ca>
- To: dave at hiauly3 dot hia dot nrc dot ca, gcc-testresults at gcc dot gnu dot org
- Date: Wed, 13 May 2015 09:53:04 -0400 (EDT)
- Subject: Results for 6.0.0 20150510 (experimental) [trunk revision 222981] (GCC) testsuite on hppa2.0w-hp-hpux11.11
- Authentication-results: sourceware.org; auth=none
=== acats tests ===
FAIL: c761006
FAIL: c9a011b
=== acats Summary ===
# of expected passes 2318
# of unexpected failures 2
Native configuration is hppa2.0w-hp-hpux11.11
=== g++ tests ===
Running target unix
WARNING: program timed out.
=== g++ Summary ===
# of expected passes 75735
# of expected failures 274
# of unsupported tests 4118
/test/gnu/gcc/objdir/gcc/testsuite/g++/../../xg++ version 6.0.0 20150510 (experimental) [trunk revision 222981] (GCC)
=== gcc tests ===
Running target unix
FAIL: gcc.dg/atomic/c11-atomic-exec-5.c -O0 execution test
FAIL: gcc.dg/atomic/c11-atomic-exec-5.c -O1 execution test
FAIL: gcc.dg/atomic/c11-atomic-exec-5.c -O2 execution test
FAIL: gcc.dg/atomic/c11-atomic-exec-5.c -O3 -fomit-frame-pointer execution test
FAIL: gcc.dg/atomic/c11-atomic-exec-5.c -O3 -fomit-frame-pointer -funroll-loops execution test
FAIL: gcc.dg/atomic/c11-atomic-exec-5.c -O3 -fomit-frame-pointer -funroll-all-loops -finline-functions execution test
FAIL: gcc.dg/atomic/c11-atomic-exec-5.c -O3 -g execution test
FAIL: gcc.dg/atomic/c11-atomic-exec-5.c -Os execution test
FAIL: gcc.dg/pr64434.c scan-rtl-dump-times expand "Swap operands" 1
WARNING: program timed out.
FAIL: gcc.dg/tree-ssa/ivopts-lt-2.c scan-tree-dump-times ivopts "PHI <p_" 1
FAIL: gcc.dg/tree-ssa/ivopts-lt-2.c scan-tree-dump-times ivopts "p_[0-9]* <" 1
=== gcc Summary ===
# of expected passes 70060
# of unexpected failures 11
# of expected failures 128
# of unsupported tests 1874
/test/gnu/gcc/objdir/gcc/xgcc version 6.0.0 20150510 (experimental) [trunk revision 222981] (GCC)
=== gfortran tests ===
Running target unix
FAIL: gfortran.dg/inline_matmul_3.f90 -O (test for excess errors)
UNRESOLVED: gfortran.dg/inline_matmul_3.f90 -O compilation failed to produce executable
UNRESOLVED: gfortran.dg/inline_matmul_3.f90 -O scan-tree-dump-times optimized "_gfortran_matmul" 8
FAIL: gfortran.dg/inline_matmul_4.f90 -O (test for excess errors)
UNRESOLVED: gfortran.dg/inline_matmul_4.f90 -O compilation failed to produce executable
UNRESOLVED: gfortran.dg/inline_matmul_4.f90 -O scan-tree-dump-times original "_gfortran_matmul" 4
UNRESOLVED: gfortran.dg/inline_matmul_4.f90 -O scan-tree-dump-times optimized "_gfortran_matmul" 0
=== gfortran Summary ===
# of expected passes 46752
# of unexpected failures 2
# of expected failures 80
# of unresolved testcases 5
# of unsupported tests 437
/test/gnu/gcc/objdir/gcc/testsuite/gfortran/../../gfortran version 6.0.0 20150510 (experimental) [trunk revision 222981] (GCC)
=== gnat tests ===
Running target unix
=== gnat Summary ===
# of expected passes 1301
# of expected failures 20
# of unsupported tests 21
/test/gnu/gcc/objdir/gcc/gnatmake version 6.0.0 20150510 (experimental) [trunk revision 222981]
=== obj-c++ tests ===
Running target unix
=== obj-c++ Summary ===
# of expected passes 1411
# of expected failures 2
# of unsupported tests 69
/test/gnu/gcc/objdir/gcc/testsuite/obj-c++/../../xg++ version 6.0.0 20150510 (experimental) [trunk revision 222981] (GCC)
=== objc tests ===
Running target unix
=== objc Summary ===
# of expected passes 2934
# of unsupported tests 67
/test/gnu/gcc/objdir/gcc/xgcc version 6.0.0 20150510 (experimental) [trunk revision 222981] (GCC)
=== boehm-gc tests ===
Running target unix
=== boehm-gc Summary ===
# of expected passes 12
# of unsupported tests 1
=== libatomic tests ===
Running target unix
=== libatomic Summary ===
# of expected passes 44
# of unsupported tests 5
=== libffi tests ===
Running target unix
=== libffi Summary ===
# of expected passes 1904
# of unsupported tests 35
=== libgomp tests ===
Running target unix
FAIL: libgomp.oacc-c/../libgomp.oacc-c-c++-common/lib-3.c -DACC_DEVICE_TYPE_host=1 -DACC_MEM_SHARED=1 output pattern test, is
FAIL: libgomp.oacc-c/../libgomp.oacc-c-c++-common/lib-42.c -DACC_DEVICE_TYPE_host=1 -DACC_MEM_SHARED=1 output pattern test, is , should match \\[[0-9a-fA-FxX]+,256\\] is not mapped
FAIL: libgomp.oacc-c/../libgomp.oacc-c-c++-common/lib-62.c -DACC_DEVICE_TYPE_host=1 -DACC_MEM_SHARED=1 output pattern test, is
FAIL: libgomp.oacc-c++/../libgomp.oacc-c-c++-common/lib-3.c -DACC_DEVICE_TYPE_host=1 -DACC_MEM_SHARED=1 output pattern test, is
FAIL: libgomp.oacc-c++/../libgomp.oacc-c-c++-common/lib-42.c -DACC_DEVICE_TYPE_host=1 -DACC_MEM_SHARED=1 output pattern test, is , should match \\[[0-9a-fA-FxX]+,256\\] is not mapped
FAIL: libgomp.oacc-c++/../libgomp.oacc-c-c++-common/lib-62.c -DACC_DEVICE_TYPE_host=1 -DACC_MEM_SHARED=1 output pattern test, is
=== libgomp Summary ===
# of expected passes 4648
# of unexpected failures 6
# of unsupported tests 251
=== libjava tests ===
Running target unix
FAIL: LargeFile execution - source compiled test
FAIL: LargeFile -findirect-dispatch execution - source compiled test
FAIL: LargeFile -O3 execution - source compiled test
FAIL: LargeFile -O3 -findirect-dispatch execution - source compiled test
XPASS: sourcelocation output - source compiled test
XPASS: sourcelocation -findirect-dispatch output - source compiled test
XPASS: sourcelocation -O3 output - source compiled test
XPASS: sourcelocation -O3 -findirect-dispatch output - source compiled test
=== libjava Summary ===
# of expected passes 2574
# of unexpected failures 4
# of unexpected successes 4
# of untested testcases 4
=== libstdc++ tests ===
Running target unix
=== libstdc++ Summary ===
# of expected passes 8688
# of expected failures 65
# of unsupported tests 1026
Compiler version: 6.0.0 20150510 (experimental) [trunk revision 222981] (GCC)
Platform: hppa2.0w-hp-hpux11.11
configure flags:Test Run By dave on Mon May 11 13:10:34 EDT 2015