This is the mail archive of the gcc-testresults@gcc.gnu.org mailing list for the GCC project.


Index Nav: [Date Index] [Subject Index] [Author Index] [Thread Index]
Message Nav: [Date Prev] [Date Next] [Thread Prev] [Thread Next]
Other format: [Raw text]

Results for 5.1.0 (GCC) testsuite on hppa2.0w-hp-hpux11.00


		=== acats tests ===
FAIL:	c761006
FAIL:	c974008
FAIL:	c974009

		=== acats Summary ===
# of expected passes		2317
# of unexpected failures	3
Native configuration is hppa2.0w-hp-hpux11.00

		=== g++ tests ===


Running target unix
FAIL: g++.dg/cpp0x/udlit-string-literal.C  -std=c++11 (test for excess errors)
FAIL: g++.dg/cpp0x/udlit-string-literal.C  -std=c++14 (test for excess errors)
WARNING: program timed out.
WARNING: program timed out.
FAIL: g++.dg/torture/pr65655.C   -O0  (test for excess errors)
WARNING: program timed out.
FAIL: g++.dg/torture/pr65655.C   -O1  (test for excess errors)
WARNING: program timed out.
FAIL: g++.dg/torture/pr65655.C   -O2  (test for excess errors)
WARNING: program timed out.
FAIL: g++.dg/torture/pr65655.C   -O3 -fomit-frame-pointer  (test for excess errors)
WARNING: program timed out.
FAIL: g++.dg/torture/pr65655.C   -O3 -g  (test for excess errors)
WARNING: program timed out.
FAIL: g++.dg/torture/pr65655.C   -Os  (test for excess errors)

		=== g++ Summary ===

# of expected passes		75369
# of unexpected failures	8
# of expected failures		274
# of unsupported tests		4078
/home/gnu/gcc/objdir/gcc/testsuite/g++/../../xg++  version 5.1.0 (GCC) 

		=== gcc tests ===


Running target unix
WARNING: program timed out.
FAIL: gcc.c-torture/compile/limits-structnest.c   -O2  (test for excess errors)
WARNING: program timed out.
FAIL: gcc.c-torture/compile/limits-structnest.c   -O3 -fomit-frame-pointer  (test for excess errors)
WARNING: program timed out.
FAIL: gcc.c-torture/compile/limits-structnest.c   -O3 -g  (test for excess errors)
WARNING: program timed out.
FAIL: gcc.c-torture/compile/limits-structnest.c   -Os  (test for excess errors)
FAIL: gcc.dg/atomic/c11-atomic-exec-5.c   -O0  execution test
FAIL: gcc.dg/atomic/c11-atomic-exec-5.c   -O1  execution test
FAIL: gcc.dg/atomic/c11-atomic-exec-5.c   -O2  execution test
FAIL: gcc.dg/atomic/c11-atomic-exec-5.c   -O3 -fomit-frame-pointer  execution test
FAIL: gcc.dg/atomic/c11-atomic-exec-5.c   -O3 -fomit-frame-pointer -funroll-loops  execution test
FAIL: gcc.dg/atomic/c11-atomic-exec-5.c   -O3 -fomit-frame-pointer -funroll-all-loops -finline-functions  execution test
FAIL: gcc.dg/atomic/c11-atomic-exec-5.c   -O3 -g  execution test
FAIL: gcc.dg/atomic/c11-atomic-exec-5.c   -Os  execution test
WARNING: program timed out.
FAIL: gcc.dg/c99-intconst-1.c (test for excess errors)
FAIL: gcc.dg/pr64434.c scan-rtl-dump-times expand "Swap operands" 1
WARNING: program timed out.
FAIL: gcc.dg/tree-ssa/ivopts-lt-2.c scan-tree-dump-times ivopts "PHI <p_" 1
FAIL: gcc.dg/tree-ssa/ivopts-lt-2.c scan-tree-dump-times ivopts "p_[0-9]* <" 1

		=== gcc Summary ===

# of expected passes		69843
# of unexpected failures	16
# of expected failures		124
# of unsupported tests		1876
/home/gnu/gcc/objdir/gcc/xgcc  version 5.1.0 (GCC) 

		=== gfortran tests ===


Running target unix

		=== gfortran Summary ===

# of expected passes		46479
# of expected failures		81
# of unsupported tests		437
/home/gnu/gcc/objdir/gcc/testsuite/gfortran/../../gfortran  version 5.1.0 (GCC) 

		=== gnat tests ===


Running target unix

		=== gnat Summary ===

# of expected passes		1301
# of expected failures		20
# of unsupported tests		21
/home/gnu/gcc/objdir/gcc/gnatmake version 5.1.0

		=== obj-c++ tests ===


Running target unix

		=== obj-c++ Summary ===

# of expected passes		1411
# of expected failures		2
# of unsupported tests		69
/home/gnu/gcc/objdir/gcc/testsuite/obj-c++/../../xg++  version 5.1.0 (GCC) 

		=== objc tests ===


Running target unix

		=== objc Summary ===

# of expected passes		2934
# of unsupported tests		67
/home/gnu/gcc/objdir/gcc/xgcc  version 5.1.0 (GCC) 

		=== boehm-gc tests ===


Running target unix
FAIL: boehm-gc.c/gctest.c -O2 (test for excess errors)
FAIL: boehm-gc.c/leak_test.c -O2 (test for excess errors)
FAIL: boehm-gc.c/middle.c -O2 (test for excess errors)
FAIL: boehm-gc.c/thread_leak_test.c -O2 (test for excess errors)
FAIL: boehm-gc.lib/staticrootstest.c -O2 (test for excess errors)

		=== boehm-gc Summary ===

# of expected passes		7
# of unexpected failures	5
# of unsupported tests		1
		=== libatomic tests ===


Running target unix

		=== libatomic Summary ===

# of expected passes		44
# of unsupported tests		5
		=== libffi tests ===


Running target unix
FAIL: libffi.call/float2.c -W -Wall -Wno-psabi -O0 (test for excess errors)
FAIL: libffi.call/float2.c -W -Wall -Wno-psabi -O2 (test for excess errors)
FAIL: libffi.call/float2.c -W -Wall -Wno-psabi -O3 (test for excess errors)
FAIL: libffi.call/float2.c -W -Wall -Wno-psabi -Os (test for excess errors)
FAIL: libffi.call/float2.c -W -Wall -Wno-psabi -O2 -fomit-frame-pointer (test for excess errors)

		=== libffi Summary ===

# of expected passes		1909
# of unexpected failures	5
# of unsupported tests		30
		=== libgomp tests ===


Running target unix

		=== libgomp Summary ===

# of expected passes		4608
# of unsupported tests		241
		=== libjava tests ===


Running target unix
FAIL: LargeFile execution - source compiled test
FAIL: LargeFile -findirect-dispatch execution - source compiled test
FAIL: LargeFile -O3 execution - source compiled test
FAIL: LargeFile -O3 -findirect-dispatch execution - source compiled test

		=== libjava Summary ===

# of expected passes		2574
# of unexpected failures	4
# of expected failures		4
# of untested testcases		4
		=== libstdc++ tests ===


Running target unix
FAIL: 21_strings/basic_string/literals/types.cc (test for excess errors)
FAIL: 21_strings/basic_string/literals/values.cc (test for excess errors)
UNRESOLVED: 21_strings/basic_string/literals/values.cc compilation failed to produce executable
FAIL: 22_locale/conversions/buffer/1.cc (test for excess errors)
UNRESOLVED: 22_locale/conversions/buffer/1.cc compilation failed to produce executable
FAIL: 22_locale/conversions/buffer/requirements/typedefs.cc (test for excess errors)
FAIL: 22_locale/conversions/string/1.cc (test for excess errors)
FAIL: 22_locale/conversions/string/2.cc (test for excess errors)
UNRESOLVED: 22_locale/conversions/string/2.cc compilation failed to produce executable
FAIL: 22_locale/conversions/string/3.cc (test for excess errors)
UNRESOLVED: 22_locale/conversions/string/3.cc compilation failed to produce executable
FAIL: 22_locale/conversions/string/requirements/typedefs-2.cc (test for excess errors)
FAIL: 22_locale/conversions/string/requirements/typedefs.cc (test for excess errors)
WARNING: program timed out.
FAIL: 23_containers/vector/bool/modifiers/insert/31370.cc execution test
FAIL: experimental/string_view/literals/types.cc (test for excess errors)
FAIL: experimental/string_view/literals/values.cc (test for excess errors)
UNRESOLVED: experimental/string_view/literals/values.cc compilation failed to produce executable

		=== libstdc++ Summary ===

# of expected passes		7564
# of unexpected failures	12
# of expected failures		64
# of unresolved testcases	5
# of unsupported tests		798

Compiler version: 5.1.0 (GCC) 
Platform: hppa2.0w-hp-hpux11.00
configure flags:Test Run By dave on Thu May  7 06:25:52 EDT 2015


Index Nav: [Date Index] [Subject Index] [Author Index] [Thread Index]
Message Nav: [Date Prev] [Date Next] [Thread Prev] [Thread Next]