This is the mail archive of the
gcc-testresults@gcc.gnu.org
mailing list for the GCC project.
Results for 4.9.2 (GCC) testsuite on s390-ibm-linux-gnu
- From: root at lslack32 dot lf-dev dot marist dot edu
- To: gcc-testresults at gcc dot gnu dot org
- Date: Tue, 12 May 2015 01:06:05 -0400
- Subject: Results for 4.9.2 (GCC) testsuite on s390-ibm-linux-gnu
- Authentication-results: sourceware.org; auth=none
LAST_UPDATED: Obtained from SVN: tags/gcc_4_9_2_release revision 216910
=== acats tests ===
FAIL: c52103x
FAIL: c52104x
=== acats Summary ===
# of expected passes 2318
# of unexpected failures 2
Native configuration is s390-ibm-linux-gnu
=== g++ tests ===
Running target unix
FAIL: g++.dg/other/anon5.C (test for excess errors)
FAIL: g++.dg/other/anon5.C (test for excess errors)
FAIL: g++.dg/other/anon5.C (test for excess errors)
=== g++ Summary ===
# of expected passes 83685
# of unexpected failures 3
# of expected failures 452
# of unsupported tests 3597
/gcc-a6adeee764a2e24ebf6ec416a9f43669/gcc.build.lnx/gcc/testsuite/g++/../../xg++ version 4.9.2 (GCC)
=== gcc tests ===
Running target unix
FAIL: gcc.dg/atomic/c11-atomic-exec-5.c execution test
FAIL: gcc.dg/atomic/c11-atomic-exec-5.c execution test
FAIL: gcc.dg/atomic/c11-atomic-exec-5.c execution test
FAIL: gcc.dg/atomic/c11-atomic-exec-5.c execution test
FAIL: gcc.dg/atomic/c11-atomic-exec-5.c execution test
FAIL: gcc.dg/debug/dwarf2/asm-line1.c scan-assembler is_stmt 1
FAIL: gcc.dg/debug/dwarf2/asm-line1.c scan-assembler is_stmt 1
FAIL: gcc.dg/debug/dwarf2/discriminator.c scan-assembler loc [0-9] 11 [0-9]( is_stmt [0-9])? discriminator 2\\n
FAIL: gcc.dg/debug/dwarf2/discriminator.c scan-assembler loc [0-9] 11 [0-9]( is_stmt [0-9])? discriminator 1\\n
FAIL: gcc.dg/debug/dwarf2/discriminator.c scan-assembler loc [0-9] 11 [0-9]( is_stmt [0-9])? discriminator 2\\n
FAIL: gcc.dg/debug/dwarf2/discriminator.c scan-assembler loc [0-9] 11 [0-9]( is_stmt [0-9])? discriminator 1\\n
FAIL: gcc.dg/c99-stdint-1.c (test for excess errors)
FAIL: gcc.dg/cproj-fails-with-broken-glibc.c execution test
FAIL: gcc.dg/hoist-register-pressure-1.c scan-rtl-dump hoist "PRE/HOIST: end of bb .* copying expression"
FAIL: gcc.dg/hoist-register-pressure-2.c scan-rtl-dump hoist "PRE/HOIST: end of bb .* copying expression"
FAIL: gcc.dg/hoist-register-pressure-3.c scan-rtl-dump hoist "PRE/HOIST: end of bb .* copying expression"
FAIL: gcc.dg/pr60797.c (test for errors, line 4)
FAIL: gcc.dg/pr60797.c (test for excess errors)
FAIL: gcc.dg/uninit-13.c unconditional (test for warnings, line 8)
FAIL: gcc.dg/uninit-13.c (test for excess errors)
FAIL: gcc.dg/torture/tls/run-gd.c (test for excess errors)
FAIL: gcc.dg/torture/tls/run-gd.c execution test
FAIL: gcc.dg/torture/tls/run-gd.c (test for excess errors)
FAIL: gcc.dg/torture/tls/run-gd.c execution test
FAIL: gcc.dg/torture/tls/run-gd.c (test for excess errors)
FAIL: gcc.dg/torture/tls/run-gd.c execution test
FAIL: gcc.dg/torture/tls/run-gd.c (test for excess errors)
FAIL: gcc.dg/torture/tls/run-gd.c execution test
FAIL: gcc.dg/torture/tls/run-gd.c (test for excess errors)
FAIL: gcc.dg/torture/tls/run-gd.c execution test
FAIL: gcc.dg/torture/tls/run-gd.c (test for excess errors)
FAIL: gcc.dg/torture/tls/run-gd.c execution test
FAIL: gcc.dg/torture/tls/run-gd.c (test for excess errors)
FAIL: gcc.dg/torture/tls/run-gd.c execution test
FAIL: gcc.dg/torture/tls/run-gd.c (test for excess errors)
FAIL: gcc.dg/torture/tls/run-gd.c execution test
FAIL: gcc.dg/torture/tls/run-gd.c (test for excess errors)
FAIL: gcc.dg/torture/tls/run-gd.c execution test
FAIL: gcc.dg/torture/tls/run-gd.c (test for excess errors)
FAIL: gcc.dg/torture/tls/run-gd.c execution test
FAIL: gcc.dg/torture/tls/run-gd.c (test for excess errors)
FAIL: gcc.dg/torture/tls/run-gd.c execution test
FAIL: gcc.dg/torture/tls/run-gd.c (test for excess errors)
FAIL: gcc.dg/torture/tls/run-gd.c execution test
FAIL: gcc.dg/torture/tls/run-gd.c (test for excess errors)
FAIL: gcc.dg/torture/tls/run-gd.c execution test
FAIL: gcc.dg/torture/tls/run-gd.c (test for excess errors)
FAIL: gcc.dg/torture/tls/run-gd.c execution test
FAIL: gcc.dg/torture/tls/run-gd.c (test for excess errors)
FAIL: gcc.dg/torture/tls/run-gd.c execution test
FAIL: gcc.dg/torture/tls/run-gd.c (test for excess errors)
FAIL: gcc.dg/torture/tls/run-gd.c execution test
FAIL: gcc.dg/torture/tls/run-ld.c (test for excess errors)
FAIL: gcc.dg/torture/tls/run-ld.c execution test
FAIL: gcc.dg/torture/tls/run-ld.c (test for excess errors)
FAIL: gcc.dg/torture/tls/run-ld.c execution test
FAIL: gcc.dg/torture/tls/run-ld.c (test for excess errors)
FAIL: gcc.dg/torture/tls/run-ld.c execution test
FAIL: gcc.dg/torture/tls/run-ld.c (test for excess errors)
FAIL: gcc.dg/torture/tls/run-ld.c execution test
FAIL: gcc.dg/torture/tls/run-ld.c (test for excess errors)
FAIL: gcc.dg/torture/tls/run-ld.c execution test
FAIL: gcc.dg/torture/tls/run-ld.c (test for excess errors)
FAIL: gcc.dg/torture/tls/run-ld.c execution test
FAIL: gcc.dg/torture/tls/run-ld.c (test for excess errors)
FAIL: gcc.dg/torture/tls/run-ld.c execution test
FAIL: gcc.dg/torture/tls/run-ld.c (test for excess errors)
FAIL: gcc.dg/torture/tls/run-ld.c execution test
FAIL: gcc.dg/torture/tls/run-ld.c (test for excess errors)
FAIL: gcc.dg/torture/tls/run-ld.c execution test
FAIL: gcc.dg/torture/tls/run-ld.c (test for excess errors)
FAIL: gcc.dg/torture/tls/run-ld.c execution test
FAIL: gcc.dg/torture/tls/run-ld.c (test for excess errors)
FAIL: gcc.dg/torture/tls/run-ld.c execution test
FAIL: gcc.dg/torture/tls/run-ld.c (test for excess errors)
FAIL: gcc.dg/torture/tls/run-ld.c execution test
FAIL: gcc.dg/torture/tls/run-ld.c (test for excess errors)
FAIL: gcc.dg/torture/tls/run-ld.c execution test
FAIL: gcc.dg/torture/tls/run-ld.c (test for excess errors)
FAIL: gcc.dg/torture/tls/run-ld.c execution test
FAIL: gcc.dg/torture/tls/run-ld.c (test for excess errors)
FAIL: gcc.dg/torture/tls/run-ld.c execution test
FAIL: gcc.dg/torture/tls/run-ld.c (test for excess errors)
FAIL: gcc.dg/torture/tls/run-ld.c execution test
XPASS: gcc.dg/tree-ssa/20040204-1.c scan-tree-dump-times optimized "link_error" 0
FAIL: gcc.target/s390/20140327-1.c (test for excess errors)
UNRESOLVED: gcc.target/s390/20140327-1.c scan-assembler ld
FAIL: gcc.target/s390/hotpatch-1.c (test for excess errors)
WARNING: gcc.target/s390/hotpatch-1.c compilation failed to produce executable
UNRESOLVED: gcc.target/s390/hotpatch-1.c scan-assembler-times nopr\\t%r7 12
UNRESOLVED: gcc.target/s390/hotpatch-1.c scan-assembler-times nop\\t0 1
FAIL: gcc.target/s390/hotpatch-10.c (test for excess errors)
WARNING: gcc.target/s390/hotpatch-10.c compilation failed to produce executable
UNRESOLVED: gcc.target/s390/hotpatch-10.c scan-assembler-times nopr\\t%r7 2
UNRESOLVED: gcc.target/s390/hotpatch-10.c scan-assembler-times nop\\t0 1
FAIL: gcc.target/s390/hotpatch-11.c (test for excess errors)
WARNING: gcc.target/s390/hotpatch-11.c compilation failed to produce executable
UNRESOLVED: gcc.target/s390/hotpatch-11.c scan-assembler-not nopr\\t%r7
UNRESOLVED: gcc.target/s390/hotpatch-11.c scan-assembler-not nop\\t0
FAIL: gcc.target/s390/hotpatch-12.c (test for excess errors)
WARNING: gcc.target/s390/hotpatch-12.c compilation failed to produce executable
UNRESOLVED: gcc.target/s390/hotpatch-12.c scan-assembler-times nopr\\t%r7 1
UNRESOLVED: gcc.target/s390/hotpatch-12.c scan-assembler-times nop\\t0 1
FAIL: gcc.target/s390/hotpatch-2.c (test for excess errors)
WARNING: gcc.target/s390/hotpatch-2.c compilation failed to produce executable
UNRESOLVED: gcc.target/s390/hotpatch-2.c scan-assembler-times nopr\\t%r7 1
UNRESOLVED: gcc.target/s390/hotpatch-2.c scan-assembler-times nop\\t0 1
FAIL: gcc.target/s390/hotpatch-3.c (test for excess errors)
WARNING: gcc.target/s390/hotpatch-3.c compilation failed to produce executable
UNRESOLVED: gcc.target/s390/hotpatch-3.c scan-assembler-not nopr\\t%r7
UNRESOLVED: gcc.target/s390/hotpatch-3.c scan-assembler-times nop\\t0 1
FAIL: gcc.target/s390/hotpatch-4.c (test for warnings, line 14)
FAIL: gcc.target/s390/hotpatch-4.c (test for warnings, line 17)
FAIL: gcc.target/s390/hotpatch-4.c (test for excess errors)
WARNING: gcc.target/s390/hotpatch-4.c compilation failed to produce executable
UNRESOLVED: gcc.target/s390/hotpatch-4.c scan-assembler-not nopr\\t%r7
UNRESOLVED: gcc.target/s390/hotpatch-4.c scan-assembler-not nop\\t0
FAIL: gcc.target/s390/hotpatch-5.c (test for excess errors)
WARNING: gcc.target/s390/hotpatch-5.c compilation failed to produce executable
UNRESOLVED: gcc.target/s390/hotpatch-5.c scan-assembler-times nopr\\t%r7 12
UNRESOLVED: gcc.target/s390/hotpatch-5.c scan-assembler-times nop\\t0 1
FAIL: gcc.target/s390/hotpatch-6.c (test for excess errors)
WARNING: gcc.target/s390/hotpatch-6.c compilation failed to produce executable
UNRESOLVED: gcc.target/s390/hotpatch-6.c scan-assembler-times nopr\\t%r7 1
UNRESOLVED: gcc.target/s390/hotpatch-6.c scan-assembler-times nop\\t0 1
FAIL: gcc.target/s390/hotpatch-7.c (test for excess errors)
WARNING: gcc.target/s390/hotpatch-7.c compilation failed to produce executable
UNRESOLVED: gcc.target/s390/hotpatch-7.c scan-assembler-not nopr\\t%r7
UNRESOLVED: gcc.target/s390/hotpatch-7.c scan-assembler-times nop\\t0 1
FAIL: gcc.target/s390/hotpatch-8.c (test for warnings, line 16)
FAIL: gcc.target/s390/hotpatch-8.c (test for warnings, line 19)
FAIL: gcc.target/s390/hotpatch-8.c (test for excess errors)
WARNING: gcc.target/s390/hotpatch-8.c compilation failed to produce executable
UNRESOLVED: gcc.target/s390/hotpatch-8.c scan-assembler-not nopr\\t%r7
UNRESOLVED: gcc.target/s390/hotpatch-8.c scan-assembler-not nop\\t0
FAIL: gcc.target/s390/hotpatch-9.c (test for excess errors)
WARNING: gcc.target/s390/hotpatch-9.c compilation failed to produce executable
UNRESOLVED: gcc.target/s390/hotpatch-9.c scan-assembler-times nopr\\t%r7 2
UNRESOLVED: gcc.target/s390/hotpatch-9.c scan-assembler-times nop\\t0 1
FAIL: gcc.target/s390/hotpatch-compile-1.c (test for warnings, line 19)
FAIL: gcc.target/s390/hotpatch-compile-1.c (test for warnings, line 22)
FAIL: gcc.target/s390/hotpatch-compile-1.c (test for excess errors)
WARNING: gcc.target/s390/hotpatch-compile-1.c compilation failed to produce executable
FAIL: gcc.target/s390/hotpatch-compile-2.c (test for warnings, line 19)
FAIL: gcc.target/s390/hotpatch-compile-2.c (test for warnings, line 22)
FAIL: gcc.target/s390/hotpatch-compile-2.c (test for excess errors)
WARNING: gcc.target/s390/hotpatch-compile-2.c compilation failed to produce executable
FAIL: gcc.target/s390/hotpatch-compile-3.c (test for warnings, line 19)
FAIL: gcc.target/s390/hotpatch-compile-3.c (test for warnings, line 22)
FAIL: gcc.target/s390/hotpatch-compile-3.c (test for excess errors)
WARNING: gcc.target/s390/hotpatch-compile-3.c compilation failed to produce executable
FAIL: gcc.target/s390/hotpatch-compile-5.c (test for errors, line 21)
FAIL: gcc.target/s390/hotpatch-compile-5.c (test for excess errors)
FAIL: gcc.target/s390/hotpatch-compile-7.c (test for warnings, line 22)
FAIL: gcc.target/s390/hotpatch-compile-7.c (test for warnings, line 25)
FAIL: gcc.target/s390/hotpatch-compile-7.c (test for warnings, line 41)
FAIL: gcc.target/s390/hotpatch-compile-7.c (test for warnings, line 44)
FAIL: gcc.target/s390/hotpatch-compile-7.c (test for warnings, line 60)
FAIL: gcc.target/s390/hotpatch-compile-7.c (test for warnings, line 63)
FAIL: gcc.target/s390/hotpatch-compile-7.c (test for excess errors)
WARNING: gcc.target/s390/hotpatch-compile-7.c compilation failed to produce executable
FAIL: gcc.target/s390/hotpatch-compile-8.c (test for warnings, line 10)
FAIL: gcc.target/s390/hotpatch-compile-8.c (test for warnings, line 14)
FAIL: gcc.target/s390/hotpatch-compile-8.c (test for excess errors)
WARNING: gcc.target/s390/hotpatch-compile-8.c compilation failed to produce executable
=== gcc Summary ===
# of expected passes 90552
# of unexpected failures 122
# of unexpected successes 1
# of expected failures 109
# of unresolved testcases 25
# of unsupported tests 1581
/gcc-a6adeee764a2e24ebf6ec416a9f43669/gcc.build.lnx/gcc/xgcc version 4.9.2 (GCC)
=== gfortran tests ===
Running target unix
=== gfortran Summary ===
# of expected passes 45007
# of expected failures 38
# of unsupported tests 248
/gcc-a6adeee764a2e24ebf6ec416a9f43669/gcc.build.lnx/gcc/testsuite/gfortran/../../gfortran version 4.9.2 (GCC)
=== gnat tests ===
Running target unix
FAIL: gnat.dg/memtrap.adb scan-assembler __gnat_begin_handler|__gnat_raise_nodefer
FAIL: gnat.dg/null_pointer_deref1.adb execution test
FAIL: gnat.dg/null_pointer_deref3.adb execution test
=== gnat Summary ===
# of expected passes 1213
# of unexpected failures 3
# of expected failures 18
# of unsupported tests 12
/gcc-a6adeee764a2e24ebf6ec416a9f43669/gcc.build.lnx/gcc/gnatmake version 4.9.2
=== go tests ===
Running target unix
FAIL: ./index0-out.go execution, -O0 -g -fno-var-tracking-assignments
FAIL: ./slice3-out.go execution, -O0 -g -fno-var-tracking-assignments
UNRESOLVED: go.test/test/235.go compilation, -O2 -g
UNRESOLVED: go.test/test/64bit.go (test for excess errors)
UNRESOLVED: go.test/test/chan/doubleselect.go compilation, -O2 -g
FAIL: go.test/test/chan/select3.go execution, -O2 -g
FAIL: go.test/test/chan/select3.go execution, -O2 -g
FAIL: go.test/test/closedchan.go execution, -O2 -g
FAIL: go.test/test/cmp.go execution, -O2 -g
FAIL: go.test/test/divmod.go execution, -O2 -g
FAIL: go.test/test/env.go execution, -O2 -g
FAIL: go.test/test/fixedbugs/bug113.go execution, -O2 -g
FAIL: go.test/test/fixedbugs/bug113.go execution, -O2 -g
FAIL: go.test/test/fixedbugs/bug148.go execution, -O2 -g
FAIL: go.test/test/fixedbugs/bug148.go execution, -O2 -g
FAIL: go.test/test/fixedbugs/bug266.go execution, -O2 -g
FAIL: go.test/test/fixedbugs/bug266.go execution, -O2 -g
FAIL: go.test/test/fixedbugs/bug272.go execution, -O2 -g
FAIL: go.test/test/fixedbugs/bug272.go execution, -O2 -g
FAIL: go.test/test/fixedbugs/bug273.go execution, -O2 -g
FAIL: go.test/test/fixedbugs/bug273.go execution, -O2 -g
FAIL: go.test/test/fixedbugs/bug324.dir/prog.go execution, -O2 -g
FAIL: go.test/test/fixedbugs/bug324.dir/prog.go execution, -O2 -g
FAIL: go.test/test/fixedbugs/bug347.go execution, -O0 -g
FAIL: go.test/test/fixedbugs/bug347.go execution, -O0 -g
FAIL: go.test/test/fixedbugs/bug348.go execution, -O0 -g
FAIL: go.test/test/fixedbugs/bug348.go execution, -O0 -g
FAIL: go.test/test/fixedbugs/bug444.go execution, -O2 -g
FAIL: go.test/test/fixedbugs/bug444.go execution, -O2 -g
FAIL: go.test/test/fixedbugs/issue4066.go execution, -O2 -g
FAIL: go.test/test/fixedbugs/issue4066.go execution, -O2 -g
FAIL: go.test/test/fixedbugs/issue4085b.go execution, -O2 -g
FAIL: go.test/test/fixedbugs/issue4085b.go execution, -O2 -g
FAIL: go.test/test/fixedbugs/issue4353.go execution, -O2 -g
FAIL: go.test/test/fixedbugs/issue4353.go execution, -O2 -g
FAIL: go.test/test/fixedbugs/issue4562.go execution, -O2 -g
FAIL: go.test/test/fixedbugs/issue4562.go execution, -O2 -g
FAIL: go.test/test/fixedbugs/issue6036.go (test for excess errors)
FAIL: go.test/test/fixedbugs/issue6036.go (test for excess errors)
FAIL: go.test/test/fixedbugs/issue6055.go execution, -O2 -g
FAIL: go.test/test/fixedbugs/issue6055.go execution, -O2 -g
UNRESOLVED: go.test/test/if.go compilation, -O2 -g
FAIL: go.test/test/interface/fail.go execution, -O2 -g
FAIL: go.test/test/interface/fail.go execution, -O2 -g
FAIL: go.test/test/interface/noeq.go execution, -O2 -g
FAIL: go.test/test/interface/noeq.go execution, -O2 -g
FAIL: go.test/test/interface/returntype.go execution, -O2 -g
FAIL: go.test/test/interface/returntype.go execution, -O2 -g
FAIL: go.test/test/ken/cplx2.go execution, -O2 -g
FAIL: go.test/test/ken/cplx2.go execution, -O2 -g
FAIL: go.test/test/method.go execution, -O2 -g
FAIL: go.test/test/method5.go execution, -O2 -g
FAIL: go.test/test/nil.go execution, -O2 -g
FAIL: go.test/test/nilptr.go execution, -O2 -g
FAIL: go.test/test/nilptr2.go execution, -O2 -g
UNRESOLVED: go.test/test/range.go compilation, -O2 -g
FAIL: go.test/test/recover.go execution, -O2 -g
FAIL: go.test/test/recover1.go execution, -O2 -g
FAIL: go.test/test/recover2.go execution, -O2 -g
FAIL: go.test/test/recover3.go execution, -O2 -g
ERROR: s390-ibm-linux-gnu: unhandled architecture
ERROR: s390-ibm-linux-gnu: unhandled architecture
ERROR: s390-ibm-linux-gnu: unhandled architecture
ERROR: s390-ibm-linux-gnu: unhandled architecture
ERROR: s390-ibm-linux-gnu: unhandled architecture
=== go Summary ===
# of expected passes 9785
# of unexpected failures 55
# of expected failures 2
# of untested testcases 10
# of unresolved testcases 5
/gcc-a6adeee764a2e24ebf6ec416a9f43669/gcc.build.lnx/gcc/testsuite/go/../../gccgo version 4.9.2 (GCC)
=== objc tests ===
Running target unix
=== objc Summary ===
# of expected passes 3302
# of unsupported tests 122
/gcc-a6adeee764a2e24ebf6ec416a9f43669/gcc.build.lnx/gcc/xgcc version 4.9.2 (GCC)
=== boehm-gc tests ===
Running target unix
FAIL: boehm-gc.c/trace_test.c (test for excess errors)
WARNING: boehm-gc.c/trace_test.c compilation failed to produce executable
=== boehm-gc Summary ===
# of expected passes 12
# of unexpected failures 1
=== libatomic tests ===
Running target unix
=== libatomic Summary ===
# of expected passes 44
# of unsupported tests 5
=== libffi tests ===
Running target unix
=== libffi Summary ===
# of expected passes 1819
# of unsupported tests 55
=== libgo tests ===
Running target unix
FAIL: bufio
FAIL: bytes
FAIL: fmt
FAIL: math
FAIL: net
FAIL: os
FAIL: reflect
FAIL: runtime
FAIL: sync
FAIL: syscall
FAIL: time
FAIL: crypto/cipher
FAIL: encoding/gob
FAIL: encoding/json
FAIL: html/template
FAIL: math/big
FAIL: net/http
FAIL: net/http/cgi
FAIL: net/rpc
FAIL: old/regexp
FAIL: old/template
FAIL: os/exec
FAIL: os/signal
FAIL: sync/atomic
FAIL: text/template
FAIL: text/template/parse
=== libgo Summary ===
# of expected passes 96
# of unexpected failures 26
/gcc-a6adeee764a2e24ebf6ec416a9f43669/gcc.build.lnx/./gcc/gccgo version 4.9.2 (GCC)
=== libgomp tests ===
Running target unix
=== libgomp Summary ===
# of expected passes 3196
# of unsupported tests 36
=== libitm tests ===
Running target unix
FAIL: libitm.c/dropref-2.c execution test
FAIL: libitm.c/dropref.c execution test
FAIL: libitm.c++/dropref.C execution test
FAIL: libitm.c++/static_ctor.C (test for excess errors)
WARNING: libitm.c++/static_ctor.C compilation failed to produce executable
=== libitm Summary ===
# of expected passes 26
# of unexpected failures 4
=== libjava tests ===
Running target unix
=== libjava Summary ===
# of expected passes 2582
# of expected failures 4
=== libstdc++ tests ===
Running target unix
FAIL: 27_io/basic_filebuf/seekoff/char/1-io.cc execution test
FAIL: 27_io/basic_filebuf/seekoff/char/1-io.cc execution test
FAIL: 27_io/basic_filebuf/seekoff/char/2-io.cc execution test
FAIL: 27_io/basic_filebuf/seekoff/char/2-io.cc execution test
FAIL: 27_io/basic_filebuf/seekpos/char/1-io.cc execution test
FAIL: 27_io/basic_filebuf/seekpos/char/1-io.cc execution test
FAIL: 27_io/basic_filebuf/seekpos/char/2-io.cc execution test
FAIL: 27_io/basic_filebuf/seekpos/char/2-io.cc execution test
=== libstdc++ Summary ===
# of expected passes 23129
# of unexpected failures 8
# of expected failures 83
# of unsupported tests 502
Compiler version: 4.9.2 (GCC)
Platform: s390-ibm-linux-gnu
configure flags: --prefix=/usr --libdir=/usr/lib --mandir=/usr/man --infodir=/usr/info --enable-shared --enable-bootstrap --enable-languages=ada,c,c++,fortran,go,java,lto,objc --enable-threads=posix --enable-checking=release --enable-objc-gc --with-system-zlib --with-python-dir=/lib/python2.7/site-packages --disable-libunwind-exceptions --enable-__cxa_atexit --enable-libssp --enable-lto --enable-install-libiberty --with-gnu-ld --verbose --enable-java-home --with-java-home=/usr/lib/jvm/jre --with-jvm-root-dir=/usr/lib/jvm --with-jvm-jar-dir=/usr/lib/jvm/jvm-exports --with-arch-directory=s390 --with-antlr-jar=/usr/src/slackware-current/testing/source/gcc492/antlr-runtime-3.4.jar --enable-java-awt=gtk --disable-gtktest --with-arch=g6 --target=s390-slackware-linux --build=s390-slackware-linux --host=s390-slackware-linux