This is the mail archive of the gcc-testresults@gcc.gnu.org mailing list for the GCC project.


Index Nav: [Date Index] [Subject Index] [Author Index] [Thread Index]
Message Nav: [Date Prev] [Date Next] [Thread Prev] [Thread Next]
Other format: [Raw text]

Results for 4.8.2 (GCC) testsuite on s390-ibm-linux-gnu


LAST_UPDATED: Obtained from SVN: tags/gcc_4_8_2_release revision 203690

		=== acats tests ===
FAIL:	c52103x
FAIL:	c52104x
FAIL:	c52104y

		=== acats Summary ===
# of expected passes		2317
# of unexpected failures	3
Native configuration is s390-ibm-linux-gnu

		=== g++ tests ===


Running target unix
FAIL: g++.dg/cpp0x/auto27.C (test for excess errors)
FAIL: g++.dg/cpp0x/variadic60.C (test for excess errors)
FAIL: g++.dg/ext/anon-struct4.C (test for excess errors)
FAIL: g++.dg/ext/visibility/anon8.C (test for excess errors)
FAIL: g++.dg/ext/visibility/anon8.C (test for excess errors)
FAIL: g++.dg/init/brace2.C (test for excess errors)
FAIL: g++.dg/init/brace6.C (test for excess errors)
FAIL: g++.dg/other/anon-union3.C (test for excess errors)
FAIL: g++.dg/other/anon3.C (test for excess errors)
FAIL: g++.dg/other/anon5.C (test for excess errors)
FAIL: g++.dg/other/anon5.C (test for excess errors)
FAIL: g++.dg/parse/error11.C (test for excess errors)
FAIL: g++.dg/parse/error12.C (test for excess errors)
FAIL: g++.dg/parse/template21.C (test for excess errors)
FAIL: g++.dg/parse/tmpl-outside1.C (test for excess errors)
FAIL: g++.dg/parse/tmpl-outside2.C (test for excess errors)
FAIL: g++.dg/template/arg2.C (test for excess errors)
FAIL: g++.dg/template/nontype25.C (test for excess errors)
FAIL: g++.dg/template/qualttp18.C (test for excess errors)
FAIL: g++.dg/warn/format8.C (test for excess errors)
FAIL: g++.old-deja/g++.brendan/cvt1.C (test for excess errors)
FAIL: g++.old-deja/g++.brendan/enum11.C (test for excess errors)
FAIL: g++.old-deja/g++.brendan/enum8.C (test for excess errors)
FAIL: g++.old-deja/g++.brendan/enum9.C (test for excess errors)
FAIL: g++.old-deja/g++.brendan/friend3.C (test for excess errors)
FAIL: g++.old-deja/g++.brendan/init2.C (test for excess errors)
FAIL: g++.old-deja/g++.brendan/init4.C (test for excess errors)
FAIL: g++.old-deja/g++.brendan/misc14.C (test for excess errors)
FAIL: g++.old-deja/g++.jason/cond.C (test for excess errors)
FAIL: g++.old-deja/g++.law/init1.C (test for excess errors)
FAIL: g++.old-deja/g++.law/operators32.C (test for excess errors)
FAIL: g++.old-deja/g++.other/linkage4.C (test for excess errors)
FAIL: g++.old-deja/g++.other/using3.C (test for excess errors)
FAIL: g++.old-deja/g++.pt/enum6.C (test for excess errors)
FAIL: g++.old-deja/g++.pt/explicit70.C (test for excess errors)
FAIL: g++.old-deja/g++.pt/memtemp87.C (test for excess errors)
FAIL: g++.old-deja/g++.pt/overload13.C (test for excess errors)
FAIL: g++.old-deja/g++.pt/ptrmem6.C (test for excess errors)

		=== g++ Summary ===

# of expected passes		52935
# of unexpected failures	38
# of expected failures		294
# of unsupported tests		1259
/gcc-a6adeee764a2e24ebf6ec416a9f43669/gcc.build.lnx/gcc/testsuite/g++/../../xg++  version 4.8.2 (GCC) 

		=== gcc tests ===


Running target unix
FAIL: gcc.dg/debug/dwarf2/asm-line1.c scan-assembler is_stmt 1
FAIL: gcc.dg/debug/dwarf2/asm-line1.c scan-assembler is_stmt 1
FAIL: gcc.dg/c99-stdint-1.c (test for excess errors)
FAIL: gcc.dg/cproj-fails-with-broken-glibc.c execution test
FAIL: gcc.dg/hoist-register-pressure-1.c scan-rtl-dump hoist "PRE/HOIST: end of bb .* copying expression"
FAIL: gcc.dg/hoist-register-pressure-2.c scan-rtl-dump hoist "PRE/HOIST: end of bb .* copying expression"
FAIL: gcc.dg/hoist-register-pressure-3.c scan-rtl-dump hoist "PRE/HOIST: end of bb .* copying expression"
FAIL: gcc.dg/uninit-13.c unconditional (test for warnings, line 8)
FAIL: gcc.dg/uninit-13.c (test for excess errors)
FAIL: gcc.dg/torture/tls/run-gd.c (test for excess errors)
FAIL: gcc.dg/torture/tls/run-gd.c execution test
FAIL: gcc.dg/torture/tls/run-gd.c (test for excess errors)
FAIL: gcc.dg/torture/tls/run-gd.c execution test
FAIL: gcc.dg/torture/tls/run-gd.c (test for excess errors)
FAIL: gcc.dg/torture/tls/run-gd.c execution test
FAIL: gcc.dg/torture/tls/run-gd.c (test for excess errors)
FAIL: gcc.dg/torture/tls/run-gd.c execution test
FAIL: gcc.dg/torture/tls/run-gd.c (test for excess errors)
FAIL: gcc.dg/torture/tls/run-gd.c execution test
FAIL: gcc.dg/torture/tls/run-gd.c (test for excess errors)
FAIL: gcc.dg/torture/tls/run-gd.c execution test
FAIL: gcc.dg/torture/tls/run-gd.c (test for excess errors)
FAIL: gcc.dg/torture/tls/run-gd.c execution test
FAIL: gcc.dg/torture/tls/run-gd.c (test for excess errors)
FAIL: gcc.dg/torture/tls/run-gd.c execution test
FAIL: gcc.dg/torture/tls/run-ld.c (test for excess errors)
FAIL: gcc.dg/torture/tls/run-ld.c execution test
FAIL: gcc.dg/torture/tls/run-ld.c (test for excess errors)
FAIL: gcc.dg/torture/tls/run-ld.c execution test
FAIL: gcc.dg/torture/tls/run-ld.c (test for excess errors)
FAIL: gcc.dg/torture/tls/run-ld.c execution test
FAIL: gcc.dg/torture/tls/run-ld.c (test for excess errors)
FAIL: gcc.dg/torture/tls/run-ld.c execution test
FAIL: gcc.dg/torture/tls/run-ld.c (test for excess errors)
FAIL: gcc.dg/torture/tls/run-ld.c execution test
FAIL: gcc.dg/torture/tls/run-ld.c (test for excess errors)
FAIL: gcc.dg/torture/tls/run-ld.c execution test
FAIL: gcc.dg/torture/tls/run-ld.c (test for excess errors)
FAIL: gcc.dg/torture/tls/run-ld.c execution test
FAIL: gcc.dg/torture/tls/run-ld.c (test for excess errors)
FAIL: gcc.dg/torture/tls/run-ld.c execution test
FAIL: gcc.dg/torture/tls/run-gd.c (test for excess errors)
FAIL: gcc.dg/torture/tls/run-gd.c execution test
FAIL: gcc.dg/torture/tls/run-gd.c (test for excess errors)
FAIL: gcc.dg/torture/tls/run-gd.c execution test
FAIL: gcc.dg/torture/tls/run-gd.c (test for excess errors)
FAIL: gcc.dg/torture/tls/run-gd.c execution test
FAIL: gcc.dg/torture/tls/run-gd.c (test for excess errors)
FAIL: gcc.dg/torture/tls/run-gd.c execution test
FAIL: gcc.dg/torture/tls/run-gd.c (test for excess errors)
FAIL: gcc.dg/torture/tls/run-gd.c execution test
FAIL: gcc.dg/torture/tls/run-gd.c (test for excess errors)
FAIL: gcc.dg/torture/tls/run-gd.c execution test
FAIL: gcc.dg/torture/tls/run-gd.c (test for excess errors)
FAIL: gcc.dg/torture/tls/run-gd.c execution test
FAIL: gcc.dg/torture/tls/run-gd.c (test for excess errors)
FAIL: gcc.dg/torture/tls/run-gd.c execution test
FAIL: gcc.dg/torture/tls/run-ld.c (test for excess errors)
FAIL: gcc.dg/torture/tls/run-ld.c execution test
FAIL: gcc.dg/torture/tls/run-ld.c (test for excess errors)
FAIL: gcc.dg/torture/tls/run-ld.c execution test
FAIL: gcc.dg/torture/tls/run-ld.c (test for excess errors)
FAIL: gcc.dg/torture/tls/run-ld.c execution test
FAIL: gcc.dg/torture/tls/run-ld.c (test for excess errors)
FAIL: gcc.dg/torture/tls/run-ld.c execution test
FAIL: gcc.dg/torture/tls/run-ld.c (test for excess errors)
FAIL: gcc.dg/torture/tls/run-ld.c execution test
FAIL: gcc.dg/torture/tls/run-ld.c (test for excess errors)
FAIL: gcc.dg/torture/tls/run-ld.c execution test
FAIL: gcc.dg/torture/tls/run-ld.c (test for excess errors)
FAIL: gcc.dg/torture/tls/run-ld.c execution test
FAIL: gcc.dg/torture/tls/run-ld.c (test for excess errors)
FAIL: gcc.dg/torture/tls/run-ld.c execution test
XPASS: gcc.dg/tree-ssa/20040204-1.c scan-tree-dump-times optimized "link_error" 0
FAIL: gcc.target/s390/htm-nofloat-2.c (test for excess errors)
WARNING: gcc.target/s390/htm-nofloat-2.c compilation failed to produce executable

		=== gcc Summary ===

# of expected passes		85728
# of unexpected failures	74
# of unexpected successes	1
# of expected failures		112
# of unsupported tests		1444
/gcc-a6adeee764a2e24ebf6ec416a9f43669/gcc.build.lnx/gcc/xgcc  version 4.8.2 (GCC) 

		=== gfortran tests ===


Running target unix

		=== gfortran Summary ===

# of expected passes		42662
# of expected failures		42
# of unsupported tests		246
/gcc-a6adeee764a2e24ebf6ec416a9f43669/gcc.build.lnx/gcc/testsuite/gfortran/../../gfortran  version 4.8.2 (GCC) 

		=== gnat tests ===


Running target unix

		=== gnat Summary ===

# of expected passes		1154
# of expected failures		17
# of unsupported tests		11
/gcc-a6adeee764a2e24ebf6ec416a9f43669/gcc.build.lnx/gcc/gnatmake version 4.8.2

		=== go tests ===


Running target unix
ERROR: s390-ibm-linux-gnu: unhandled architecture
UNRESOLVED: go.test/test/235.go compilation,  -O2 -g 
FAIL: go.test/test/chan/select3.go execution,  -O2 -g 
FAIL: go.test/test/chan/select3.go execution,  -O2 -g 
FAIL: go.test/test/closedchan.go execution,  -O2 -g 
FAIL: go.test/test/cmp.go execution,  -O2 -g 
FAIL: go.test/test/env.go execution,  -O2 -g 
FAIL: go.test/test/fixedbugs/bug113.go execution,  -O2 -g 
FAIL: go.test/test/fixedbugs/bug113.go execution,  -O2 -g 
FAIL: go.test/test/fixedbugs/bug148.go execution,  -O2 -g 
FAIL: go.test/test/fixedbugs/bug148.go execution,  -O2 -g 
FAIL: go.test/test/fixedbugs/bug266.go execution,  -O2 -g 
FAIL: go.test/test/fixedbugs/bug266.go execution,  -O2 -g 
FAIL: go.test/test/fixedbugs/bug272.go execution,  -O2 -g 
FAIL: go.test/test/fixedbugs/bug272.go execution,  -O2 -g 
FAIL: go.test/test/fixedbugs/bug273.go execution,  -O2 -g 
FAIL: go.test/test/fixedbugs/bug273.go execution,  -O2 -g 
FAIL: go.test/test/fixedbugs/bug324.go
FAIL: go.test/test/fixedbugs/bug324.go
FAIL: go.test/test/fixedbugs/bug347.go execution,  -O0 -g 
FAIL: go.test/test/fixedbugs/bug347.go execution,  -O0 -g 
FAIL: go.test/test/fixedbugs/bug348.go execution,  -O0 -g 
FAIL: go.test/test/fixedbugs/bug348.go execution,  -O0 -g 
FAIL: go.test/test/fixedbugs/bug444.go execution,  -O2 -g 
FAIL: go.test/test/fixedbugs/bug444.go execution,  -O2 -g 
FAIL: ./index0-out.go execution,  -O0 -g -fno-var-tracking-assignments 
FAIL: go.test/test/interface/fail.go execution,  -O2 -g 
FAIL: go.test/test/interface/fail.go execution,  -O2 -g 
FAIL: go.test/test/interface/noeq.go execution,  -O2 -g 
FAIL: go.test/test/interface/noeq.go execution,  -O2 -g 
FAIL: go.test/test/interface/returntype.go execution,  -O2 -g 
FAIL: go.test/test/interface/returntype.go execution,  -O2 -g 
FAIL: go.test/test/nil.go execution,  -O2 -g 
FAIL: go.test/test/nilptr.go execution,  -O2 -g 
FAIL: go.test/test/recover.go execution,  -O2 -g 
FAIL: go.test/test/recover1.go execution,  -O2 -g 
FAIL: go.test/test/recover2.go execution,  -O2 -g 
FAIL: go.test/test/recover3.go execution,  -O2 -g 
FAIL: go.test/test/reorder.go execution,  -O2 -g 

		=== go Summary ===

# of expected passes		6304
# of unexpected failures	37
# of expected failures		2
# of unresolved testcases	1
# of untested testcases		6
/gcc-a6adeee764a2e24ebf6ec416a9f43669/gcc.build.lnx/gcc/testsuite/go/../../gccgo  version 4.8.2 (GCC) 

		=== objc tests ===


Running target unix

		=== objc Summary ===

# of expected passes		3302
# of unsupported tests		122
/gcc-a6adeee764a2e24ebf6ec416a9f43669/gcc.build.lnx/gcc/xgcc  version 4.8.2 (GCC) 

		=== boehm-gc tests ===


Running target unix
FAIL: boehm-gc.c/trace_test.c (test for excess errors)
WARNING: boehm-gc.c/trace_test.c compilation failed to produce executable

		=== boehm-gc Summary ===

# of expected passes		12
# of unexpected failures	1
		=== libatomic tests ===


Running target unix

		=== libatomic Summary ===

# of expected passes		34
# of unsupported tests		10
		=== libffi tests ===


Running target unix

		=== libffi Summary ===

# of expected passes		1819
# of unsupported tests		55
		=== libgo tests ===


Running target unix
FAIL: bufio
FAIL: fmt
FAIL: math
FAIL: reflect
FAIL: runtime
FAIL: sync
FAIL: time
FAIL: crypto/cipher
FAIL: encoding/gob
FAIL: encoding/json
FAIL: html/template
FAIL: math/big
FAIL: net/http
FAIL: net/rpc
FAIL: old/regexp
FAIL: old/template
FAIL: sync/atomic
FAIL: text/template
FAIL: text/template/parse

		=== libgo Summary ===

# of expected passes		103
# of unexpected failures	19
/gcc-a6adeee764a2e24ebf6ec416a9f43669/gcc.build.lnx/./gcc/gccgo version 4.8.2 (GCC)

		=== libgomp tests ===


Running target unix

		=== libgomp Summary ===

# of expected passes		3005
# of unsupported tests		1
		=== libitm tests ===


Running target unix
FAIL: libitm.c/dropref-2.c execution test
FAIL: libitm.c/dropref.c execution test
FAIL: libitm.c/simple-2.c execution test
FAIL: libitm.c++/dropref.C execution test
FAIL: libitm.c++/static_ctor.C (test for excess errors)
WARNING: libitm.c++/static_ctor.C compilation failed to produce executable

		=== libitm Summary ===

# of expected passes		25
# of unexpected failures	5
		=== libjava tests ===


Running target unix
FAIL: sourcelocation output - source compiled test
FAIL: sourcelocation -findirect-dispatch output - source compiled test
FAIL: sourcelocation -O3 output - source compiled test
FAIL: sourcelocation -O3 -findirect-dispatch output - source compiled test

		=== libjava Summary ===

# of expected passes		2582
# of unexpected failures	4
		=== libmudflap tests ===


Running target unix
FAIL: libmudflap.c/fail17-frag.c (-static) (test for excess errors)
FAIL: libmudflap.c/fail23-frag.c (-static) (test for excess errors)
FAIL: libmudflap.c/fail25-frag.c (-static) (test for excess errors)
FAIL: libmudflap.c/fail4-frag.c (-static) (test for excess errors)
FAIL: libmudflap.c/fail5-frag.c (-static) (test for excess errors)
FAIL: libmudflap.c/fail6-frag.c (-static) (test for excess errors)
FAIL: libmudflap.c/fail7-frag.c (-static) (test for excess errors)
FAIL: libmudflap.c/fail8-frag.c (-static) (test for excess errors)
FAIL: libmudflap.c/fail9-frag.c (-static) (test for excess errors)
FAIL: libmudflap.c/heap-scalestress.c (-static) (test for excess errors)
FAIL: libmudflap.c/hook-allocstuff.c (-static) (test for excess errors)
FAIL: libmudflap.c/pass-stratcliff.c (-static) (test for excess errors)
FAIL: libmudflap.c/pass30-frag.c (-static) (test for excess errors)
FAIL: libmudflap.c/pass30-frag.c (-static) (test for excess errors)
FAIL: libmudflap.c/pass4-frag.c (-static) (test for excess errors)
FAIL: libmudflap.c/pass4-frag.c (-static) (test for excess errors)
FAIL: libmudflap.c/pass45-frag.c (-static) (test for excess errors)
FAIL: libmudflap.c/pass45-frag.c (-static) (test for excess errors)
FAIL: libmudflap.c/pass46-frag.c (-static) (test for excess errors)
FAIL: libmudflap.c/pass46-frag.c (-static) (test for excess errors)
FAIL: libmudflap.c/pass47-frag.c (-static) (test for excess errors)
FAIL: libmudflap.c/pass47-frag.c (-static) (test for excess errors)
FAIL: libmudflap.c/pass49-frag.c (-static) (test for excess errors)
FAIL: libmudflap.c/pass49-frag.c (-static) (test for excess errors)
FAIL: libmudflap.c/pass5-frag.c (-static) (test for excess errors)
FAIL: libmudflap.c/pass5-frag.c (-static) (test for excess errors)
FAIL: libmudflap.c/pass51-frag.c (-static) (test for excess errors)
FAIL: libmudflap.c/pass51-frag.c (-static) (test for excess errors)
FAIL: libmudflap.c/pass52-frag.c (-static) (test for excess errors)
FAIL: libmudflap.c/pass52-frag.c (-static) (test for excess errors)
FAIL: libmudflap.c/pass6-frag.c (-static) (test for excess errors)
FAIL: libmudflap.c/pass6-frag.c (-static) (test for excess errors)
FAIL: libmudflap.c/pass7-frag.c (-static) (test for excess errors)
FAIL: libmudflap.c/pass7-frag.c (-static) (test for excess errors)
FAIL: libmudflap.c/pass8-frag.c (-static) (test for excess errors)
FAIL: libmudflap.c/pass8-frag.c (-static) (test for excess errors)
FAIL: libmudflap.c/pass9-frag.c (-static) (test for excess errors)
FAIL: libmudflap.c/pass9-frag.c (-static) (test for excess errors)
FAIL: libmudflap.c++/fail24-frag.cxx (-static) (test for excess errors)
FAIL: libmudflap.c++/pass31-frag.cxx (-static) (test for excess errors)
FAIL: libmudflap.c++/pass41-frag.cxx (-static) execution test
FAIL: libmudflap.c++/pass41-frag.cxx ( -O) execution test
FAIL: libmudflap.c++/pass41-frag.cxx (-O2) execution test
FAIL: libmudflap.c++/pass41-frag.cxx (-O3) execution test
FAIL: libmudflap.cth/pass37-frag.c (-static -DSTATIC) (test for excess errors)
FAIL: libmudflap.cth/pass39-frag.c (-static -DSTATIC) (test for excess errors)
FAIL: libmudflap.cth/pass40-frag.c (-static -DSTATIC) (test for excess errors)
FAIL: libmudflap.cth/pass59-frag.c (-static -DSTATIC) (test for excess errors)

		=== libmudflap Summary ===

# of expected passes		1858
# of unexpected failures	48
		=== libstdc++ tests ===


Running target unix
FAIL: 27_io/basic_filebuf/seekoff/char/1-io.cc execution test
FAIL: 27_io/basic_filebuf/seekoff/char/1-io.cc execution test
FAIL: 27_io/basic_filebuf/seekoff/char/2-io.cc execution test
FAIL: 27_io/basic_filebuf/seekoff/char/2-io.cc execution test
FAIL: 27_io/basic_filebuf/seekpos/char/1-io.cc execution test
FAIL: 27_io/basic_filebuf/seekpos/char/1-io.cc execution test
FAIL: 27_io/basic_filebuf/seekpos/char/2-io.cc execution test
FAIL: 27_io/basic_filebuf/seekpos/char/2-io.cc execution test
FAIL: ext/pool_allocator/allocate_chunk.cc execution test

		=== libstdc++ Summary ===

# of expected passes		21375
# of unexpected failures	9
# of expected failures		94
# of unsupported tests		478

Compiler version: 4.8.2 (GCC) 
Platform: s390-ibm-linux-gnu
configure flags: --prefix=/usr --libdir=/usr/lib --mandir=/usr/man --infodir=/usr/info --enable-shared --enable-bootstrap --enable-languages=ada,c,c++,fortran,go,java,lto,objc --enable-threads=posix --enable-checking=release --enable-objc-gc --with-system-zlib --with-python-dir=/lib/python2.7/site-packages --disable-libunwind-exceptions --enable-__cxa_atexit --enable-libssp --enable-lto --with-gnu-ld --verbose --enable-java-home --with-java-home=/usr/lib/jvm/jre --with-jvm-root-dir=/usr/lib/jvm --with-jvm-jar-dir=/usr/lib/jvm/jvm-exports --with-arch-directory=s390 --with-antlr-jar=/usr/src/slackware-current/testing/source/gcc482/antlr-runtime-3.4.jar --enable-java-awt=gtk --disable-gtktest --with-arch=g6 --target=s390-slackware-linux --build=s390-slackware-linux --host=s390-slackware-linux


Index Nav: [Date Index] [Subject Index] [Author Index] [Thread Index]
Message Nav: [Date Prev] [Date Next] [Thread Prev] [Thread Next]