This is the mail archive of the
gcc-testresults@gcc.gnu.org
mailing list for the GCC project.
Results for 6.0.0 20150506 (Wed May 6 20:09:07 PDT 2015 build.sh rev=1229 s=FCtrunk -FSF t=DGNOBOARD NLAe600 -V nightly_NLAe600) (GCC) testsuite on powerpc-unknown-linux-gnualtivec
- From: "rohitarulraj at freescale dot com" <rohitarulraj at freescale dot com>
- To: "gcc-testresults at gcc dot gnu dot org" <gcc-testresults at gcc dot gnu dot org>
- Date: Fri, 8 May 2015 07:08:39 +0000
- Subject: Results for 6.0.0 20150506 (Wed May 6 20:09:07 PDT 2015 build.sh rev=1229 s=FCtrunk -FSF t=DGNOBOARD NLAe600 -V nightly_NLAe600) (GCC) testsuite on powerpc-unknown-linux-gnualtivec
- Authentication-results: sourceware.org; auth=none
- Authentication-results: gcc.gnu.org; dkim=none (message not signed) header.d=none;
- References: <201505070626 dot t476Qh3W019809 at localhost dot localdomain>
Native configuration is powerpc-unknown-linux-gnualtivec
=== gcc tests ===
Running target unix
FAIL: gcc.c-torture/compile/c1.c -O2 -flto -fno-use-linker-plugin -flto-partition=none (test for excess errors)
FAIL: gcc.c-torture/compile/c1.c -O3 -fomit-frame-pointer (test for excess errors)
FAIL: gcc.c-torture/compile/c1.c -O3 -g (test for excess errors)
FAIL: gcc.c-torture/compile/c1.c -Os (test for excess errors)
FAIL: c-c++-common/asan/misalign-1.c -O0 output pattern test, is =================================================================
FAIL: c-c++-common/asan/misalign-1.c -O1 output pattern test, is =================================================================
FAIL: c-c++-common/asan/misalign-1.c -O2 output pattern test, is =================================================================
FAIL: c-c++-common/asan/misalign-1.c -O2 -flto -fno-use-linker-plugin -flto-partition=none output pattern test, is =================================================================
FAIL: c-c++-common/asan/misalign-1.c -O2 -flto -fuse-linker-plugin -fno-fat-lto-objects output pattern test, is =================================================================
FAIL: c-c++-common/asan/misalign-1.c -O3 -fomit-frame-pointer output pattern test, is =================================================================
FAIL: c-c++-common/asan/misalign-1.c -O3 -g output pattern test, is =================================================================
FAIL: c-c++-common/asan/misalign-1.c -Os output pattern test, is =================================================================
FAIL: c-c++-common/asan/misalign-2.c -O0 output pattern test, is =================================================================
FAIL: c-c++-common/asan/misalign-2.c -O1 output pattern test, is =================================================================
FAIL: c-c++-common/asan/misalign-2.c -O2 output pattern test, is =================================================================
FAIL: c-c++-common/asan/misalign-2.c -O2 -flto -fno-use-linker-plugin -flto-partition=none output pattern test, is =================================================================
FAIL: c-c++-common/asan/misalign-2.c -O2 -flto -fuse-linker-plugin -fno-fat-lto-objects output pattern test, is =================================================================
FAIL: c-c++-common/asan/misalign-2.c -O3 -fomit-frame-pointer output pattern test, is =================================================================
FAIL: c-c++-common/asan/misalign-2.c -O3 -g output pattern test, is =================================================================
FAIL: c-c++-common/asan/misalign-2.c -Os output pattern test, is =================================================================
FAIL: c-c++-common/asan/null-deref-1.c -O0 output pattern test, is ASAN:SIGSEGV
FAIL: c-c++-common/asan/null-deref-1.c -O1 output pattern test, is ASAN:SIGSEGV
FAIL: c-c++-common/asan/null-deref-1.c -O2 output pattern test, is ASAN:SIGSEGV
FAIL: c-c++-common/asan/null-deref-1.c -O2 -flto -fno-use-linker-plugin -flto-partition=none output pattern test, is ASAN:SIGSEGV
FAIL: c-c++-common/asan/null-deref-1.c -O2 -flto -fuse-linker-plugin -fno-fat-lto-objects output pattern test, is ASAN:SIGSEGV
FAIL: c-c++-common/asan/null-deref-1.c -O3 -fomit-frame-pointer output pattern test, is ASAN:SIGSEGV
FAIL: c-c++-common/asan/null-deref-1.c -O3 -g output pattern test, is ASAN:SIGSEGV
FAIL: c-c++-common/asan/null-deref-1.c -Os output pattern test, is ASAN:SIGSEGV
FAIL: tmpdir-gcc.dg-struct-layout-1/t024 c_compat_x_tst.o-c_compat_y_tst.o execute
FAIL: gcc.dg/20021014-1.c execution test
FAIL: gcc.dg/aru-2.c execution test
FAIL: gcc.dg/nest.c execution test
FAIL: gcc.dg/nested-func-4.c execution test
FAIL: gcc.dg/pr32450.c execution test
FAIL: gcc.dg/pr43643.c execution test
FAIL: gcc.dg/sms-8.c scan-rtl-dump-times sms "SMS succeeded" 0
FAIL: gcc.dg/tree-ssa/ivopts-lt-2.c scan-tree-dump-times ivopts "PHI <p_" 1
FAIL: gcc.dg/tree-ssa/ivopts-lt-2.c scan-tree-dump-times ivopts "PHI" 1
FAIL: gcc.dg/tree-ssa/ivopts-lt-2.c scan-tree-dump-times ivopts "p_[0-9]* <" 1
FAIL: gcc.dg/tree-ssa/sra-12.c scan-tree-dump-times release_ssa "l;" 0
FAIL: gcc.dg/vect/costmodel/ppc/costmodel-vect-31a.c scan-tree-dump-times vect "vectorization not profitable" 1
FAIL: gcc.dg/vect/costmodel/ppc/costmodel-vect-33.c scan-tree-dump-times vect "vectorization not profitable" 1
FAIL: gcc.dg/vect/no-vfa-vect-depend-2.c scan-tree-dump-times vect "vectorized 1 loops" 1
FAIL: gcc.dg/vect/no-vfa-vect-depend-3.c scan-tree-dump-times vect "vectorized 1 loops" 4
FAIL: gcc.dg/vect/vect-31.c -flto -ffat-lto-objects scan-tree-dump-times vect "vectorized 4 loops" 1
FAIL: gcc.dg/vect/vect-31.c scan-tree-dump-times vect "vectorized 4 loops" 1
FAIL: gcc.dg/vmx/extract-vsx-be-order.c -O0 (test for excess errors)
UNRESOLVED: gcc.dg/vmx/extract-vsx-be-order.c -O0 compilation failed to produce executable
FAIL: gcc.dg/vmx/extract-vsx.c -O0 (test for excess errors)
UNRESOLVED: gcc.dg/vmx/extract-vsx.c -O0 compilation failed to produce executable
FAIL: gcc.dg/vmx/ld-vsx-be-order.c -O0 (test for excess errors)
UNRESOLVED: gcc.dg/vmx/ld-vsx-be-order.c -O0 compilation failed to produce executable
FAIL: gcc.dg/vmx/ld-vsx.c -O0 (test for excess errors)
UNRESOLVED: gcc.dg/vmx/ld-vsx.c -O0 compilation failed to produce executable
FAIL: gcc.dg/vmx/ldl-vsx-be-order.c -O0 (test for excess errors)
UNRESOLVED: gcc.dg/vmx/ldl-vsx-be-order.c -O0 compilation failed to produce executable
FAIL: gcc.dg/vmx/ldl-vsx.c -O0 (test for excess errors)
UNRESOLVED: gcc.dg/vmx/ldl-vsx.c -O0 compilation failed to produce executable
FAIL: gcc.dg/vmx/merge-vsx-be-order.c -O0 (test for excess errors)
UNRESOLVED: gcc.dg/vmx/merge-vsx-be-order.c -O0 compilation failed to produce executable
FAIL: gcc.dg/vmx/merge-vsx-be-order.c -O1 (test for excess errors)
UNRESOLVED: gcc.dg/vmx/merge-vsx-be-order.c -O1 compilation failed to produce executable
FAIL: gcc.dg/vmx/merge-vsx-be-order.c -Os (test for excess errors)
UNRESOLVED: gcc.dg/vmx/merge-vsx-be-order.c -Os compilation failed to produce executable
FAIL: gcc.dg/vmx/merge-vsx.c -O0 (test for excess errors)
UNRESOLVED: gcc.dg/vmx/merge-vsx.c -O0 compilation failed to produce executable
FAIL: gcc.dg/vmx/merge-vsx.c -O1 (test for excess errors)
UNRESOLVED: gcc.dg/vmx/merge-vsx.c -O1 compilation failed to produce executable
FAIL: gcc.dg/vmx/merge-vsx.c -Os (test for excess errors)
UNRESOLVED: gcc.dg/vmx/merge-vsx.c -Os compilation failed to produce executable
FAIL: gcc.dg/vmx/splat-vsx-be-order.c -O0 (test for excess errors)
UNRESOLVED: gcc.dg/vmx/splat-vsx-be-order.c -O0 compilation failed to produce executable
FAIL: gcc.dg/vmx/splat-vsx-be-order.c -O1 (test for excess errors)
UNRESOLVED: gcc.dg/vmx/splat-vsx-be-order.c -O1 compilation failed to produce executable
FAIL: gcc.dg/vmx/splat-vsx.c -O0 (test for excess errors)
UNRESOLVED: gcc.dg/vmx/splat-vsx.c -O0 compilation failed to produce executable
FAIL: gcc.dg/vmx/splat-vsx.c -O1 (test for excess errors)
UNRESOLVED: gcc.dg/vmx/splat-vsx.c -O1 compilation failed to produce executable
FAIL: gcc.dg/vmx/st-vsx-be-order.c -O0 (test for excess errors)
UNRESOLVED: gcc.dg/vmx/st-vsx-be-order.c -O0 compilation failed to produce executable
FAIL: gcc.dg/vmx/st-vsx.c -O0 (test for excess errors)
UNRESOLVED: gcc.dg/vmx/st-vsx.c -O0 compilation failed to produce executable
FAIL: gcc.dg/vmx/stl-vsx-be-order.c -O0 (test for excess errors)
UNRESOLVED: gcc.dg/vmx/stl-vsx-be-order.c -O0 compilation failed to produce executable
FAIL: gcc.dg/vmx/stl-vsx.c -O0 (test for excess errors)
UNRESOLVED: gcc.dg/vmx/stl-vsx.c -O0 compilation failed to produce executable
FAIL: gcc.target/powerpc/dfp-builtin-1.c (test for excess errors)
UNRESOLVED: gcc.target/powerpc/dfp-builtin-1.c scan-assembler-not bl __builtin
UNRESOLVED: gcc.target/powerpc/dfp-builtin-1.c scan-assembler-not dctqpq
UNRESOLVED: gcc.target/powerpc/dfp-builtin-1.c scan-assembler-not drdpq
UNRESOLVED: gcc.target/powerpc/dfp-builtin-1.c scan-assembler-not lfd
UNRESOLVED: gcc.target/powerpc/dfp-builtin-1.c scan-assembler-not stfd
UNRESOLVED: gcc.target/powerpc/dfp-builtin-1.c scan-assembler-times ddedpd 4
UNRESOLVED: gcc.target/powerpc/dfp-builtin-1.c scan-assembler-times denbcd 2
UNRESOLVED: gcc.target/powerpc/dfp-builtin-1.c scan-assembler-times diex 1
UNRESOLVED: gcc.target/powerpc/dfp-builtin-1.c scan-assembler-times dscli 2
UNRESOLVED: gcc.target/powerpc/dfp-builtin-1.c scan-assembler-times dscri 2
UNRESOLVED: gcc.target/powerpc/dfp-builtin-1.c scan-assembler-times dxex 1
FAIL: gcc.target/powerpc/dfp-builtin-2.c (test for excess errors)
UNRESOLVED: gcc.target/powerpc/dfp-builtin-2.c scan-assembler-not bl __builtin
UNRESOLVED: gcc.target/powerpc/dfp-builtin-2.c scan-assembler-not dctqpq
UNRESOLVED: gcc.target/powerpc/dfp-builtin-2.c scan-assembler-not drdpq
UNRESOLVED: gcc.target/powerpc/dfp-builtin-2.c scan-assembler-not lfd
UNRESOLVED: gcc.target/powerpc/dfp-builtin-2.c scan-assembler-not stfd
UNRESOLVED: gcc.target/powerpc/dfp-builtin-2.c scan-assembler-times ddedpdq 4
UNRESOLVED: gcc.target/powerpc/dfp-builtin-2.c scan-assembler-times denbcdq 2
UNRESOLVED: gcc.target/powerpc/dfp-builtin-2.c scan-assembler-times diexq 1
UNRESOLVED: gcc.target/powerpc/dfp-builtin-2.c scan-assembler-times dscliq 2
UNRESOLVED: gcc.target/powerpc/dfp-builtin-2.c scan-assembler-times dscriq 2
UNRESOLVED: gcc.target/powerpc/dfp-builtin-2.c scan-assembler-times dxexq 1
FAIL: gcc.target/powerpc/dfp-dd-2.c (test for excess errors)
UNRESOLVED: gcc.target/powerpc/dfp-dd-2.c scan-assembler-times fabs 1
UNRESOLVED: gcc.target/powerpc/dfp-dd-2.c scan-assembler-times fmr 0
UNRESOLVED: gcc.target/powerpc/dfp-dd-2.c scan-assembler-times fnabs 1
UNRESOLVED: gcc.target/powerpc/dfp-dd-2.c scan-assembler-times fneg 1
FAIL: gcc.target/powerpc/dfp-dd.c (test for excess errors)
UNRESOLVED: gcc.target/powerpc/dfp-dd.c scan-assembler dadd
UNRESOLVED: gcc.target/powerpc/dfp-dd.c scan-assembler ddiv
UNRESOLVED: gcc.target/powerpc/dfp-dd.c scan-assembler dmul
UNRESOLVED: gcc.target/powerpc/dfp-dd.c scan-assembler dsub
UNRESOLVED: gcc.target/powerpc/dfp-dd.c scan-assembler-times dcffixq 2
UNRESOLVED: gcc.target/powerpc/dfp-dd.c scan-assembler-times dcmpu 6
UNRESOLVED: gcc.target/powerpc/dfp-dd.c scan-assembler-times dctfix 2
UNRESOLVED: gcc.target/powerpc/dfp-dd.c scan-assembler-times drintn 2
FAIL: gcc.target/powerpc/dfp-td-2.c (test for excess errors)
UNRESOLVED: gcc.target/powerpc/dfp-td-2.c scan-assembler-times fabs 1
UNRESOLVED: gcc.target/powerpc/dfp-td-2.c scan-assembler-times fmr 0
UNRESOLVED: gcc.target/powerpc/dfp-td-2.c scan-assembler-times fnabs 1
UNRESOLVED: gcc.target/powerpc/dfp-td-2.c scan-assembler-times fneg 1
FAIL: gcc.target/powerpc/dfp-td-3.c (test for excess errors)
UNRESOLVED: gcc.target/powerpc/dfp-td-3.c scan-assembler-times fabs 1
UNRESOLVED: gcc.target/powerpc/dfp-td-3.c scan-assembler-times fmr 3
UNRESOLVED: gcc.target/powerpc/dfp-td-3.c scan-assembler-times fnabs 1
UNRESOLVED: gcc.target/powerpc/dfp-td-3.c scan-assembler-times fneg 1
FAIL: gcc.target/powerpc/dfp-td.c (test for excess errors)
UNRESOLVED: gcc.target/powerpc/dfp-td.c scan-assembler daddq
UNRESOLVED: gcc.target/powerpc/dfp-td.c scan-assembler ddivq
UNRESOLVED: gcc.target/powerpc/dfp-td.c scan-assembler dmulq
UNRESOLVED: gcc.target/powerpc/dfp-td.c scan-assembler dsubq
UNRESOLVED: gcc.target/powerpc/dfp-td.c scan-assembler-times dcffixq 2
UNRESOLVED: gcc.target/powerpc/dfp-td.c scan-assembler-times dcmpuq 6
UNRESOLVED: gcc.target/powerpc/dfp-td.c scan-assembler-times dctfixq 2
UNRESOLVED: gcc.target/powerpc/dfp-td.c scan-assembler-times drintnq 2
FAIL: gcc.target/powerpc/pr39902-2.c (test for excess errors)
UNRESOLVED: gcc.target/powerpc/pr39902-2.c scan-assembler-not fneg
FAIL: gcc.target/powerpc/pr48857.c scan-assembler-not ld
FAIL: gcc.target/powerpc/pr64205.c (test for excess errors)
=== gcc Summary ===
# of expected passes 98368
# of unexpected failures 76
# of expected failures 233
# of unresolved testcases 71
# of unsupported tests 2190
/home/local/nightly/build/opt/freescale/NLAe600/obj_gcc/gcc/xgcc version 6.0.0 20150506 (Wed May 6 20:09:07 PDT 2015 build.sh rev=1229 s=FCtrunk -FSF t=DGNOBOARD NLAe600 -V nightly_NLAe600) (GCC)
=== g++ tests ===
Running target unix
FAIL: c-c++-common/asan/null-deref-1.c -O2 output pattern test, is ASAN:SIGSEGV
FAIL: c-c++-common/asan/null-deref-1.c -O2 -flto -fno-use-linker-plugin -flto-partition=none output pattern test, is ASAN:SIGSEGV
FAIL: c-c++-common/asan/null-deref-1.c -O2 -flto -fuse-linker-plugin -fno-fat-lto-objects output pattern test, is ASAN:SIGSEGV
FAIL: c-c++-common/asan/null-deref-1.c -O3 -fomit-frame-pointer output pattern test, is ASAN:SIGSEGV
FAIL: c-c++-common/asan/null-deref-1.c -O3 -g output pattern test, is ASAN:SIGSEGV
FAIL: g++.dg/abi/scoped1.C -std=gnu++11 execution test
FAIL: g++.dg/abi/scoped1.C -std=gnu++14 execution test
FAIL: g++.dg/cpp0x/constexpr-friend.C -std=c++11 (test for errors, line 22)
FAIL: g++.dg/cpp0x/constexpr-friend.C -std=c++11 (test for errors, line 23)
FAIL: g++.dg/cpp0x/constexpr-friend.C -std=c++11 (test for errors, line 8)
FAIL: g++.dg/cpp0x/constexpr-friend.C -std=c++11 (test for excess errors)
FAIL: g++.dg/vect/pr36648.cc -std=c++11 scan-tree-dump-times vect "vectorized 1 loops" 1
FAIL: g++.dg/vect/pr36648.cc -std=c++11 scan-tree-dump-times vect "vectorizing stmts using SLP" 1
FAIL: g++.dg/vect/pr36648.cc -std=c++14 scan-tree-dump-times vect "vectorized 1 loops" 1
FAIL: g++.dg/vect/pr36648.cc -std=c++14 scan-tree-dump-times vect "vectorizing stmts using SLP" 1
FAIL: g++.dg/vect/pr36648.cc -std=c++98 scan-tree-dump-times vect "vectorized 1 loops" 1
FAIL: g++.dg/vect/pr36648.cc -std=c++98 scan-tree-dump-times vect "vectorizing stmts using SLP" 1
FAIL: g++.old-deja/g++.law/profile1.C -std=gnu++11 execution test
FAIL: g++.old-deja/g++.law/profile1.C -std=gnu++14 execution test
FAIL: g++.old-deja/g++.law/profile1.C -std=gnu++98 execution test
=== g++ Summary ===
# of expected passes 86787
# of unexpected failures 20
# of expected failures 341
# of unsupported tests 3978
/home/local/nightly/build/opt/freescale/NLAe600/obj_gcc/gcc/testsuite/g++/../../xg++ version 6.0.0 20150506 (Wed May 6 20:09:07 PDT 2015 build.sh rev=1229 s=FCtrunk -FSF t=DGNOBOARD NLAe600 -V nightly_NLAe600) (GCC)
=== objc tests ===
Running target unix
=== objc Summary ===
# of expected passes 3016
# of unsupported tests 74
/home/local/nightly/build/opt/freescale/NLAe600/obj_gcc/gcc/xgcc version 6.0.0 20150506 (Wed May 6 20:09:07 PDT 2015 build.sh rev=1229 s=FCtrunk -FSF t=DGNOBOARD NLAe600 -V nightly_NLAe600) (GCC)
=== boehm-gc tests ===
Running target unix
=== boehm-gc Summary ===
# of expected passes 12
# of unsupported tests 1
=== libatomic tests ===
Running target unix
=== libatomic Summary ===
# of expected passes 44
# of unsupported tests 5
=== libffi tests ===
Running target unix
=== libffi Summary ===
# of expected passes 1914
# of unsupported tests 30
=== libgomp tests ===
Running target unix
FAIL: libgomp.oacc-c/../libgomp.oacc-c-c++-common/acc_on_device-1.c -DACC_DEVICE_TYPE_host_nonshm=1 -DACC_MEM_SHARED=0 execution test
FAIL: libgomp.oacc-c/../libgomp.oacc-c-c++-common/if-1.c -DACC_DEVICE_TYPE_host_nonshm=1 -DACC_MEM_SHARED=0 execution test
FAIL: libgomp.oacc-c/../libgomp.oacc-c-c++-common/lib-3.c -DACC_DEVICE_TYPE_host_nonshm=1 -DACC_MEM_SHARED=0 output pattern test, is
FAIL: libgomp.oacc-c/../libgomp.oacc-c-c++-common/lib-42.c -DACC_DEVICE_TYPE_host_nonshm=1 -DACC_MEM_SHARED=0 output pattern test, is , should match \\[[0-9a-fA-FxX]+,256\\] is not mapped
FAIL: libgomp.oacc-c/../libgomp.oacc-c-c++-common/lib-62.c -DACC_DEVICE_TYPE_host_nonshm=1 -DACC_MEM_SHARED=0 output pattern test, is , should match invalid size
FAIL: libgomp.oacc-c/../libgomp.oacc-c-c++-common/lib-3.c -DACC_DEVICE_TYPE_host=1 -DACC_MEM_SHARED=1 output pattern test, is
FAIL: libgomp.oacc-c/../libgomp.oacc-c-c++-common/lib-42.c -DACC_DEVICE_TYPE_host=1 -DACC_MEM_SHARED=1 output pattern test, is , should match \\[[0-9a-fA-FxX]+,256\\] is not mapped
FAIL: libgomp.oacc-c/../libgomp.oacc-c-c++-common/lib-62.c -DACC_DEVICE_TYPE_host=1 -DACC_MEM_SHARED=1 output pattern test, is , should match invalid size
FAIL: libgomp.oacc-c++/../libgomp.oacc-c-c++-common/acc_on_device-1.c -DACC_DEVICE_TYPE_host_nonshm=1 -DACC_MEM_SHARED=0 execution test
FAIL: libgomp.oacc-c++/../libgomp.oacc-c-c++-common/if-1.c -DACC_DEVICE_TYPE_host_nonshm=1 -DACC_MEM_SHARED=0 execution test
FAIL: libgomp.oacc-c++/../libgomp.oacc-c-c++-common/lib-3.c -DACC_DEVICE_TYPE_host_nonshm=1 -DACC_MEM_SHARED=0 output pattern test, is
FAIL: libgomp.oacc-c++/../libgomp.oacc-c-c++-common/lib-42.c -DACC_DEVICE_TYPE_host_nonshm=1 -DACC_MEM_SHARED=0 output pattern test, is , should match \\[[0-9a-fA-FxX]+,256\\] is not mapped
FAIL: libgomp.oacc-c++/../libgomp.oacc-c-c++-common/lib-62.c -DACC_DEVICE_TYPE_host_nonshm=1 -DACC_MEM_SHARED=0 output pattern test, is , should match invalid size
FAIL: libgomp.oacc-c++/../libgomp.oacc-c-c++-common/lib-3.c -DACC_DEVICE_TYPE_host=1 -DACC_MEM_SHARED=1 output pattern test, is
FAIL: libgomp.oacc-c++/../libgomp.oacc-c-c++-common/lib-42.c -DACC_DEVICE_TYPE_host=1 -DACC_MEM_SHARED=1 output pattern test, is , should match \\[[0-9a-fA-FxX]+,256\\] is not mapped
FAIL: libgomp.oacc-c++/../libgomp.oacc-c-c++-common/lib-62.c -DACC_DEVICE_TYPE_host=1 -DACC_MEM_SHARED=1 output pattern test, is , should match invalid size
FAIL: libgomp.oacc-fortran/acc_on_device-1-1.f90 -DACC_DEVICE_TYPE_host_nonshm=1 -DACC_MEM_SHARED=0 -O execution test
FAIL: libgomp.oacc-fortran/acc_on_device-1-2.f -DACC_DEVICE_TYPE_host_nonshm=1 -DACC_MEM_SHARED=0 -O execution test
FAIL: libgomp.oacc-fortran/acc_on_device-1-3.f -DACC_DEVICE_TYPE_host_nonshm=1 -DACC_MEM_SHARED=0 -O execution test
=== libgomp Summary ===
# of expected passes 5844
# of unexpected failures 19
# of unsupported tests 300
=== libitm tests ===
Running target unix
=== libitm Summary ===
# of expected passes 26
# of expected failures 3
# of unsupported tests 1
=== libjava tests ===
Running target unix
=== libjava Summary ===
# of expected passes 2582
# of expected failures 4
=== libstdc++ tests ===
Running target unix
FAIL: tr1/5_numerical_facilities/special_functions/02_assoc_legendre/check_nan.cc (test for excess errors)
FAIL: tr1/5_numerical_facilities/special_functions/15_expint/check_value_pos.cc execution test
FAIL: tr1/5_numerical_facilities/special_functions/15_expint/compile.cc (test for excess errors)
FAIL: tr1/5_numerical_facilities/special_functions/15_expint/compile_2.cc (test for excess errors)
ERROR: tr1/5_numerical_facilities/special_functions/18_laguerre/check_nan.cc: couldn't fork child process: resource temporarily unavailable for " dg-require-c-std 1 "" "
UNRESOLVED: tr1/5_numerical_facilities/special_functions/18_laguerre/check_nan.cc: couldn't fork child process: resource temporarily unavailable for " dg-require-c-std 1 "" "
=== libstdc++ Summary ===
# of expected passes 10231
# of unexpected failures 4
# of expected failures 65
# of unresolved testcases 1
# of unsupported tests 271
Compiler version: 6.0.0 20150506 (Wed May 6 20:09:07 PDT 2015 build.sh rev=1229 s=FCtrunk -FSF t=DGNOBOARD NLAe600 -V nightly_NLAe600) (GCC)
Platform: powerpc-unknown-linux-gnualtivec configure flags: --prefix=/local/nightly/build//opt/freescale/gcc-5.0.x-Ne600-linuxaltivec/ppc64-linux --target=powerpc-unknown-linux-gnualtivec --build=powerpc-unknown-linux-gnualtivec --enable-checking --disable-decimal-float --enable-interfaces=c,c++ --with-cpu=7450 --enable-altivec --enable-tls --enable-build-with-cxx --with-mpfr=/local/nightly/build//opt/freescale/NLAe600/linux_host_libs/usr --with-mpc=/local/nightly/build//opt/freescale/NLAe600/linux_host_libs/usr --with-ppl=/local/nightly/build//opt/freescale/NLAe600/linux_host_libs/usr --with-isl=/local/nightly/build//opt/freescale/NLAe600/linux_host_libs/usr --with-cloog=/local/nightly/build//opt/freescale/NLAe600/linux_host_libs/usr --enable-cloog-backend=isl