This is the mail archive of the gcc-testresults@gcc.gnu.org mailing list for the GCC project.


Index Nav: [Date Index] [Subject Index] [Author Index] [Thread Index]
Message Nav: [Date Prev] [Date Next] [Thread Prev] [Thread Next]
Other format: [Raw text]

Results for 5.1.0 (GCC) testsuite on i686-unknown-linux-gnu


-- Build environment ----------------------------------------------------------
Distro:	los.git rootfs=eeef native=eeef
Kernel:	Linux aspire-one 4.1.0-rc2-acer-los_eeef #1 SMP Tue May 5 02:51:38 EEST 2015 i686 GNU/Linux
CPU:	processor	: 0
	vendor_id	: GenuineIntel
	cpu family	: 6
	model		: 28
	model name	: Intel(R) Atom(TM) CPU N270   @ 1.60GHz
	stepping	: 2
	microcode	: 0x208
	cpu MHz		: 1333.000
	cache size	: 512 KB
	physical id	: 0
	siblings	: 2
	core id		: 0
	cpu cores	: 1
	apicid		: 0
	initial apicid	: 0
	fdiv_bug	: no
	f00f_bug	: no
	coma_bug	: no
	fpu		: yes
	fpu_exception	: yes
	cpuid level	: 10
	wp		: yes
	flags		: fpu vme de tsc msr pae mce cx8 apic sep mtrr pge mca cmov pat clflush dts acpi mmx fxsr sse sse2 ss ht tm pbe constant_tsc arch_perfmon pebs bts aperfmperf pni dtes64 monitor ds_cpl est tm2 ssse3 xtpr pdcm movbe lahf_lm dtherm
	bugs		:
	bogomips	: 3191.84
	clflush size	: 64
	cache_alignment	: 64
	address sizes	: 32 bits physical, 32 bits virtual
	power management:
	processor	: 1
	vendor_id	: GenuineIntel
	cpu family	: 6
	model		: 28
	model name	: Intel(R) Atom(TM) CPU N270   @ 1.60GHz
	stepping	: 2
	microcode	: 0x208
	cpu MHz		: 800.000
	cache size	: 512 KB
	physical id	: 0
	siblings	: 2
	core id		: 0
	cpu cores	: 1
	apicid		: 1
	initial apicid	: 1
	fdiv_bug	: no
	f00f_bug	: no
	coma_bug	: no
	fpu		: yes
	fpu_exception	: yes
	cpuid level	: 10
	wp		: yes
	flags		: fpu vme de tsc msr pae mce cx8 apic sep mtrr pge mca cmov pat clflush dts acpi mmx fxsr sse sse2 ss ht tm pbe constant_tsc arch_perfmon pebs bts aperfmperf pni dtes64 monitor ds_cpl est tm2 ssse3 xtpr pdcm movbe lahf_lm dtherm
	bugs		:
	bogomips	: 3191.84
	clflush size	: 64
	cache_alignment	: 64
	address sizes	: 32 bits physical, 32 bits virtual
	power management:
-- Time consumed --------------------------------------------------------------
Build:	real	7h 14m 38s
	user	13h 39m 02s
	sys	16m 22.54s
Test:   real	9h 43m 47s
	user	15h 41m 16s
	sys	2h 7m 19s
-------------------------------------------------------------------------------
LAST_UPDATED: Obtained from SVN: tags/gcc_5_1_0_release revision 222317

Native configuration is i686-unknown-linux-gnu

		=== g++ tests ===


Running target unix
FAIL: g++.dg/asan/asan_test.C   -O2  AddressSanitizer_ManyThreadsTest execution test
FAIL: g++.dg/asan/asan_test.C   -O2  AddressSanitizer_ThreadedStressStackReuseTest execution test
FAIL: g++.dg/cilk-plus/CK/fib-opr-overload.cc  -O1 -fcilkplus execution test
FAIL: g++.dg/cilk-plus/CK/fib-opr-overload.cc  -O3 -fcilkplus execution test
FAIL: g++.dg/cilk-plus/CK/fib-opr-overload.cc  -g -O2 -fcilkplus execution test
FAIL: g++.dg/cilk-plus/CK/fib-opr-overload.cc  -g -fcilkplus execution test
WARNING: program timed out.
WARNING: program timed out.
WARNING: program timed out.
WARNING: program timed out.
FAIL: g++.dg/guality/pr55665.C   -O2  line 23 p == 40
FAIL: g++.dg/guality/pr55665.C   -O3 -fomit-frame-pointer  line 23 p == 40
FAIL: g++.dg/guality/pr55665.C   -O3 -g  line 23 p == 40
XPASS: g++.dg/tls/thread_local-order2.C  -std=c++11 execution test
XPASS: g++.dg/tls/thread_local-order2.C  -std=c++14 execution test

		=== g++ Summary ===

# of expected passes		91812
# of unexpected failures	9
# of unexpected successes	2
# of expected failures		339
# of unsupported tests		3416
/mnt/work/gcctest/build/gcc/testsuite/g++/../../xg++  version 5.1.0 (GCC) 

		=== gcc tests ===


Running target unix
FAIL: gcc.c-torture/compile/pr37669-2.c   -O1  (test for excess errors)
FAIL: gcc.c-torture/compile/pr37669-2.c   -O2  (test for excess errors)
FAIL: gcc.c-torture/compile/pr37669-2.c   -O2 -flto -fno-use-linker-plugin -flto-partition=none  (test for excess errors)
FAIL: gcc.c-torture/compile/pr37669-2.c   -O3 -fomit-frame-pointer  (test for excess errors)
FAIL: gcc.c-torture/compile/pr37669-2.c   -O3 -g  (test for excess errors)
FAIL: gcc.c-torture/compile/pr37669-2.c   -Os  (test for excess errors)
WARNING: program timed out.
WARNING: program timed out.
WARNING: program timed out.
WARNING: program timed out.
WARNING: program timed out.
WARNING: program timed out.
XPASS: gcc.dg/guality/example.c   -O0  execution test
XPASS: gcc.dg/guality/example.c   -O1  execution test
XPASS: gcc.dg/guality/guality.c   -O0  execution test
XPASS: gcc.dg/guality/guality.c   -O1  execution test
XPASS: gcc.dg/guality/guality.c   -O2  execution test
XPASS: gcc.dg/guality/guality.c   -O2 -flto -fno-use-linker-plugin -flto-partition=none  execution test
XPASS: gcc.dg/guality/guality.c   -O2 -flto -fuse-linker-plugin -fno-fat-lto-objects  execution test
XPASS: gcc.dg/guality/guality.c   -O3 -fomit-frame-pointer  execution test
XPASS: gcc.dg/guality/guality.c   -O3 -g  execution test
XPASS: gcc.dg/guality/guality.c   -Os  execution test
XPASS: gcc.dg/guality/inline-params.c   -O2  execution test
XPASS: gcc.dg/guality/inline-params.c   -O2 -flto -fno-use-linker-plugin -flto-partition=none  execution test
XPASS: gcc.dg/guality/inline-params.c   -O3 -fomit-frame-pointer  execution test
XPASS: gcc.dg/guality/inline-params.c   -O3 -g  execution test
XPASS: gcc.dg/guality/inline-params.c   -Os  execution test
XPASS: gcc.dg/guality/pr41353-1.c   -O0  line 28 j == 28 + 37
XPASS: gcc.dg/guality/pr41353-1.c   -Os  line 28 j == 28 + 37
FAIL: gcc.dg/guality/pr41447-1.c   -O2  execution test
FAIL: gcc.dg/guality/pr41447-1.c   -O2 -flto -fno-use-linker-plugin -flto-partition=none  execution test
FAIL: gcc.dg/guality/pr41447-1.c   -O3 -fomit-frame-pointer  execution test
FAIL: gcc.dg/guality/pr41447-1.c   -O3 -g  execution test
FAIL: gcc.dg/guality/pr41616-1.c   -O2 -flto -fuse-linker-plugin -fno-fat-lto-objects  execution test
FAIL: gcc.dg/guality/pr43177.c   -O2 -flto -fuse-linker-plugin -fno-fat-lto-objects  line 15 l == 10
FAIL: gcc.dg/guality/pr43177.c   -O2 -flto -fuse-linker-plugin -fno-fat-lto-objects  line 15 x == 7
FAIL: gcc.dg/guality/pr45882.c   -O2 -flto -fuse-linker-plugin -fno-fat-lto-objects  line 16 d == 112
FAIL: gcc.dg/guality/pr45882.c   -O2 -flto -fuse-linker-plugin -fno-fat-lto-objects  line 16 e == 142
FAIL: gcc.dg/guality/pr54200.c   -O2 -flto -fuse-linker-plugin -fno-fat-lto-objects  line 20 z == 3
FAIL: gcc.dg/guality/pr54519-1.c   -O2 -flto -fno-use-linker-plugin -flto-partition=none  line 20 y == 25
FAIL: gcc.dg/guality/pr54519-1.c   -O2 -flto -fno-use-linker-plugin -flto-partition=none  line 20 z == 6
FAIL: gcc.dg/guality/pr54519-1.c   -O2 -flto -fno-use-linker-plugin -flto-partition=none  line 23 y == 117
FAIL: gcc.dg/guality/pr54519-1.c   -O2 -flto -fno-use-linker-plugin -flto-partition=none  line 23 z == 8
FAIL: gcc.dg/guality/pr54519-2.c   -O2 -flto -fno-use-linker-plugin -flto-partition=none  line 17 y == 25
FAIL: gcc.dg/guality/pr54519-2.c   -O2 -flto -fuse-linker-plugin -fno-fat-lto-objects  line 17 y == 25
FAIL: gcc.dg/guality/pr54519-3.c   -O2 -flto -fno-use-linker-plugin -flto-partition=none  line 20 y == 25
FAIL: gcc.dg/guality/pr54519-3.c   -O2 -flto -fno-use-linker-plugin -flto-partition=none  line 20 z == 6
FAIL: gcc.dg/guality/pr54519-3.c   -O2 -flto -fno-use-linker-plugin -flto-partition=none  line 23 y == 117
FAIL: gcc.dg/guality/pr54519-3.c   -O2 -flto -fno-use-linker-plugin -flto-partition=none  line 23 z == 8
FAIL: gcc.dg/guality/pr54519-3.c   -O2 -flto -fuse-linker-plugin -fno-fat-lto-objects  line 20 y == 25
FAIL: gcc.dg/guality/pr54519-3.c   -O2 -flto -fuse-linker-plugin -fno-fat-lto-objects  line 20 z == 6
FAIL: gcc.dg/guality/pr54519-3.c   -O2 -flto -fuse-linker-plugin -fno-fat-lto-objects  line 23 y == 117
FAIL: gcc.dg/guality/pr54519-3.c   -O2 -flto -fuse-linker-plugin -fno-fat-lto-objects  line 23 z == 8
FAIL: gcc.dg/guality/pr54519-4.c   -O2 -flto -fno-use-linker-plugin -flto-partition=none  line 17 y == 25
FAIL: gcc.dg/guality/pr54519-4.c   -O2 -flto -fuse-linker-plugin -fno-fat-lto-objects  line 17 y == 25
FAIL: gcc.dg/guality/pr54519-5.c   -O2 -flto -fno-use-linker-plugin -flto-partition=none  line 17 y == 25
FAIL: gcc.dg/guality/pr54519-5.c   -O2 -flto -fuse-linker-plugin -fno-fat-lto-objects  line 17 y == 25
FAIL: gcc.dg/guality/pr54970.c   -Os  line 15 a[0] == 1
FAIL: gcc.dg/guality/pr54970.c   -Os  line 20 a[0] == 1
FAIL: gcc.dg/guality/pr54970.c   -Os  line 25 a[0] == 1
FAIL: gcc.dg/guality/pr54970.c   -Os  line 31 a[0] == 4
FAIL: gcc.dg/guality/pr54970.c   -Os  line 36 a[0] == 4
FAIL: gcc.dg/guality/pr54970.c   -Os  line 45 a[0] == 4
FAIL: gcc.dg/guality/pr54970.c   -Os  line 45 p[-2] == 4
FAIL: gcc.dg/guality/pr54970.c   -Os  line 45 q[-1] == 4
FAIL: gcc.dg/guality/sra-1.c   -O2  line 21 a.i == 4
FAIL: gcc.dg/guality/sra-1.c   -O2  line 32 a[0] == 4
FAIL: gcc.dg/guality/sra-1.c   -O2  line 43 a.i == 4
FAIL: gcc.dg/guality/sra-1.c   -O2 -flto -fno-use-linker-plugin -flto-partition=none  line 21 a.i == 4
FAIL: gcc.dg/guality/sra-1.c   -O2 -flto -fno-use-linker-plugin -flto-partition=none  line 32 a[0] == 4
FAIL: gcc.dg/guality/sra-1.c   -O2 -flto -fno-use-linker-plugin -flto-partition=none  line 43 a.i == 4
FAIL: gcc.dg/guality/sra-1.c   -O2 -flto -fuse-linker-plugin -fno-fat-lto-objects  line 21 a.i == 4
FAIL: gcc.dg/guality/sra-1.c   -O3 -fomit-frame-pointer  line 21 a.i == 4
FAIL: gcc.dg/guality/sra-1.c   -O3 -fomit-frame-pointer  line 32 a[0] == 4
FAIL: gcc.dg/guality/sra-1.c   -O3 -fomit-frame-pointer  line 43 a.i == 4
FAIL: gcc.dg/guality/sra-1.c   -O3 -g  line 21 a.i == 4
FAIL: gcc.dg/guality/sra-1.c   -O3 -g  line 32 a[0] == 4
FAIL: gcc.dg/guality/sra-1.c   -O3 -g  line 43 a.i == 4
FAIL: gcc.dg/guality/sra-1.c   -Os  line 21 a.i == 4
FAIL: gcc.dg/guality/sra-1.c   -Os  line 32 a[0] == 4
FAIL: gcc.dg/guality/sra-1.c   -Os  line 43 a.i == 4
FAIL: gcc.dg/guality/vla-1.c   -O1  line 17 sizeof (a) == 6
FAIL: gcc.dg/guality/vla-1.c   -O2  line 17 sizeof (a) == 6
FAIL: gcc.dg/guality/vla-1.c   -O2 -flto -fno-use-linker-plugin -flto-partition=none  line 17 sizeof (a) == 6
FAIL: gcc.dg/guality/vla-1.c   -O2 -flto -fuse-linker-plugin -fno-fat-lto-objects  line 17 sizeof (a) == 6
FAIL: gcc.dg/guality/vla-1.c   -O3 -fomit-frame-pointer  line 17 sizeof (a) == 6
FAIL: gcc.dg/guality/vla-1.c   -O3 -g  line 17 sizeof (a) == 6
FAIL: gcc.dg/guality/vla-1.c   -Os  line 17 sizeof (a) == 6
FAIL: gcc.dg/lto/pr55113 c_lto_pr55113_0.o assemble,  -flto -fshort-double -O0  (internal compiler error)
UNRESOLVED: gcc.dg/lto/pr55113 c_lto_pr55113_0.o-c_lto_pr55113_0.o execute  -flto -fshort-double -O0 
UNRESOLVED: gcc.dg/lto/pr55113 c_lto_pr55113_0.o-c_lto_pr55113_0.o link  -flto -fshort-double -O0 

		=== gcc Summary ===

# of expected passes		115885
# of unexpected failures	66
# of unexpected successes	17
# of expected failures		273
# of unresolved testcases	2
# of unsupported tests		1786
/mnt/work/gcctest/build/gcc/xgcc  version 5.1.0 (GCC) 

		=== libatomic tests ===


Running target unix

		=== libatomic Summary ===

# of expected passes		44
# of unsupported tests		5
		=== libgomp tests ===


Running target unix
FAIL: libgomp.c/cancel-for-1.c execution test
FAIL: libgomp.c/cancel-for-2.c execution test
FAIL: libgomp.c/cancel-parallel-1.c execution test
FAIL: libgomp.c/cancel-parallel-2.c execution test
FAIL: libgomp.c/cancel-sections-1.c execution test
FAIL: libgomp.c/omp-loop03.c execution test
FAIL: libgomp.c++/cancel-for-1.C execution test
FAIL: libgomp.c++/cancel-for-2.C execution test
FAIL: libgomp.c++/cancel-parallel-1.C execution test
FAIL: libgomp.c++/cancel-parallel-2.C execution test
FAIL: libgomp.c++/cancel-sections-1.C execution test
FAIL: libgomp.c++/loop-3.C execution test
FAIL: libgomp.oacc-c/../libgomp.oacc-c-c++-common/acc_on_device-1.c -DACC_DEVICE_TYPE_host_nonshm=1 -DACC_MEM_SHARED=0 execution test
FAIL: libgomp.oacc-c/../libgomp.oacc-c-c++-common/if-1.c -DACC_DEVICE_TYPE_host_nonshm=1 -DACC_MEM_SHARED=0 execution test
FAIL: libgomp.oacc-c++/../libgomp.oacc-c-c++-common/acc_on_device-1.c -DACC_DEVICE_TYPE_host_nonshm=1 -DACC_MEM_SHARED=0 execution test
FAIL: libgomp.oacc-c++/../libgomp.oacc-c-c++-common/if-1.c -DACC_DEVICE_TYPE_host_nonshm=1 -DACC_MEM_SHARED=0 execution test

		=== libgomp Summary ===

# of expected passes		1587
# of unexpected failures	16
# of unsupported tests		170
		=== libitm tests ===


Running target unix

		=== libitm Summary ===

# of expected passes		26
# of expected failures		3
# of unsupported tests		1
		=== libstdc++ tests ===


Running target unix

		=== libstdc++ Summary ===

# of expected passes		9722
# of expected failures		65
# of unsupported tests		542

Compiler version: 5.1.0 (GCC) 
Platform: i686-unknown-linux-gnu
configure flags: --with-arch=atom --disable-nls --enable-languages=c,c++ --host=i686-unknown-linux-gnu --build=i686-unknown-linux-gnu --target=i686-unknown-linux-gnu --with-system-zlib --with-sysroot=/


Index Nav: [Date Index] [Subject Index] [Author Index] [Thread Index]
Message Nav: [Date Prev] [Date Next] [Thread Prev] [Thread Next]