This is the mail archive of the gcc-testresults@gcc.gnu.org mailing list for the GCC project.


Index Nav: [Date Index] [Subject Index] [Author Index] [Thread Index]
Message Nav: [Date Prev] [Date Next] [Thread Prev] [Thread Next]
Other format: [Raw text]

Results for 5.1.0 (GCC) testsuite on x86_64-apple-darwin11.4.2


LAST_UPDATED: Obtained from SVN: tags/gcc_5_1_0_release revision 222317

		=== acats tests ===

		=== acats Summary ===
# of expected passes		2320
# of unexpected failures	0
Native configuration is x86_64-apple-darwin11.4.2

		=== g++ tests ===


Running target unix
FAIL: g++.dg/debug/dwarf2/imported-decl-2.C  -std=gnu++11  scan-assembler-times ascii "AAAA\\\\\\\\0".*ascii "BBBB\\\\\\\\0".*DIE .0x[0-9a-f]*. DW_TAG_imported_declaration 1
FAIL: g++.dg/debug/dwarf2/imported-decl-2.C  -std=gnu++14  scan-assembler-times ascii "AAAA\\\\\\\\0".*ascii "BBBB\\\\\\\\0".*DIE .0x[0-9a-f]*. DW_TAG_imported_declaration 1
FAIL: g++.dg/debug/dwarf2/imported-decl-2.C  -std=gnu++98  scan-assembler-times ascii "AAAA\\\\\\\\0".*ascii "BBBB\\\\\\\\0".*DIE .0x[0-9a-f]*. DW_TAG_imported_declaration 1
FAIL: g++.dg/ext/sync-4.C  -std=gnu++11 execution test
FAIL: g++.dg/ext/sync-4.C  -std=gnu++14 execution test
FAIL: g++.dg/ext/sync-4.C  -std=gnu++98 execution test
FAIL: g++.dg/tree-prof/partition1.C compilation,  -fprofile-use -D_PROFILE_USE
UNRESOLVED: g++.dg/tree-prof/partition1.C execution,    -fprofile-use -D_PROFILE_USE
FAIL: g++.dg/tree-prof/pr57451.C compilation,  -fprofile-use -D_PROFILE_USE
UNRESOLVED: g++.dg/tree-prof/pr57451.C execution,    -fprofile-use -D_PROFILE_USE

		=== g++ Summary for unix ===

# of expected passes		87140
# of unexpected failures	8
# of expected failures		322
# of unresolved testcases	2
# of unsupported tests		3913

Running target unix/-m32
FAIL: g++.dg/debug/dwarf2/imported-decl-2.C  -std=gnu++11  scan-assembler-times ascii "AAAA\\\\\\\\0".*ascii "BBBB\\\\\\\\0".*DIE .0x[0-9a-f]*. DW_TAG_imported_declaration 1
FAIL: g++.dg/debug/dwarf2/imported-decl-2.C  -std=gnu++14  scan-assembler-times ascii "AAAA\\\\\\\\0".*ascii "BBBB\\\\\\\\0".*DIE .0x[0-9a-f]*. DW_TAG_imported_declaration 1
FAIL: g++.dg/debug/dwarf2/imported-decl-2.C  -std=gnu++98  scan-assembler-times ascii "AAAA\\\\\\\\0".*ascii "BBBB\\\\\\\\0".*DIE .0x[0-9a-f]*. DW_TAG_imported_declaration 1
FAIL: g++.dg/ext/sync-4.C  -std=gnu++11 execution test
FAIL: g++.dg/ext/sync-4.C  -std=gnu++14 execution test
FAIL: g++.dg/ext/sync-4.C  -std=gnu++98 execution test

		=== g++ Summary for unix/-m32 ===

# of expected passes		85690
# of unexpected failures	6
# of expected failures		322
# of unsupported tests		3704

		=== g++ Summary ===

# of expected passes		172830
# of unexpected failures	14
# of expected failures		644
# of unresolved testcases	2
# of unsupported tests		7617
/private/var/gcc/gcc-5.1.0/10.7-gcc/gcc/testsuite/g++/../../xg++  version 5.1.0 (GCC) 

		=== gcc tests ===


Running target unix
FAIL: c-c++-common/asan/strncpy-overflow-1.c   -O0  execution test
FAIL: gcc.dg/debug/pr65771.c -gstabs+ -O (test for excess errors)
FAIL: gcc.dg/debug/pr65771.c -gstabs+ -O3 (test for excess errors)
FAIL: gcc.dg/debug/pr65771.c -gstabs+1 -O (test for excess errors)
FAIL: gcc.dg/debug/pr65771.c -gstabs+1 -O3 (test for excess errors)
FAIL: gcc.dg/debug/pr65771.c -gstabs+3 -O (test for excess errors)
FAIL: gcc.dg/debug/pr65771.c -gstabs+3 -O3 (test for excess errors)
FAIL: gcc.dg/attr-weakref-1.c execution test
FAIL: gcc.dg/uninit-19.c  (test for warnings, line 22)
FAIL: gcc.dg/uninit-19.c (test for excess errors)
FAIL: gcc.dg/torture/pr53922.c   -O0  execution test
FAIL: gcc.dg/torture/pr53922.c   -O1  execution test
FAIL: gcc.dg/torture/pr53922.c   -O2  execution test
FAIL: gcc.dg/torture/pr53922.c   -O3 -fomit-frame-pointer  execution test
FAIL: gcc.dg/torture/pr53922.c   -O3 -g  execution test
FAIL: gcc.dg/torture/pr53922.c   -Os  execution test
FAIL: gcc.dg/tree-prof/20041218-1.c compilation,  -fprofile-use -D_PROFILE_USE
UNRESOLVED: gcc.dg/tree-prof/20041218-1.c execution,    -fprofile-use -D_PROFILE_USE
FAIL: gcc.dg/tree-prof/crossmodule-indircall-1a.c compilation,  -fprofile-generate -D_PROFILE_GENERATE
UNRESOLVED: gcc.dg/tree-prof/crossmodule-indircall-1a.c compilation,  -fprofile-use -D_PROFILE_USE
UNRESOLVED: gcc.dg/tree-prof/crossmodule-indircall-1a.c execution,    -fprofile-generate -D_PROFILE_GENERATE
UNRESOLVED: gcc.dg/tree-prof/crossmodule-indircall-1a.c execution,    -fprofile-use -D_PROFILE_USE
FAIL: gcc.dg/tree-prof/pr34999.c compilation,  -fprofile-use -D_PROFILE_USE
UNRESOLVED: gcc.dg/tree-prof/pr34999.c execution,    -fprofile-use -D_PROFILE_USE
FAIL: gcc.dg/tree-prof/pr45354.c compilation,  -fprofile-use -D_PROFILE_USE
UNRESOLVED: gcc.dg/tree-prof/pr45354.c execution,    -fprofile-use -D_PROFILE_USE
FAIL: gcc.dg/tree-prof/pr49299-1.c compilation,  -fprofile-use -D_PROFILE_USE
UNRESOLVED: gcc.dg/tree-prof/pr49299-1.c execution,    -fprofile-use -D_PROFILE_USE
FAIL: gcc.dg/tree-prof/pr49299-2.c compilation,  -fprofile-use -D_PROFILE_USE
UNRESOLVED: gcc.dg/tree-prof/pr49299-2.c execution,    -fprofile-use -D_PROFILE_USE
FAIL: gcc.dg/tree-prof/pr50907.c compilation,  -fprofile-use -D_PROFILE_USE
UNRESOLVED: gcc.dg/tree-prof/pr50907.c execution,    -fprofile-use -D_PROFILE_USE
FAIL: gcc.misc-tests/gcov-14.c execution test
FAIL: gcc.misc-tests/gcov-14.c gcov failed: gcov-14.c.gov does not exist
FAIL: gcc.target/i386/memcpy-strategy-3.c scan-assembler-times memcpy 2
FAIL: gcc.target/i386/memset-strategy-1.c scan-assembler-times memset 2
FAIL: gcc.target/i386/pr49866.c (test for excess errors)
FAIL: gcc.target/i386/pr61599-1.c (test for excess errors)
UNRESOLVED: gcc.target/i386/pr61599-1.c compilation failed to produce executable
FAIL: gcc.target/i386/pr63538.c scan-assembler movabs

		=== gcc Summary for unix ===

# of expected passes		91210
# of unexpected failures	30
# of expected failures		194
# of unresolved testcases	10
# of unsupported tests		3702

Running target unix/-m32
FAIL: c-c++-common/asan/strncpy-overflow-1.c   -O0  execution test
FAIL: gcc.dg/debug/pr65771.c -gstabs+ -O (test for excess errors)
FAIL: gcc.dg/debug/pr65771.c -gstabs+ -O3 (test for excess errors)
FAIL: gcc.dg/debug/pr65771.c -gstabs+1 -O (test for excess errors)
FAIL: gcc.dg/debug/pr65771.c -gstabs+1 -O3 (test for excess errors)
FAIL: gcc.dg/debug/pr65771.c -gstabs+3 -O (test for excess errors)
FAIL: gcc.dg/debug/pr65771.c -gstabs+3 -O3 (test for excess errors)
FAIL: gcc.dg/20021014-1.c execution test
FAIL: gcc.dg/aru-2.c execution test
FAIL: gcc.dg/attr-weakref-1.c execution test
FAIL: gcc.dg/darwin-weakimport-3.c scan-assembler-not coalesced
FAIL: gcc.dg/pr43643.c execution test
FAIL: gcc.dg/pr61053.c (test for excess errors)
FAIL: gcc.dg/uninit-19.c  (test for warnings, line 22)
FAIL: gcc.dg/uninit-19.c (test for excess errors)
FAIL: gcc.dg/torture/builtin-self.c   -O0   scan-assembler-not \\tcall
FAIL: gcc.dg/torture/pr53922.c   -O0  execution test
FAIL: gcc.dg/torture/pr53922.c   -O1  execution test
FAIL: gcc.dg/torture/pr53922.c   -O2  execution test
FAIL: gcc.dg/torture/pr53922.c   -O3 -fomit-frame-pointer  execution test
FAIL: gcc.dg/torture/pr53922.c   -O3 -g  execution test
FAIL: gcc.dg/torture/pr53922.c   -Os  execution test
FAIL: gcc.dg/tree-prof/comp-goto-1.c compilation,  -fprofile-use -D_PROFILE_USE
UNRESOLVED: gcc.dg/tree-prof/comp-goto-1.c execution,    -fprofile-use -D_PROFILE_USE
FAIL: gcc.dg/tree-prof/pr47187.c compilation,  -fprofile-generate -D_PROFILE_GENERATE
UNRESOLVED: gcc.dg/tree-prof/pr47187.c compilation,  -fprofile-use -D_PROFILE_USE
UNRESOLVED: gcc.dg/tree-prof/pr47187.c execution,    -fprofile-generate -D_PROFILE_GENERATE
UNRESOLVED: gcc.dg/tree-prof/pr47187.c execution,    -fprofile-use -D_PROFILE_USE
FAIL: gcc.misc-tests/gcov-14.c execution test
FAIL: gcc.misc-tests/gcov-14.c gcov failed: gcov-14.c.gov does not exist
FAIL: gcc.target/i386/memcpy-strategy-3.c scan-assembler-times memcpy 2
FAIL: gcc.target/i386/memset-strategy-1.c scan-assembler-times memset 2

		=== gcc Summary for unix/-m32 ===

# of expected passes		90249
# of unexpected failures	28
# of expected failures		200
# of unresolved testcases	4
# of unsupported tests		3565

		=== gcc Summary ===

# of expected passes		181459
# of unexpected failures	58
# of expected failures		394
# of unresolved testcases	14
# of unsupported tests		7267
/private/var/gcc/gcc-5.1.0/10.7-gcc/gcc/xgcc  version 5.1.0 (GCC) 

		=== gfortran tests ===


Running target unix
FAIL: gfortran.dg/isnan_1.f90   -Os  execution test

		=== gfortran Summary for unix ===

# of expected passes		48033
# of unexpected failures	1
# of expected failures		64
# of unsupported tests		78

Running target unix/-m32

		=== gfortran Summary for unix/-m32 ===

# of expected passes		47745
# of expected failures		64
# of unsupported tests		218

		=== gfortran Summary ===

# of expected passes		95778
# of unexpected failures	1
# of expected failures		128
# of unsupported tests		296
/private/var/gcc/gcc-5.1.0/10.7-gcc/gcc/testsuite/gfortran/../../gfortran  version 5.1.0 (GCC) 

		=== gnat tests ===


Running target unix

		=== gnat Summary for unix ===

# of expected passes		1327
# of expected failures		20
# of unsupported tests		9

Running target unix/-m32

		=== gnat Summary for unix/-m32 ===

# of expected passes		1327
# of expected failures		20
# of unsupported tests		9

		=== gnat Summary ===

# of expected passes		2654
# of expected failures		40
# of unsupported tests		18
/private/var/gcc/gcc-5.1.0/10.7-gcc/gcc/gnatmake version 5.1.0

		=== obj-c++ tests ===


Running target unix

		=== obj-c++ Summary for unix ===

# of expected passes		2994
# of expected failures		19
# of unsupported tests		60

Running target unix/-m32
FAIL: obj-c++.dg/cxx-ivars-3.mm -fnext-runtime execution test

		=== obj-c++ Summary for unix/-m32 ===

# of expected passes		3028
# of unexpected failures	1
# of expected failures		2
# of unsupported tests		56

		=== obj-c++ Summary ===

# of expected passes		6022
# of unexpected failures	1
# of expected failures		21
# of unsupported tests		116
/private/var/gcc/gcc-5.1.0/10.7-gcc/gcc/testsuite/obj-c++/../../xg++  version 5.1.0 (GCC) 

		=== objc tests ===


Running target unix
FAIL: objc.dg/pr23214.m -fnext-runtime (test for excess errors)
UNRESOLVED: objc.dg/pr23214.m -fnext-runtime compilation failed to produce executable

		=== objc Summary for unix ===

# of expected passes		5950
# of unexpected failures	1
# of expected failures		14
# of unresolved testcases	1
# of unsupported tests		77

Running target unix/-m32
FAIL: objc.dg/ivar-scope-4.m -fnext-runtime execution test

		=== objc Summary for unix/-m32 ===

# of expected passes		5975
# of unexpected failures	1
# of expected failures		6
# of unsupported tests		73

		=== objc Summary ===

# of expected passes		11925
# of unexpected failures	2
# of expected failures		20
# of unresolved testcases	1
# of unsupported tests		150
/private/var/gcc/gcc-5.1.0/10.7-gcc/gcc/xgcc  version 5.1.0 (GCC) 

		=== boehm-gc tests ===


Running target unix

		=== boehm-gc Summary for unix ===

# of expected passes		12
# of unsupported tests		1

Running target unix/-m32

		=== boehm-gc Summary for unix/-m32 ===

# of expected passes		12
# of unsupported tests		1

		=== boehm-gc Summary ===

# of expected passes		24
# of unsupported tests		2
		=== libatomic tests ===


Running target unix

		=== libatomic Summary for unix ===

# of expected passes		54

Running target unix/-m32

		=== libatomic Summary for unix/-m32 ===

# of expected passes		44
# of unsupported tests		5

		=== libatomic Summary ===

# of expected passes		98
# of unsupported tests		5
		=== libffi tests ===


Running target unix

		=== libffi Summary for unix ===

# of expected passes		1914
# of unsupported tests		30

Running target unix/-m32

		=== libffi Summary for unix/-m32 ===

# of expected passes		1914
# of unsupported tests		30

		=== libffi Summary ===

# of expected passes		3828
# of unsupported tests		60
		=== libgomp tests ===


Running target unix
FAIL: libgomp.oacc-c/../libgomp.oacc-c-c++-common/acc_on_device-1.c -DACC_DEVICE_TYPE_host_nonshm=1 -DACC_MEM_SHARED=0 execution test
FAIL: libgomp.oacc-c/../libgomp.oacc-c-c++-common/if-1.c -DACC_DEVICE_TYPE_host_nonshm=1 -DACC_MEM_SHARED=0 execution test
FAIL: libgomp.oacc-c++/../libgomp.oacc-c-c++-common/acc_on_device-1.c -DACC_DEVICE_TYPE_host_nonshm=1 -DACC_MEM_SHARED=0 execution test
FAIL: libgomp.oacc-c++/../libgomp.oacc-c-c++-common/if-1.c -DACC_DEVICE_TYPE_host_nonshm=1 -DACC_MEM_SHARED=0 execution test
FAIL: libgomp.oacc-fortran/acc_on_device-1-1.f90 -DACC_DEVICE_TYPE_host_nonshm=1 -DACC_MEM_SHARED=0  -O  execution test
FAIL: libgomp.oacc-fortran/acc_on_device-1-2.f -DACC_DEVICE_TYPE_host_nonshm=1 -DACC_MEM_SHARED=0  -O  execution test
FAIL: libgomp.oacc-fortran/acc_on_device-1-3.f -DACC_DEVICE_TYPE_host_nonshm=1 -DACC_MEM_SHARED=0  -O  execution test

		=== libgomp Summary for unix ===

# of expected passes		5717
# of unexpected failures	7
# of unsupported tests		282

Running target unix/-m32
FAIL: libgomp.oacc-c/../libgomp.oacc-c-c++-common/acc_on_device-1.c -DACC_DEVICE_TYPE_host_nonshm=1 -DACC_MEM_SHARED=0 execution test
FAIL: libgomp.oacc-c/../libgomp.oacc-c-c++-common/if-1.c -DACC_DEVICE_TYPE_host_nonshm=1 -DACC_MEM_SHARED=0 execution test
FAIL: libgomp.oacc-c++/../libgomp.oacc-c-c++-common/acc_on_device-1.c -DACC_DEVICE_TYPE_host_nonshm=1 -DACC_MEM_SHARED=0 execution test
FAIL: libgomp.oacc-c++/../libgomp.oacc-c-c++-common/if-1.c -DACC_DEVICE_TYPE_host_nonshm=1 -DACC_MEM_SHARED=0 execution test
FAIL: libgomp.oacc-fortran/acc_on_device-1-1.f90 -DACC_DEVICE_TYPE_host_nonshm=1 -DACC_MEM_SHARED=0  -O  execution test
FAIL: libgomp.oacc-fortran/acc_on_device-1-2.f -DACC_DEVICE_TYPE_host_nonshm=1 -DACC_MEM_SHARED=0  -O  execution test
FAIL: libgomp.oacc-fortran/acc_on_device-1-3.f -DACC_DEVICE_TYPE_host_nonshm=1 -DACC_MEM_SHARED=0  -O  execution test

		=== libgomp Summary for unix/-m32 ===

# of expected passes		5717
# of unexpected failures	7
# of unsupported tests		282

		=== libgomp Summary ===

# of expected passes		11434
# of unexpected failures	14
# of unsupported tests		564
		=== libitm tests ===


Running target unix

		=== libitm Summary for unix ===

# of expected passes		26
# of expected failures		3
# of unsupported tests		1

Running target unix/-m32

		=== libitm Summary for unix/-m32 ===

# of expected passes		26
# of expected failures		3
# of unsupported tests		1

		=== libitm Summary ===

# of expected passes		52
# of expected failures		6
# of unsupported tests		2
		=== libjava tests ===


Running target unix
FAIL: Throw_2 execution - source compiled test
FAIL: Throw_2 -findirect-dispatch execution - source compiled test
FAIL: Throw_2 -O3 execution - source compiled test
FAIL: Throw_2 -O3 -findirect-dispatch execution - source compiled test

		=== libjava Summary for unix ===

# of expected passes		2574
# of unexpected failures	4
# of expected failures		4
# of untested testcases		4

Running target unix/-m32

		=== libjava Summary for unix/-m32 ===

# of expected passes		2582
# of expected failures		4

		=== libjava Summary ===

# of expected passes		5156
# of unexpected failures	4
# of expected failures		8
# of untested testcases		4
		=== libstdc++ tests ===


Running target unix
FAIL: 17_intro/headers/c++1998/all_attributes.cc (test for excess errors)
FAIL: 17_intro/headers/c++200x/all_attributes.cc (test for excess errors)
FAIL: 17_intro/headers/c++2014/all_attributes.cc (test for excess errors)
FAIL: libstdc++-prettyprinters/shared_ptr.cc print esp
FAIL: libstdc++-prettyprinters/shared_ptr.cc print ewp1
FAIL: libstdc++-prettyprinters/shared_ptr.cc print ewp2
FAIL: libstdc++-prettyprinters/shared_ptr.cc print sp1
FAIL: libstdc++-prettyprinters/shared_ptr.cc print wp1
FAIL: libstdc++-prettyprinters/shared_ptr.cc print wp2
FAIL: libstdc++-prettyprinters/whatis.cc whatis assoc1_holder
FAIL: libstdc++-prettyprinters/whatis.cc whatis assoc2_holder
FAIL: libstdc++-prettyprinters/whatis.cc whatis cmatch_holder
FAIL: libstdc++-prettyprinters/whatis.cc whatis cregex_iterator_holder
FAIL: libstdc++-prettyprinters/whatis.cc whatis cregex_token_iterator_holder
FAIL: libstdc++-prettyprinters/whatis.cc whatis csub_match_holder
FAIL: libstdc++-prettyprinters/whatis.cc whatis filebuf_holder
FAIL: libstdc++-prettyprinters/whatis.cc whatis fstream_holder
FAIL: libstdc++-prettyprinters/whatis.cc whatis ifstream_holder
FAIL: libstdc++-prettyprinters/whatis.cc whatis ios_holder
FAIL: libstdc++-prettyprinters/whatis.cc whatis iostream_holder
FAIL: libstdc++-prettyprinters/whatis.cc whatis istream_holder
FAIL: libstdc++-prettyprinters/whatis.cc whatis istringstream_holder
FAIL: libstdc++-prettyprinters/whatis.cc whatis knuth_b_holder
FAIL: libstdc++-prettyprinters/whatis.cc whatis minstd_rand0_holder
FAIL: libstdc++-prettyprinters/whatis.cc whatis minstd_rand_holder
FAIL: libstdc++-prettyprinters/whatis.cc whatis mt19937_64_holder
FAIL: libstdc++-prettyprinters/whatis.cc whatis mt19937_holder
FAIL: libstdc++-prettyprinters/whatis.cc whatis ofstream_holder
FAIL: libstdc++-prettyprinters/whatis.cc whatis ostream_holder
FAIL: libstdc++-prettyprinters/whatis.cc whatis ostringstream_holder
FAIL: libstdc++-prettyprinters/whatis.cc whatis ranlux24_base_holder
FAIL: libstdc++-prettyprinters/whatis.cc whatis ranlux24_holder
FAIL: libstdc++-prettyprinters/whatis.cc whatis ranlux48_base_holder
FAIL: libstdc++-prettyprinters/whatis.cc whatis ranlux48_holder
FAIL: libstdc++-prettyprinters/whatis.cc whatis regex_holder
FAIL: libstdc++-prettyprinters/whatis.cc whatis seq1_holder
FAIL: libstdc++-prettyprinters/whatis.cc whatis seq2_holder
FAIL: libstdc++-prettyprinters/whatis.cc whatis smatch_holder
FAIL: libstdc++-prettyprinters/whatis.cc whatis sregex_iterator_holder
FAIL: libstdc++-prettyprinters/whatis.cc whatis sregex_token_iterator_holder
FAIL: libstdc++-prettyprinters/whatis.cc whatis ssub_match_holder
FAIL: libstdc++-prettyprinters/whatis.cc whatis streambuf_holder
FAIL: libstdc++-prettyprinters/whatis.cc whatis streampos_holder
FAIL: libstdc++-prettyprinters/whatis.cc whatis string_holder
FAIL: libstdc++-prettyprinters/whatis.cc whatis stringbuf_holder
FAIL: libstdc++-prettyprinters/whatis.cc whatis stringstream_holder
FAIL: libstdc++-prettyprinters/whatis.cc whatis u16string_holder
FAIL: libstdc++-prettyprinters/whatis.cc whatis u32string_holder
FAIL: libstdc++-prettyprinters/whatis.cc whatis unord1_holder
FAIL: libstdc++-prettyprinters/whatis.cc whatis unord2_holder

		=== libstdc++ Summary for unix ===

# of expected passes		9272
# of unexpected failures	50
# of expected failures		65
# of unsupported tests		679

Running target unix/-m32
XPASS: 26_numerics/headers/cmath/c_math.cc execution test
FAIL: libstdc++-prettyprinters/shared_ptr.cc print esp
FAIL: libstdc++-prettyprinters/shared_ptr.cc print ewp1
FAIL: libstdc++-prettyprinters/shared_ptr.cc print ewp2
FAIL: libstdc++-prettyprinters/shared_ptr.cc print sp1
FAIL: libstdc++-prettyprinters/shared_ptr.cc print wp1
FAIL: libstdc++-prettyprinters/shared_ptr.cc print wp2
FAIL: libstdc++-prettyprinters/whatis.cc whatis assoc1_holder
FAIL: libstdc++-prettyprinters/whatis.cc whatis assoc2_holder
FAIL: libstdc++-prettyprinters/whatis.cc whatis cmatch_holder
FAIL: libstdc++-prettyprinters/whatis.cc whatis cregex_iterator_holder
FAIL: libstdc++-prettyprinters/whatis.cc whatis cregex_token_iterator_holder
FAIL: libstdc++-prettyprinters/whatis.cc whatis csub_match_holder
FAIL: libstdc++-prettyprinters/whatis.cc whatis filebuf_holder
FAIL: libstdc++-prettyprinters/whatis.cc whatis fstream_holder
FAIL: libstdc++-prettyprinters/whatis.cc whatis ifstream_holder
FAIL: libstdc++-prettyprinters/whatis.cc whatis ios_holder
FAIL: libstdc++-prettyprinters/whatis.cc whatis iostream_holder
FAIL: libstdc++-prettyprinters/whatis.cc whatis istream_holder
FAIL: libstdc++-prettyprinters/whatis.cc whatis istringstream_holder
FAIL: libstdc++-prettyprinters/whatis.cc whatis knuth_b_holder
FAIL: libstdc++-prettyprinters/whatis.cc whatis minstd_rand0_holder
FAIL: libstdc++-prettyprinters/whatis.cc whatis minstd_rand_holder
FAIL: libstdc++-prettyprinters/whatis.cc whatis mt19937_64_holder
FAIL: libstdc++-prettyprinters/whatis.cc whatis mt19937_holder
FAIL: libstdc++-prettyprinters/whatis.cc whatis ofstream_holder
FAIL: libstdc++-prettyprinters/whatis.cc whatis ostream_holder
FAIL: libstdc++-prettyprinters/whatis.cc whatis ostringstream_holder
FAIL: libstdc++-prettyprinters/whatis.cc whatis ranlux24_base_holder
FAIL: libstdc++-prettyprinters/whatis.cc whatis ranlux24_holder
FAIL: libstdc++-prettyprinters/whatis.cc whatis ranlux48_base_holder
FAIL: libstdc++-prettyprinters/whatis.cc whatis ranlux48_holder
FAIL: libstdc++-prettyprinters/whatis.cc whatis regex_holder
FAIL: libstdc++-prettyprinters/whatis.cc whatis seq1_holder
FAIL: libstdc++-prettyprinters/whatis.cc whatis seq2_holder
FAIL: libstdc++-prettyprinters/whatis.cc whatis smatch_holder
FAIL: libstdc++-prettyprinters/whatis.cc whatis sregex_iterator_holder
FAIL: libstdc++-prettyprinters/whatis.cc whatis sregex_token_iterator_holder
FAIL: libstdc++-prettyprinters/whatis.cc whatis ssub_match_holder
FAIL: libstdc++-prettyprinters/whatis.cc whatis streambuf_holder
FAIL: libstdc++-prettyprinters/whatis.cc whatis streampos_holder
FAIL: libstdc++-prettyprinters/whatis.cc whatis string_holder
FAIL: libstdc++-prettyprinters/whatis.cc whatis stringbuf_holder
FAIL: libstdc++-prettyprinters/whatis.cc whatis stringstream_holder
FAIL: libstdc++-prettyprinters/whatis.cc whatis u16string_holder
FAIL: libstdc++-prettyprinters/whatis.cc whatis u32string_holder
FAIL: libstdc++-prettyprinters/whatis.cc whatis unord1_holder
FAIL: libstdc++-prettyprinters/whatis.cc whatis unord2_holder

		=== libstdc++ Summary for unix/-m32 ===

# of expected passes		3792
# of unexpected failures	47
# of unexpected successes	1
# of expected failures		61
# of unsupported tests		678

		=== libstdc++ Summary ===

# of expected passes		13064
# of unexpected failures	97
# of unexpected successes	1
# of expected failures		126
# of unsupported tests		1357

Compiler version: 5.1.0 (GCC) 
Platform: x86_64-apple-darwin11.4.2
configure flags: --prefix=/vol/gcc-5 --enable-objc-gc --with-gmp-include=/vol/gcc/include --with-gmp-lib=/vol/gcc/lib/amd64 --with-mpfr-include=/vol/gcc/include --with-mpfr-lib=/vol/gcc/lib/amd64 --with-mpc-include=/vol/gcc/include --with-mpc-lib=/vol/gcc/lib/amd64 --enable-languages=all,ada,obj-c++
BOOT_CFLAGS=-g -O2 \`case x86_64-apple-darwin11.4.2 in i?86-*-darwin* | powerpc-*-darwin*) gcc -S -xc /dev/null -o /dev/null -mno-dynamic-no-pic 2>/dev/null && echo -mdynamic-no-pic ;; esac\`


Index Nav: [Date Index] [Subject Index] [Author Index] [Thread Index]
Message Nav: [Date Prev] [Date Next] [Thread Prev] [Thread Next]