This is the mail archive of the
gcc-testresults@gcc.gnu.org
mailing list for the GCC project.
Results for 5.1.0 (GCC) testsuite on x86_64-unknown-linux-gnu
- From: Rainer Orth <ro at CeBiTec dot Uni-Bielefeld dot DE>
- To: gcc-testresults at gcc dot gnu dot org
- Date: Fri, 01 May 2015 02:39:47 +0200
- Subject: Results for 5.1.0 (GCC) testsuite on x86_64-unknown-linux-gnu
- Authentication-results: sourceware.org; auth=none
LAST_UPDATED: Obtained from SVN: tags/gcc_5_1_0_release revision 222317
=== acats tests ===
=== acats Summary ===
# of expected passes 2320
# of unexpected failures 0
Native configuration is x86_64-unknown-linux-gnu
=== gcc tests ===
Running target unix
FAIL: c-c++-common/cilk-plus/CK/cilk_for_ptr_iter.c -O3 -flto -g execution test
FAIL: c-c++-common/cilk-plus/CK/cilk_for_ptr_iter.c -O3 -g execution test
FAIL: c-c++-common/cilk-plus/CK/compound_cilk_spawn.c -O3 -g (test for excess errors)
FAIL: c-c++-common/cilk-plus/CK/fib_init_expr_xy.c -O1 (test for excess errors)
FAIL: c-c++-common/cilk-plus/CK/nested_cilk_for.c -O2 -ftree-vectorize execution test
FAIL: c-c++-common/cilk-plus/CK/nested_cilk_for.c -O3 -g execution test
FAIL: c-c++-common/cilk-plus/CK/varargs_test.c -g (test for excess errors)
WARNING: c-c++-common/cilk-plus/CK/varargs_test.c -g compilation failed to produce executable
ERROR: gcc.dg/guality/const-volatile.c -Os : error executing dg-final: couldn't fork child process: resource temporarily unavailable
UNRESOLVED: gcc.dg/guality/const-volatile.c -Os : error executing dg-final: couldn't fork child process: resource temporarily unavailable
XPASS: gcc.dg/guality/example.c -O0 execution test
XPASS: gcc.dg/guality/example.c -O1 execution test
XPASS: gcc.dg/guality/example.c -O2 execution test
XPASS: gcc.dg/guality/example.c -O2 -flto -fno-use-linker-plugin -flto-partition=none execution test
XPASS: gcc.dg/guality/guality.c -O0 execution test
XPASS: gcc.dg/guality/guality.c -O1 execution test
XPASS: gcc.dg/guality/guality.c -O2 execution test
XPASS: gcc.dg/guality/guality.c -O2 -flto -fno-use-linker-plugin -flto-partition=none execution test
XPASS: gcc.dg/guality/guality.c -O2 -flto -fuse-linker-plugin -fno-fat-lto-objects execution test
XPASS: gcc.dg/guality/guality.c -O3 -fomit-frame-pointer execution test
XPASS: gcc.dg/guality/guality.c -O3 -g execution test
XPASS: gcc.dg/guality/guality.c -Os execution test
XPASS: gcc.dg/guality/inline-params.c -O2 execution test
XPASS: gcc.dg/guality/inline-params.c -O2 -flto -fno-use-linker-plugin -flto-partition=none execution test
XPASS: gcc.dg/guality/inline-params.c -O3 -fomit-frame-pointer execution test
XPASS: gcc.dg/guality/inline-params.c -O3 -g execution test
XPASS: gcc.dg/guality/inline-params.c -Os execution test
ERROR: gcc.dg/guality/pr36728-2.c -O2 : error executing dg-final: couldn't fork child process: resource temporarily unavailable
UNRESOLVED: gcc.dg/guality/pr36728-2.c -O2 : error executing dg-final: couldn't fork child process: resource temporarily unavailable
XPASS: gcc.dg/guality/pr41353-1.c -O0 line 28 j == 28 + 37
FAIL: gcc.dg/guality/pr41616-1.c -O2 -flto -fuse-linker-plugin -fno-fat-lto-objects execution test
FAIL: gcc.dg/guality/pr43051-1.c -O2 line 35 v == 1
FAIL: gcc.dg/guality/pr43051-1.c -O2 line 36 e == &a[1]
FAIL: gcc.dg/guality/pr43051-1.c -O2 line 39 c == &a[0]
FAIL: gcc.dg/guality/pr43051-1.c -O2 line 40 v == 1
FAIL: gcc.dg/guality/pr43051-1.c -O2 line 41 e == &a[1]
FAIL: gcc.dg/guality/pr43051-1.c -O2 -flto -fno-use-linker-plugin -flto-partition=none line 35 v == 1
FAIL: gcc.dg/guality/pr43051-1.c -O2 -flto -fno-use-linker-plugin -flto-partition=none line 36 e == &a[1]
FAIL: gcc.dg/guality/pr43051-1.c -O2 -flto -fno-use-linker-plugin -flto-partition=none line 39 c == &a[0]
FAIL: gcc.dg/guality/pr43051-1.c -O2 -flto -fno-use-linker-plugin -flto-partition=none line 40 v == 1
FAIL: gcc.dg/guality/pr43051-1.c -O2 -flto -fno-use-linker-plugin -flto-partition=none line 41 e == &a[1]
FAIL: gcc.dg/guality/pr43051-1.c -O2 -flto -fuse-linker-plugin -fno-fat-lto-objects line 35 v == 1
FAIL: gcc.dg/guality/pr43051-1.c -O2 -flto -fuse-linker-plugin -fno-fat-lto-objects line 36 e == &a[1]
FAIL: gcc.dg/guality/pr43051-1.c -O2 -flto -fuse-linker-plugin -fno-fat-lto-objects line 39 c == &a[0]
FAIL: gcc.dg/guality/pr43051-1.c -O2 -flto -fuse-linker-plugin -fno-fat-lto-objects line 40 v == 1
FAIL: gcc.dg/guality/pr43051-1.c -O2 -flto -fuse-linker-plugin -fno-fat-lto-objects line 41 e == &a[1]
FAIL: gcc.dg/guality/pr43051-1.c -O3 -fomit-frame-pointer line 35 v == 1
FAIL: gcc.dg/guality/pr43051-1.c -O3 -fomit-frame-pointer line 36 e == &a[1]
FAIL: gcc.dg/guality/pr43051-1.c -O3 -fomit-frame-pointer line 39 c == &a[0]
FAIL: gcc.dg/guality/pr43051-1.c -O3 -fomit-frame-pointer line 40 v == 1
FAIL: gcc.dg/guality/pr43051-1.c -O3 -fomit-frame-pointer line 41 e == &a[1]
FAIL: gcc.dg/guality/pr43051-1.c -O3 -fomit-frame-pointer -funroll-all-loops -finline-functions line 35 v == 1
FAIL: gcc.dg/guality/pr43051-1.c -O3 -fomit-frame-pointer -funroll-all-loops -finline-functions line 36 e == &a[1]
FAIL: gcc.dg/guality/pr43051-1.c -O3 -fomit-frame-pointer -funroll-all-loops -finline-functions line 39 c == &a[0]
FAIL: gcc.dg/guality/pr43051-1.c -O3 -fomit-frame-pointer -funroll-all-loops -finline-functions line 40 v == 1
FAIL: gcc.dg/guality/pr43051-1.c -O3 -fomit-frame-pointer -funroll-all-loops -finline-functions line 41 e == &a[1]
FAIL: gcc.dg/guality/pr43051-1.c -O3 -fomit-frame-pointer -funroll-loops line 35 v == 1
FAIL: gcc.dg/guality/pr43051-1.c -O3 -fomit-frame-pointer -funroll-loops line 36 e == &a[1]
FAIL: gcc.dg/guality/pr43051-1.c -O3 -fomit-frame-pointer -funroll-loops line 39 c == &a[0]
FAIL: gcc.dg/guality/pr43051-1.c -O3 -fomit-frame-pointer -funroll-loops line 40 v == 1
FAIL: gcc.dg/guality/pr43051-1.c -O3 -fomit-frame-pointer -funroll-loops line 41 e == &a[1]
FAIL: gcc.dg/guality/pr43051-1.c -O3 -g line 35 v == 1
FAIL: gcc.dg/guality/pr43051-1.c -O3 -g line 36 e == &a[1]
FAIL: gcc.dg/guality/pr43051-1.c -O3 -g line 39 c == &a[0]
FAIL: gcc.dg/guality/pr43051-1.c -O3 -g line 40 v == 1
FAIL: gcc.dg/guality/pr43051-1.c -O3 -g line 41 e == &a[1]
FAIL: gcc.dg/guality/pr43051-1.c -Os line 35 v == 1
FAIL: gcc.dg/guality/pr43051-1.c -Os line 36 e == &a[1]
FAIL: gcc.dg/guality/pr43051-1.c -Os line 39 c == &a[0]
FAIL: gcc.dg/guality/pr43051-1.c -Os line 40 v == 1
FAIL: gcc.dg/guality/pr43051-1.c -Os line 41 e == &a[1]
FAIL: gcc.dg/guality/pr43177.c -O2 line 15 l == 10
FAIL: gcc.dg/guality/pr43177.c -O2 line 15 x == 7
FAIL: gcc.dg/guality/pr43177.c -O2 line 24 l == 10
FAIL: gcc.dg/guality/pr43177.c -O2 line 24 x == 7
FAIL: gcc.dg/guality/pr43177.c -O2 -flto -fno-use-linker-plugin -flto-partition=none line 15 l == 10
FAIL: gcc.dg/guality/pr43177.c -O2 -flto -fno-use-linker-plugin -flto-partition=none line 15 x == 7
FAIL: gcc.dg/guality/pr43177.c -O2 -flto -fno-use-linker-plugin -flto-partition=none line 24 l == 10
FAIL: gcc.dg/guality/pr43177.c -O2 -flto -fno-use-linker-plugin -flto-partition=none line 24 x == 7
FAIL: gcc.dg/guality/pr43177.c -O2 -flto -fuse-linker-plugin -fno-fat-lto-objects line 15 l == 10
FAIL: gcc.dg/guality/pr43177.c -O2 -flto -fuse-linker-plugin -fno-fat-lto-objects line 15 x == 7
FAIL: gcc.dg/guality/pr43177.c -O2 -flto -fuse-linker-plugin -fno-fat-lto-objects line 24 l == 10
FAIL: gcc.dg/guality/pr43177.c -O2 -flto -fuse-linker-plugin -fno-fat-lto-objects line 24 x == 7
FAIL: gcc.dg/guality/pr43177.c -O3 -fomit-frame-pointer line 15 l == 10
FAIL: gcc.dg/guality/pr43177.c -O3 -fomit-frame-pointer line 15 x == 7
FAIL: gcc.dg/guality/pr43177.c -O3 -fomit-frame-pointer line 24 l == 10
FAIL: gcc.dg/guality/pr43177.c -O3 -fomit-frame-pointer line 24 x == 7
FAIL: gcc.dg/guality/pr43177.c -O3 -g line 15 l == 10
FAIL: gcc.dg/guality/pr43177.c -O3 -g line 15 x == 7
FAIL: gcc.dg/guality/pr43177.c -O3 -g line 24 l == 10
FAIL: gcc.dg/guality/pr43177.c -O3 -g line 24 x == 7
FAIL: gcc.dg/guality/pr43177.c -Os line 15 l == 10
FAIL: gcc.dg/guality/pr43177.c -Os line 15 x == 7
FAIL: gcc.dg/guality/pr43177.c -Os line 24 l == 10
FAIL: gcc.dg/guality/pr43177.c -Os line 24 x == 7
FAIL: gcc.dg/guality/pr43479.c -O1 line 13 h == 9
FAIL: gcc.dg/guality/pr43479.c -O1 line 18 h == 9
FAIL: gcc.dg/guality/pr43479.c -O2 line 13 h == 9
FAIL: gcc.dg/guality/pr43479.c -O2 line 18 h == 9
FAIL: gcc.dg/guality/pr43479.c -O2 -flto -fno-use-linker-plugin -flto-partition=none line 13 h == 9
FAIL: gcc.dg/guality/pr43479.c -O2 -flto -fno-use-linker-plugin -flto-partition=none line 18 h == 9
FAIL: gcc.dg/guality/pr43479.c -O2 -flto -fuse-linker-plugin -fno-fat-lto-objects line 13 h == 9
FAIL: gcc.dg/guality/pr43479.c -O2 -flto -fuse-linker-plugin -fno-fat-lto-objects line 18 h == 9
FAIL: gcc.dg/guality/pr43479.c -O3 -fomit-frame-pointer line 13 h == 9
FAIL: gcc.dg/guality/pr43479.c -O3 -fomit-frame-pointer line 18 h == 9
FAIL: gcc.dg/guality/pr43479.c -O3 -g line 13 h == 9
FAIL: gcc.dg/guality/pr43479.c -O3 -g line 18 h == 9
FAIL: gcc.dg/guality/pr43479.c -Os line 13 h == 9
FAIL: gcc.dg/guality/pr43479.c -Os line 18 h == 9
FAIL: gcc.dg/guality/pr45003-2.c -O2 -flto -fuse-linker-plugin -fno-fat-lto-objects line 10 a == 0x8078
FAIL: gcc.dg/guality/pr45882.c -O2 -flto -fuse-linker-plugin -fno-fat-lto-objects line 16 d == 112
FAIL: gcc.dg/guality/pr45882.c -O2 -flto -fuse-linker-plugin -fno-fat-lto-objects line 16 e == 142
FAIL: gcc.dg/guality/pr54200.c -Os line 20 z == 3
FAIL: gcc.dg/guality/pr54519-1.c -O2 -flto -fno-use-linker-plugin -flto-partition=none line 20 y == 25
FAIL: gcc.dg/guality/pr54519-1.c -O2 -flto -fno-use-linker-plugin -flto-partition=none line 20 z == 6
FAIL: gcc.dg/guality/pr54519-1.c -O2 -flto -fno-use-linker-plugin -flto-partition=none line 23 y == 117
FAIL: gcc.dg/guality/pr54519-1.c -O2 -flto -fno-use-linker-plugin -flto-partition=none line 23 z == 8
FAIL: gcc.dg/guality/pr54519-2.c -O2 -flto -fno-use-linker-plugin -flto-partition=none line 17 y == 25
FAIL: gcc.dg/guality/pr54519-2.c -O2 -flto -fuse-linker-plugin -fno-fat-lto-objects line 17 y == 25
FAIL: gcc.dg/guality/pr54519-3.c -O2 -flto -fno-use-linker-plugin -flto-partition=none line 20 y == 25
FAIL: gcc.dg/guality/pr54519-3.c -O2 -flto -fno-use-linker-plugin -flto-partition=none line 20 z == 6
FAIL: gcc.dg/guality/pr54519-3.c -O2 -flto -fno-use-linker-plugin -flto-partition=none line 23 y == 117
FAIL: gcc.dg/guality/pr54519-3.c -O2 -flto -fno-use-linker-plugin -flto-partition=none line 23 z == 8
FAIL: gcc.dg/guality/pr54519-3.c -O2 -flto -fuse-linker-plugin -fno-fat-lto-objects line 20 x == 36
FAIL: gcc.dg/guality/pr54519-3.c -O2 -flto -fuse-linker-plugin -fno-fat-lto-objects line 20 y == 25
FAIL: gcc.dg/guality/pr54519-3.c -O2 -flto -fuse-linker-plugin -fno-fat-lto-objects line 20 z == 6
FAIL: gcc.dg/guality/pr54519-3.c -O2 -flto -fuse-linker-plugin -fno-fat-lto-objects line 23 x == 98
FAIL: gcc.dg/guality/pr54519-3.c -O2 -flto -fuse-linker-plugin -fno-fat-lto-objects line 23 y == 117
FAIL: gcc.dg/guality/pr54519-3.c -O2 -flto -fuse-linker-plugin -fno-fat-lto-objects line 23 z == 8
FAIL: gcc.dg/guality/pr54519-4.c -O2 -flto -fno-use-linker-plugin -flto-partition=none line 17 y == 25
FAIL: gcc.dg/guality/pr54519-4.c -O2 -flto -fuse-linker-plugin -fno-fat-lto-objects line 17 x == 6
FAIL: gcc.dg/guality/pr54519-4.c -O2 -flto -fuse-linker-plugin -fno-fat-lto-objects line 17 y == 25
FAIL: gcc.dg/guality/pr54519-5.c -O2 -flto -fno-use-linker-plugin -flto-partition=none line 17 y == 25
FAIL: gcc.dg/guality/pr54519-5.c -O2 -flto -fuse-linker-plugin -fno-fat-lto-objects line 17 y == 25
ERROR: gcc.dg/guality/pr58791-5.c -O3 -g : error executing dg-final: couldn't fork child process: resource temporarily unavailable
UNRESOLVED: gcc.dg/guality/pr58791-5.c -O3 -g : error executing dg-final: couldn't fork child process: resource temporarily unavailable
FAIL: gcc.dg/guality/sra-1.c -O2 line 21 a.i == 4
FAIL: gcc.dg/guality/sra-1.c -O2 line 21 a.j == 14
FAIL: gcc.dg/guality/sra-1.c -O2 line 32 a[0] == 4
FAIL: gcc.dg/guality/sra-1.c -O2 line 32 a[1] == 14
FAIL: gcc.dg/guality/sra-1.c -O2 -flto -fno-use-linker-plugin -flto-partition=none line 21 a.i == 4
FAIL: gcc.dg/guality/sra-1.c -O2 -flto -fno-use-linker-plugin -flto-partition=none line 21 a.j == 14
FAIL: gcc.dg/guality/sra-1.c -O2 -flto -fno-use-linker-plugin -flto-partition=none line 32 a[0] == 4
FAIL: gcc.dg/guality/sra-1.c -O2 -flto -fno-use-linker-plugin -flto-partition=none line 32 a[1] == 14
FAIL: gcc.dg/guality/sra-1.c -O2 -flto -fuse-linker-plugin -fno-fat-lto-objects line 21 a.i == 4
FAIL: gcc.dg/guality/sra-1.c -O2 -flto -fuse-linker-plugin -fno-fat-lto-objects line 21 a.j == 14
FAIL: gcc.dg/guality/sra-1.c -O3 -fomit-frame-pointer line 21 a.i == 4
FAIL: gcc.dg/guality/sra-1.c -O3 -fomit-frame-pointer line 21 a.j == 14
FAIL: gcc.dg/guality/sra-1.c -O3 -fomit-frame-pointer line 32 a[0] == 4
FAIL: gcc.dg/guality/sra-1.c -O3 -fomit-frame-pointer line 32 a[1] == 14
FAIL: gcc.dg/guality/sra-1.c -O3 -g line 21 a.i == 4
FAIL: gcc.dg/guality/sra-1.c -O3 -g line 21 a.j == 14
FAIL: gcc.dg/guality/sra-1.c -O3 -g line 32 a[0] == 4
FAIL: gcc.dg/guality/sra-1.c -O3 -g line 32 a[1] == 14
FAIL: gcc.dg/guality/sra-1.c -Os line 21 a.i == 4
FAIL: gcc.dg/guality/sra-1.c -Os line 21 a.j == 14
FAIL: gcc.dg/guality/sra-1.c -Os line 32 a[0] == 4
FAIL: gcc.dg/guality/sra-1.c -Os line 32 a[1] == 14
FAIL: gcc.dg/guality/vla-1.c -O1 line 17 sizeof (a) == 6
FAIL: gcc.dg/guality/vla-1.c -O2 line 17 sizeof (a) == 6
FAIL: gcc.dg/guality/vla-1.c -O2 -flto -fno-use-linker-plugin -flto-partition=none line 17 sizeof (a) == 6
FAIL: gcc.dg/guality/vla-1.c -O2 -flto -fuse-linker-plugin -fno-fat-lto-objects line 17 sizeof (a) == 6
FAIL: gcc.dg/guality/vla-1.c -O3 -fomit-frame-pointer line 17 sizeof (a) == 6
FAIL: gcc.dg/guality/vla-1.c -O3 -g line 17 sizeof (a) == 6
FAIL: gcc.dg/guality/vla-1.c -Os line 17 sizeof (a) == 6
FAIL: gcc.dg/guality/vla-2.c -O2 line 25 sizeof (a) == 6 * sizeof (int)
FAIL: gcc.dg/guality/vla-2.c -O2 -flto -fno-use-linker-plugin -flto-partition=none line 25 sizeof (a) == 6 * sizeof (int)
FAIL: gcc.dg/guality/vla-2.c -O2 -flto -fuse-linker-plugin -fno-fat-lto-objects line 25 sizeof (a) == 6 * sizeof (int)
FAIL: gcc.dg/guality/vla-2.c -O3 -fomit-frame-pointer line 25 sizeof (a) == 6 * sizeof (int)
FAIL: gcc.dg/guality/vla-2.c -O3 -g line 25 sizeof (a) == 6 * sizeof (int)
FAIL: gcc.dg/guality/vla-2.c -Os line 25 sizeof (a) == 6 * sizeof (int)
FAIL: ./empty.h -O3 -fomit-frame-pointer (test for excess errors)
ERROR: couldn't fork child process: resource temporarily unavailable
ERROR: couldn't fork child process: resource temporarily unavailable
ERROR: tcl error sourcing /vol/src/gnu/gcc/gcc-5.1.0/gcc/testsuite/gcc.dg/pch/pch.exp.
ERROR: tcl error sourcing /vol/src/gnu/gcc/gcc-5.1.0/gcc/testsuite/gcc.dg/pch/pch.exp.
FAIL: gcc.dg/plugin/finish_unit_plugin.c compilation
FAIL: gcc.dg/simulate-thread/atomic-load-int.c -O2 -g (test for excess errors)
ERROR: tcl error sourcing /vol/src/gnu/gcc/gcc-5.1.0/gcc/testsuite/gcc.dg/simulate-thread/simulate-thread.exp.
ERROR: tcl error sourcing /vol/src/gnu/gcc/gcc-5.1.0/gcc/testsuite/gcc.dg/simulate-thread/simulate-thread.exp.
ERROR: torture-init: torture_without_loops is not empty as expected
ERROR: torture-init: torture_without_loops is not empty as expected
FAIL: c-c++-common/torture/pr60971.c -O2 -flto -fno-use-linker-plugin -flto-partition=none (test for excess errors)
FAIL: c-c++-common/torture/vector-subscript-2.c -O0 (test for excess errors)
FAIL: c-c++-common/torture/vector-subscript-2.c -O3 -fomit-frame-pointer (test for excess errors)
WARNING: c-c++-common/torture/vector-subscript-2.c -O3 -fomit-frame-pointer compilation failed to produce executable
FAIL: c-c++-common/torture/vector-subscript-2.c -O3 -fomit-frame-pointer -funroll-loops (test for excess errors)
WARNING: c-c++-common/torture/vector-subscript-2.c -O3 -fomit-frame-pointer -funroll-loops compilation failed to produce executable
FAIL: gcc.dg/torture/builtin-ctype-2.c -O2 -flto -fno-use-linker-plugin -flto-partition=none (test for excess errors)
FAIL: gcc.dg/torture/builtin-ctype-2.c -O2 -flto -fuse-linker-plugin -fno-fat-lto-objects (test for excess errors)
ERROR: gcc.dg/torture/builtin-math-2.c -O3 -fomit-frame-pointer : error executing dg-final: couldn't fork child process: resource temporarily unavailable
UNRESOLVED: gcc.dg/torture/builtin-math-2.c -O3 -fomit-frame-pointer : error executing dg-final: couldn't fork child process: resource temporarily unavailable
FAIL: gcc.dg/torture/builtins-1.c -O2 -flto -fno-use-linker-plugin -flto-partition=none (test for excess errors)
FAIL: gcc.dg/torture/builtins-1.c -O2 -flto -fuse-linker-plugin -fno-fat-lto-objects (test for excess errors)
FAIL: gcc.dg/torture/c99-contract-1.c -O2 (test for excess errors)
FAIL: gcc.dg/torture/matrix-6.c -O3 -fomit-frame-pointer -funroll-all-loops -finline-functions execution test
FAIL: gcc.dg/torture/matrix-6.c -O3 -fomit-frame-pointer -funroll-loops (test for excess errors)
FAIL: gcc.dg/torture/pr24626-3.c -O2 -flto -fuse-linker-plugin -fno-fat-lto-objects (test for excess errors)
FAIL: gcc.dg/torture/pr24626-4.c -O3 -g (test for excess errors)
ERROR: tcl error sourcing /vol/src/gnu/gcc/gcc-5.1.0/gcc/testsuite/gcc.dg/torture/stackalign/stackalign.exp.
ERROR: tcl error sourcing /vol/src/gnu/gcc/gcc-5.1.0/gcc/testsuite/gcc.dg/torture/stackalign/stackalign.exp.
ERROR: torture-init: torture_without_loops is not empty as expected
ERROR: torture-init: torture_without_loops is not empty as expected
ERROR: tcl error sourcing /vol/src/gnu/gcc/gcc-5.1.0/gcc/testsuite/gcc.dg/torture/tls/tls.exp.
ERROR: tcl error sourcing /vol/src/gnu/gcc/gcc-5.1.0/gcc/testsuite/gcc.dg/torture/tls/tls.exp.
ERROR: torture-init: torture_without_loops is not empty as expected
ERROR: torture-init: torture_without_loops is not empty as expected
ERROR: gcc.dg/tree-ssa/attr-alias.c: error executing dg-final: couldn't fork child process: resource temporarily unavailable
UNRESOLVED: gcc.dg/tree-ssa/attr-alias.c: error executing dg-final: couldn't fork child process: resource temporarily unavailable
FAIL: gcc.dg/tree-ssa/attr-hotcold-2.c (test for excess errors)
UNRESOLVED: gcc.dg/tree-ssa/attr-hotcold-2.c scan-ipa-dump-times profile_estimate "block 4, loop depth 0, count 0, freq 1[^0-9]" 1
UNRESOLVED: gcc.dg/tree-ssa/attr-hotcold-2.c scan-ipa-dump-times profile_estimate "block 5, loop depth 0, count 0, freq [6-9][0-9][0-9][0-9]" 1
ERROR: gcc.dg/tree-ssa/bitwise-sink.c: error executing dg-final: couldn't fork child process: resource temporarily unavailable
UNRESOLVED: gcc.dg/tree-ssa/bitwise-sink.c: error executing dg-final: couldn't fork child process: resource temporarily unavailable
FAIL: gcc.dg/tree-ssa/bool-1.c (test for excess errors)
FAIL: gcc.dg/tree-ssa/bool-10.c (test for excess errors)
UNRESOLVED: gcc.dg/tree-ssa/bool-10.c scan-tree-dump-times optimized "!= 1" 0
UNRESOLVED: gcc.dg/tree-ssa/bool-10.c scan-tree-dump-times optimized "~x" 1
ERROR: tcl error sourcing /vol/src/gnu/gcc/gcc-5.1.0/gcc/testsuite/gcc.dg/tsan/tsan.exp.
ERROR: tcl error sourcing /vol/src/gnu/gcc/gcc-5.1.0/gcc/testsuite/gcc.dg/tsan/tsan.exp.
ERROR: torture-init: torture_without_loops is not empty as expected
ERROR: torture-init: torture_without_loops is not empty as expected
ERROR: tcl error sourcing /vol/src/gnu/gcc/gcc-5.1.0/gcc/testsuite/gcc.misc-tests/i386-prefetch.exp.
ERROR: tcl error sourcing /vol/src/gnu/gcc/gcc-5.1.0/gcc/testsuite/gcc.misc-tests/i386-prefetch.exp.
ERROR: torture-init: torture_without_loops is not empty as expected
ERROR: torture-init: torture_without_loops is not empty as expected
ERROR: tcl error sourcing /vol/src/gnu/gcc/gcc-5.1.0/gcc/testsuite/gcc.target/i386/math-torture/math-torture.exp.
ERROR: tcl error sourcing /vol/src/gnu/gcc/gcc-5.1.0/gcc/testsuite/gcc.target/i386/math-torture/math-torture.exp.
ERROR: torture-init: torture_without_loops is not empty as expected
ERROR: torture-init: torture_without_loops is not empty as expected
ERROR: tcl error sourcing /vol/src/gnu/gcc/gcc-5.1.0/gcc/testsuite/gcc.target/x86_64/abi/abi-x86_64.exp.
ERROR: tcl error sourcing /vol/src/gnu/gcc/gcc-5.1.0/gcc/testsuite/gcc.target/x86_64/abi/abi-x86_64.exp.
ERROR: torture-init: torture_without_loops is not empty as expected
ERROR: torture-init: torture_without_loops is not empty as expected
ERROR: tcl error sourcing /vol/src/gnu/gcc/gcc-5.1.0/gcc/testsuite/gcc.target/x86_64/abi/avx/abi-avx.exp.
ERROR: tcl error sourcing /vol/src/gnu/gcc/gcc-5.1.0/gcc/testsuite/gcc.target/x86_64/abi/avx/abi-avx.exp.
ERROR: torture-init: torture_without_loops is not empty as expected
ERROR: torture-init: torture_without_loops is not empty as expected
ERROR: tcl error sourcing /vol/src/gnu/gcc/gcc-5.1.0/gcc/testsuite/gcc.target/x86_64/abi/avx512f/abi-avx512f.exp.
ERROR: tcl error sourcing /vol/src/gnu/gcc/gcc-5.1.0/gcc/testsuite/gcc.target/x86_64/abi/avx512f/abi-avx512f.exp.
ERROR: torture-init: torture_without_loops is not empty as expected
ERROR: torture-init: torture_without_loops is not empty as expected
=== gcc Summary for unix ===
# of expected passes 114782
# of unexpected failures 165
# of unexpected successes 18
# of expected failures 251
# of unresolved testcases 10
# of unsupported tests 1644
Running target unix/-m32
ERROR: tcl error sourcing /vol/src/gnu/gcc/gcc-5.1.0/gcc/testsuite/gcc.c-torture/execute/builtins/builtins.exp.
ERROR: tcl error sourcing /vol/src/gnu/gcc/gcc-5.1.0/gcc/testsuite/gcc.c-torture/execute/builtins/builtins.exp.
ERROR: torture-init: torture_without_loops is not empty as expected
ERROR: torture-init: torture_without_loops is not empty as expected
FAIL: gcc.c-torture/execute/zerolen-1.c -Os execution test
ERROR: couldn't fork child process: resource temporarily unavailable
FAIL: gcc.c-torture/execute/ieee/pr29302-1.c compilation, -O2 -flto -fuse-linker-plugin -fno-fat-lto-objects
UNRESOLVED: gcc.c-torture/execute/ieee/pr29302-1.c execution, -O2 -flto -fuse-linker-plugin -fno-fat-lto-objects
ERROR: tcl error sourcing /vol/src/gnu/gcc/gcc-5.1.0/gcc/testsuite/gcc.c-torture/execute/ieee/ieee.exp.
ERROR: tcl error sourcing /vol/src/gnu/gcc/gcc-5.1.0/gcc/testsuite/gcc.c-torture/execute/ieee/ieee.exp.
ERROR: tcl error sourcing /vol/src/gnu/gcc/gcc-5.1.0/gcc/testsuite/gcc.c-torture/execute/ieee/ieee.exp.
ERROR: torture-init: torture_without_loops is not empty as expected
ERROR: torture-init: torture_without_loops is not empty as expected
ERROR: tcl error sourcing /vol/src/gnu/gcc/gcc-5.1.0/gcc/testsuite/gcc.c-torture/unsorted/unsorted.exp.
ERROR: tcl error sourcing /vol/src/gnu/gcc/gcc-5.1.0/gcc/testsuite/gcc.c-torture/unsorted/unsorted.exp.
ERROR: tcl error sourcing /vol/src/gnu/gcc/gcc-5.1.0/gcc/testsuite/gcc.c-torture/unsorted/unsorted.exp.
ERROR: torture-init: torture_without_loops is not empty as expected
ERROR: torture-init: torture_without_loops is not empty as expected
ERROR: torture-init: torture_without_loops is not empty as expected
FAIL: c-c++-common/asan/asan-interface-1.c -O3 -fomit-frame-pointer (test for excess errors)
FAIL: c-c++-common/asan/pr63888.c -O2 -flto -fuse-linker-plugin -fno-fat-lto-objects execution test
FAIL: c-c++-common/asan/pr64820.c -O0 (test for excess errors)
WARNING: c-c++-common/asan/pr64820.c -O0 compilation failed to produce executable
ERROR: couldn't fork child process: resource temporarily unavailable
ERROR: tcl error sourcing /vol/src/gnu/gcc/gcc-5.1.0/gcc/testsuite/gcc.dg/atomic/atomic.exp.
ERROR: couldn't fork child process: resource temporarily unavailable
ERROR: tcl error sourcing /vol/src/gnu/gcc/gcc-5.1.0/gcc/testsuite/gcc.dg/autopar/autopar.exp.
FAIL: c-c++-common/cilk-plus/CK/cilk-for-2.c -O3 -flto -g execution test
FAIL: c-c++-common/cilk-plus/CK/cilk-fors.c -O1 execution test
FAIL: c-c++-common/cilk-plus/CK/cilk_for_grain.c -O2 -std=c99 (test for excess errors)
FAIL: c-c++-common/cilk-plus/CK/cilk_for_grain.c -g execution test
FAIL: c-c++-common/cilk-plus/CK/fib_init_expr_xy.c -O3 -g execution test
FAIL: c-c++-common/cilk-plus/CK/fib_no_return.c -O3 -g (test for excess errors)
FAIL: gcc.dg/compat/struct-return-10 c_compat_x_tst.o-c_compat_y_tst.o link
UNRESOLVED: gcc.dg/compat/struct-return-19 c_compat_x_tst.o-c_compat_y_tst.o execute
UNRESOLVED: gcc.dg/compat/struct-return-19 c_compat_x_tst.o-c_compat_y_tst.o link
FAIL: gcc.dg/compat/struct-return-19 c_compat_y_tst.o compile
ERROR: couldn't fork child process: resource temporarily unavailable
ERROR: tcl error sourcing /vol/src/gnu/gcc/gcc-5.1.0/gcc/testsuite/gcc.dg/compat/struct-layout-1.exp.
FAIL: tmpdir-gcc.dg-struct-layout-1/t015 c_compat_y_tst.o compile
FAIL: gcc.dg/cpp/cmdlne-dU-3.c (test for excess errors)
UNRESOLVED: gcc.dg/cpp/cmdlne-dU-3.c scan-file ^\\n*#define A B\\n*\$
FAIL: c-c++-common/dfp/compare-eq-dfp.c execution test
FAIL: c-c++-common/dfp/convert-bfp-13.c (test for excess errors)
WARNING: c-c++-common/dfp/convert-bfp-13.c compilation failed to produce executable
ERROR: couldn't fork child process: resource temporarily unavailable
ERROR: tcl error sourcing /vol/src/gnu/gcc/gcc-5.1.0/gcc/testsuite/gcc.dg/dfp/dfp.exp.
FAIL: gcc.dg/builtin-bswap-2.c execution test
ERROR: tcl error sourcing /vol/src/gnu/gcc/gcc-5.1.0/gcc/testsuite/gcc.dg/format/format.exp.
ERROR: tcl error sourcing /vol/src/gnu/gcc/gcc-5.1.0/gcc/testsuite/gcc.dg/format/format.exp.
ERROR: tcl error sourcing /vol/src/gnu/gcc/gcc-5.1.0/gcc/testsuite/gcc.dg/format/format.exp.
ERROR: torture-init: torture_without_loops is not empty as expected
ERROR: torture-init: torture_without_loops is not empty as expected
ERROR: torture-init: torture_without_loops is not empty as expected
XPASS: gcc.dg/guality/example.c -O0 execution test
XPASS: gcc.dg/guality/example.c -O1 execution test
XPASS: gcc.dg/guality/guality.c -O0 execution test
XPASS: gcc.dg/guality/guality.c -O1 execution test
XPASS: gcc.dg/guality/guality.c -O2 execution test
XPASS: gcc.dg/guality/guality.c -O2 -flto -fno-use-linker-plugin -flto-partition=none execution test
XPASS: gcc.dg/guality/guality.c -O2 -flto -fuse-linker-plugin -fno-fat-lto-objects execution test
XPASS: gcc.dg/guality/guality.c -O3 -fomit-frame-pointer execution test
XPASS: gcc.dg/guality/guality.c -O3 -g execution test
XPASS: gcc.dg/guality/guality.c -Os execution test
XPASS: gcc.dg/guality/inline-params.c -O2 execution test
XPASS: gcc.dg/guality/inline-params.c -O2 -flto -fno-use-linker-plugin -flto-partition=none execution test
XPASS: gcc.dg/guality/inline-params.c -O3 -fomit-frame-pointer execution test
XPASS: gcc.dg/guality/inline-params.c -O3 -g execution test
XPASS: gcc.dg/guality/inline-params.c -Os execution test
XPASS: gcc.dg/guality/pr41353-1.c -O0 line 28 j == 28 + 37
XPASS: gcc.dg/guality/pr41353-1.c -Os line 28 j == 28 + 37
FAIL: gcc.dg/guality/pr41447-1.c -O2 execution test
FAIL: gcc.dg/guality/pr41447-1.c -O2 -flto -fno-use-linker-plugin -flto-partition=none execution test
FAIL: gcc.dg/guality/pr41447-1.c -O3 -fomit-frame-pointer execution test
FAIL: gcc.dg/guality/pr41447-1.c -O3 -g execution test
FAIL: gcc.dg/guality/pr41616-1.c -O2 -flto -fuse-linker-plugin -fno-fat-lto-objects execution test
FAIL: gcc.dg/guality/pr43177.c -O2 -flto -fuse-linker-plugin -fno-fat-lto-objects line 15 l == 10
FAIL: gcc.dg/guality/pr43177.c -O2 -flto -fuse-linker-plugin -fno-fat-lto-objects line 15 x == 7
FAIL: gcc.dg/guality/pr43479.c -O1 line 13 h == 9
FAIL: gcc.dg/guality/pr43479.c -O1 line 18 h == 9
FAIL: gcc.dg/guality/pr43479.c -O2 line 13 h == 9
FAIL: gcc.dg/guality/pr43479.c -O2 line 18 h == 9
FAIL: gcc.dg/guality/pr43479.c -O2 -flto -fno-use-linker-plugin -flto-partition=none line 13 h == 9
FAIL: gcc.dg/guality/pr43479.c -O2 -flto -fno-use-linker-plugin -flto-partition=none line 18 h == 9
FAIL: gcc.dg/guality/pr43479.c -O2 -flto -fuse-linker-plugin -fno-fat-lto-objects line 13 h == 9
FAIL: gcc.dg/guality/pr43479.c -O2 -flto -fuse-linker-plugin -fno-fat-lto-objects line 18 h == 9
FAIL: gcc.dg/guality/pr43479.c -O3 -fomit-frame-pointer line 13 h == 9
FAIL: gcc.dg/guality/pr43479.c -O3 -fomit-frame-pointer line 18 h == 9
FAIL: gcc.dg/guality/pr43479.c -O3 -g line 13 h == 9
FAIL: gcc.dg/guality/pr43479.c -O3 -g line 18 h == 9
FAIL: gcc.dg/guality/pr43479.c -Os line 13 h == 9
FAIL: gcc.dg/guality/pr43479.c -Os line 18 h == 9
FAIL: gcc.dg/guality/pr45882.c -O2 -flto -fuse-linker-plugin -fno-fat-lto-objects line 16 d == 112
FAIL: gcc.dg/guality/pr45882.c -O2 -flto -fuse-linker-plugin -fno-fat-lto-objects line 16 e == 142
FAIL: gcc.dg/guality/pr54200.c -O2 -flto -fuse-linker-plugin -fno-fat-lto-objects line 20 z == 3
FAIL: gcc.dg/guality/pr54519-1.c -O2 -flto -fno-use-linker-plugin -flto-partition=none line 20 y == 25
FAIL: gcc.dg/guality/pr54519-1.c -O2 -flto -fno-use-linker-plugin -flto-partition=none line 20 z == 6
FAIL: gcc.dg/guality/pr54519-1.c -O2 -flto -fno-use-linker-plugin -flto-partition=none line 23 y == 117
FAIL: gcc.dg/guality/pr54519-1.c -O2 -flto -fno-use-linker-plugin -flto-partition=none line 23 z == 8
FAIL: gcc.dg/guality/pr54519-2.c -O2 -flto -fno-use-linker-plugin -flto-partition=none line 17 y == 25
FAIL: gcc.dg/guality/pr54519-2.c -O2 -flto -fuse-linker-plugin -fno-fat-lto-objects line 17 y == 25
FAIL: gcc.dg/guality/pr54519-3.c -O2 -flto -fno-use-linker-plugin -flto-partition=none line 20 y == 25
FAIL: gcc.dg/guality/pr54519-3.c -O2 -flto -fno-use-linker-plugin -flto-partition=none line 20 z == 6
FAIL: gcc.dg/guality/pr54519-3.c -O2 -flto -fno-use-linker-plugin -flto-partition=none line 23 y == 117
FAIL: gcc.dg/guality/pr54519-3.c -O2 -flto -fno-use-linker-plugin -flto-partition=none line 23 z == 8
FAIL: gcc.dg/guality/pr54519-3.c -O2 -flto -fuse-linker-plugin -fno-fat-lto-objects line 20 y == 25
FAIL: gcc.dg/guality/pr54519-3.c -O2 -flto -fuse-linker-plugin -fno-fat-lto-objects line 20 z == 6
FAIL: gcc.dg/guality/pr54519-3.c -O2 -flto -fuse-linker-plugin -fno-fat-lto-objects line 23 y == 117
FAIL: gcc.dg/guality/pr54519-3.c -O2 -flto -fuse-linker-plugin -fno-fat-lto-objects line 23 z == 8
FAIL: gcc.dg/guality/pr54519-4.c -O2 -flto -fno-use-linker-plugin -flto-partition=none line 17 y == 25
FAIL: gcc.dg/guality/pr54519-4.c -O2 -flto -fuse-linker-plugin -fno-fat-lto-objects line 17 y == 25
FAIL: gcc.dg/guality/pr54519-5.c -O2 -flto -fno-use-linker-plugin -flto-partition=none line 17 y == 25
FAIL: gcc.dg/guality/pr54519-5.c -O2 -flto -fuse-linker-plugin -fno-fat-lto-objects line 17 y == 25
FAIL: gcc.dg/guality/pr54970.c -Os line 15 a[0] == 1
FAIL: gcc.dg/guality/pr54970.c -Os line 20 a[0] == 1
FAIL: gcc.dg/guality/pr54970.c -Os line 25 a[0] == 1
FAIL: gcc.dg/guality/pr54970.c -Os line 31 a[0] == 4
FAIL: gcc.dg/guality/pr54970.c -Os line 36 a[0] == 4
FAIL: gcc.dg/guality/pr54970.c -Os line 45 a[0] == 4
FAIL: gcc.dg/guality/pr54970.c -Os line 45 p[-2] == 4
FAIL: gcc.dg/guality/pr54970.c -Os line 45 q[-1] == 4
FAIL: gcc.dg/guality/sra-1.c -O2 line 21 a.i == 4
FAIL: gcc.dg/guality/sra-1.c -O2 line 32 a[0] == 4
FAIL: gcc.dg/guality/sra-1.c -O2 line 43 a.i == 4
FAIL: gcc.dg/guality/sra-1.c -O2 -flto -fno-use-linker-plugin -flto-partition=none line 21 a.i == 4
FAIL: gcc.dg/guality/sra-1.c -O2 -flto -fno-use-linker-plugin -flto-partition=none line 32 a[0] == 4
FAIL: gcc.dg/guality/sra-1.c -O2 -flto -fno-use-linker-plugin -flto-partition=none line 43 a.i == 4
FAIL: gcc.dg/guality/sra-1.c -O2 -flto -fuse-linker-plugin -fno-fat-lto-objects line 21 a.i == 4
FAIL: gcc.dg/guality/sra-1.c -O3 -fomit-frame-pointer line 21 a.i == 4
FAIL: gcc.dg/guality/sra-1.c -O3 -fomit-frame-pointer line 32 a[0] == 4
FAIL: gcc.dg/guality/sra-1.c -O3 -fomit-frame-pointer line 43 a.i == 4
FAIL: gcc.dg/guality/sra-1.c -O3 -g line 21 a.i == 4
FAIL: gcc.dg/guality/sra-1.c -O3 -g line 32 a[0] == 4
FAIL: gcc.dg/guality/sra-1.c -O3 -g line 43 a.i == 4
FAIL: gcc.dg/guality/sra-1.c -Os line 21 a.i == 4
FAIL: gcc.dg/guality/sra-1.c -Os line 32 a[0] == 4
FAIL: gcc.dg/guality/sra-1.c -Os line 43 a.i == 4
FAIL: gcc.dg/guality/vla-1.c -O1 line 17 sizeof (a) == 6
FAIL: gcc.dg/guality/vla-1.c -O2 line 17 sizeof (a) == 6
FAIL: gcc.dg/guality/vla-1.c -O2 -flto -fno-use-linker-plugin -flto-partition=none line 17 sizeof (a) == 6
FAIL: gcc.dg/guality/vla-1.c -O2 -flto -fuse-linker-plugin -fno-fat-lto-objects line 17 sizeof (a) == 6
FAIL: gcc.dg/guality/vla-1.c -O3 -fomit-frame-pointer line 17 sizeof (a) == 6
FAIL: gcc.dg/guality/vla-1.c -O3 -g line 17 sizeof (a) == 6
FAIL: gcc.dg/guality/vla-1.c -Os line 17 sizeof (a) == 6
ERROR: tcl error sourcing /vol/src/gnu/gcc/gcc-5.1.0/gcc/testsuite/gcc.dg/pch/pch.exp.
ERROR: tcl error sourcing /vol/src/gnu/gcc/gcc-5.1.0/gcc/testsuite/gcc.dg/pch/pch.exp.
ERROR: tcl error sourcing /vol/src/gnu/gcc/gcc-5.1.0/gcc/testsuite/gcc.dg/pch/pch.exp.
ERROR: torture-init: torture_without_loops is not empty as expected
ERROR: torture-init: torture_without_loops is not empty as expected
ERROR: torture-init: torture_without_loops is not empty as expected
ERROR: tcl error sourcing /vol/src/gnu/gcc/gcc-5.1.0/gcc/testsuite/gcc.dg/simulate-thread/simulate-thread.exp.
ERROR: tcl error sourcing /vol/src/gnu/gcc/gcc-5.1.0/gcc/testsuite/gcc.dg/simulate-thread/simulate-thread.exp.
ERROR: tcl error sourcing /vol/src/gnu/gcc/gcc-5.1.0/gcc/testsuite/gcc.dg/simulate-thread/simulate-thread.exp.
ERROR: torture-init: torture_without_loops is not empty as expected
ERROR: torture-init: torture_without_loops is not empty as expected
ERROR: torture-init: torture_without_loops is not empty as expected
ERROR: tcl error sourcing /vol/src/gnu/gcc/gcc-5.1.0/gcc/testsuite/gcc.dg/torture/stackalign/stackalign.exp.
ERROR: tcl error sourcing /vol/src/gnu/gcc/gcc-5.1.0/gcc/testsuite/gcc.dg/torture/stackalign/stackalign.exp.
ERROR: tcl error sourcing /vol/src/gnu/gcc/gcc-5.1.0/gcc/testsuite/gcc.dg/torture/stackalign/stackalign.exp.
ERROR: torture-init: torture_without_loops is not empty as expected
ERROR: torture-init: torture_without_loops is not empty as expected
ERROR: torture-init: torture_without_loops is not empty as expected
ERROR: tcl error sourcing /vol/src/gnu/gcc/gcc-5.1.0/gcc/testsuite/gcc.dg/torture/tls/tls.exp.
ERROR: tcl error sourcing /vol/src/gnu/gcc/gcc-5.1.0/gcc/testsuite/gcc.dg/torture/tls/tls.exp.
ERROR: tcl error sourcing /vol/src/gnu/gcc/gcc-5.1.0/gcc/testsuite/gcc.dg/torture/tls/tls.exp.
ERROR: torture-init: torture_without_loops is not empty as expected
ERROR: torture-init: torture_without_loops is not empty as expected
ERROR: torture-init: torture_without_loops is not empty as expected
ERROR: tcl error sourcing /vol/src/gnu/gcc/gcc-5.1.0/gcc/testsuite/gcc.dg/tsan/tsan.exp.
ERROR: tcl error sourcing /vol/src/gnu/gcc/gcc-5.1.0/gcc/testsuite/gcc.dg/tsan/tsan.exp.
ERROR: tcl error sourcing /vol/src/gnu/gcc/gcc-5.1.0/gcc/testsuite/gcc.dg/tsan/tsan.exp.
ERROR: torture-init: torture_without_loops is not empty as expected
ERROR: torture-init: torture_without_loops is not empty as expected
ERROR: torture-init: torture_without_loops is not empty as expected
ERROR: tcl error sourcing /vol/src/gnu/gcc/gcc-5.1.0/gcc/testsuite/gcc.misc-tests/i386-prefetch.exp.
ERROR: tcl error sourcing /vol/src/gnu/gcc/gcc-5.1.0/gcc/testsuite/gcc.misc-tests/i386-prefetch.exp.
ERROR: tcl error sourcing /vol/src/gnu/gcc/gcc-5.1.0/gcc/testsuite/gcc.misc-tests/i386-prefetch.exp.
ERROR: torture-init: torture_without_loops is not empty as expected
ERROR: torture-init: torture_without_loops is not empty as expected
ERROR: torture-init: torture_without_loops is not empty as expected
ERROR: tcl error sourcing /vol/src/gnu/gcc/gcc-5.1.0/gcc/testsuite/gcc.target/i386/math-torture/math-torture.exp.
ERROR: tcl error sourcing /vol/src/gnu/gcc/gcc-5.1.0/gcc/testsuite/gcc.target/i386/math-torture/math-torture.exp.
ERROR: tcl error sourcing /vol/src/gnu/gcc/gcc-5.1.0/gcc/testsuite/gcc.target/i386/math-torture/math-torture.exp.
ERROR: torture-init: torture_without_loops is not empty as expected
ERROR: torture-init: torture_without_loops is not empty as expected
ERROR: torture-init: torture_without_loops is not empty as expected
=== gcc Summary for unix/-m32 ===
# of expected passes 111518
# of unexpected failures 91
# of unexpected successes 17
# of expected failures 291
# of unresolved testcases 4
# of unsupported tests 1752
=== gcc Summary ===
# of expected passes 226300
# of unexpected failures 256
# of unexpected successes 35
# of expected failures 542
# of unresolved testcases 14
# of unsupported tests 3396
/var/gcc/gcc-5.1.0/3.17.4-gcc-gas-gld/gcc/xgcc version 5.1.0 (GCC)
=== gfortran tests ===
Running target unix
FAIL: gfortran.dg/vector_subscript_7.f90 -O (test for errors, line 10)
FAIL: gfortran.dg/vector_subscript_7.f90 -O (test for errors, line 11)
FAIL: gfortran.dg/vector_subscript_7.f90 -O (test for errors, line 12)
FAIL: gfortran.dg/vector_subscript_7.f90 -O (test for errors, line 13)
FAIL: gfortran.dg/vector_subscript_7.f90 -O (test for errors, line 14)
FAIL: gfortran.dg/vector_subscript_7.f90 -O (test for errors, line 9)
FAIL: gfortran.dg/vector_subscript_7.f90 -O (test for excess errors)
FAIL: gfortran.dg/widechar_8.f90 -Os execution test
FAIL: gfortran.dg/widechar_intrinsics_9.f90 -O1 (test for excess errors)
ERROR: gfortran.dg/write_rewind_1.f -O0 : couldn't fork child process: resource temporarily unavailable for " dg-do 1 run { target fd_truncate } "
UNRESOLVED: gfortran.dg/write_rewind_1.f -O0 : couldn't fork child process: resource temporarily unavailable for " dg-do 1 run { target fd_truncate } "
ERROR: gfortran.dg/write_rewind_1.f -O1 : can't read "et_cache(ftruncate,value)": no such element in array for " dg-do 1 run { target fd_truncate } "
UNRESOLVED: gfortran.dg/write_rewind_1.f -O1 : can't read "et_cache(ftruncate,value)": no such element in array for " dg-do 1 run { target fd_truncate } "
ERROR: gfortran.dg/write_rewind_1.f -O2 : can't read "et_cache(ftruncate,value)": no such element in array for " dg-do 1 run { target fd_truncate } "
UNRESOLVED: gfortran.dg/write_rewind_1.f -O2 : can't read "et_cache(ftruncate,value)": no such element in array for " dg-do 1 run { target fd_truncate } "
ERROR: gfortran.dg/write_rewind_1.f -O3 -fomit-frame-pointer -funroll-all-loops -finline-functions : can't read "et_cache(ftruncate,value)": no such element in array for " dg-do 1 run { target fd_truncate } "
UNRESOLVED: gfortran.dg/write_rewind_1.f -O3 -fomit-frame-pointer -funroll-all-loops -finline-functions : can't read "et_cache(ftruncate,value)": no such element in array for " dg-do 1 run { target fd_truncate } "
ERROR: gfortran.dg/write_rewind_1.f -O3 -fomit-frame-pointer -funroll-loops : can't read "et_cache(ftruncate,value)": no such element in array for " dg-do 1 run { target fd_truncate } "
UNRESOLVED: gfortran.dg/write_rewind_1.f -O3 -fomit-frame-pointer -funroll-loops : can't read "et_cache(ftruncate,value)": no such element in array for " dg-do 1 run { target fd_truncate } "
ERROR: gfortran.dg/write_rewind_1.f -O3 -fomit-frame-pointer : can't read "et_cache(ftruncate,value)": no such element in array for " dg-do 1 run { target fd_truncate } "
UNRESOLVED: gfortran.dg/write_rewind_1.f -O3 -fomit-frame-pointer : can't read "et_cache(ftruncate,value)": no such element in array for " dg-do 1 run { target fd_truncate } "
ERROR: gfortran.dg/write_rewind_1.f -O3 -g : can't read "et_cache(ftruncate,value)": no such element in array for " dg-do 1 run { target fd_truncate } "
UNRESOLVED: gfortran.dg/write_rewind_1.f -O3 -g : can't read "et_cache(ftruncate,value)": no such element in array for " dg-do 1 run { target fd_truncate } "
ERROR: gfortran.dg/write_rewind_1.f -Os : can't read "et_cache(ftruncate,value)": no such element in array for " dg-do 1 run { target fd_truncate } "
UNRESOLVED: gfortran.dg/write_rewind_1.f -Os : can't read "et_cache(ftruncate,value)": no such element in array for " dg-do 1 run { target fd_truncate } "
FAIL: gfortran.dg/gomp/omp_do1.f90 -O (test for errors, line 10)
FAIL: gfortran.dg/gomp/omp_do1.f90 -O (test for errors, line 14)
FAIL: gfortran.dg/gomp/omp_do1.f90 -O (test for errors, line 15)
FAIL: gfortran.dg/gomp/omp_do1.f90 -O (test for errors, line 20)
FAIL: gfortran.dg/gomp/omp_do1.f90 -O (test for errors, line 23)
FAIL: gfortran.dg/gomp/omp_do1.f90 -O (test for errors, line 27)
FAIL: gfortran.dg/gomp/omp_do1.f90 -O (test for errors, line 31)
FAIL: gfortran.dg/gomp/omp_do1.f90 -O (test for errors, line 37)
FAIL: gfortran.dg/gomp/omp_do1.f90 -O (test for errors, line 42)
FAIL: gfortran.dg/gomp/omp_do1.f90 -O (test for errors, line 47)
FAIL: gfortran.dg/gomp/omp_do1.f90 -O (test for errors, line 51)
FAIL: gfortran.dg/gomp/omp_do1.f90 -O (test for errors, line 9)
FAIL: gfortran.dg/gomp/omp_do1.f90 -O (test for warnings, line 27)
FAIL: gfortran.dg/gomp/omp_do1.f90 -O (test for warnings, line 31)
FAIL: gfortran.dg/gomp/omp_do1.f90 -O (test for excess errors)
FAIL: gfortran.dg/gomp/pr45595.f90 -O (test for errors, line 7)
FAIL: gfortran.dg/gomp/pr45595.f90 -O (test for excess errors)
FAIL: gfortran.dg/gomp/target2.f90 -O (test for excess errors)
UNRESOLVED: gfortran.dg/lto/20091028-2 f_lto_20091028-2_0.o-f_lto_20091028-2_1.o execute -O0 -flto -flto-partition=none -fuse-linker-plugin
FAIL: gfortran.dg/lto/20091028-2 f_lto_20091028-2_0.o-f_lto_20091028-2_1.o link, -O0 -flto -flto-partition=none -fuse-linker-plugin
=== gfortran Summary for unix ===
# of expected passes 48278
# of unexpected failures 28
# of expected failures 64
# of unresolved testcases 9
# of unsupported tests 77
Running target unix/-m32
ERROR: couldn't fork child process: resource temporarily unavailable
ERROR: couldn't fork child process: resource temporarily unavailable
FAIL: gfortran.dg/finalize_17.f90 -O0 (test for excess errors)
FAIL: gfortran.dg/fmt_cache_3.f90 -O3 -fomit-frame-pointer -funroll-loops execution test
FAIL: gfortran.dg/fmt_int_sign.f90 -O3 -fomit-frame-pointer -funroll-all-loops -finline-functions execution test
FAIL: gfortran.dg/func_assign_2.f90 -O3 -fomit-frame-pointer -funroll-all-loops -finline-functions (test for excess errors)
FAIL: gfortran.dg/generic_4.f90 -O3 -fomit-frame-pointer -funroll-all-loops -finline-functions execution test
FAIL: gfortran.dg/generic_4.f90 -O3 -fomit-frame-pointer -funroll-loops execution test
FAIL: gfortran.dg/goto_3.f90 -O (test for excess errors)
FAIL: gfortran.dg/hollerith6.f90 -O0 (test for excess errors)
FAIL: gfortran.dg/hollerith6.f90 -O0 FMT (test for warnings, line 20)
FAIL: gfortran.dg/hollerith6.f90 -O0 FMT (test for warnings, line 7)
WARNING: gfortran.dg/hollerith6.f90 -O0 compilation failed to produce executable
FAIL: gfortran.dg/hollerith6.f90 -O0 const (test for warnings, line 17)
FAIL: gfortran.dg/hollerith6.f90 -O0 const (test for warnings, line 18)
FAIL: gfortran.dg/hollerith6.f90 -O0 const (test for warnings, line 19)
FAIL: gfortran.dg/hollerith6.f90 -O0 conversion (test for warnings, line 17)
FAIL: gfortran.dg/hollerith6.f90 -O0 conversion (test for warnings, line 18)
FAIL: gfortran.dg/hollerith6.f90 -O0 conversion (test for warnings, line 19)
FAIL: gfortran.dg/iall_iany_iparity_1.f90 -O3 -fomit-frame-pointer -funroll-all-loops -finline-functions (test for excess errors)
FAIL: gfortran.dg/iall_iany_iparity_1.f90 -O3 -fomit-frame-pointer -funroll-loops execution test
FAIL: gfortran.dg/iall_iany_iparity_1.f90 -O3 -g (test for excess errors)
WARNING: gfortran.dg/iall_iany_iparity_1.f90 -O3 -g compilation failed to produce executable
FAIL: gfortran.dg/implicit_12.f90 -O3 -fomit-frame-pointer -funroll-loops execution test
FAIL: gfortran.dg/implicit_pure_1.f90 -O3 -fomit-frame-pointer (test for excess errors)
FAIL: gfortran.dg/implicit_pure_1.f90 -O3 -fomit-frame-pointer -funroll-all-loops -finline-functions execution test
ERROR: gfortran.dg/implicit_pure_1.f90 -O3 -fomit-frame-pointer -funroll-all-loops -finline-functions : error executing dg-final: couldn't fork child process: resource temporarily unavailable
UNRESOLVED: gfortran.dg/implicit_pure_1.f90 -O3 -fomit-frame-pointer -funroll-all-loops -finline-functions : error executing dg-final: couldn't fork child process: resource temporarily unavailable
FAIL: gfortran.dg/impure_1.f08 -O3 -g execution test
FAIL: gfortran.dg/impure_3.f90 -O (test for errors, line 11)
FAIL: gfortran.dg/impure_3.f90 -O (test for errors, line 9)
FAIL: gfortran.dg/impure_3.f90 -O (test for excess errors)
FAIL: gfortran.dg/include_1.f90 -O (test for excess errors)
FAIL: gfortran.dg/include_3.f95 -O (test for excess errors)
FAIL: gfortran.dg/index.f90 -O3 -g (test for excess errors)
WARNING: gfortran.dg/index.f90 -O3 -g compilation failed to produce executable
FAIL: gfortran.dg/initialization_27.f90 -O2 (test for excess errors)
FAIL: gfortran.dg/initialization_27.f90 -Os execution test
FAIL: gfortran.dg/initialization_28.f90 -O (test for errors, line 8)
FAIL: gfortran.dg/initialization_28.f90 -O (test for excess errors)
FAIL: gfortran.dg/initialization_6.f90 -O3 -g (test for excess errors)
WARNING: gfortran.dg/initialization_6.f90 -O3 -g compilation failed to produce executable
FAIL: gfortran.dg/inline_product_1.f90 -O (test for excess errors)
FAIL: gfortran.dg/inquire_15.f90 -O0 execution test
ERROR: tcl error sourcing /vol/src/gnu/gcc/gcc-5.1.0/gcc/testsuite/gfortran.dg/dg.exp.
ERROR: tcl error sourcing /vol/src/gnu/gcc/gcc-5.1.0/gcc/testsuite/gfortran.dg/dg.exp.
ERROR: tcl error sourcing /vol/src/gnu/gcc/gcc-5.1.0/gcc/testsuite/gfortran.dg/goacc/goacc.exp.
ERROR: tcl error sourcing /vol/src/gnu/gcc/gcc-5.1.0/gcc/testsuite/gfortran.dg/goacc/goacc.exp.
ERROR: torture-init: torture_without_loops is not empty as expected
ERROR: torture-init: torture_without_loops is not empty as expected
ERROR: tcl error sourcing /vol/src/gnu/gcc/gcc-5.1.0/gcc/testsuite/gfortran.dg/gomp/gomp.exp.
ERROR: tcl error sourcing /vol/src/gnu/gcc/gcc-5.1.0/gcc/testsuite/gfortran.dg/gomp/gomp.exp.
ERROR: torture-init: torture_without_loops is not empty as expected
ERROR: torture-init: torture_without_loops is not empty as expected
ERROR: tcl error sourcing /vol/src/gnu/gcc/gcc-5.1.0/gcc/testsuite/gfortran.dg/guality/guality.exp.
ERROR: tcl error sourcing /vol/src/gnu/gcc/gcc-5.1.0/gcc/testsuite/gfortran.dg/guality/guality.exp.
ERROR: torture-init: torture_without_loops is not empty as expected
ERROR: torture-init: torture_without_loops is not empty as expected
ERROR: tcl error sourcing /vol/src/gnu/gcc/gcc-5.1.0/gcc/testsuite/gfortran.dg/ieee/ieee.exp.
ERROR: tcl error sourcing /vol/src/gnu/gcc/gcc-5.1.0/gcc/testsuite/gfortran.dg/ieee/ieee.exp.
ERROR: torture-init: torture_without_loops is not empty as expected
ERROR: torture-init: torture_without_loops is not empty as expected
ERROR: tcl error sourcing /vol/src/gnu/gcc/gcc-5.1.0/gcc/testsuite/gfortran.dg/vect/vect.exp.
ERROR: tcl error sourcing /vol/src/gnu/gcc/gcc-5.1.0/gcc/testsuite/gfortran.dg/vect/vect.exp.
ERROR: torture-init: torture_without_loops is not empty as expected
ERROR: torture-init: torture_without_loops is not empty as expected
ERROR: tcl error sourcing /vol/src/gnu/gcc/gcc-5.1.0/gcc/testsuite/gfortran.fortran-torture/compile/compile.exp.
ERROR: tcl error sourcing /vol/src/gnu/gcc/gcc-5.1.0/gcc/testsuite/gfortran.fortran-torture/compile/compile.exp.
ERROR: torture-init: torture_without_loops is not empty as expected
ERROR: torture-init: torture_without_loops is not empty as expected
ERROR: tcl error sourcing /vol/src/gnu/gcc/gcc-5.1.0/gcc/testsuite/gfortran.fortran-torture/execute/execute.exp.
ERROR: tcl error sourcing /vol/src/gnu/gcc/gcc-5.1.0/gcc/testsuite/gfortran.fortran-torture/execute/execute.exp.
ERROR: torture-init: torture_without_loops is not empty as expected
ERROR: torture-init: torture_without_loops is not empty as expected
=== gfortran Summary for unix/-m32 ===
# of expected passes 48047
# of unexpected failures 36
# of expected failures 64
# of unresolved testcases 1
# of unsupported tests 217
=== gfortran Summary ===
# of expected passes 96325
# of unexpected failures 64
# of expected failures 128
# of unresolved testcases 10
# of unsupported tests 294
/var/gcc/gcc-5.1.0/3.17.4-gcc-gas-gld/gcc/testsuite/gfortran/../../gfortran version 5.1.0 (GCC)
=== gnat tests ===
Running target unix
=== gnat Summary for unix ===
# of expected passes 1340
# of expected failures 20
# of unsupported tests 3
Running target unix/-m32
=== gnat Summary for unix/-m32 ===
# of expected passes 1340
# of expected failures 20
# of unsupported tests 3
=== gnat Summary ===
# of expected passes 2680
# of expected failures 40
# of unsupported tests 6
/var/gcc/gcc-5.1.0/3.17.4-gcc-gas-gld/gcc/gnatmake version 5.1.0
=== go tests ===
Running target unix
=== go Summary for unix ===
# of expected passes 7252
# of expected failures 1
# of untested testcases 6
# of unsupported tests 1
Running target unix/-m32
=== go Summary for unix/-m32 ===
# of expected passes 7371
# of expected failures 1
# of untested testcases 6
# of unsupported tests 2
=== go Summary ===
# of expected passes 14623
# of expected failures 2
# of untested testcases 12
# of unsupported tests 3
/var/gcc/gcc-5.1.0/3.17.4-gcc-gas-gld/gcc/testsuite/go/../../gccgo version 5.1.0 (GCC)
=== obj-c++ tests ===
Running target unix
=== obj-c++ Summary for unix ===
# of expected passes 1445
# of expected failures 10
# of unsupported tests 86
Running target unix/-m32
=== obj-c++ Summary for unix/-m32 ===
# of expected passes 1453
# of expected failures 2
# of unsupported tests 86
=== obj-c++ Summary ===
# of expected passes 2898
# of expected failures 12
# of unsupported tests 172
/var/gcc/gcc-5.1.0/3.17.4-gcc-gas-gld/gcc/testsuite/obj-c++/../../xg++ version 5.1.0 (GCC)
=== objc tests ===
Running target unix
=== objc Summary for unix ===
# of expected passes 3010
# of expected failures 6
# of unsupported tests 74
Running target unix/-m32
=== objc Summary for unix/-m32 ===
# of expected passes 3010
# of expected failures 6
# of unsupported tests 74
=== objc Summary ===
# of expected passes 6020
# of expected failures 12
# of unsupported tests 148
/var/gcc/gcc-5.1.0/3.17.4-gcc-gas-gld/gcc/xgcc version 5.1.0 (GCC)
=== boehm-gc tests ===
Running target unix
=== boehm-gc Summary for unix ===
# of expected passes 12
# of unsupported tests 1
Running target unix/-m32
=== boehm-gc Summary for unix/-m32 ===
# of expected passes 12
# of unsupported tests 1
=== boehm-gc Summary ===
# of expected passes 24
# of unsupported tests 2
=== libatomic tests ===
Running target unix
=== libatomic Summary for unix ===
# of expected passes 54
Running target unix/-m32
=== libatomic Summary for unix/-m32 ===
# of expected passes 44
# of unsupported tests 5
=== libatomic Summary ===
# of expected passes 98
# of unsupported tests 5
=== libffi tests ===
Running target unix
=== libffi Summary for unix ===
# of expected passes 1914
# of unsupported tests 30
Running target unix/-m32
=== libffi Summary for unix/-m32 ===
# of expected passes 2439
# of unsupported tests 30
=== libffi Summary ===
# of expected passes 4353
# of unsupported tests 60
=== libgo tests ===
Running target unix
=== libgo Summary for unix ===
# of expected passes 124
Running target unix/-m32
=== libgo Summary for unix/-m32 ===
# of expected passes 124
=== libgo Summary ===
# of expected passes 248
/var/gcc/gcc-5.1.0/3.17.4-gcc-gas-gld/./gcc/gccgo version 5.1.0 (GCC)
=== libgomp tests ===
Running target unix
FAIL: libgomp.fortran/target6.f90 -O1 execution test
FAIL: libgomp.fortran/target7.f90 -O0 execution test
FAIL: libgomp.fortran/target7.f90 -O1 execution test
FAIL: libgomp.fortran/target7.f90 -O2 execution test
FAIL: libgomp.fortran/target7.f90 -O3 -fomit-frame-pointer execution test
FAIL: libgomp.fortran/target7.f90 -O3 -fomit-frame-pointer -funroll-all-loops -finline-functions execution test
FAIL: libgomp.fortran/target7.f90 -O3 -g execution test
FAIL: libgomp.fortran/target7.f90 -Os execution test
FAIL: libgomp.fortran/target8.f90 -O0 execution test
FAIL: libgomp.fortran/target8.f90 -O1 execution test
FAIL: libgomp.fortran/target8.f90 -O3 -fomit-frame-pointer -funroll-loops execution test
FAIL: libgomp.fortran/target8.f90 -O3 -fomit-frame-pointer -funroll-all-loops -finline-functions execution test
FAIL: libgomp.fortran/target8.f90 -O3 -g execution test
FAIL: libgomp.oacc-c/../libgomp.oacc-c-c++-common/acc_on_device-1.c -DACC_DEVICE_TYPE_host_nonshm=1 -DACC_MEM_SHARED=0 execution test
FAIL: libgomp.oacc-c/../libgomp.oacc-c-c++-common/if-1.c -DACC_DEVICE_TYPE_host_nonshm=1 -DACC_MEM_SHARED=0 execution test
FAIL: libgomp.oacc-c++/../libgomp.oacc-c-c++-common/acc_on_device-1.c -DACC_DEVICE_TYPE_host_nonshm=1 -DACC_MEM_SHARED=0 execution test
FAIL: libgomp.oacc-c++/../libgomp.oacc-c-c++-common/if-1.c -DACC_DEVICE_TYPE_host_nonshm=1 -DACC_MEM_SHARED=0 execution test
FAIL: libgomp.oacc-fortran/acc_on_device-1-1.f90 -DACC_DEVICE_TYPE_host_nonshm=1 -DACC_MEM_SHARED=0 -O execution test
FAIL: libgomp.oacc-fortran/acc_on_device-1-2.f -DACC_DEVICE_TYPE_host_nonshm=1 -DACC_MEM_SHARED=0 -O execution test
FAIL: libgomp.oacc-fortran/acc_on_device-1-3.f -DACC_DEVICE_TYPE_host_nonshm=1 -DACC_MEM_SHARED=0 -O execution test
=== libgomp Summary for unix ===
# of expected passes 5760
# of unexpected failures 20
# of unsupported tests 254
Running target unix/-m32
FAIL: libgomp.fortran/target7.f90 -O2 execution test
FAIL: libgomp.fortran/target7.f90 -O3 -fomit-frame-pointer execution test
FAIL: libgomp.fortran/target7.f90 -O3 -fomit-frame-pointer -funroll-all-loops -finline-functions execution test
FAIL: libgomp.fortran/target8.f90 -O0 execution test
FAIL: libgomp.fortran/target8.f90 -O1 execution test
FAIL: libgomp.fortran/target8.f90 -O3 -fomit-frame-pointer -funroll-loops execution test
FAIL: libgomp.oacc-c/../libgomp.oacc-c-c++-common/acc_on_device-1.c -DACC_DEVICE_TYPE_host_nonshm=1 -DACC_MEM_SHARED=0 execution test
FAIL: libgomp.oacc-c/../libgomp.oacc-c-c++-common/if-1.c -DACC_DEVICE_TYPE_host_nonshm=1 -DACC_MEM_SHARED=0 execution test
FAIL: libgomp.oacc-c++/../libgomp.oacc-c-c++-common/acc_on_device-1.c -DACC_DEVICE_TYPE_host_nonshm=1 -DACC_MEM_SHARED=0 execution test
FAIL: libgomp.oacc-c++/../libgomp.oacc-c-c++-common/if-1.c -DACC_DEVICE_TYPE_host_nonshm=1 -DACC_MEM_SHARED=0 execution test
FAIL: libgomp.oacc-fortran/acc_on_device-1-1.f90 -DACC_DEVICE_TYPE_host_nonshm=1 -DACC_MEM_SHARED=0 -O execution test
FAIL: libgomp.oacc-fortran/acc_on_device-1-2.f -DACC_DEVICE_TYPE_host_nonshm=1 -DACC_MEM_SHARED=0 -O execution test
FAIL: libgomp.oacc-fortran/acc_on_device-1-3.f -DACC_DEVICE_TYPE_host_nonshm=1 -DACC_MEM_SHARED=0 -O execution test
=== libgomp Summary for unix/-m32 ===
# of expected passes 5767
# of unexpected failures 13
# of unsupported tests 254
=== libgomp Summary ===
# of expected passes 11527
# of unexpected failures 33
# of unsupported tests 508
=== libitm tests ===
Running target unix
=== libitm Summary for unix ===
# of expected passes 26
# of expected failures 3
# of unsupported tests 1
Running target unix/-m32
=== libitm Summary for unix/-m32 ===
# of expected passes 26
# of expected failures 3
# of unsupported tests 1
=== libitm Summary ===
# of expected passes 52
# of expected failures 6
# of unsupported tests 2
=== libjava tests ===
Running target unix
=== libjava Summary for unix ===
# of expected passes 2582
# of expected failures 4
Running target unix/-m32
FAIL: utilTest -findirect-dispatch execution - source compiled test
FAIL: utilTest -O3 compilation from source
=== libjava Summary for unix/-m32 ===
# of expected passes 2577
# of unexpected failures 2
# of expected failures 4
# of untested testcases 3
=== libjava Summary ===
# of expected passes 5159
# of unexpected failures 2
# of expected failures 8
# of untested testcases 3
=== libstdc++ tests ===
Running target unix
=== libstdc++ Summary for unix ===
# of expected passes 10595
# of expected failures 65
# of unsupported tests 229
Running target unix/-m32
XPASS: 26_numerics/random/piecewise_constant_distribution/operators/serialize.cc execution test
=== libstdc++ Summary for unix/-m32 ===
# of expected passes 4672
# of unexpected successes 1
# of expected failures 61
# of unsupported tests 225
=== libstdc++ Summary ===
# of expected passes 15267
# of unexpected successes 1
# of expected failures 126
# of unsupported tests 454
Compiler version: 5.1.0 (GCC)
Platform: x86_64-unknown-linux-gnu
configure flags: --prefix=/vol/gcc-5 --enable-objc-gc --with-as=/vol/gcc/bin/gas-2.25 --with-gnu-as --with-ld=/vol/gcc/bin/gld-2.24 --with-gnu-ld --with-gmp-include=/vol/gcc/include --with-gmp-lib=/vol/gcc/lib --with-mpfr-include=/vol/gcc/include --with-mpfr-lib=/vol/gcc/lib --with-mpc-include=/vol/gcc/include --with-mpc-lib=/vol/gcc/lib --enable-languages=all,ada,obj-c++,go
BOOT_CFLAGS=-g -O2