This is the mail archive of the gcc-testresults@gcc.gnu.org mailing list for the GCC project.


Index Nav: [Date Index] [Subject Index] [Author Index] [Thread Index]
Message Nav: [Date Prev] [Date Next] [Thread Prev] [Thread Next]
Other format: [Raw text]

Results for 5.1.0 (GCC) testsuite on i386-pc-solaris2.12


LAST_UPDATED: Obtained from SVN: tags/gcc_5_1_0_release revision 222317

		=== acats tests ===

		=== acats Summary ===
# of expected passes		2320
# of unexpected failures	0
Native configuration is i386-pc-solaris2.12

		=== g++ tests ===


Running target unix
FAIL: g++.dg/cilk-plus/CK/catch_exc.cc  -O1 -fcilkplus execution test
FAIL: g++.dg/cilk-plus/CK/catch_exc.cc  -O3 -fcilkplus execution test
FAIL: g++.dg/cilk-plus/CK/catch_exc.cc  -g -O2 -fcilkplus execution test
FAIL: g++.dg/cilk-plus/CK/catch_exc.cc  -g -fcilkplus execution test
FAIL: g++.dg/guality/pr55665.C   -O2  line 23 p == 40
FAIL: g++.dg/guality/pr55665.C   -O2 -flto  line 23 p == 40
FAIL: g++.dg/guality/pr55665.C   -O2 -flto -flto-partition=none  line 23 p == 40
FAIL: g++.dg/guality/pr55665.C   -O3 -fomit-frame-pointer  line 23 p == 40
FAIL: g++.dg/guality/pr55665.C   -O3 -g  line 23 p == 40
UNRESOLVED: g++.dg/lto/pr65475b cp_lto_pr65475b_0.o-cp_lto_pr65475b_1.o execute -Wno-odr
FAIL: g++.dg/lto/pr65475b cp_lto_pr65475b_0.o-cp_lto_pr65475b_1.o link, -Wno-odr

		=== g++ Summary for unix ===

# of expected passes		84854
# of unexpected failures	10
# of expected failures		288
# of unresolved testcases	1
# of unsupported tests		3310

Running target unix/-m64
FAIL: g++.dg/guality/pr55665.C   -O2  line 23 p == 40
FAIL: g++.dg/guality/pr55665.C   -O2 -flto  line 23 p == 40
FAIL: g++.dg/guality/pr55665.C   -O2 -flto -flto-partition=none  line 23 p == 40
FAIL: g++.dg/guality/pr55665.C   -O3 -fomit-frame-pointer  line 23 p == 40
FAIL: g++.dg/guality/pr55665.C   -O3 -g  line 23 p == 40
UNRESOLVED: g++.dg/lto/pr65475b cp_lto_pr65475b_0.o-cp_lto_pr65475b_1.o execute -Wno-odr
FAIL: g++.dg/lto/pr65475b cp_lto_pr65475b_0.o-cp_lto_pr65475b_1.o link, -Wno-odr

		=== g++ Summary for unix/-m64 ===

# of expected passes		86179
# of unexpected failures	6
# of expected failures		288
# of unresolved testcases	1
# of unsupported tests		3581

		=== g++ Summary ===

# of expected passes		171033
# of unexpected failures	16
# of expected failures		576
# of unresolved testcases	2
# of unsupported tests		6891
/var/gcc/gcc-5.1.0/12-gcc-gas/gcc/testsuite/g++/../../xg++  version 5.1.0 (GCC) 

		=== gcc tests ===


Running target unix
FAIL: gcc.dg/visibility-22.c execution test
XPASS: gcc.dg/guality/example.c   -O0  execution test
XPASS: gcc.dg/guality/example.c   -O1  execution test
XPASS: gcc.dg/guality/example.c   -O2  execution test
XPASS: gcc.dg/guality/example.c   -O2 -flto  execution test
XPASS: gcc.dg/guality/example.c   -O2 -flto -flto-partition=none  execution test
XPASS: gcc.dg/guality/guality.c   -O0  execution test
XPASS: gcc.dg/guality/guality.c   -O1  execution test
XPASS: gcc.dg/guality/guality.c   -O2  execution test
XPASS: gcc.dg/guality/guality.c   -O2 -flto  execution test
XPASS: gcc.dg/guality/guality.c   -O2 -flto -flto-partition=none  execution test
XPASS: gcc.dg/guality/guality.c   -O3 -fomit-frame-pointer  execution test
XPASS: gcc.dg/guality/guality.c   -O3 -g  execution test
XPASS: gcc.dg/guality/guality.c   -Os  execution test
XPASS: gcc.dg/guality/inline-params.c   -O2  execution test
XPASS: gcc.dg/guality/inline-params.c   -O2 -flto  execution test
XPASS: gcc.dg/guality/inline-params.c   -O2 -flto -flto-partition=none  execution test
XPASS: gcc.dg/guality/inline-params.c   -O3 -fomit-frame-pointer  execution test
XPASS: gcc.dg/guality/inline-params.c   -O3 -g  execution test
XPASS: gcc.dg/guality/inline-params.c   -Os  execution test
XPASS: gcc.dg/guality/pr41353-1.c   -O0  line 28 j == 28 + 37
FAIL: gcc.dg/guality/pr41447-1.c   -O3 -fomit-frame-pointer  execution test
FAIL: gcc.dg/guality/pr54519-1.c   -O2 -flto  line 20 y == 25
FAIL: gcc.dg/guality/pr54519-1.c   -O2 -flto  line 20 z == 6
FAIL: gcc.dg/guality/pr54519-1.c   -O2 -flto  line 23 y == 117
FAIL: gcc.dg/guality/pr54519-1.c   -O2 -flto  line 23 z == 8
FAIL: gcc.dg/guality/pr54519-1.c   -O2 -flto -flto-partition=none  line 20 y == 25
FAIL: gcc.dg/guality/pr54519-1.c   -O2 -flto -flto-partition=none  line 20 z == 6
FAIL: gcc.dg/guality/pr54519-1.c   -O2 -flto -flto-partition=none  line 23 y == 117
FAIL: gcc.dg/guality/pr54519-1.c   -O2 -flto -flto-partition=none  line 23 z == 8
FAIL: gcc.dg/guality/pr54519-2.c   -O2 -flto  line 17 y == 25
FAIL: gcc.dg/guality/pr54519-2.c   -O2 -flto -flto-partition=none  line 17 y == 25
FAIL: gcc.dg/guality/pr54519-3.c   -O2 -flto  line 20 y == 25
FAIL: gcc.dg/guality/pr54519-3.c   -O2 -flto  line 20 z == 6
FAIL: gcc.dg/guality/pr54519-3.c   -O2 -flto  line 23 y == 117
FAIL: gcc.dg/guality/pr54519-3.c   -O2 -flto  line 23 z == 8
FAIL: gcc.dg/guality/pr54519-3.c   -O2 -flto -flto-partition=none  line 20 y == 25
FAIL: gcc.dg/guality/pr54519-3.c   -O2 -flto -flto-partition=none  line 20 z == 6
FAIL: gcc.dg/guality/pr54519-3.c   -O2 -flto -flto-partition=none  line 23 y == 117
FAIL: gcc.dg/guality/pr54519-3.c   -O2 -flto -flto-partition=none  line 23 z == 8
FAIL: gcc.dg/guality/pr54519-4.c   -O2 -flto  line 17 y == 25
FAIL: gcc.dg/guality/pr54519-4.c   -O2 -flto -flto-partition=none  line 17 y == 25
FAIL: gcc.dg/guality/pr54519-5.c   -O2 -flto  line 17 y == 25
FAIL: gcc.dg/guality/pr54519-5.c   -O2 -flto -flto-partition=none  line 17 y == 25
FAIL: gcc.dg/guality/pr54970.c   -Os  line 15 a[0] == 1
FAIL: gcc.dg/guality/pr54970.c   -Os  line 20 a[0] == 1
FAIL: gcc.dg/guality/pr54970.c   -Os  line 25 a[0] == 1
FAIL: gcc.dg/guality/pr54970.c   -Os  line 31 a[0] == 4
FAIL: gcc.dg/guality/pr54970.c   -Os  line 36 a[0] == 4
FAIL: gcc.dg/guality/pr54970.c   -Os  line 45 a[0] == 4
FAIL: gcc.dg/guality/pr54970.c   -Os  line 45 p[-2] == 4
FAIL: gcc.dg/guality/pr54970.c   -Os  line 45 q[-1] == 4
FAIL: gcc.dg/guality/sra-1.c   -O2  line 21 a.i == 4
FAIL: gcc.dg/guality/sra-1.c   -O2  line 32 a[0] == 4
FAIL: gcc.dg/guality/sra-1.c   -O2  line 43 a.i == 4
FAIL: gcc.dg/guality/sra-1.c   -O2 -flto  line 21 a.i == 4
FAIL: gcc.dg/guality/sra-1.c   -O2 -flto  line 32 a[0] == 4
FAIL: gcc.dg/guality/sra-1.c   -O2 -flto  line 43 a.i == 4
FAIL: gcc.dg/guality/sra-1.c   -O2 -flto -flto-partition=none  line 21 a.i == 4
FAIL: gcc.dg/guality/sra-1.c   -O2 -flto -flto-partition=none  line 32 a[0] == 4
FAIL: gcc.dg/guality/sra-1.c   -O2 -flto -flto-partition=none  line 43 a.i == 4
FAIL: gcc.dg/guality/sra-1.c   -O3 -fomit-frame-pointer  line 21 a.i == 4
FAIL: gcc.dg/guality/sra-1.c   -O3 -fomit-frame-pointer  line 32 a[0] == 4
FAIL: gcc.dg/guality/sra-1.c   -O3 -fomit-frame-pointer  line 43 a.i == 4
FAIL: gcc.dg/guality/sra-1.c   -O3 -g  line 21 a.i == 4
FAIL: gcc.dg/guality/sra-1.c   -O3 -g  line 32 a[0] == 4
FAIL: gcc.dg/guality/sra-1.c   -O3 -g  line 43 a.i == 4
FAIL: gcc.dg/guality/sra-1.c   -Os  line 21 a.i == 4
FAIL: gcc.dg/guality/sra-1.c   -Os  line 32 a[0] == 4
FAIL: gcc.dg/guality/sra-1.c   -Os  line 43 a.i == 4
FAIL: gcc.dg/guality/vla-1.c   -O1  line 17 sizeof (a) == 6
FAIL: gcc.dg/guality/vla-1.c   -O2  line 17 sizeof (a) == 6
FAIL: gcc.dg/guality/vla-1.c   -O2 -flto  line 17 sizeof (a) == 6
FAIL: gcc.dg/guality/vla-1.c   -O2 -flto -flto-partition=none  line 17 sizeof (a) == 6
FAIL: gcc.dg/guality/vla-1.c   -O3 -fomit-frame-pointer  line 17 sizeof (a) == 6
FAIL: gcc.dg/guality/vla-1.c   -O3 -g  line 17 sizeof (a) == 6
FAIL: gcc.dg/guality/vla-1.c   -Os  line 17 sizeof (a) == 6

		=== gcc Summary for unix ===

# of expected passes		110946
# of unexpected failures	57
# of unexpected successes	20
# of expected failures		277
# of unsupported tests		1662

Running target unix/-m64
FAIL: gcc.dg/visibility-22.c execution test
XPASS: gcc.dg/guality/example.c   -O0  execution test
XPASS: gcc.dg/guality/example.c   -O1  execution test
XPASS: gcc.dg/guality/example.c   -O2  execution test
XPASS: gcc.dg/guality/example.c   -O2 -flto  execution test
XPASS: gcc.dg/guality/example.c   -O2 -flto -flto-partition=none  execution test
XPASS: gcc.dg/guality/guality.c   -O0  execution test
XPASS: gcc.dg/guality/guality.c   -O1  execution test
XPASS: gcc.dg/guality/guality.c   -O2  execution test
XPASS: gcc.dg/guality/guality.c   -O2 -flto  execution test
XPASS: gcc.dg/guality/guality.c   -O2 -flto -flto-partition=none  execution test
XPASS: gcc.dg/guality/guality.c   -O3 -fomit-frame-pointer  execution test
XPASS: gcc.dg/guality/guality.c   -O3 -g  execution test
XPASS: gcc.dg/guality/guality.c   -Os  execution test
XPASS: gcc.dg/guality/inline-params.c   -O2  execution test
XPASS: gcc.dg/guality/inline-params.c   -O2 -flto  execution test
XPASS: gcc.dg/guality/inline-params.c   -O2 -flto -flto-partition=none  execution test
XPASS: gcc.dg/guality/inline-params.c   -O3 -fomit-frame-pointer  execution test
XPASS: gcc.dg/guality/inline-params.c   -O3 -g  execution test
XPASS: gcc.dg/guality/inline-params.c   -Os  execution test
XPASS: gcc.dg/guality/pr41353-1.c   -O0  line 28 j == 28 + 37
FAIL: gcc.dg/guality/pr41447-1.c   -O2  execution test
FAIL: gcc.dg/guality/pr41447-1.c   -O2 -flto  execution test
FAIL: gcc.dg/guality/pr41447-1.c   -O2 -flto -flto-partition=none  execution test
FAIL: gcc.dg/guality/pr41447-1.c   -O3 -g  execution test
FAIL: gcc.dg/guality/pr41447-1.c   -Os  execution test
FAIL: gcc.dg/guality/pr43051-1.c   -O2  line 35 v == 1
FAIL: gcc.dg/guality/pr43051-1.c   -O2  line 36 e == &a[1]
FAIL: gcc.dg/guality/pr43051-1.c   -O2  line 39 c == &a[0]
FAIL: gcc.dg/guality/pr43051-1.c   -O2  line 40 v == 1
FAIL: gcc.dg/guality/pr43051-1.c   -O2  line 41 e == &a[1]
FAIL: gcc.dg/guality/pr43051-1.c   -O2 -flto  line 35 v == 1
FAIL: gcc.dg/guality/pr43051-1.c   -O2 -flto  line 36 e == &a[1]
FAIL: gcc.dg/guality/pr43051-1.c   -O2 -flto  line 39 c == &a[0]
FAIL: gcc.dg/guality/pr43051-1.c   -O2 -flto  line 40 v == 1
FAIL: gcc.dg/guality/pr43051-1.c   -O2 -flto  line 41 e == &a[1]
FAIL: gcc.dg/guality/pr43051-1.c   -O2 -flto -flto-partition=none  line 35 v == 1
FAIL: gcc.dg/guality/pr43051-1.c   -O2 -flto -flto-partition=none  line 36 e == &a[1]
FAIL: gcc.dg/guality/pr43051-1.c   -O2 -flto -flto-partition=none  line 39 c == &a[0]
FAIL: gcc.dg/guality/pr43051-1.c   -O2 -flto -flto-partition=none  line 40 v == 1
FAIL: gcc.dg/guality/pr43051-1.c   -O2 -flto -flto-partition=none  line 41 e == &a[1]
FAIL: gcc.dg/guality/pr43051-1.c   -O3 -fomit-frame-pointer  line 35 v == 1
FAIL: gcc.dg/guality/pr43051-1.c   -O3 -fomit-frame-pointer  line 36 e == &a[1]
FAIL: gcc.dg/guality/pr43051-1.c   -O3 -fomit-frame-pointer  line 39 c == &a[0]
FAIL: gcc.dg/guality/pr43051-1.c   -O3 -fomit-frame-pointer  line 40 v == 1
FAIL: gcc.dg/guality/pr43051-1.c   -O3 -fomit-frame-pointer  line 41 e == &a[1]
FAIL: gcc.dg/guality/pr43051-1.c   -O3 -fomit-frame-pointer -funroll-all-loops -finline-functions  line 35 v == 1
FAIL: gcc.dg/guality/pr43051-1.c   -O3 -fomit-frame-pointer -funroll-all-loops -finline-functions  line 36 e == &a[1]
FAIL: gcc.dg/guality/pr43051-1.c   -O3 -fomit-frame-pointer -funroll-all-loops -finline-functions  line 39 c == &a[0]
FAIL: gcc.dg/guality/pr43051-1.c   -O3 -fomit-frame-pointer -funroll-all-loops -finline-functions  line 40 v == 1
FAIL: gcc.dg/guality/pr43051-1.c   -O3 -fomit-frame-pointer -funroll-all-loops -finline-functions  line 41 e == &a[1]
FAIL: gcc.dg/guality/pr43051-1.c   -O3 -fomit-frame-pointer -funroll-loops  line 35 v == 1
FAIL: gcc.dg/guality/pr43051-1.c   -O3 -fomit-frame-pointer -funroll-loops  line 36 e == &a[1]
FAIL: gcc.dg/guality/pr43051-1.c   -O3 -fomit-frame-pointer -funroll-loops  line 39 c == &a[0]
FAIL: gcc.dg/guality/pr43051-1.c   -O3 -fomit-frame-pointer -funroll-loops  line 40 v == 1
FAIL: gcc.dg/guality/pr43051-1.c   -O3 -fomit-frame-pointer -funroll-loops  line 41 e == &a[1]
FAIL: gcc.dg/guality/pr43051-1.c   -O3 -g  line 35 v == 1
FAIL: gcc.dg/guality/pr43051-1.c   -O3 -g  line 36 e == &a[1]
FAIL: gcc.dg/guality/pr43051-1.c   -O3 -g  line 39 c == &a[0]
FAIL: gcc.dg/guality/pr43051-1.c   -O3 -g  line 40 v == 1
FAIL: gcc.dg/guality/pr43051-1.c   -O3 -g  line 41 e == &a[1]
FAIL: gcc.dg/guality/pr43051-1.c   -Os  line 35 v == 1
FAIL: gcc.dg/guality/pr43051-1.c   -Os  line 36 e == &a[1]
FAIL: gcc.dg/guality/pr43051-1.c   -Os  line 39 c == &a[0]
FAIL: gcc.dg/guality/pr43051-1.c   -Os  line 40 v == 1
FAIL: gcc.dg/guality/pr43051-1.c   -Os  line 41 e == &a[1]
FAIL: gcc.dg/guality/pr43177.c   -O2  line 15 l == 10
FAIL: gcc.dg/guality/pr43177.c   -O2  line 15 x == 7
FAIL: gcc.dg/guality/pr43177.c   -O2  line 24 l == 10
FAIL: gcc.dg/guality/pr43177.c   -O2  line 24 x == 7
FAIL: gcc.dg/guality/pr43177.c   -O2 -flto  line 15 l == 10
FAIL: gcc.dg/guality/pr43177.c   -O2 -flto  line 15 x == 7
FAIL: gcc.dg/guality/pr43177.c   -O2 -flto  line 24 l == 10
FAIL: gcc.dg/guality/pr43177.c   -O2 -flto  line 24 x == 7
FAIL: gcc.dg/guality/pr43177.c   -O2 -flto -flto-partition=none  line 15 l == 10
FAIL: gcc.dg/guality/pr43177.c   -O2 -flto -flto-partition=none  line 15 x == 7
FAIL: gcc.dg/guality/pr43177.c   -O2 -flto -flto-partition=none  line 24 l == 10
FAIL: gcc.dg/guality/pr43177.c   -O2 -flto -flto-partition=none  line 24 x == 7
FAIL: gcc.dg/guality/pr43177.c   -O3 -fomit-frame-pointer  line 15 l == 10
FAIL: gcc.dg/guality/pr43177.c   -O3 -fomit-frame-pointer  line 15 x == 7
FAIL: gcc.dg/guality/pr43177.c   -O3 -fomit-frame-pointer  line 24 l == 10
FAIL: gcc.dg/guality/pr43177.c   -O3 -fomit-frame-pointer  line 24 x == 7
FAIL: gcc.dg/guality/pr43177.c   -O3 -g  line 15 l == 10
FAIL: gcc.dg/guality/pr43177.c   -O3 -g  line 15 x == 7
FAIL: gcc.dg/guality/pr43177.c   -O3 -g  line 24 l == 10
FAIL: gcc.dg/guality/pr43177.c   -O3 -g  line 24 x == 7
FAIL: gcc.dg/guality/pr43177.c   -Os  line 15 l == 10
FAIL: gcc.dg/guality/pr43177.c   -Os  line 15 x == 7
FAIL: gcc.dg/guality/pr43177.c   -Os  line 24 l == 10
FAIL: gcc.dg/guality/pr43177.c   -Os  line 24 x == 7
FAIL: gcc.dg/guality/pr54200.c   -Os  line 20 z == 3
FAIL: gcc.dg/guality/pr54519-1.c   -O2 -flto  line 20 y == 25
FAIL: gcc.dg/guality/pr54519-1.c   -O2 -flto  line 20 z == 6
FAIL: gcc.dg/guality/pr54519-1.c   -O2 -flto  line 23 y == 117
FAIL: gcc.dg/guality/pr54519-1.c   -O2 -flto  line 23 z == 8
FAIL: gcc.dg/guality/pr54519-1.c   -O2 -flto -flto-partition=none  line 20 y == 25
FAIL: gcc.dg/guality/pr54519-1.c   -O2 -flto -flto-partition=none  line 20 z == 6
FAIL: gcc.dg/guality/pr54519-1.c   -O2 -flto -flto-partition=none  line 23 y == 117
FAIL: gcc.dg/guality/pr54519-1.c   -O2 -flto -flto-partition=none  line 23 z == 8
FAIL: gcc.dg/guality/pr54519-2.c   -O2  line 17 x == 6
FAIL: gcc.dg/guality/pr54519-2.c   -O2 -flto  line 17 x == 6
FAIL: gcc.dg/guality/pr54519-2.c   -O2 -flto  line 17 y == 25
FAIL: gcc.dg/guality/pr54519-2.c   -O2 -flto -flto-partition=none  line 17 x == 6
FAIL: gcc.dg/guality/pr54519-2.c   -O2 -flto -flto-partition=none  line 17 y == 25
FAIL: gcc.dg/guality/pr54519-3.c   -O2 -flto  line 20 y == 25
FAIL: gcc.dg/guality/pr54519-3.c   -O2 -flto  line 20 z == 6
FAIL: gcc.dg/guality/pr54519-3.c   -O2 -flto  line 23 y == 117
FAIL: gcc.dg/guality/pr54519-3.c   -O2 -flto  line 23 z == 8
FAIL: gcc.dg/guality/pr54519-3.c   -O2 -flto -flto-partition=none  line 20 y == 25
FAIL: gcc.dg/guality/pr54519-3.c   -O2 -flto -flto-partition=none  line 20 z == 6
FAIL: gcc.dg/guality/pr54519-3.c   -O2 -flto -flto-partition=none  line 23 y == 117
FAIL: gcc.dg/guality/pr54519-3.c   -O2 -flto -flto-partition=none  line 23 z == 8
FAIL: gcc.dg/guality/pr54519-4.c   -O2 -flto  line 17 y == 25
FAIL: gcc.dg/guality/pr54519-4.c   -O2 -flto -flto-partition=none  line 17 y == 25
FAIL: gcc.dg/guality/pr54519-5.c   -O2  line 17 x == 6
FAIL: gcc.dg/guality/pr54519-5.c   -O2 -flto  line 17 x == 6
FAIL: gcc.dg/guality/pr54519-5.c   -O2 -flto  line 17 y == 25
FAIL: gcc.dg/guality/pr54519-5.c   -O2 -flto -flto-partition=none  line 17 x == 6
FAIL: gcc.dg/guality/pr54519-5.c   -O2 -flto -flto-partition=none  line 17 y == 25
FAIL: gcc.dg/guality/sra-1.c   -O2  line 21 a.i == 4
FAIL: gcc.dg/guality/sra-1.c   -O2  line 21 a.j == 14
FAIL: gcc.dg/guality/sra-1.c   -O2  line 32 a[0] == 4
FAIL: gcc.dg/guality/sra-1.c   -O2  line 32 a[1] == 14
FAIL: gcc.dg/guality/sra-1.c   -O2 -flto  line 21 a.i == 4
FAIL: gcc.dg/guality/sra-1.c   -O2 -flto  line 21 a.j == 14
FAIL: gcc.dg/guality/sra-1.c   -O2 -flto  line 32 a[0] == 4
FAIL: gcc.dg/guality/sra-1.c   -O2 -flto  line 32 a[1] == 14
FAIL: gcc.dg/guality/sra-1.c   -O2 -flto -flto-partition=none  line 21 a.i == 4
FAIL: gcc.dg/guality/sra-1.c   -O2 -flto -flto-partition=none  line 21 a.j == 14
FAIL: gcc.dg/guality/sra-1.c   -O2 -flto -flto-partition=none  line 32 a[0] == 4
FAIL: gcc.dg/guality/sra-1.c   -O2 -flto -flto-partition=none  line 32 a[1] == 14
FAIL: gcc.dg/guality/sra-1.c   -O3 -fomit-frame-pointer  line 21 a.i == 4
FAIL: gcc.dg/guality/sra-1.c   -O3 -fomit-frame-pointer  line 21 a.j == 14
FAIL: gcc.dg/guality/sra-1.c   -O3 -fomit-frame-pointer  line 32 a[0] == 4
FAIL: gcc.dg/guality/sra-1.c   -O3 -fomit-frame-pointer  line 32 a[1] == 14
FAIL: gcc.dg/guality/sra-1.c   -O3 -g  line 21 a.i == 4
FAIL: gcc.dg/guality/sra-1.c   -O3 -g  line 21 a.j == 14
FAIL: gcc.dg/guality/sra-1.c   -O3 -g  line 32 a[0] == 4
FAIL: gcc.dg/guality/sra-1.c   -O3 -g  line 32 a[1] == 14
FAIL: gcc.dg/guality/sra-1.c   -Os  line 21 a.i == 4
FAIL: gcc.dg/guality/sra-1.c   -Os  line 21 a.j == 14
FAIL: gcc.dg/guality/sra-1.c   -Os  line 32 a[0] == 4
FAIL: gcc.dg/guality/sra-1.c   -Os  line 32 a[1] == 14
FAIL: gcc.dg/guality/vla-1.c   -O1  line 17 sizeof (a) == 6
FAIL: gcc.dg/guality/vla-1.c   -O2  line 17 sizeof (a) == 6
FAIL: gcc.dg/guality/vla-1.c   -O2 -flto  line 17 sizeof (a) == 6
FAIL: gcc.dg/guality/vla-1.c   -O2 -flto -flto-partition=none  line 17 sizeof (a) == 6
FAIL: gcc.dg/guality/vla-1.c   -O3 -fomit-frame-pointer  line 17 sizeof (a) == 6
FAIL: gcc.dg/guality/vla-1.c   -O3 -g  line 17 sizeof (a) == 6
FAIL: gcc.dg/guality/vla-1.c   -Os  line 17 sizeof (a) == 6
FAIL: gcc.dg/guality/vla-2.c   -O2  line 25 sizeof (a) == 6 * sizeof (int)
FAIL: gcc.dg/guality/vla-2.c   -O2 -flto  line 25 sizeof (a) == 6 * sizeof (int)
FAIL: gcc.dg/guality/vla-2.c   -O2 -flto -flto-partition=none  line 25 sizeof (a) == 6 * sizeof (int)
FAIL: gcc.dg/guality/vla-2.c   -O3 -fomit-frame-pointer  line 25 sizeof (a) == 6 * sizeof (int)
FAIL: gcc.dg/guality/vla-2.c   -O3 -g  line 25 sizeof (a) == 6 * sizeof (int)
FAIL: gcc.dg/guality/vla-2.c   -Os  line 25 sizeof (a) == 6 * sizeof (int)

		=== gcc Summary for unix/-m64 ===

# of expected passes		112389
# of unexpected failures	136
# of unexpected successes	20
# of expected failures		276
# of unsupported tests		1814

		=== gcc Summary ===

# of expected passes		223335
# of unexpected failures	193
# of unexpected successes	40
# of expected failures		553
# of unsupported tests		3476
/var/gcc/gcc-5.1.0/12-gcc-gas/gcc/xgcc  version 5.1.0 (GCC) 

		=== gfortran tests ===


Running target unix

		=== gfortran Summary for unix ===

# of expected passes		48145
# of expected failures		78
# of unsupported tests		217

Running target unix/-m64

		=== gfortran Summary for unix/-m64 ===

# of expected passes		48432
# of expected failures		78
# of unsupported tests		79

		=== gfortran Summary ===

# of expected passes		96577
# of expected failures		156
# of unsupported tests		296
/var/gcc/gcc-5.1.0/12-gcc-gas/gcc/testsuite/gfortran/../../gfortran  version 5.1.0 (GCC) 

		=== gnat tests ===


Running target unix

		=== gnat Summary for unix ===

# of expected passes		1330
# of expected failures		20
# of unsupported tests		7

Running target unix/-m64

		=== gnat Summary for unix/-m64 ===

# of expected passes		1330
# of expected failures		20
# of unsupported tests		7

		=== gnat Summary ===

# of expected passes		2660
# of expected failures		40
# of unsupported tests		14
/var/gcc/gcc-5.1.0/12-gcc-gas/gcc/gnatmake version 5.1.0

		=== go tests ===


Running target unix

		=== go Summary for unix ===

# of expected passes		7363
# of expected failures		1
# of untested testcases		10
# of unsupported tests		2

Running target unix/-m64

		=== go Summary for unix/-m64 ===

# of expected passes		7244
# of expected failures		1
# of untested testcases		10
# of unsupported tests		1

		=== go Summary ===

# of expected passes		14607
# of expected failures		2
# of untested testcases		20
# of unsupported tests		3
		=== obj-c++ tests ===


Running target unix

		=== obj-c++ Summary for unix ===

# of expected passes		1453
# of expected failures		2
# of unsupported tests		86

Running target unix/-m64

		=== obj-c++ Summary for unix/-m64 ===

# of expected passes		1445
# of expected failures		10
# of unsupported tests		86

		=== obj-c++ Summary ===

# of expected passes		2898
# of expected failures		12
# of unsupported tests		172
/var/gcc/gcc-5.1.0/12-gcc-gas/gcc/testsuite/obj-c++/../../xg++  version 5.1.0 (GCC) 

		=== objc tests ===


Running target unix

		=== objc Summary for unix ===

# of expected passes		3010
# of expected failures		6
# of unsupported tests		74

Running target unix/-m64

		=== objc Summary for unix/-m64 ===

# of expected passes		3010
# of expected failures		6
# of unsupported tests		74

		=== objc Summary ===

# of expected passes		6020
# of expected failures		12
# of unsupported tests		148
/var/gcc/gcc-5.1.0/12-gcc-gas/gcc/xgcc  version 5.1.0 (GCC) 

		=== boehm-gc tests ===


Running target unix

		=== boehm-gc Summary for unix ===

# of expected passes		12
# of unsupported tests		1

Running target unix/-m64

		=== boehm-gc Summary for unix/-m64 ===

# of expected passes		12
# of unsupported tests		1

		=== boehm-gc Summary ===

# of expected passes		24
# of unsupported tests		2
		=== libatomic tests ===


Running target unix

		=== libatomic Summary for unix ===

# of expected passes		44
# of unsupported tests		5

Running target unix/-m64

		=== libatomic Summary for unix/-m64 ===

# of expected passes		54

		=== libatomic Summary ===

# of expected passes		98
# of unsupported tests		5
		=== libffi tests ===


Running target unix

		=== libffi Summary for unix ===

# of expected passes		2439
# of unsupported tests		30

Running target unix/-m64

		=== libffi Summary for unix/-m64 ===

# of expected passes		1914
# of unsupported tests		30

		=== libffi Summary ===

# of expected passes		4353
# of unsupported tests		60
		=== libgo tests ===


Running target unix
FAIL: runtime

		=== libgo Summary for unix ===

# of expected passes		123
# of unexpected failures	1

Running target unix/-m64
FAIL: runtime

		=== libgo Summary for unix/-m64 ===

# of expected passes		123
# of unexpected failures	1

		=== libgo Summary ===

# of expected passes		246
# of unexpected failures	2
		=== libgomp tests ===


Running target unix
FAIL: libgomp.oacc-c/../libgomp.oacc-c-c++-common/acc_on_device-1.c -DACC_DEVICE_TYPE_host_nonshm=1 -DACC_MEM_SHARED=0 execution test
FAIL: libgomp.oacc-c/../libgomp.oacc-c-c++-common/if-1.c -DACC_DEVICE_TYPE_host_nonshm=1 -DACC_MEM_SHARED=0 execution test
FAIL: libgomp.oacc-c++/../libgomp.oacc-c-c++-common/acc_on_device-1.c -DACC_DEVICE_TYPE_host_nonshm=1 -DACC_MEM_SHARED=0 execution test
FAIL: libgomp.oacc-c++/../libgomp.oacc-c-c++-common/if-1.c -DACC_DEVICE_TYPE_host_nonshm=1 -DACC_MEM_SHARED=0 execution test
FAIL: libgomp.oacc-fortran/acc_on_device-1-1.f90 -DACC_DEVICE_TYPE_host_nonshm=1 -DACC_MEM_SHARED=0  -O  execution test
FAIL: libgomp.oacc-fortran/acc_on_device-1-2.f -DACC_DEVICE_TYPE_host_nonshm=1 -DACC_MEM_SHARED=0  -O  execution test
FAIL: libgomp.oacc-fortran/acc_on_device-1-3.f -DACC_DEVICE_TYPE_host_nonshm=1 -DACC_MEM_SHARED=0  -O  execution test

		=== libgomp Summary for unix ===

# of expected passes		5816
# of unexpected failures	7
# of unsupported tests		257

Running target unix/-m64
FAIL: libgomp.oacc-c/../libgomp.oacc-c-c++-common/acc_on_device-1.c -DACC_DEVICE_TYPE_host_nonshm=1 -DACC_MEM_SHARED=0 execution test
FAIL: libgomp.oacc-c/../libgomp.oacc-c-c++-common/if-1.c -DACC_DEVICE_TYPE_host_nonshm=1 -DACC_MEM_SHARED=0 execution test
FAIL: libgomp.oacc-c++/../libgomp.oacc-c-c++-common/acc_on_device-1.c -DACC_DEVICE_TYPE_host_nonshm=1 -DACC_MEM_SHARED=0 execution test
FAIL: libgomp.oacc-c++/../libgomp.oacc-c-c++-common/if-1.c -DACC_DEVICE_TYPE_host_nonshm=1 -DACC_MEM_SHARED=0 execution test
FAIL: libgomp.oacc-fortran/acc_on_device-1-1.f90 -DACC_DEVICE_TYPE_host_nonshm=1 -DACC_MEM_SHARED=0  -O  execution test
FAIL: libgomp.oacc-fortran/acc_on_device-1-2.f -DACC_DEVICE_TYPE_host_nonshm=1 -DACC_MEM_SHARED=0  -O  execution test
FAIL: libgomp.oacc-fortran/acc_on_device-1-3.f -DACC_DEVICE_TYPE_host_nonshm=1 -DACC_MEM_SHARED=0  -O  execution test

		=== libgomp Summary for unix/-m64 ===

# of expected passes		5816
# of unexpected failures	7
# of unsupported tests		257

		=== libgomp Summary ===

# of expected passes		11632
# of unexpected failures	14
# of unsupported tests		514
		=== libitm tests ===


Running target unix

		=== libitm Summary for unix ===

# of expected passes		26
# of expected failures		3
# of unsupported tests		1

Running target unix/-m64

		=== libitm Summary for unix/-m64 ===

# of expected passes		26
# of expected failures		3
# of unsupported tests		1

		=== libitm Summary ===

# of expected passes		52
# of expected failures		6
# of unsupported tests		2
		=== libjava tests ===


Running target unix

		=== libjava Summary for unix ===

# of expected passes		2582
# of expected failures		4

Running target unix/-m64

		=== libjava Summary for unix/-m64 ===

# of expected passes		2582
# of expected failures		4

		=== libjava Summary ===

# of expected passes		5164
# of expected failures		8
		=== libstdc++ tests ===


Running target unix

		=== libstdc++ Summary for unix ===

# of expected passes		9391
# of expected failures		66
# of unsupported tests		608

Running target unix/-m64

		=== libstdc++ Summary for unix/-m64 ===

# of expected passes		9391
# of expected failures		66
# of unsupported tests		608

		=== libstdc++ Summary ===

# of expected passes		18782
# of expected failures		132
# of unsupported tests		1216

Compiler version: 5.1.0 (GCC) 
Platform: i386-pc-solaris2.12
configure flags: --prefix=/vol/gcc-5 --enable-objc-gc --with-as=/vol/gcc/bin/gas-2.25 --with-gnu-as --with-gmp-include=/vol/gcc/include --with-gmp-lib=/vol/gcc/lib --with-mpfr-include=/vol/gcc/include --with-mpfr-lib=/vol/gcc/lib --with-mpc-include=/vol/gcc/include --with-mpc-lib=/vol/gcc/lib --enable-languages=all,ada,obj-c++,go --with-isl-include=/vol/gcc/include --with-isl-lib=/vol/gcc/lib --with-cloog-include=/vol/gcc/include --with-cloog-lib=/vol/gcc/lib --enable-cloog-backend=isl
BOOT_CFLAGS=-g -O2


Index Nav: [Date Index] [Subject Index] [Author Index] [Thread Index]
Message Nav: [Date Prev] [Date Next] [Thread Prev] [Thread Next]