This is the mail archive of the
gcc-testresults@gcc.gnu.org
mailing list for the GCC project.
Results for 6.0.0 20150426 (experimental) [trunk revision 222448] (GCC) testsuite on powerpc-ibm-aix7.1.0.0
- From: David Edelsohn <edelsohn at p7curie dot watson dot ibm dot com>
- To: gcc-testresults at gcc dot gnu dot org
- Date: Mon, 27 Apr 2015 00:15:16 -0400
- Subject: Results for 6.0.0 20150426 (experimental) [trunk revision 222448] (GCC) testsuite on powerpc-ibm-aix7.1.0.0
- Authentication-results: sourceware.org; auth=none
LAST_UPDATED: Sun Apr 26 21:17:07 UTC 2015 (revision 222448)
Native configuration is powerpc-ibm-aix7.1.0.0
=== g++ tests ===
Running target unix
XPASS: g++.dg/debug/pr56294.C -gxcoff (test for excess errors)
XPASS: g++.dg/debug/pr56294.C -gxcoff+ (test for excess errors)
XPASS: g++.dg/debug/pr56294.C -gxcoff+1 (test for excess errors)
XPASS: g++.dg/debug/pr56294.C -gxcoff+3 (test for excess errors)
XPASS: g++.dg/debug/pr56294.C -gxcoff1 (test for excess errors)
XPASS: g++.dg/debug/pr56294.C -gxcoff3 (test for excess errors)
XPASS: g++.dg/debug/pr56819.C -gxcoff (test for excess errors)
XPASS: g++.dg/debug/pr56819.C -gxcoff+ (test for excess errors)
XPASS: g++.dg/debug/pr56819.C -gxcoff+1 (test for excess errors)
XPASS: g++.dg/debug/pr56819.C -gxcoff+3 (test for excess errors)
XPASS: g++.dg/debug/pr56819.C -gxcoff1 (test for excess errors)
XPASS: g++.dg/debug/pr56819.C -gxcoff3 (test for excess errors)
FAIL: g++.dg/abi/anon1.C -std=c++11 scan-assembler-not globl
FAIL: g++.dg/abi/anon1.C -std=c++14 scan-assembler-not globl
FAIL: g++.dg/abi/anon1.C -std=c++98 scan-assembler-not globl
FAIL: g++.dg/cpp/ucn-1.C -std=gnu++11 (test for excess errors)
FAIL: g++.dg/cpp/ucn-1.C -std=gnu++14 (test for excess errors)
FAIL: g++.dg/cpp1y/pr58708.C -std=c++14 (test for excess errors)
WARNING: g++.dg/cpp1y/pr58708.C -std=c++14 compilation failed to produce executable
FAIL: g++.dg/eh/new1.C -std=c++14 execution test
FAIL: g++.dg/init/new40.C execution test
FAIL: g++.dg/init/ref15.C -std=c++11 execution test
FAIL: g++.dg/init/ref15.C -std=c++14 execution test
FAIL: g++.dg/init/ref15.C -std=c++98 execution test
XPASS: g++.dg/template/linkage1.C -std=c++98 scan-assembler-not (weak|glob)[^\\n]*_Z3fooIXadL_ZL11static_funcvEEEvv
XPASS: g++.dg/tls/thread_local-order2.C -std=c++11 execution test
XPASS: g++.dg/tls/thread_local-order2.C -std=c++14 execution test
FAIL: g++.dg/tree-prof/pr57451.C compilation, -fprofile-use -D_PROFILE_USE
UNRESOLVED: g++.dg/tree-prof/pr57451.C execution, -fprofile-use -D_PROFILE_USE
FAIL: g++.dg/vect/pr36648.cc -std=c++11 scan-tree-dump-times vect "vectorized 1 loops" 1
FAIL: g++.dg/vect/pr36648.cc -std=c++11 scan-tree-dump-times vect "vectorizing stmts using SLP" 1
FAIL: g++.dg/vect/pr36648.cc -std=c++14 scan-tree-dump-times vect "vectorized 1 loops" 1
FAIL: g++.dg/vect/pr36648.cc -std=c++14 scan-tree-dump-times vect "vectorizing stmts using SLP" 1
FAIL: g++.dg/vect/pr36648.cc -std=c++98 scan-tree-dump-times vect "vectorized 1 loops" 1
FAIL: g++.dg/vect/pr36648.cc -std=c++98 scan-tree-dump-times vect "vectorizing stmts using SLP" 1
FAIL: g++.old-deja/g++.eh/new2.C -std=gnu++14 execution test
XPASS: g++.old-deja/g++.mike/p755a.C -std=c++11 execution test
XPASS: g++.old-deja/g++.mike/p755a.C -std=c++98 execution test
FAIL: g++.old-deja/g++.other/init18.C -std=c++11 execution test
FAIL: g++.old-deja/g++.other/init18.C -std=c++14 execution test
FAIL: g++.old-deja/g++.other/init18.C -std=c++98 execution test
FAIL: g++.old-deja/g++.other/init19.C -std=c++11 execution test
FAIL: g++.old-deja/g++.other/init19.C -std=c++14 execution test
FAIL: g++.old-deja/g++.other/init19.C -std=c++98 execution test
FAIL: g++.old-deja/g++.pt/static11.C -std=c++11 execution test
FAIL: g++.old-deja/g++.pt/static11.C -std=c++14 execution test
FAIL: g++.old-deja/g++.pt/static11.C -std=c++98 execution test
=== g++ Summary ===
# of expected passes 76241
# of unexpected failures 28
# of unexpected successes 17
# of expected failures 340
# of unresolved testcases 1
# of unsupported tests 3771
/tmp/20150426/gcc/testsuite/g++/../../xg++ version 6.0.0 20150426 (experimental) [trunk revision 222448] (GCC)
=== gcc tests ===
Running target unix
FAIL: gcc.dg/cpp/assert4.c (test for excess errors)
FAIL: gcc.dg/cpp/trad/include.c (test for excess errors)
FAIL: gcc.dg/debug/pr65771.c -gxcoff (test for excess errors)
FAIL: gcc.dg/debug/pr65771.c -gxcoff+ (test for excess errors)
FAIL: gcc.dg/debug/pr65771.c -gxcoff+1 (test for excess errors)
FAIL: gcc.dg/debug/pr65771.c -gxcoff+3 (test for excess errors)
FAIL: gcc.dg/debug/pr65771.c -gxcoff1 (test for excess errors)
FAIL: gcc.dg/debug/pr65771.c -gxcoff3 (test for excess errors)
FAIL: gcc.dg/addr_equal-1.c (test for excess errors)
WARNING: gcc.dg/addr_equal-1.c compilation failed to produce executable
FAIL: gcc.dg/asm-names.c scan-assembler-not ____frob14
FAIL: gcc.dg/pr64935-2.c (test for excess errors)
FAIL: gcc.dg/pr65521.c (test for excess errors)
FAIL: gcc.dg/sms-8.c scan-rtl-dump-times sms "SMS succeeded" 0
XPASS: gcc.dg/torture/pr59166.c -O0 (test for excess errors)
FAIL: gcc.dg/tree-ssa/ivopts-lt-2.c scan-tree-dump-times ivopts "PHI <p_" 1
FAIL: gcc.dg/tree-ssa/ivopts-lt-2.c scan-tree-dump-times ivopts "PHI" 1
FAIL: gcc.dg/tree-ssa/ivopts-lt-2.c scan-tree-dump-times ivopts "p_[0-9]* <" 1
FAIL: gcc.dg/tree-ssa/sra-12.c scan-tree-dump-times release_ssa "l;" 0
FAIL: gcc.dg/vect/costmodel/ppc/costmodel-bb-slp-9a-pr63175.c scan-assembler-not \\tlwz?u?x?
FAIL: gcc.dg/vect/costmodel/ppc/costmodel-vect-31a.c scan-tree-dump-times vect "vectorization not profitable" 1
FAIL: gcc.dg/vect/costmodel/ppc/costmodel-vect-33.c scan-tree-dump-times vect "vectorization not profitable" 1
FAIL: gcc.dg/vect/no-vfa-vect-depend-2.c scan-tree-dump-times vect "vectorized 1 loops" 1
FAIL: gcc.dg/vect/no-vfa-vect-depend-3.c scan-tree-dump-times vect "vectorized 1 loops" 4
FAIL: gcc.dg/vect/vect-31.c scan-tree-dump-times vect "vectorized 4 loops" 1
FAIL: gcc.target/powerpc/crypto-builtin-2.c (test for errors, line 10)
FAIL: gcc.target/powerpc/crypto-builtin-2.c (test for errors, line 11)
FAIL: gcc.target/powerpc/crypto-builtin-2.c (test for errors, line 12)
FAIL: gcc.target/powerpc/crypto-builtin-2.c (test for errors, line 15)
FAIL: gcc.target/powerpc/crypto-builtin-2.c (test for errors, line 16)
FAIL: gcc.target/powerpc/crypto-builtin-2.c (test for errors, line 23)
FAIL: gcc.target/powerpc/crypto-builtin-2.c (test for errors, line 9)
FAIL: gcc.target/powerpc/crypto-builtin-2.c (test for excess errors)
=== gcc Summary ===
# of expected passes 74943
# of unexpected failures 31
# of unexpected successes 1
# of expected failures 212
# of unsupported tests 1670
/tmp/20150426/gcc/xgcc version 6.0.0 20150426 (experimental) [trunk revision 222448] (GCC)
=== gfortran tests ===
Running target unix
FAIL: gfortran.dg/debug/pr46756.f -gxcoff (test for excess errors)
XPASS: gfortran.dg/debug/pr46756.f -gxcoff Deleted feature: ASSIGN (test for warnings, line 8)
FAIL: gfortran.dg/debug/pr46756.f -gxcoff+ (test for excess errors)
XPASS: gfortran.dg/debug/pr46756.f -gxcoff+ Deleted feature: ASSIGN (test for warnings, line 8)
FAIL: gfortran.dg/debug/pr46756.f -gxcoff+1 (test for excess errors)
XPASS: gfortran.dg/debug/pr46756.f -gxcoff+1 Deleted feature: ASSIGN (test for warnings, line 8)
FAIL: gfortran.dg/debug/pr46756.f -gxcoff+3 (test for excess errors)
XPASS: gfortran.dg/debug/pr46756.f -gxcoff+3 Deleted feature: ASSIGN (test for warnings, line 8)
FAIL: gfortran.dg/debug/pr46756.f -gxcoff1 (test for excess errors)
XPASS: gfortran.dg/debug/pr46756.f -gxcoff1 Deleted feature: ASSIGN (test for warnings, line 8)
FAIL: gfortran.dg/debug/pr46756.f -gxcoff3 (test for excess errors)
XPASS: gfortran.dg/debug/pr46756.f -gxcoff3 Deleted feature: ASSIGN (test for warnings, line 8)
FAIL: gfortran.dg/bind_c_array_params_2.f90 -O scan-assembler-times [ \\t][\$,_0-9]*myBindC 1
FAIL: gfortran.dg/hollerith.f90 -O0 execution test
FAIL: gfortran.dg/hollerith.f90 -O1 execution test
FAIL: gfortran.dg/hollerith.f90 -O2 execution test
FAIL: gfortran.dg/hollerith.f90 -O3 -fomit-frame-pointer execution test
FAIL: gfortran.dg/hollerith.f90 -O3 -fomit-frame-pointer -funroll-all-loops -finline-functions execution test
FAIL: gfortran.dg/hollerith.f90 -O3 -fomit-frame-pointer -funroll-loops execution test
FAIL: gfortran.dg/hollerith.f90 -O3 -g execution test
FAIL: gfortran.dg/hollerith.f90 -Os execution test
=== gfortran Summary ===
# of expected passes 47099
# of unexpected failures 15
# of unexpected successes 6
# of expected failures 80
# of unsupported tests 410
/tmp/20150426/gcc/testsuite/gfortran/../../gfortran version 6.0.0 20150426 (experimental) [trunk revision 222448] (GCC)
=== objc tests ===
Running target unix
FAIL: objc.dg-struct-layout-encoding-1/t026_main.m execution test
=== objc Summary ===
# of expected passes 2903
# of unexpected failures 1
# of expected failures 10
# of unsupported tests 65
/tmp/20150426/gcc/xgcc version 6.0.0 20150426 (experimental) [trunk revision 222448] (GCC)
=== libatomic tests ===
Running target unix
=== libatomic Summary ===
# of expected passes 44
# of unsupported tests 5
=== libgomp tests ===
Running target unix
FAIL: libgomp.c++/loop-11.C execution test
FAIL: libgomp.fortran/omp_workshare1.f -O execution test
FAIL: libgomp.fortran/omp_workshare2.f -O execution test
FAIL: libgomp.fortran/recursion1.f90 -O0 execution test
FAIL: libgomp.fortran/recursion1.f90 -O1 execution test
WARNING: program timed out.
FAIL: libgomp.fortran/recursion1.f90 -O2 execution test
FAIL: libgomp.fortran/recursion1.f90 -O3 -fomit-frame-pointer execution test
FAIL: libgomp.fortran/recursion1.f90 -O3 -fomit-frame-pointer -funroll-loops execution test
FAIL: libgomp.fortran/recursion1.f90 -O3 -fomit-frame-pointer -funroll-all-loops -finline-functions execution test
WARNING: program timed out.
FAIL: libgomp.fortran/recursion1.f90 -O3 -g execution test
FAIL: libgomp.fortran/recursion1.f90 -Os execution test
FAIL: libgomp.oacc-c/../libgomp.oacc-c-c++-common/acc_on_device-1.c -DACC_DEVICE_TYPE_host_nonshm=1 -DACC_MEM_SHARED=0 execution test
FAIL: libgomp.oacc-c/../libgomp.oacc-c-c++-common/if-1.c -DACC_DEVICE_TYPE_host_nonshm=1 -DACC_MEM_SHARED=0 execution test
FAIL: libgomp.oacc-c++/../libgomp.oacc-c-c++-common/acc_on_device-1.c -DACC_DEVICE_TYPE_host_nonshm=1 -DACC_MEM_SHARED=0 execution test
FAIL: libgomp.oacc-c++/../libgomp.oacc-c-c++-common/if-1.c -DACC_DEVICE_TYPE_host_nonshm=1 -DACC_MEM_SHARED=0 execution test
FAIL: libgomp.oacc-fortran/acc_on_device-1-1.f90 -DACC_DEVICE_TYPE_host_nonshm=1 -DACC_MEM_SHARED=0 -O execution test
FAIL: libgomp.oacc-fortran/acc_on_device-1-2.f -DACC_DEVICE_TYPE_host_nonshm=1 -DACC_MEM_SHARED=0 -O execution test
FAIL: libgomp.oacc-fortran/acc_on_device-1-3.f -DACC_DEVICE_TYPE_host_nonshm=1 -DACC_MEM_SHARED=0 -O execution test
=== libgomp Summary ===
# of expected passes 5706
# of unexpected failures 18
# of unsupported tests 282
=== libstdc++ tests ===
Running target unix
FAIL: 18_support/50594.cc execution test
FAIL: 21_strings/basic_string/capacity/wchar_t/18654.cc execution test
FAIL: 21_strings/basic_string/inserters_extractors/wchar_t/28277.cc execution test
FAIL: 23_containers/vector/profile/vector.cc execution test
FAIL: 27_io/basic_ostream/inserters_character/wchar_t/28277-3.cc execution test
FAIL: 27_io/basic_ostream/inserters_character/wchar_t/28277-4.cc execution test
FAIL: 27_io/ios_base/storage/11584.cc execution test
FAIL: 27_io/objects/char/7.cc execution test
FAIL: 27_io/objects/wchar_t/7.cc execution test
FAIL: ext/mt_allocator/check_new.cc execution test
FAIL: ext/pool_allocator/check_new.cc execution test
FAIL: ext/vstring/inserters_extractors/wchar_t/28277.cc execution test
=== libstdc++ Summary ===
# of expected passes 8796
# of unexpected failures 12
# of expected failures 65
# of unsupported tests 640
Compiler version: 6.0.0 20150426 (experimental) [trunk revision 222448] (GCC)
Platform: powerpc-ibm-aix7.1.0.0
configure flags: --prefix=/gsa/yktgsa/home/e/d/edelsohn/install/powerpc-ibm-aix7.1.0.0-20150426 --disable-werror --enable-languages=c,c++,fortran,objc --with-gmp=/gsa/yktgsa/home/e/d/edelsohn/install --with-mpfr=/gsa/yktgsa/home/e/d/edelsohn/install --with-cloog=no --with-ppl=no --with-libiconv-prefix=/gsa/yktgsa/home/e/d/edelsohn/install --disable-libstdcxx-pch --enable-__cxa_atexit